INSERT INTO `metrics` (`load_id`, `context_id`, `pkp_section_id`, `assoc_object_type`, `assoc_object_id`, `submission_id`, `representation_id`, `assoc_type`, `assoc_id`, `day`, `month`, `file_type`, `country_id`, `region`, `city`, `metric_type`, `metric`) VALUES
('usage_events_20250523.log', 1, 2, NULL, NULL, 6, NULL, 1048585, 6, '20250523', '202505', NULL, NULL, NULL, NULL, 'omp::counter', 1),
('usage_events_20250523.log', 1, 2, NULL, NULL, 8, NULL, 1048585, 8, '20250523', '202505', NULL, NULL, NULL, NULL, 'omp::counter', 1),
('usage_events_20250523.log', 1, 1, NULL, NULL, 9, NULL, 1048585, 9, '20250523', '202505', NULL, NULL, NULL, NULL, 'omp::counter', 1),
('usage_events_20250523.log', 1, 1, NULL, NULL, 10, NULL, 1048585, 10, '20250523', '202505', NULL, NULL, NULL, NULL, 'omp::counter', 1),
('usage_events_20250523.log', 1, 1, NULL, NULL, 11, NULL, 1048585, 11, '20250523', '202505', NULL, NULL, NULL, NULL, 'omp::counter', 1),
('usage_events_20250523.log', 1, 1, NULL, NULL, 12, NULL, 1048585, 12, '20250523', '202505', NULL, NULL, NULL, NULL, 'omp::counter', 8),
('usage_events_20250523.log', 1, 1, NULL, NULL, 13, NULL, 1048585, 13, '20250523', '202505', NULL, NULL, NULL, NULL, 'omp::counter', 1),
('usage_events_20250523.log', 1, 2, NULL, NULL, 14, NULL, 1048585, 14, '20250523', '202505', NULL, NULL, NULL, NULL, 'omp::counter', 1),
('usage_events_20250523.log', 1, 2, NULL, NULL, 15, NULL, 1048585, 15, '20250523', '202505', NULL, NULL, NULL, NULL, 'omp::counter', 1),
('usage_events_20250523.log', 1, 2, NULL, NULL, 16, NULL, 1048585, 16, '20250523', '202505', NULL, NULL, NULL, NULL, 'omp::counter', 1),
('usage_events_20250523.log', 1, 2, NULL, NULL, 17, NULL, 1048585, 17, '20250523', '202505', NULL, NULL, NULL, NULL, 'omp::counter', 1),
('usage_events_20250523.log', 1, 2, NULL, NULL, 18, NULL, 1048585, 18, '20250523', '202505', NULL, NULL, NULL, NULL, 'omp::counter', 1),
('usage_events_20250523.log', 1, 2, NULL, NULL, 19, NULL, 1048585, 19, '20250523', '202505', NULL, NULL, NULL, NULL, 'omp::counter', 1),
('usage_events_20250523.log', 1, 2, NULL, NULL, 20, NULL, 1048585, 20, '20250523', '202505', NULL, NULL, NULL, NULL, 'omp::counter', 1),
('usage_events_20250523.log', 1, 3, NULL, NULL, 21, NULL, 1048585, 21, '20250523', '202505', NULL, NULL, NULL, NULL, 'omp::counter', 3),
('usage_events_20250523.log', 1, 3, NULL, NULL, 22, NULL, 1048585, 22, '20250523', '202505', NULL, NULL, NULL, NULL, 'omp::counter', 1),
('usage_events_20250523.log', 1, 3, NULL, NULL, 23, NULL, 1048585, 23, '20250523', '202505', NULL, NULL, NULL, NULL, 'omp::counter', 1),
('usage_events_20250523.log', 1, 3, NULL, NULL, 24, NULL, 1048585, 24, '20250523', '202505', NULL, NULL, NULL, NULL, 'omp::counter', 1),
('usage_events_20250523.log', 1, 3, NULL, NULL, 25, NULL, 1048585, 25, '20250523', '202505', NULL, NULL, NULL, NULL, 'omp::counter', 1),
('usage_events_20250523.log', 1, 3, NULL, NULL, 27, NULL, 1048585, 27, '20250523', '202505', NULL, NULL, NULL, NULL, 'omp::counter', 3),
('usage_events_20250523.log', 1, 3, NULL, NULL, 28, NULL, 1048585, 28, '20250523', '202505', NULL, NULL, NULL, NULL, 'omp::counter', 1),
('usage_events_20250523.log', 1, 3, NULL, NULL, 29, NULL, 1048585, 29, '20250523', '202505', NULL, NULL, NULL, NULL, 'omp::counter', 1),
('usage_events_20250523.log', 1, 3, NULL, NULL, 30, NULL, 1048585, 30, '20250523', '202505', NULL, NULL, NULL, NULL, 'omp::counter', 1),
('usage_events_20250523.log', 1, 3, NULL, NULL, 31, NULL, 1048585, 31, '20250523', '202505', NULL, NULL, NULL, NULL, 'omp::counter', 2),
('usage_events_20250523.log', 1, 3, NULL, NULL, 32, NULL, 1048585, 32, '20250523', '202505', NULL, NULL, NULL, NULL, 'omp::counter', 1),
('usage_events_20250523.log', 1, 3, NULL, NULL, 33, NULL, 1048585, 33, '20250523', '202505', NULL, NULL, NULL, NULL, 'omp::counter', 1),
('usage_events_20250523.log', 1, 3, NULL, NULL, 34, NULL, 1048585, 34, '20250523', '202505', NULL, NULL, NULL, NULL, 'omp::counter', 1),
('usage_events_20250523.log', 1, 3, NULL, NULL, 35, NULL, 1048585, 35, '20250523', '202505', NULL, NULL, NULL, NULL, 'omp::counter', 1),
('usage_events_20250523.log', 1, 3, NULL, NULL, 36, NULL, 1048585, 36, '20250523', '202505', NULL, NULL, NULL, NULL, 'omp::counter', 1),
('usage_events_20250523.log', 1, 3, NULL, NULL, 37, NULL, 1048585, 37, '20250523', '202505', NULL, NULL, NULL, NULL, 'omp::counter', 1),
('usage_events_20250523.log', 1, 3, NULL, NULL, 38, NULL, 1048585, 38, '20250523', '202505', NULL, NULL, NULL, NULL, 'omp::counter', 1),
('usage_events_20250523.log', 1, 3, NULL, NULL, 39, NULL, 1048585, 39, '20250523', '202505', NULL, NULL, NULL, NULL, 'omp::counter', 1),
('usage_events_20250523.log', 1, 3, NULL, NULL, 40, NULL, 1048585, 40, '20250523', '202505', NULL, NULL, NULL, NULL, 'omp::counter', 1),
('usage_events_20250523.log', 1, 3, NULL, NULL, 41, NULL, 1048585, 41, '20250523', '202505', NULL, NULL, NULL, NULL, 'omp::counter', 1),
('usage_events_20250523.log', 1, 3, NULL, NULL, 42, NULL, 1048585, 42, '20250523', '202505', NULL, NULL, NULL, NULL, 'omp::counter', 1),
('usage_events_20250523.log', 1, 3, NULL, NULL, 43, NULL, 1048585, 43, '20250523', '202505', NULL, NULL, NULL, NULL, 'omp::counter', 1),
('usage_events_20250523.log', 1, 3, NULL, NULL, 44, NULL, 1048585, 44, '20250523', '202505', NULL, NULL, NULL, NULL, 'omp::counter', 1),
('usage_events_20250523.log', 1, 3, NULL, NULL, 45, NULL, 1048585, 45, '20250523', '202505', NULL, NULL, NULL, NULL, 'omp::counter', 1),
('usage_events_20250523.log', 1, 3, NULL, NULL, 47, NULL, 1048585, 47, '20250523', '202505', NULL, NULL, NULL, NULL, 'omp::counter', 1),
('usage_events_20250523.log', 1, 3, NULL, NULL, 48, NULL, 1048585, 48, '20250523', '202505', NULL, NULL, NULL, NULL, 'omp::counter', 2),
('usage_events_20250523.log', 1, 3, NULL, NULL, 49, NULL, 1048585, 49, '20250523', '202505', NULL, NULL, NULL, NULL, 'omp::counter', 1),
('usage_events_20250523.log', 1, 3, NULL, NULL, 50, NULL, 1048585, 50, '20250523', '202505', NULL, NULL, NULL, NULL, 'omp::counter', 1),
('usage_events_20250523.log', 1, 3, NULL, NULL, 51, NULL, 1048585, 51, '20250523', '202505', NULL, NULL, NULL, NULL, 'omp::counter', 1),
('usage_events_20250523.log', 1, 3, NULL, NULL, 52, NULL, 1048585, 52, '20250523', '202505', NULL, NULL, NULL, NULL, 'omp::counter', 1),
('usage_events_20250523.log', 1, 3, NULL, NULL, 53, NULL, 1048585, 53, '20250523', '202505', NULL, NULL, NULL, NULL, 'omp::counter', 1),
('usage_events_20250523.log', 1, 3, NULL, NULL, 54, NULL, 1048585, 54, '20250523', '202505', NULL, NULL, NULL, NULL, 'omp::counter', 1),
('usage_events_20250523.log', 1, 3, NULL, NULL, 55, NULL, 1048585, 55, '20250523', '202505', NULL, NULL, NULL, NULL, 'omp::counter', 1),
('usage_events_20250523.log', 1, 3, NULL, NULL, 56, NULL, 1048585, 56, '20250523', '202505', NULL, NULL, NULL, NULL, 'omp::counter', 1),
('usage_events_20250523.log', 1, 3, NULL, NULL, 57, NULL, 1048585, 57, '20250523', '202505', NULL, NULL, NULL, NULL, 'omp::counter', 1),
('usage_events_20250523.log', 1, 3, NULL, NULL, 58, NULL, 1048585, 58, '20250523', '202505', NULL, NULL, NULL, NULL, 'omp::counter', 1),
('usage_events_20250523.log', 1, 3, NULL, NULL, 59, NULL, 1048585, 59, '20250523', '202505', NULL, NULL, NULL, NULL, 'omp::counter', 1),
('usage_events_20250523.log', 1, 3, NULL, NULL, 60, NULL, 1048585, 60, '20250523', '202505', NULL, NULL, NULL, NULL, 'omp::counter', 1),
('usage_events_20250523.log', 1, 3, NULL, NULL, 61, NULL, 1048585, 61, '20250523', '202505', NULL, NULL, NULL, NULL, 'omp::counter', 1),
('usage_events_20250523.log', 1, 3, NULL, NULL, 62, NULL, 1048585, 62, '20250523', '202505', NULL, NULL, NULL, NULL, 'omp::counter', 1),
('usage_events_20250523.log', 1, 3, NULL, NULL, 63, NULL, 1048585, 63, '20250523', '202505', NULL, NULL, NULL, NULL, 'omp::counter', 1),
('usage_events_20250523.log', 1, 3, NULL, NULL, 64, NULL, 1048585, 64, '20250523', '202505', NULL, NULL, NULL, NULL, 'omp::counter', 4),
('usage_events_20250523.log', 1, 3, NULL, NULL, 65, NULL, 1048585, 65, '20250523', '202505', NULL, NULL, NULL, NULL, 'omp::counter', 1),
('usage_events_20250523.log', 1, 3, NULL, NULL, 66, NULL, 1048585, 66, '20250523', '202505', NULL, NULL, NULL, NULL, 'omp::counter', 1),
('usage_events_20250523.log', 1, NULL, NULL, NULL, 70, NULL, 1048585, 70, '20250523', '202505', NULL, NULL, NULL, NULL, 'omp::counter', 2),
('usage_events_20250523.log', 1, NULL, NULL, NULL, 71, NULL, 1048585, 71, '20250523', '202505', NULL, NULL, NULL, NULL, 'omp::counter', 2),
('usage_events_20250523.log', 1, NULL, NULL, NULL, 72, NULL, 1048585, 72, '20250523', '202505', NULL, NULL, NULL, NULL, 'omp::counter', 2),
('usage_events_20250523.log', 1, NULL, NULL, NULL, 76, NULL, 1048585, 76, '20250523', '202505', NULL, NULL, NULL, NULL, 'omp::counter', 1),
('usage_events_20250523.log', 1, NULL, NULL, NULL, 77, NULL, 1048585, 77, '20250523', '202505', NULL, NULL, NULL, NULL, 'omp::counter', 2),
('usage_events_20250524.log', 1, NULL, NULL, NULL, NULL, NULL, 512, 1, '20250524', '202505', NULL, NULL, NULL, NULL, 'omp::counter', 42),
('usage_events_20250524.log', 1, 3, NULL, NULL, 60, 70, 515, 244, '20250524', '202505', 2, NULL, NULL, NULL, 'omp::counter', 1),
('usage_events_20250524.log', 1, NULL, NULL, NULL, 71, 89, 515, 325, '20250524', '202505', 2, NULL, NULL, NULL, 'omp::counter', 1),
('usage_events_20250524.log', 1, 3, NULL, NULL, NULL, NULL, 530, 3, '20250524', '202505', NULL, NULL, NULL, NULL, 'omp::counter', 1),
('usage_events_20250524.log', 1, 1, NULL, NULL, 3, NULL, 1048585, 3, '20250524', '202505', NULL, NULL, NULL, NULL, 'omp::counter', 1),
('usage_events_20250524.log', 1, 1, NULL, NULL, 5, NULL, 1048585, 5, '20250524', '202505', NULL, NULL, NULL, NULL, 'omp::counter', 1),
('usage_events_20250524.log', 1, 3, NULL, NULL, 27, NULL, 1048585, 27, '20250524', '202505', NULL, NULL, NULL, NULL, 'omp::counter', 1),
('usage_events_20250524.log', 1, 3, NULL, NULL, 31, NULL, 1048585, 31, '20250524', '202505', NULL, NULL, NULL, NULL, 'omp::counter', 1),
('usage_events_20250524.log', 1, 3, NULL, NULL, 34, NULL, 1048585, 34, '20250524', '202505', NULL, NULL, NULL, NULL, 'omp::counter', 1),
('usage_events_20250524.log', 1, 3, NULL, NULL, 40, NULL, 1048585, 40, '20250524', '202505', NULL, NULL, NULL, NULL, 'omp::counter', 1),
('usage_events_20250524.log', 1, 3, NULL, NULL, 42, NULL, 1048585, 42, '20250524', '202505', NULL, NULL, NULL, NULL, 'omp::counter', 1),
('usage_events_20250524.log', 1, 3, NULL, NULL, 43, NULL, 1048585, 43, '20250524', '202505', NULL, NULL, NULL, NULL, 'omp::counter', 1),
('usage_events_20250524.log', 1, 3, NULL, NULL, 48, NULL, 1048585, 48, '20250524', '202505', NULL, NULL, NULL, NULL, 'omp::counter', 1),
('usage_events_20250524.log', 1, 3, NULL, NULL, 61, NULL, 1048585, 61, '20250524', '202505', NULL, NULL, NULL, NULL, 'omp::counter', 1),
('usage_events_20250524.log', 1, 3, NULL, NULL, 64, NULL, 1048585, 64, '20250524', '202505', NULL, NULL, NULL, NULL, 'omp::counter', 2),
('usage_events_20250525.log', 1, NULL, NULL, NULL, NULL, NULL, 512, 1, '20250525', '202505', NULL, NULL, NULL, NULL, 'omp::counter', 27),
('usage_events_20250525.log', 1, NULL, NULL, NULL, 71, 89, 515, 325, '20250525', '202505', 2, NULL, NULL, NULL, 'omp::counter', 1),
('usage_events_20250525.log', 1, 2, NULL, NULL, NULL, NULL, 530, 2, '20250525', '202505', NULL, NULL, NULL, NULL, 'omp::counter', 1),
('usage_events_20250525.log', 1, 3, NULL, NULL, NULL, NULL, 530, 3, '20250525', '202505', NULL, NULL, NULL, NULL, 'omp::counter', 1),
('usage_events_20250525.log', 1, 1, NULL, NULL, 2, NULL, 1048585, 2, '20250525', '202505', NULL, NULL, NULL, NULL, 'omp::counter', 1),
('usage_events_20250525.log', 1, 2, NULL, NULL, 6, NULL, 1048585, 6, '20250525', '202505', NULL, NULL, NULL, NULL, 'omp::counter', 1),
('usage_events_20250525.log', 1, 2, NULL, NULL, 7, NULL, 1048585, 7, '20250525', '202505', NULL, NULL, NULL, NULL, 'omp::counter', 1),
('usage_events_20250525.log', 1, 2, NULL, NULL, 14, NULL, 1048585, 14, '20250525', '202505', NULL, NULL, NULL, NULL, 'omp::counter', 1),
('usage_events_20250525.log', 1, 2, NULL, NULL, 15, NULL, 1048585, 15, '20250525', '202505', NULL, NULL, NULL, NULL, 'omp::counter', 1),
('usage_events_20250525.log', 1, 2, NULL, NULL, 16, NULL, 1048585, 16, '20250525', '202505', NULL, NULL, NULL, NULL, 'omp::counter', 1),
('usage_events_20250525.log', 1, 2, NULL, NULL, 18, NULL, 1048585, 18, '20250525', '202505', NULL, NULL, NULL, NULL, 'omp::counter', 1),
('usage_events_20250525.log', 1, 2, NULL, NULL, 19, NULL, 1048585, 19, '20250525', '202505', NULL, NULL, NULL, NULL, 'omp::counter', 1),
('usage_events_20250525.log', 1, 2, NULL, NULL, 20, NULL, 1048585, 20, '20250525', '202505', NULL, NULL, NULL, NULL, 'omp::counter', 1),
('usage_events_20250525.log', 1, 3, NULL, NULL, 25, NULL, 1048585, 25, '20250525', '202505', NULL, NULL, NULL, NULL, 'omp::counter', 1),
('usage_events_20250525.log', 1, 3, NULL, NULL, 28, NULL, 1048585, 28, '20250525', '202505', NULL, NULL, NULL, NULL, 'omp::counter', 2),
('usage_events_20250525.log', 1, 3, NULL, NULL, 29, NULL, 1048585, 29, '20250525', '202505', NULL, NULL, NULL, NULL, 'omp::counter', 1),
('usage_events_20250525.log', 1, 3, NULL, NULL, 30, NULL, 1048585, 30, '20250525', '202505', NULL, NULL, NULL, NULL, 'omp::counter', 1),
('usage_events_20250525.log', 1, 3, NULL, NULL, 33, NULL, 1048585, 33, '20250525', '202505', NULL, NULL, NULL, NULL, 'omp::counter', 1),
('usage_events_20250525.log', 1, 3, NULL, NULL, 34, NULL, 1048585, 34, '20250525', '202505', NULL, NULL, NULL, NULL, 'omp::counter', 1),
('usage_events_20250525.log', 1, 3, NULL, NULL, 37, NULL, 1048585, 37, '20250525', '202505', NULL, NULL, NULL, NULL, 'omp::counter', 1),
('usage_events_20250525.log', 1, 3, NULL, NULL, 39, NULL, 1048585, 39, '20250525', '202505', NULL, NULL, NULL, NULL, 'omp::counter', 1),
('usage_events_20250525.log', 1, 3, NULL, NULL, 41, NULL, 1048585, 41, '20250525', '202505', NULL, NULL, NULL, NULL, 'omp::counter', 1),
('usage_events_20250525.log', 1, 3, NULL, NULL, 42, NULL, 1048585, 42, '20250525', '202505', NULL, NULL, NULL, NULL, 'omp::counter', 2),
('usage_events_20250525.log', 1, 3, NULL, NULL, 48, NULL, 1048585, 48, '20250525', '202505', NULL, NULL, NULL, NULL, 'omp::counter', 2),
('usage_events_20250525.log', 1, 3, NULL, NULL, 50, NULL, 1048585, 50, '20250525', '202505', NULL, NULL, NULL, NULL, 'omp::counter', 1),
('usage_events_20250525.log', 1, 3, NULL, NULL, 51, NULL, 1048585, 51, '20250525', '202505', NULL, NULL, NULL, NULL, 'omp::counter', 1),
('usage_events_20250525.log', 1, 3, NULL, NULL, 52, NULL, 1048585, 52, '20250525', '202505', NULL, NULL, NULL, NULL, 'omp::counter', 1),
('usage_events_20250525.log', 1, 3, NULL, NULL, 58, NULL, 1048585, 58, '20250525', '202505', NULL, NULL, NULL, NULL, 'omp::counter', 1),
('usage_events_20250525.log', 1, 3, NULL, NULL, 59, NULL, 1048585, 59, '20250525', '202505', NULL, NULL, NULL, NULL, 'omp::counter', 1),
('usage_events_20250525.log', 1, 3, NULL, NULL, 61, NULL, 1048585, 61, '20250525', '202505', NULL, NULL, NULL, NULL, 'omp::counter', 1),
('usage_events_20250525.log', 1, 3, NULL, NULL, 62, NULL, 1048585, 62, '20250525', '202505', NULL, NULL, NULL, NULL, 'omp::counter', 1),
('usage_events_20250525.log', 1, 3, NULL, NULL, 63, NULL, 1048585, 63, '20250525', '202505', NULL, NULL, NULL, NULL, 'omp::counter', 1),
('usage_events_20250525.log', 1, 3, NULL, NULL, 64, NULL, 1048585, 64, '20250525', '202505', NULL, NULL, NULL, NULL, 'omp::counter', 3),
('usage_events_20250525.log', 1, 3, NULL, NULL, 66, NULL, 1048585, 66, '20250525', '202505', NULL, NULL, NULL, NULL, 'omp::counter', 1),
('usage_events_20250525.log', 1, NULL, NULL, NULL, 76, NULL, 1048585, 76, '20250525', '202505', NULL, NULL, NULL, NULL, 'omp::counter', 1),
('usage_events_20250525.log', 1, NULL, NULL, NULL, 77, NULL, 1048585, 77, '20250525', '202505', NULL, NULL, NULL, NULL, 'omp::counter', 1),
('usage_events_20250526.log', 1, NULL, NULL, NULL, NULL, NULL, 512, 1, '20250526', '202505', NULL, NULL, NULL, NULL, 'omp::counter', 39),
('usage_events_20250526.log', 1, 3, NULL, NULL, 48, 58, 515, 196, '20250526', '202505', 2, NULL, NULL, NULL, 'omp::counter', 1),
('usage_events_20250526.log', 1, 1, NULL, NULL, NULL, NULL, 530, 1, '20250526', '202505', NULL, NULL, NULL, NULL, 'omp::counter', 1),
('usage_events_20250526.log', 1, 3, NULL, NULL, NULL, NULL, 530, 3, '20250526', '202505', NULL, NULL, NULL, NULL, 'omp::counter', 1),
('usage_events_20250526.log', 1, 4, NULL, NULL, NULL, NULL, 530, 4, '20250526', '202505', NULL, NULL, NULL, NULL, 'omp::counter', 1),
('usage_events_20250526.log', 1, 1, NULL, NULL, 1, NULL, 1048585, 1, '20250526', '202505', NULL, NULL, NULL, NULL, 'omp::counter', 1),
('usage_events_20250526.log', 1, 1, NULL, NULL, 2, NULL, 1048585, 2, '20250526', '202505', NULL, NULL, NULL, NULL, 'omp::counter', 1),
('usage_events_20250526.log', 1, 1, NULL, NULL, 4, NULL, 1048585, 4, '20250526', '202505', NULL, NULL, NULL, NULL, 'omp::counter', 1),
('usage_events_20250526.log', 1, 2, NULL, NULL, 8, NULL, 1048585, 8, '20250526', '202505', NULL, NULL, NULL, NULL, 'omp::counter', 4),
('usage_events_20250526.log', 1, 1, NULL, NULL, 9, NULL, 1048585, 9, '20250526', '202505', NULL, NULL, NULL, NULL, 'omp::counter', 1),
('usage_events_20250526.log', 1, 1, NULL, NULL, 10, NULL, 1048585, 10, '20250526', '202505', NULL, NULL, NULL, NULL, 'omp::counter', 1),
('usage_events_20250526.log', 1, 1, NULL, NULL, 11, NULL, 1048585, 11, '20250526', '202505', NULL, NULL, NULL, NULL, 'omp::counter', 1),
('usage_events_20250526.log', 1, 1, NULL, NULL, 12, NULL, 1048585, 12, '20250526', '202505', NULL, NULL, NULL, NULL, 'omp::counter', 1),
('usage_events_20250526.log', 1, 1, NULL, NULL, 13, NULL, 1048585, 13, '20250526', '202505', NULL, NULL, NULL, NULL, 'omp::counter', 1),
('usage_events_20250526.log', 1, 2, NULL, NULL, 17, NULL, 1048585, 17, '20250526', '202505', NULL, NULL, NULL, NULL, 'omp::counter', 1),
('usage_events_20250526.log', 1, 3, NULL, NULL, 22, NULL, 1048585, 22, '20250526', '202505', NULL, NULL, NULL, NULL, 'omp::counter', 1),
('usage_events_20250526.log', 1, 3, NULL, NULL, 23, NULL, 1048585, 23, '20250526', '202505', NULL, NULL, NULL, NULL, 'omp::counter', 1),
('usage_events_20250526.log', 1, 3, NULL, NULL, 32, NULL, 1048585, 32, '20250526', '202505', NULL, NULL, NULL, NULL, 'omp::counter', 1),
('usage_events_20250526.log', 1, 3, NULL, NULL, 34, NULL, 1048585, 34, '20250526', '202505', NULL, NULL, NULL, NULL, 'omp::counter', 1),
('usage_events_20250526.log', 1, 3, NULL, NULL, 36, NULL, 1048585, 36, '20250526', '202505', NULL, NULL, NULL, NULL, 'omp::counter', 1),
('usage_events_20250526.log', 1, 3, NULL, NULL, 38, NULL, 1048585, 38, '20250526', '202505', NULL, NULL, NULL, NULL, 'omp::counter', 1),
('usage_events_20250526.log', 1, 3, NULL, NULL, 42, NULL, 1048585, 42, '20250526', '202505', NULL, NULL, NULL, NULL, 'omp::counter', 1),
('usage_events_20250526.log', 1, 3, NULL, NULL, 45, NULL, 1048585, 45, '20250526', '202505', NULL, NULL, NULL, NULL, 'omp::counter', 1),
('usage_events_20250526.log', 1, 3, NULL, NULL, 47, NULL, 1048585, 47, '20250526', '202505', NULL, NULL, NULL, NULL, 'omp::counter', 1),
('usage_events_20250526.log', 1, 3, NULL, NULL, 48, NULL, 1048585, 48, '20250526', '202505', NULL, NULL, NULL, NULL, 'omp::counter', 2),
('usage_events_20250526.log', 1, 3, NULL, NULL, 53, NULL, 1048585, 53, '20250526', '202505', NULL, NULL, NULL, NULL, 'omp::counter', 1),
('usage_events_20250526.log', 1, 3, NULL, NULL, 54, NULL, 1048585, 54, '20250526', '202505', NULL, NULL, NULL, NULL, 'omp::counter', 1),
('usage_events_20250526.log', 1, 3, NULL, NULL, 55, NULL, 1048585, 55, '20250526', '202505', NULL, NULL, NULL, NULL, 'omp::counter', 1),
('usage_events_20250526.log', 1, 3, NULL, NULL, 56, NULL, 1048585, 56, '20250526', '202505', NULL, NULL, NULL, NULL, 'omp::counter', 1),
('usage_events_20250526.log', 1, 3, NULL, NULL, 57, NULL, 1048585, 57, '20250526', '202505', NULL, NULL, NULL, NULL, 'omp::counter', 1),
('usage_events_20250526.log', 1, 3, NULL, NULL, 61, NULL, 1048585, 61, '20250526', '202505', NULL, NULL, NULL, NULL, 'omp::counter', 1),
('usage_events_20250526.log', 1, 3, NULL, NULL, 64, NULL, 1048585, 64, '20250526', '202505', NULL, NULL, NULL, NULL, 'omp::counter', 2),
('usage_events_20250526.log', 1, 3, NULL, NULL, 65, NULL, 1048585, 65, '20250526', '202505', NULL, NULL, NULL, NULL, 'omp::counter', 1),
('usage_events_20250527.log', 1, NULL, NULL, NULL, NULL, NULL, 512, 1, '20250527', '202505', NULL, NULL, NULL, NULL, 'omp::counter', 54),
('usage_events_20250527.log', 1, 2, NULL, NULL, 20, 21, 515, 82, '20250527', '202505', 2, NULL, NULL, NULL, 'omp::counter', 1),
('usage_events_20250527.log', 1, 3, NULL, NULL, 21, 31, 515, 95, '20250527', '202505', 2, NULL, NULL, NULL, 'omp::counter', 1),
('usage_events_20250527.log', 1, 3, NULL, NULL, 44, 54, 515, 183, '20250527', '202505', 2, NULL, NULL, NULL, 'omp::counter', 1),
('usage_events_20250527.log', 1, 3, NULL, NULL, 48, 58, 515, 196, '20250527', '202505', 2, NULL, NULL, NULL, 'omp::counter', 2),
('usage_events_20250527.log', 1, NULL, NULL, NULL, 72, 91, 515, 333, '20250527', '202505', 2, NULL, NULL, NULL, 'omp::counter', 2),
('usage_events_20250527.log', 1, 1, NULL, NULL, NULL, NULL, 530, 1, '20250527', '202505', NULL, NULL, NULL, NULL, 'omp::counter', 1),
('usage_events_20250527.log', 1, 4, NULL, NULL, NULL, NULL, 530, 4, '20250527', '202505', NULL, NULL, NULL, NULL, 'omp::counter', 1),
('usage_events_20250527.log', 1, 2, NULL, NULL, 6, NULL, 1048585, 6, '20250527', '202505', NULL, NULL, NULL, NULL, 'omp::counter', 2),
('usage_events_20250527.log', 1, 1, NULL, NULL, 9, NULL, 1048585, 9, '20250527', '202505', NULL, NULL, NULL, NULL, 'omp::counter', 1),
('usage_events_20250527.log', 1, 2, NULL, NULL, 20, NULL, 1048585, 20, '20250527', '202505', NULL, NULL, NULL, NULL, 'omp::counter', 1),
('usage_events_20250527.log', 1, 3, NULL, NULL, 29, NULL, 1048585, 29, '20250527', '202505', NULL, NULL, NULL, NULL, 'omp::counter', 1),
('usage_events_20250527.log', 1, 3, NULL, NULL, 31, NULL, 1048585, 31, '20250527', '202505', NULL, NULL, NULL, NULL, 'omp::counter', 2),
('usage_events_20250527.log', 1, 3, NULL, NULL, 34, NULL, 1048585, 34, '20250527', '202505', NULL, NULL, NULL, NULL, 'omp::counter', 1),
('usage_events_20250527.log', 1, 3, NULL, NULL, 42, NULL, 1048585, 42, '20250527', '202505', NULL, NULL, NULL, NULL, 'omp::counter', 1),
('usage_events_20250527.log', 1, 3, NULL, NULL, 44, NULL, 1048585, 44, '20250527', '202505', NULL, NULL, NULL, NULL, 'omp::counter', 2),
('usage_events_20250527.log', 1, 3, NULL, NULL, 48, NULL, 1048585, 48, '20250527', '202505', NULL, NULL, NULL, NULL, 'omp::counter', 1),
('usage_events_20250527.log', 1, 3, NULL, NULL, 61, NULL, 1048585, 61, '20250527', '202505', NULL, NULL, NULL, NULL, 'omp::counter', 2),
('usage_events_20250527.log', 1, NULL, NULL, NULL, 71, NULL, 1048585, 71, '20250527', '202505', NULL, NULL, NULL, NULL, 'omp::counter', 1),
('usage_events_20250527.log', 1, NULL, NULL, NULL, 72, NULL, 1048585, 72, '20250527', '202505', NULL, NULL, NULL, NULL, 'omp::counter', 1),
('usage_events_20250528.log', 1, NULL, NULL, NULL, NULL, NULL, 512, 1, '20250528', '202505', NULL, NULL, NULL, NULL, 'omp::counter', 40),
('usage_events_20250528.log', 1, 1, NULL, NULL, 3, 5, 515, 17, '20250528', '202505', 2, NULL, NULL, NULL, 'omp::counter', 1),
('usage_events_20250528.log', 1, 3, NULL, NULL, 66, 80, 515, 275, '20250528', '202505', 3, NULL, NULL, NULL, 'omp::counter', 1),
('usage_events_20250528.log', 1, 3, NULL, NULL, NULL, NULL, 530, 3, '20250528', '202505', NULL, NULL, NULL, NULL, 'omp::counter', 3),
('usage_events_20250528.log', 1, 1, NULL, NULL, 3, NULL, 1048585, 3, '20250528', '202505', NULL, NULL, NULL, NULL, 'omp::counter', 2),
('usage_events_20250528.log', 1, 2, NULL, NULL, 7, NULL, 1048585, 7, '20250528', '202505', NULL, NULL, NULL, NULL, 'omp::counter', 1),
('usage_events_20250528.log', 1, 2, NULL, NULL, 19, NULL, 1048585, 19, '20250528', '202505', NULL, NULL, NULL, NULL, 'omp::counter', 1),
('usage_events_20250528.log', 1, 2, NULL, NULL, 20, NULL, 1048585, 20, '20250528', '202505', NULL, NULL, NULL, NULL, 'omp::counter', 2),
('usage_events_20250528.log', 1, 3, NULL, NULL, 27, NULL, 1048585, 27, '20250528', '202505', NULL, NULL, NULL, NULL, 'omp::counter', 1),
('usage_events_20250528.log', 1, 3, NULL, NULL, 31, NULL, 1048585, 31, '20250528', '202505', NULL, NULL, NULL, NULL, 'omp::counter', 1),
('usage_events_20250528.log', 1, 3, NULL, NULL, 41, NULL, 1048585, 41, '20250528', '202505', NULL, NULL, NULL, NULL, 'omp::counter', 1),
('usage_events_20250528.log', 1, 3, NULL, NULL, 42, NULL, 1048585, 42, '20250528', '202505', NULL, NULL, NULL, NULL, 'omp::counter', 2),
('usage_events_20250528.log', 1, 3, NULL, NULL, 44, NULL, 1048585, 44, '20250528', '202505', NULL, NULL, NULL, NULL, 'omp::counter', 1),
('usage_events_20250528.log', 1, 3, NULL, NULL, 53, NULL, 1048585, 53, '20250528', '202505', NULL, NULL, NULL, NULL, 'omp::counter', 1),
('usage_events_20250528.log', 1, 3, NULL, NULL, 61, NULL, 1048585, 61, '20250528', '202505', NULL, NULL, NULL, NULL, 'omp::counter', 1),
('usage_events_20250528.log', 1, 3, NULL, NULL, 66, NULL, 1048585, 66, '20250528', '202505', NULL, NULL, NULL, NULL, 'omp::counter', 1),
('usage_events_20250529.log', 1, NULL, NULL, NULL, NULL, NULL, 512, 1, '20250529', '202505', NULL, NULL, NULL, NULL, 'omp::counter', 36),
('usage_events_20250529.log', 1, 1, NULL, NULL, 2, 3, 515, 9, '20250529', '202505', 2, NULL, NULL, NULL, 'omp::counter', 2),
('usage_events_20250529.log', 1, 1, NULL, NULL, 12, 13, 515, 50, '20250529', '202505', 2, NULL, NULL, NULL, 'omp::counter', 1),
('usage_events_20250529.log', 1, 3, NULL, NULL, 64, 74, 515, 260, '20250529', '202505', 2, NULL, NULL, NULL, 'omp::counter', 1),
('usage_events_20250529.log', 1, 3, NULL, NULL, NULL, NULL, 530, 3, '20250529', '202505', NULL, NULL, NULL, NULL, 'omp::counter', 2),
('usage_events_20250529.log', 1, 1, NULL, NULL, 2, NULL, 1048585, 2, '20250529', '202505', NULL, NULL, NULL, NULL, 'omp::counter', 2),
('usage_events_20250529.log', 1, 1, NULL, NULL, 3, NULL, 1048585, 3, '20250529', '202505', NULL, NULL, NULL, NULL, 'omp::counter', 1),
('usage_events_20250529.log', 1, 3, NULL, NULL, 27, NULL, 1048585, 27, '20250529', '202505', NULL, NULL, NULL, NULL, 'omp::counter', 2),
('usage_events_20250529.log', 1, 3, NULL, NULL, 31, NULL, 1048585, 31, '20250529', '202505', NULL, NULL, NULL, NULL, 'omp::counter', 1),
('usage_events_20250529.log', 1, 3, NULL, NULL, 35, NULL, 1048585, 35, '20250529', '202505', NULL, NULL, NULL, NULL, 'omp::counter', 1),
('usage_events_20250529.log', 1, 3, NULL, NULL, 37, NULL, 1048585, 37, '20250529', '202505', NULL, NULL, NULL, NULL, 'omp::counter', 1),
('usage_events_20250529.log', 1, 3, NULL, NULL, 48, NULL, 1048585, 48, '20250529', '202505', NULL, NULL, NULL, NULL, 'omp::counter', 1),
('usage_events_20250529.log', 1, 3, NULL, NULL, 64, NULL, 1048585, 64, '20250529', '202505', NULL, NULL, NULL, NULL, 'omp::counter', 1),
('usage_events_20250529.log', 1, 3, NULL, NULL, 65, NULL, 1048585, 65, '20250529', '202505', NULL, NULL, NULL, NULL, 'omp::counter', 1),
('usage_events_20250530.log', 1, NULL, NULL, NULL, NULL, NULL, 512, 1, '20250530', '202505', NULL, NULL, NULL, NULL, 'omp::counter', 62),
('usage_events_20250530.log', 1, 3, NULL, NULL, 21, 31, 515, 95, '20250530', '202505', 2, NULL, NULL, NULL, 'omp::counter', 1),
('usage_events_20250530.log', 1, 3, NULL, NULL, 48, 58, 515, 196, '20250530', '202505', 2, NULL, NULL, NULL, 'omp::counter', 1),
('usage_events_20250530.log', 1, 3, NULL, NULL, 59, 69, 515, 240, '20250530', '202505', 2, NULL, NULL, NULL, 'omp::counter', 2),
('usage_events_20250530.log', 1, NULL, NULL, NULL, 72, 91, 515, 333, '20250530', '202505', 2, NULL, NULL, NULL, 'omp::counter', 1),
('usage_events_20250530.log', 1, NULL, NULL, NULL, 76, 95, 515, 357, '20250530', '202505', 2, NULL, NULL, NULL, 'omp::counter', 1),
('usage_events_20250530.log', 1, 1, NULL, NULL, 1, NULL, 1048585, 1, '20250530', '202505', NULL, NULL, NULL, NULL, 'omp::counter', 1),
('usage_events_20250530.log', 1, 1, NULL, NULL, 12, NULL, 1048585, 12, '20250530', '202505', NULL, NULL, NULL, NULL, 'omp::counter', 2),
('usage_events_20250530.log', 1, 1, NULL, NULL, 13, NULL, 1048585, 13, '20250530', '202505', NULL, NULL, NULL, NULL, 'omp::counter', 1),
('usage_events_20250530.log', 1, 3, NULL, NULL, 21, NULL, 1048585, 21, '20250530', '202505', NULL, NULL, NULL, NULL, 'omp::counter', 1),
('usage_events_20250530.log', 1, 3, NULL, NULL, 22, NULL, 1048585, 22, '20250530', '202505', NULL, NULL, NULL, NULL, 'omp::counter', 1),
('usage_events_20250530.log', 1, 3, NULL, NULL, 23, NULL, 1048585, 23, '20250530', '202505', NULL, NULL, NULL, NULL, 'omp::counter', 1),
('usage_events_20250530.log', 1, 3, NULL, NULL, 38, NULL, 1048585, 38, '20250530', '202505', NULL, NULL, NULL, NULL, 'omp::counter', 1),
('usage_events_20250530.log', 1, 3, NULL, NULL, 43, NULL, 1048585, 43, '20250530', '202505', NULL, NULL, NULL, NULL, 'omp::counter', 1),
('usage_events_20250530.log', 1, 3, NULL, NULL, 48, NULL, 1048585, 48, '20250530', '202505', NULL, NULL, NULL, NULL, 'omp::counter', 2),
('usage_events_20250530.log', 1, 3, NULL, NULL, 51, NULL, 1048585, 51, '20250530', '202505', NULL, NULL, NULL, NULL, 'omp::counter', 1),
('usage_events_20250530.log', 1, 3, NULL, NULL, 56, NULL, 1048585, 56, '20250530', '202505', NULL, NULL, NULL, NULL, 'omp::counter', 1),
('usage_events_20250530.log', 1, 3, NULL, NULL, 59, NULL, 1048585, 59, '20250530', '202505', NULL, NULL, NULL, NULL, 'omp::counter', 1),
('usage_events_20250530.log', 1, 3, NULL, NULL, 61, NULL, 1048585, 61, '20250530', '202505', NULL, NULL, NULL, NULL, 'omp::counter', 1),
('usage_events_20250530.log', 1, 3, NULL, NULL, 64, NULL, 1048585, 64, '20250530', '202505', NULL, NULL, NULL, NULL, 'omp::counter', 1),
('usage_events_20250530.log', 1, NULL, NULL, NULL, 68, NULL, 1048585, 68, '20250530', '202505', NULL, NULL, NULL, NULL, 'omp::counter', 1),
('usage_events_20250530.log', 1, NULL, NULL, NULL, 72, NULL, 1048585, 72, '20250530', '202505', NULL, NULL, NULL, NULL, 'omp::counter', 1),
('usage_events_20250530.log', 1, NULL, NULL, NULL, 76, NULL, 1048585, 76, '20250530', '202505', NULL, NULL, NULL, NULL, 'omp::counter', 2),
('usage_events_20250530.log', 1, NULL, NULL, NULL, 77, NULL, 1048585, 77, '20250530', '202505', NULL, NULL, NULL, NULL, 'omp::counter', 1),
('usage_events_20250531.log', 1, NULL, NULL, NULL, NULL, NULL, 512, 1, '20250531', '202505', NULL, NULL, NULL, NULL, 'omp::counter', 36),
('usage_events_20250531.log', 1, 1, NULL, NULL, NULL, NULL, 530, 1, '20250531', '202505', NULL, NULL, NULL, NULL, 'omp::counter', 2),
('usage_events_20250531.log', 1, 2, NULL, NULL, NULL, NULL, 530, 2, '20250531', '202505', NULL, NULL, NULL, NULL, 'omp::counter', 2),
('usage_events_20250531.log', 1, 3, NULL, NULL, NULL, NULL, 530, 3, '20250531', '202505', NULL, NULL, NULL, NULL, 'omp::counter', 1),
('usage_events_20250531.log', 1, 4, NULL, NULL, NULL, NULL, 530, 4, '20250531', '202505', NULL, NULL, NULL, NULL, 'omp::counter', 1),
('usage_events_20250531.log', 1, 1, NULL, NULL, 2, NULL, 1048585, 2, '20250531', '202505', NULL, NULL, NULL, NULL, 'omp::counter', 1),
('usage_events_20250531.log', 1, 1, NULL, NULL, 4, NULL, 1048585, 4, '20250531', '202505', NULL, NULL, NULL, NULL, 'omp::counter', 1),
('usage_events_20250531.log', 1, 1, NULL, NULL, 5, NULL, 1048585, 5, '20250531', '202505', NULL, NULL, NULL, NULL, 'omp::counter', 1),
('usage_events_20250531.log', 1, 2, NULL, NULL, 6, NULL, 1048585, 6, '20250531', '202505', NULL, NULL, NULL, NULL, 'omp::counter', 1),
('usage_events_20250531.log', 1, 2, NULL, NULL, 7, NULL, 1048585, 7, '20250531', '202505', NULL, NULL, NULL, NULL, 'omp::counter', 1),
('usage_events_20250531.log', 1, 2, NULL, NULL, 8, NULL, 1048585, 8, '20250531', '202505', NULL, NULL, NULL, NULL, 'omp::counter', 1),
('usage_events_20250531.log', 1, 1, NULL, NULL, 12, NULL, 1048585, 12, '20250531', '202505', NULL, NULL, NULL, NULL, 'omp::counter', 1),
('usage_events_20250531.log', 1, 2, NULL, NULL, 14, NULL, 1048585, 14, '20250531', '202505', NULL, NULL, NULL, NULL, 'omp::counter', 1),
('usage_events_20250531.log', 1, 2, NULL, NULL, 15, NULL, 1048585, 15, '20250531', '202505', NULL, NULL, NULL, NULL, 'omp::counter', 1),
('usage_events_20250531.log', 1, 2, NULL, NULL, 16, NULL, 1048585, 16, '20250531', '202505', NULL, NULL, NULL, NULL, 'omp::counter', 1),
('usage_events_20250531.log', 1, 2, NULL, NULL, 19, NULL, 1048585, 19, '20250531', '202505', NULL, NULL, NULL, NULL, 'omp::counter', 1),
('usage_events_20250531.log', 1, 3, NULL, NULL, 25, NULL, 1048585, 25, '20250531', '202505', NULL, NULL, NULL, NULL, 'omp::counter', 1),
('usage_events_20250531.log', 1, 3, NULL, NULL, 33, NULL, 1048585, 33, '20250531', '202505', NULL, NULL, NULL, NULL, 'omp::counter', 1),
('usage_events_20250531.log', 1, 3, NULL, NULL, 36, NULL, 1048585, 36, '20250531', '202505', NULL, NULL, NULL, NULL, 'omp::counter', 1),
('usage_events_20250531.log', 1, 3, NULL, NULL, 40, NULL, 1048585, 40, '20250531', '202505', NULL, NULL, NULL, NULL, 'omp::counter', 1),
('usage_events_20250531.log', 1, 3, NULL, NULL, 42, NULL, 1048585, 42, '20250531', '202505', NULL, NULL, NULL, NULL, 'omp::counter', 1),
('usage_events_20250531.log', 1, 3, NULL, NULL, 47, NULL, 1048585, 47, '20250531', '202505', NULL, NULL, NULL, NULL, 'omp::counter', 1),
('usage_events_20250531.log', 1, 3, NULL, NULL, 48, NULL, 1048585, 48, '20250531', '202505', NULL, NULL, NULL, NULL, 'omp::counter', 1),
('usage_events_20250531.log', 1, 3, NULL, NULL, 49, NULL, 1048585, 49, '20250531', '202505', NULL, NULL, NULL, NULL, 'omp::counter', 1),
('usage_events_20250531.log', 1, 3, NULL, NULL, 54, NULL, 1048585, 54, '20250531', '202505', NULL, NULL, NULL, NULL, 'omp::counter', 1),
('usage_events_20250531.log', 1, 3, NULL, NULL, 56, NULL, 1048585, 56, '20250531', '202505', NULL, NULL, NULL, NULL, 'omp::counter', 1),
('usage_events_20250531.log', 1, 3, NULL, NULL, 58, NULL, 1048585, 58, '20250531', '202505', NULL, NULL, NULL, NULL, 'omp::counter', 1),
('usage_events_20250531.log', 1, 3, NULL, NULL, 60, NULL, 1048585, 60, '20250531', '202505', NULL, NULL, NULL, NULL, 'omp::counter', 1),
('usage_events_20250531.log', 1, 3, NULL, NULL, 61, NULL, 1048585, 61, '20250531', '202505', NULL, NULL, NULL, NULL, 'omp::counter', 3),
('usage_events_20250531.log', 1, 3, NULL, NULL, 63, NULL, 1048585, 63, '20250531', '202505', NULL, NULL, NULL, NULL, 'omp::counter', 1),
('usage_events_20250531.log', 1, 3, NULL, NULL, 66, NULL, 1048585, 66, '20250531', '202505', NULL, NULL, NULL, NULL, 'omp::counter', 1),
('usage_events_20250601.log', 1, NULL, NULL, NULL, NULL, NULL, 512, 1, '20250601', '202506', NULL, NULL, NULL, NULL, 'omp::counter', 32),
('usage_events_20250601.log', 1, 2, NULL, NULL, 20, 21, 515, 82, '20250601', '202506', 2, NULL, NULL, NULL, 'omp::counter', 2),
('usage_events_20250601.log', 1, NULL, NULL, NULL, 69, 85, 515, 309, '20250601', '202506', 2, NULL, NULL, NULL, 'omp::counter', 2),
('usage_events_20250601.log', 1, NULL, NULL, NULL, 72, 91, 515, 333, '20250601', '202506', 2, NULL, NULL, NULL, 'omp::counter', 1),
('usage_events_20250601.log', 1, 1, NULL, NULL, NULL, NULL, 530, 1, '20250601', '202506', NULL, NULL, NULL, NULL, 'omp::counter', 1),
('usage_events_20250601.log', 1, 2, NULL, NULL, 20, NULL, 1048585, 20, '20250601', '202506', NULL, NULL, NULL, NULL, 'omp::counter', 1),
('usage_events_20250601.log', 1, 3, NULL, NULL, 32, NULL, 1048585, 32, '20250601', '202506', NULL, NULL, NULL, NULL, 'omp::counter', 1),
('usage_events_20250601.log', 1, 3, NULL, NULL, 37, NULL, 1048585, 37, '20250601', '202506', NULL, NULL, NULL, NULL, 'omp::counter', 1),
('usage_events_20250601.log', 1, 3, NULL, NULL, 41, NULL, 1048585, 41, '20250601', '202506', NULL, NULL, NULL, NULL, 'omp::counter', 1),
('usage_events_20250601.log', 1, 3, NULL, NULL, 42, NULL, 1048585, 42, '20250601', '202506', NULL, NULL, NULL, NULL, 'omp::counter', 2),
('usage_events_20250601.log', 1, 3, NULL, NULL, 45, NULL, 1048585, 45, '20250601', '202506', NULL, NULL, NULL, NULL, 'omp::counter', 1),
('usage_events_20250601.log', 1, 3, NULL, NULL, 55, NULL, 1048585, 55, '20250601', '202506', NULL, NULL, NULL, NULL, 'omp::counter', 1),
('usage_events_20250601.log', 1, 3, NULL, NULL, 59, NULL, 1048585, 59, '20250601', '202506', NULL, NULL, NULL, NULL, 'omp::counter', 1),
('usage_events_20250601.log', 1, 3, NULL, NULL, 62, NULL, 1048585, 62, '20250601', '202506', NULL, NULL, NULL, NULL, 'omp::counter', 1),
('usage_events_20250601.log', 1, 3, NULL, NULL, 64, NULL, 1048585, 64, '20250601', '202506', NULL, NULL, NULL, NULL, 'omp::counter', 3),
('usage_events_20250601.log', 1, 3, NULL, NULL, 65, NULL, 1048585, 65, '20250601', '202506', NULL, NULL, NULL, NULL, 'omp::counter', 1),
('usage_events_20250601.log', 1, NULL, NULL, NULL, 69, NULL, 1048585, 69, '20250601', '202506', NULL, NULL, NULL, NULL, 'omp::counter', 1),
('usage_events_20250601.log', 1, NULL, NULL, NULL, 72, NULL, 1048585, 72, '20250601', '202506', NULL, NULL, NULL, NULL, 'omp::counter', 1),
('usage_events_20250602.log', 1, NULL, NULL, NULL, NULL, NULL, 512, 1, '20250602', '202506', NULL, NULL, NULL, NULL, 'omp::counter', 28),
('usage_events_20250602.log', 1, 2, NULL, NULL, 20, 21, 515, 82, '20250602', '202506', 2, NULL, NULL, NULL, 'omp::counter', 1),
('usage_events_20250602.log', 1, 3, NULL, NULL, 48, 58, 515, 196, '20250602', '202506', 2, NULL, NULL, NULL, 'omp::counter', 4),
('usage_events_20250602.log', 1, 3, NULL, NULL, 62, 71, 515, 248, '20250602', '202506', 2, NULL, NULL, NULL, 'omp::counter', 4),
('usage_events_20250602.log', 1, 3, NULL, NULL, NULL, NULL, 530, 3, '20250602', '202506', NULL, NULL, NULL, NULL, 'omp::counter', 1),
('usage_events_20250602.log', 1, 3, NULL, NULL, 27, NULL, 1048585, 27, '20250602', '202506', NULL, NULL, NULL, NULL, 'omp::counter', 1),
('usage_events_20250602.log', 1, 3, NULL, NULL, 35, NULL, 1048585, 35, '20250602', '202506', NULL, NULL, NULL, NULL, 'omp::counter', 1),
('usage_events_20250602.log', 1, 3, NULL, NULL, 48, NULL, 1048585, 48, '20250602', '202506', NULL, NULL, NULL, NULL, 'omp::counter', 1),
('usage_events_20250602.log', 1, 3, NULL, NULL, 54, NULL, 1048585, 54, '20250602', '202506', NULL, NULL, NULL, NULL, 'omp::counter', 1),
('usage_events_20250602.log', 1, 3, NULL, NULL, 62, NULL, 1048585, 62, '20250602', '202506', NULL, NULL, NULL, NULL, 'omp::counter', 1),
('usage_events_20250602.log', 1, 3, NULL, NULL, 64, NULL, 1048585, 64, '20250602', '202506', NULL, NULL, NULL, NULL, 'omp::counter', 1),
('usage_events_20250602.log', 1, NULL, NULL, NULL, 69, NULL, 1048585, 69, '20250602', '202506', NULL, NULL, NULL, NULL, 'omp::counter', 1),
('usage_events_20250603.log', 1, NULL, NULL, NULL, NULL, NULL, 512, 1, '20250603', '202506', NULL, NULL, NULL, NULL, 'omp::counter', 24),
('usage_events_20250603.log', 1, 3, NULL, NULL, 32, 42, 515, 137, '20250603', '202506', 3, NULL, NULL, NULL, 'omp::counter', 1),
('usage_events_20250603.log', 1, 3, NULL, NULL, 48, 58, 515, 196, '20250603', '202506', 2, NULL, NULL, NULL, 'omp::counter', 1),
('usage_events_20250603.log', 1, 3, NULL, NULL, 62, 71, 515, 248, '20250603', '202506', 2, NULL, NULL, NULL, 'omp::counter', 1),
('usage_events_20250603.log', 1, NULL, NULL, NULL, 76, 96, 515, 358, '20250603', '202506', 3, NULL, NULL, NULL, 'omp::counter', 1),
('usage_events_20250603.log', 1, 2, NULL, NULL, NULL, NULL, 530, 2, '20250603', '202506', NULL, NULL, NULL, NULL, 'omp::counter', 1),
('usage_events_20250603.log', 1, 3, NULL, NULL, NULL, NULL, 530, 3, '20250603', '202506', NULL, NULL, NULL, NULL, 'omp::counter', 1),
('usage_events_20250603.log', 1, 1, NULL, NULL, 4, NULL, 1048585, 4, '20250603', '202506', NULL, NULL, NULL, NULL, 'omp::counter', 1),
('usage_events_20250603.log', 1, 2, NULL, NULL, 6, NULL, 1048585, 6, '20250603', '202506', NULL, NULL, NULL, NULL, 'omp::counter', 1),
('usage_events_20250603.log', 1, 1, NULL, NULL, 12, NULL, 1048585, 12, '20250603', '202506', NULL, NULL, NULL, NULL, 'omp::counter', 1),
('usage_events_20250603.log', 1, 2, NULL, NULL, 20, NULL, 1048585, 20, '20250603', '202506', NULL, NULL, NULL, NULL, 'omp::counter', 1),
('usage_events_20250603.log', 1, 3, NULL, NULL, 22, NULL, 1048585, 22, '20250603', '202506', NULL, NULL, NULL, NULL, 'omp::counter', 1),
('usage_events_20250603.log', 1, 3, NULL, NULL, 24, NULL, 1048585, 24, '20250603', '202506', NULL, NULL, NULL, NULL, 'omp::counter', 1),
('usage_events_20250603.log', 1, 3, NULL, NULL, 27, NULL, 1048585, 27, '20250603', '202506', NULL, NULL, NULL, NULL, 'omp::counter', 1),
('usage_events_20250603.log', 1, 3, NULL, NULL, 29, NULL, 1048585, 29, '20250603', '202506', NULL, NULL, NULL, NULL, 'omp::counter', 1),
('usage_events_20250603.log', 1, 3, NULL, NULL, 34, NULL, 1048585, 34, '20250603', '202506', NULL, NULL, NULL, NULL, 'omp::counter', 1),
('usage_events_20250603.log', 1, 3, NULL, NULL, 37, NULL, 1048585, 37, '20250603', '202506', NULL, NULL, NULL, NULL, 'omp::counter', 1),
('usage_events_20250603.log', 1, 3, NULL, NULL, 44, NULL, 1048585, 44, '20250603', '202506', NULL, NULL, NULL, NULL, 'omp::counter', 1),
('usage_events_20250603.log', 1, 3, NULL, NULL, 54, NULL, 1048585, 54, '20250603', '202506', NULL, NULL, NULL, NULL, 'omp::counter', 1),
('usage_events_20250603.log', 1, 3, NULL, NULL, 60, NULL, 1048585, 60, '20250603', '202506', NULL, NULL, NULL, NULL, 'omp::counter', 1),
('usage_events_20250604.log', 1, NULL, NULL, NULL, NULL, NULL, 512, 1, '20250604', '202506', NULL, NULL, NULL, NULL, 'omp::counter', 36),
('usage_events_20250604.log', 1, 3, NULL, NULL, 48, 58, 515, 196, '20250604', '202506', 2, NULL, NULL, NULL, 'omp::counter', 1),
('usage_events_20250604.log', 1, 3, NULL, NULL, 62, 71, 515, 248, '20250604', '202506', 2, NULL, NULL, NULL, 'omp::counter', 1),
('usage_events_20250604.log', 1, 3, NULL, NULL, 22, 78, 515, 271, '20250604', '202506', 3, NULL, NULL, NULL, 'omp::counter', 1),
('usage_events_20250604.log', 1, 2, NULL, NULL, 19, 79, 515, 273, '20250604', '202506', 3, NULL, NULL, NULL, 'omp::counter', 1),
('usage_events_20250604.log', 1, 1, NULL, NULL, NULL, NULL, 530, 1, '20250604', '202506', NULL, NULL, NULL, NULL, 'omp::counter', 2),
('usage_events_20250604.log', 1, 2, NULL, NULL, NULL, NULL, 530, 2, '20250604', '202506', NULL, NULL, NULL, NULL, 'omp::counter', 2),
('usage_events_20250604.log', 1, 3, NULL, NULL, NULL, NULL, 530, 3, '20250604', '202506', NULL, NULL, NULL, NULL, 'omp::counter', 3),
('usage_events_20250604.log', 1, 4, NULL, NULL, NULL, NULL, 530, 4, '20250604', '202506', NULL, NULL, NULL, NULL, 'omp::counter', 2),
('usage_events_20250604.log', 1, 1, NULL, NULL, 1, NULL, 1048585, 1, '20250604', '202506', NULL, NULL, NULL, NULL, 'omp::counter', 2),
('usage_events_20250604.log', 1, 1, NULL, NULL, 2, NULL, 1048585, 2, '20250604', '202506', NULL, NULL, NULL, NULL, 'omp::counter', 2),
('usage_events_20250604.log', 1, 1, NULL, NULL, 3, NULL, 1048585, 3, '20250604', '202506', NULL, NULL, NULL, NULL, 'omp::counter', 2),
('usage_events_20250604.log', 1, 2, NULL, NULL, 6, NULL, 1048585, 6, '20250604', '202506', NULL, NULL, NULL, NULL, 'omp::counter', 2),
('usage_events_20250604.log', 1, 1, NULL, NULL, 9, NULL, 1048585, 9, '20250604', '202506', NULL, NULL, NULL, NULL, 'omp::counter', 2),
('usage_events_20250604.log', 1, 2, NULL, NULL, 16, NULL, 1048585, 16, '20250604', '202506', NULL, NULL, NULL, NULL, 'omp::counter', 1),
('usage_events_20250604.log', 1, 2, NULL, NULL, 18, NULL, 1048585, 18, '20250604', '202506', NULL, NULL, NULL, NULL, 'omp::counter', 2),
('usage_events_20250604.log', 1, 2, NULL, NULL, 19, NULL, 1048585, 19, '20250604', '202506', NULL, NULL, NULL, NULL, 'omp::counter', 2),
('usage_events_20250604.log', 1, 3, NULL, NULL, 22, NULL, 1048585, 22, '20250604', '202506', NULL, NULL, NULL, NULL, 'omp::counter', 2),
('usage_events_20250604.log', 1, 3, NULL, NULL, 23, NULL, 1048585, 23, '20250604', '202506', NULL, NULL, NULL, NULL, 'omp::counter', 2),
('usage_events_20250604.log', 1, 3, NULL, NULL, 24, NULL, 1048585, 24, '20250604', '202506', NULL, NULL, NULL, NULL, 'omp::counter', 2),
('usage_events_20250604.log', 1, 3, NULL, NULL, 29, NULL, 1048585, 29, '20250604', '202506', NULL, NULL, NULL, NULL, 'omp::counter', 2),
('usage_events_20250604.log', 1, 3, NULL, NULL, 31, NULL, 1048585, 31, '20250604', '202506', NULL, NULL, NULL, NULL, 'omp::counter', 2),
('usage_events_20250604.log', 1, 3, NULL, NULL, 38, NULL, 1048585, 38, '20250604', '202506', NULL, NULL, NULL, NULL, 'omp::counter', 1),
('usage_events_20250604.log', 1, 3, NULL, NULL, 41, NULL, 1048585, 41, '20250604', '202506', NULL, NULL, NULL, NULL, 'omp::counter', 2),
('usage_events_20250604.log', 1, 3, NULL, NULL, 43, NULL, 1048585, 43, '20250604', '202506', NULL, NULL, NULL, NULL, 'omp::counter', 2),
('usage_events_20250604.log', 1, 3, NULL, NULL, 44, NULL, 1048585, 44, '20250604', '202506', NULL, NULL, NULL, NULL, 'omp::counter', 1),
('usage_events_20250605.log', 1, NULL, NULL, NULL, NULL, NULL, 512, 1, '20250605', '202506', NULL, NULL, NULL, NULL, 'omp::counter', 35),
('usage_events_20250605.log', 1, 3, NULL, NULL, 48, 58, 515, 196, '20250605', '202506', 2, NULL, NULL, NULL, 'omp::counter', 1),
('usage_events_20250605.log', 1, 3, NULL, NULL, 51, 61, 515, 208, '20250605', '202506', 2, NULL, NULL, NULL, 'omp::counter', 2),
('usage_events_20250605.log', 1, 3, NULL, NULL, NULL, NULL, 530, 3, '20250605', '202506', NULL, NULL, NULL, NULL, 'omp::counter', 3),
('usage_events_20250605.log', 1, 1, NULL, NULL, 10, NULL, 1048585, 10, '20250605', '202506', NULL, NULL, NULL, NULL, 'omp::counter', 1),
('usage_events_20250605.log', 1, 2, NULL, NULL, 17, NULL, 1048585, 17, '20250605', '202506', NULL, NULL, NULL, NULL, 'omp::counter', 1),
('usage_events_20250605.log', 1, 3, NULL, NULL, 28, NULL, 1048585, 28, '20250605', '202506', NULL, NULL, NULL, NULL, 'omp::counter', 1),
('usage_events_20250605.log', 1, 3, NULL, NULL, 30, NULL, 1048585, 30, '20250605', '202506', NULL, NULL, NULL, NULL, 'omp::counter', 1),
('usage_events_20250605.log', 1, 3, NULL, NULL, 31, NULL, 1048585, 31, '20250605', '202506', NULL, NULL, NULL, NULL, 'omp::counter', 1),
('usage_events_20250605.log', 1, 3, NULL, NULL, 48, NULL, 1048585, 48, '20250605', '202506', NULL, NULL, NULL, NULL, 'omp::counter', 3),
('usage_events_20250605.log', 1, 3, NULL, NULL, 51, NULL, 1048585, 51, '20250605', '202506', NULL, NULL, NULL, NULL, 'omp::counter', 2),
('usage_events_20250606.log', 1, NULL, NULL, NULL, NULL, NULL, 512, 1, '20250606', '202506', NULL, NULL, NULL, NULL, 'omp::counter', 40),
('usage_events_20250606.log', 1, 3, NULL, NULL, 64, 74, 515, 260, '20250606', '202506', 2, NULL, NULL, NULL, 'omp::counter', 2),
('usage_events_20250606.log', 1, NULL, NULL, NULL, 77, 94, 515, 356, '20250606', '202506', 3, NULL, NULL, NULL, 'omp::counter', 1),
('usage_events_20250606.log', 1, 4, NULL, NULL, NULL, NULL, 530, 4, '20250606', '202506', NULL, NULL, NULL, NULL, 'omp::counter', 1),
('usage_events_20250606.log', 1, 1, NULL, NULL, 1, NULL, 1048585, 1, '20250606', '202506', NULL, NULL, NULL, NULL, 'omp::counter', 1),
('usage_events_20250606.log', 1, 1, NULL, NULL, 2, NULL, 1048585, 2, '20250606', '202506', NULL, NULL, NULL, NULL, 'omp::counter', 1),
('usage_events_20250606.log', 1, 1, NULL, NULL, 3, NULL, 1048585, 3, '20250606', '202506', NULL, NULL, NULL, NULL, 'omp::counter', 1),
('usage_events_20250606.log', 1, 1, NULL, NULL, 9, NULL, 1048585, 9, '20250606', '202506', NULL, NULL, NULL, NULL, 'omp::counter', 1),
('usage_events_20250606.log', 1, 1, NULL, NULL, 11, NULL, 1048585, 11, '20250606', '202506', NULL, NULL, NULL, NULL, 'omp::counter', 1),
('usage_events_20250606.log', 1, 1, NULL, NULL, 13, NULL, 1048585, 13, '20250606', '202506', NULL, NULL, NULL, NULL, 'omp::counter', 1),
('usage_events_20250606.log', 1, 2, NULL, NULL, 18, NULL, 1048585, 18, '20250606', '202506', NULL, NULL, NULL, NULL, 'omp::counter', 1),
('usage_events_20250606.log', 1, 2, NULL, NULL, 20, NULL, 1048585, 20, '20250606', '202506', NULL, NULL, NULL, NULL, 'omp::counter', 1),
('usage_events_20250606.log', 1, 3, NULL, NULL, 21, NULL, 1048585, 21, '20250606', '202506', NULL, NULL, NULL, NULL, 'omp::counter', 1),
('usage_events_20250606.log', 1, 3, NULL, NULL, 27, NULL, 1048585, 27, '20250606', '202506', NULL, NULL, NULL, NULL, 'omp::counter', 1),
('usage_events_20250606.log', 1, 3, NULL, NULL, 29, NULL, 1048585, 29, '20250606', '202506', NULL, NULL, NULL, NULL, 'omp::counter', 1),
('usage_events_20250606.log', 1, 3, NULL, NULL, 31, NULL, 1048585, 31, '20250606', '202506', NULL, NULL, NULL, NULL, 'omp::counter', 2),
('usage_events_20250606.log', 1, 3, NULL, NULL, 32, NULL, 1048585, 32, '20250606', '202506', NULL, NULL, NULL, NULL, 'omp::counter', 2),
('usage_events_20250606.log', 1, 3, NULL, NULL, 35, NULL, 1048585, 35, '20250606', '202506', NULL, NULL, NULL, NULL, 'omp::counter', 1),
('usage_events_20250606.log', 1, 3, NULL, NULL, 39, NULL, 1048585, 39, '20250606', '202506', NULL, NULL, NULL, NULL, 'omp::counter', 1),
('usage_events_20250606.log', 1, 3, NULL, NULL, 43, NULL, 1048585, 43, '20250606', '202506', NULL, NULL, NULL, NULL, 'omp::counter', 1),
('usage_events_20250606.log', 1, 3, NULL, NULL, 44, NULL, 1048585, 44, '20250606', '202506', NULL, NULL, NULL, NULL, 'omp::counter', 1),
('usage_events_20250606.log', 1, 3, NULL, NULL, 48, NULL, 1048585, 48, '20250606', '202506', NULL, NULL, NULL, NULL, 'omp::counter', 1),
('usage_events_20250606.log', 1, 3, NULL, NULL, 49, NULL, 1048585, 49, '20250606', '202506', NULL, NULL, NULL, NULL, 'omp::counter', 1),
('usage_events_20250606.log', 1, 3, NULL, NULL, 50, NULL, 1048585, 50, '20250606', '202506', NULL, NULL, NULL, NULL, 'omp::counter', 1),
('usage_events_20250606.log', 1, 3, NULL, NULL, 51, NULL, 1048585, 51, '20250606', '202506', NULL, NULL, NULL, NULL, 'omp::counter', 1),
('usage_events_20250606.log', 1, 3, NULL, NULL, 52, NULL, 1048585, 52, '20250606', '202506', NULL, NULL, NULL, NULL, 'omp::counter', 2),
('usage_events_20250606.log', 1, 3, NULL, NULL, 53, NULL, 1048585, 53, '20250606', '202506', NULL, NULL, NULL, NULL, 'omp::counter', 1),
('usage_events_20250606.log', 1, 3, NULL, NULL, 55, NULL, 1048585, 55, '20250606', '202506', NULL, NULL, NULL, NULL, 'omp::counter', 3),
('usage_events_20250606.log', 1, 3, NULL, NULL, 57, NULL, 1048585, 57, '20250606', '202506', NULL, NULL, NULL, NULL, 'omp::counter', 1),
('usage_events_20250606.log', 1, 3, NULL, NULL, 63, NULL, 1048585, 63, '20250606', '202506', NULL, NULL, NULL, NULL, 'omp::counter', 1),
('usage_events_20250606.log', 1, 3, NULL, NULL, 64, NULL, 1048585, 64, '20250606', '202506', NULL, NULL, NULL, NULL, 'omp::counter', 3),
('usage_events_20250606.log', 1, NULL, NULL, NULL, 76, NULL, 1048585, 76, '20250606', '202506', NULL, NULL, NULL, NULL, 'omp::counter', 1);
INSERT INTO `metrics` (`load_id`, `context_id`, `pkp_section_id`, `assoc_object_type`, `assoc_object_id`, `submission_id`, `representation_id`, `assoc_type`, `assoc_id`, `day`, `month`, `file_type`, `country_id`, `region`, `city`, `metric_type`, `metric`) VALUES
('usage_events_20250606.log', 1, NULL, NULL, NULL, 77, NULL, 1048585, 77, '20250606', '202506', NULL, NULL, NULL, NULL, 'omp::counter', 1),
('usage_events_20250607.log', 1, NULL, NULL, NULL, NULL, NULL, 512, 1, '20250607', '202506', NULL, NULL, NULL, NULL, 'omp::counter', 35),
('usage_events_20250607.log', 1, 1, NULL, NULL, 3, NULL, 1048585, 3, '20250607', '202506', NULL, NULL, NULL, NULL, 'omp::counter', 3),
('usage_events_20250607.log', 1, 3, NULL, NULL, 52, NULL, 1048585, 52, '20250607', '202506', NULL, NULL, NULL, NULL, 'omp::counter', 1),
('usage_events_20250607.log', 1, 3, NULL, NULL, 64, NULL, 1048585, 64, '20250607', '202506', NULL, NULL, NULL, NULL, 'omp::counter', 1),
('usage_events_20250607.log', 1, NULL, NULL, NULL, 76, NULL, 1048585, 76, '20250607', '202506', NULL, NULL, NULL, NULL, 'omp::counter', 2),
('usage_events_20250608.log', 1, NULL, NULL, NULL, NULL, NULL, 512, 1, '20250608', '202506', NULL, NULL, NULL, NULL, 'omp::counter', 42),
('usage_events_20250608.log', 1, NULL, NULL, NULL, 72, 91, 515, 333, '20250608', '202506', 2, NULL, NULL, NULL, 'omp::counter', 2),
('usage_events_20250608.log', 1, 1, NULL, NULL, 2, NULL, 1048585, 2, '20250608', '202506', NULL, NULL, NULL, NULL, 'omp::counter', 1),
('usage_events_20250608.log', 1, 2, NULL, NULL, 19, NULL, 1048585, 19, '20250608', '202506', NULL, NULL, NULL, NULL, 'omp::counter', 1),
('usage_events_20250608.log', 1, 2, NULL, NULL, 20, NULL, 1048585, 20, '20250608', '202506', NULL, NULL, NULL, NULL, 'omp::counter', 1),
('usage_events_20250608.log', 1, 3, NULL, NULL, 64, NULL, 1048585, 64, '20250608', '202506', NULL, NULL, NULL, NULL, 'omp::counter', 1),
('usage_events_20250608.log', 1, NULL, NULL, NULL, 72, NULL, 1048585, 72, '20250608', '202506', NULL, NULL, NULL, NULL, 'omp::counter', 1),
('usage_events_20250609.log', 1, NULL, NULL, NULL, NULL, NULL, 512, 1, '20250609', '202506', NULL, NULL, NULL, NULL, 'omp::counter', 50),
('usage_events_20250609.log', 1, 1, NULL, NULL, 4, 4, 515, 16, '20250609', '202506', 2, NULL, NULL, NULL, 'omp::counter', 1),
('usage_events_20250609.log', 1, 1, NULL, NULL, 3, 5, 515, 17, '20250609', '202506', 2, NULL, NULL, NULL, 'omp::counter', 1),
('usage_events_20250609.log', 1, 1, NULL, NULL, 4, NULL, 1048585, 4, '20250609', '202506', NULL, NULL, NULL, NULL, 'omp::counter', 1),
('usage_events_20250609.log', 1, 2, NULL, NULL, 18, NULL, 1048585, 18, '20250609', '202506', NULL, NULL, NULL, NULL, 'omp::counter', 1),
('usage_events_20250609.log', 1, NULL, NULL, NULL, 67, NULL, 1048585, 67, '20250609', '202506', NULL, NULL, NULL, NULL, 'omp::counter', 1),
('usage_events_20250610.log', 1, NULL, NULL, NULL, NULL, NULL, 512, 1, '20250610', '202506', NULL, NULL, NULL, NULL, 'omp::counter', 48),
('usage_events_20250610.log', 1, 1, NULL, NULL, 3, 5, 515, 17, '20250610', '202506', 2, NULL, NULL, NULL, 'omp::counter', 1),
('usage_events_20250610.log', 1, 3, NULL, NULL, 21, 31, 515, 95, '20250610', '202506', 2, NULL, NULL, NULL, 'omp::counter', 1),
('usage_events_20250610.log', 1, 3, NULL, NULL, 55, 65, 515, 224, '20250610', '202506', 2, NULL, NULL, NULL, 'omp::counter', 1),
('usage_events_20250610.log', 1, 3, NULL, NULL, 63, 73, 515, 256, '20250610', '202506', 2, NULL, NULL, NULL, 'omp::counter', 2),
('usage_events_20250610.log', 1, 2, NULL, NULL, NULL, NULL, 530, 2, '20250610', '202506', NULL, NULL, NULL, NULL, 'omp::counter', 1),
('usage_events_20250610.log', 1, 2, NULL, NULL, 8, NULL, 1048585, 8, '20250610', '202506', NULL, NULL, NULL, NULL, 'omp::counter', 1),
('usage_events_20250610.log', 1, 1, NULL, NULL, 13, NULL, 1048585, 13, '20250610', '202506', NULL, NULL, NULL, NULL, 'omp::counter', 1),
('usage_events_20250610.log', 1, 3, NULL, NULL, 33, NULL, 1048585, 33, '20250610', '202506', NULL, NULL, NULL, NULL, 'omp::counter', 1),
('usage_events_20250610.log', 1, 3, NULL, NULL, 42, NULL, 1048585, 42, '20250610', '202506', NULL, NULL, NULL, NULL, 'omp::counter', 1),
('usage_events_20250610.log', 1, 3, NULL, NULL, 50, NULL, 1048585, 50, '20250610', '202506', NULL, NULL, NULL, NULL, 'omp::counter', 1),
('usage_events_20250610.log', 1, 3, NULL, NULL, 51, NULL, 1048585, 51, '20250610', '202506', NULL, NULL, NULL, NULL, 'omp::counter', 1),
('usage_events_20250610.log', 1, 3, NULL, NULL, 55, NULL, 1048585, 55, '20250610', '202506', NULL, NULL, NULL, NULL, 'omp::counter', 1),
('usage_events_20250610.log', 1, 3, NULL, NULL, 63, NULL, 1048585, 63, '20250610', '202506', NULL, NULL, NULL, NULL, 'omp::counter', 1),
('usage_events_20250610.log', 1, 3, NULL, NULL, 64, NULL, 1048585, 64, '20250610', '202506', NULL, NULL, NULL, NULL, 'omp::counter', 3),
('usage_events_20250610.log', 1, 3, NULL, NULL, 65, NULL, 1048585, 65, '20250610', '202506', NULL, NULL, NULL, NULL, 'omp::counter', 1),
('usage_events_20250610.log', 1, NULL, NULL, NULL, 76, NULL, 1048585, 76, '20250610', '202506', NULL, NULL, NULL, NULL, 'omp::counter', 1),
('usage_events_20250610.log', 1, NULL, NULL, NULL, 77, NULL, 1048585, 77, '20250610', '202506', NULL, NULL, NULL, NULL, 'omp::counter', 1),
('usage_events_20250611.log', 1, NULL, NULL, NULL, NULL, NULL, 512, 1, '20250611', '202506', NULL, NULL, NULL, NULL, 'omp::counter', 36),
('usage_events_20250611.log', 1, 3, NULL, NULL, 63, 73, 515, 256, '20250611', '202506', 2, NULL, NULL, NULL, 'omp::counter', 1),
('usage_events_20250611.log', 1, 3, NULL, NULL, 35, NULL, 1048585, 35, '20250611', '202506', NULL, NULL, NULL, NULL, 'omp::counter', 1),
('usage_events_20250611.log', 1, 3, NULL, NULL, 62, NULL, 1048585, 62, '20250611', '202506', NULL, NULL, NULL, NULL, 'omp::counter', 1),
('usage_events_20250611.log', 1, 3, NULL, NULL, 64, NULL, 1048585, 64, '20250611', '202506', NULL, NULL, NULL, NULL, 'omp::counter', 1),
('usage_events_20250611.log', 1, NULL, NULL, NULL, 68, NULL, 1048585, 68, '20250611', '202506', NULL, NULL, NULL, NULL, 'omp::counter', 3),
('usage_events_20250612.log', 1, NULL, NULL, NULL, NULL, NULL, 512, 1, '20250612', '202506', NULL, NULL, NULL, NULL, 'omp::counter', 37),
('usage_events_20250612.log', 1, 3, NULL, NULL, 65, 75, 515, 264, '20250612', '202506', 2, NULL, NULL, NULL, 'omp::counter', 1),
('usage_events_20250612.log', 1, 3, NULL, NULL, 54, NULL, 1048585, 54, '20250612', '202506', NULL, NULL, NULL, NULL, 'omp::counter', 1),
('usage_events_20250612.log', 1, 3, NULL, NULL, 65, NULL, 1048585, 65, '20250612', '202506', NULL, NULL, NULL, NULL, 'omp::counter', 3),
('usage_events_20250613.log', 1, NULL, NULL, NULL, NULL, NULL, 512, 1, '20250613', '202506', NULL, NULL, NULL, NULL, 'omp::counter', 43),
('usage_events_20250613.log', 1, 3, NULL, NULL, 21, 31, 515, 95, '20250613', '202506', 2, NULL, NULL, NULL, 'omp::counter', 1),
('usage_events_20250613.log', 1, 1, NULL, NULL, 13, NULL, 1048585, 13, '20250613', '202506', NULL, NULL, NULL, NULL, 'omp::counter', 1),
('usage_events_20250613.log', 1, 3, NULL, NULL, 27, NULL, 1048585, 27, '20250613', '202506', NULL, NULL, NULL, NULL, 'omp::counter', 3),
('usage_events_20250613.log', 1, 3, NULL, NULL, 47, NULL, 1048585, 47, '20250613', '202506', NULL, NULL, NULL, NULL, 'omp::counter', 1),
('usage_events_20250613.log', 1, 3, NULL, NULL, 64, NULL, 1048585, 64, '20250613', '202506', NULL, NULL, NULL, NULL, 'omp::counter', 3),
('usage_events_20250614.log', 1, NULL, NULL, NULL, NULL, NULL, 512, 1, '20250614', '202506', NULL, NULL, NULL, NULL, 'omp::counter', 41),
('usage_events_20250614.log', 1, 1, NULL, NULL, 10, 11, 515, 42, '20250614', '202506', 2, NULL, NULL, NULL, 'omp::counter', 3),
('usage_events_20250614.log', 1, 3, NULL, NULL, NULL, NULL, 530, 3, '20250614', '202506', NULL, NULL, NULL, NULL, 'omp::counter', 3),
('usage_events_20250614.log', 1, 1, NULL, NULL, 10, NULL, 1048585, 10, '20250614', '202506', NULL, NULL, NULL, NULL, 'omp::counter', 2),
('usage_events_20250614.log', 1, 1, NULL, NULL, 12, NULL, 1048585, 12, '20250614', '202506', NULL, NULL, NULL, NULL, 'omp::counter', 1),
('usage_events_20250614.log', 1, 2, NULL, NULL, 19, NULL, 1048585, 19, '20250614', '202506', NULL, NULL, NULL, NULL, 'omp::counter', 3),
('usage_events_20250614.log', 1, 3, NULL, NULL, 22, NULL, 1048585, 22, '20250614', '202506', NULL, NULL, NULL, NULL, 'omp::counter', 1),
('usage_events_20250614.log', 1, 3, NULL, NULL, 48, NULL, 1048585, 48, '20250614', '202506', NULL, NULL, NULL, NULL, 'omp::counter', 3),
('usage_events_20250614.log', 1, 3, NULL, NULL, 53, NULL, 1048585, 53, '20250614', '202506', NULL, NULL, NULL, NULL, 'omp::counter', 2),
('usage_events_20250614.log', 1, 3, NULL, NULL, 64, NULL, 1048585, 64, '20250614', '202506', NULL, NULL, NULL, NULL, 'omp::counter', 1),
('usage_events_20250614.log', 1, 3, NULL, NULL, 65, NULL, 1048585, 65, '20250614', '202506', NULL, NULL, NULL, NULL, 'omp::counter', 1),
('usage_events_20250614.log', 1, NULL, NULL, NULL, 77, NULL, 1048585, 77, '20250614', '202506', NULL, NULL, NULL, NULL, 'omp::counter', 1),
('usage_events_20250615.log', 1, NULL, NULL, NULL, NULL, NULL, 512, 1, '20250615', '202506', NULL, NULL, NULL, NULL, 'omp::counter', 26),
('usage_events_20250615.log', 1, 3, NULL, NULL, 48, 58, 515, 196, '20250615', '202506', 2, NULL, NULL, NULL, 'omp::counter', 1),
('usage_events_20250615.log', 1, 1, NULL, NULL, 5, NULL, 1048585, 5, '20250615', '202506', NULL, NULL, NULL, NULL, 'omp::counter', 1),
('usage_events_20250615.log', 1, 3, NULL, NULL, 22, NULL, 1048585, 22, '20250615', '202506', NULL, NULL, NULL, NULL, 'omp::counter', 2),
('usage_events_20250615.log', 1, 3, NULL, NULL, 48, NULL, 1048585, 48, '20250615', '202506', NULL, NULL, NULL, NULL, 'omp::counter', 2),
('usage_events_20250615.log', 1, 3, NULL, NULL, 59, NULL, 1048585, 59, '20250615', '202506', NULL, NULL, NULL, NULL, 'omp::counter', 1),
('usage_events_20250616.log', 1, NULL, NULL, NULL, NULL, NULL, 512, 1, '20250616', '202506', NULL, NULL, NULL, NULL, 'omp::counter', 31),
('usage_events_20250616.log', 1, 3, NULL, NULL, 21, 31, 515, 95, '20250616', '202506', 2, NULL, NULL, NULL, 'omp::counter', 4),
('usage_events_20250616.log', 1, 3, NULL, NULL, 64, 74, 515, 260, '20250616', '202506', 2, NULL, NULL, NULL, 'omp::counter', 3),
('usage_events_20250616.log', 1, 3, NULL, NULL, NULL, NULL, 530, 3, '20250616', '202506', NULL, NULL, NULL, NULL, 'omp::counter', 3),
('usage_events_20250616.log', 1, 3, NULL, NULL, 31, NULL, 1048585, 31, '20250616', '202506', NULL, NULL, NULL, NULL, 'omp::counter', 1),
('usage_events_20250616.log', 1, 3, NULL, NULL, 32, NULL, 1048585, 32, '20250616', '202506', NULL, NULL, NULL, NULL, 'omp::counter', 1),
('usage_events_20250616.log', 1, 3, NULL, NULL, 48, NULL, 1048585, 48, '20250616', '202506', NULL, NULL, NULL, NULL, 'omp::counter', 1),
('usage_events_20250616.log', 1, 3, NULL, NULL, 59, NULL, 1048585, 59, '20250616', '202506', NULL, NULL, NULL, NULL, 'omp::counter', 1),
('usage_events_20250616.log', 1, 3, NULL, NULL, 64, NULL, 1048585, 64, '20250616', '202506', NULL, NULL, NULL, NULL, 'omp::counter', 4),
('usage_events_20250616.log', 1, NULL, NULL, NULL, 70, NULL, 1048585, 70, '20250616', '202506', NULL, NULL, NULL, NULL, 'omp::counter', 1),
('usage_events_20250616.log', 1, NULL, NULL, NULL, 71, NULL, 1048585, 71, '20250616', '202506', NULL, NULL, NULL, NULL, 'omp::counter', 1),
('usage_events_20250617.log', 1, NULL, NULL, NULL, NULL, NULL, 512, 1, '20250617', '202506', NULL, NULL, NULL, NULL, 'omp::counter', 37),
('usage_events_20250617.log', 1, 3, NULL, NULL, 21, 31, 515, 95, '20250617', '202506', 2, NULL, NULL, NULL, 'omp::counter', 1),
('usage_events_20250617.log', 1, 1, NULL, NULL, 2, NULL, 1048585, 2, '20250617', '202506', NULL, NULL, NULL, NULL, 'omp::counter', 1),
('usage_events_20250617.log', 1, 2, NULL, NULL, 8, NULL, 1048585, 8, '20250617', '202506', NULL, NULL, NULL, NULL, 'omp::counter', 1),
('usage_events_20250617.log', 1, 3, NULL, NULL, 38, NULL, 1048585, 38, '20250617', '202506', NULL, NULL, NULL, NULL, 'omp::counter', 1),
('usage_events_20250617.log', 1, 3, NULL, NULL, 48, NULL, 1048585, 48, '20250617', '202506', NULL, NULL, NULL, NULL, 'omp::counter', 1),
('usage_events_20250617.log', 1, NULL, NULL, NULL, 76, NULL, 1048585, 76, '20250617', '202506', NULL, NULL, NULL, NULL, 'omp::counter', 1),
('usage_events_20250617.log', 1, NULL, NULL, NULL, 77, NULL, 1048585, 77, '20250617', '202506', NULL, NULL, NULL, NULL, 'omp::counter', 1),
('usage_events_20250618.log', 1, NULL, NULL, NULL, NULL, NULL, 512, 1, '20250618', '202506', NULL, NULL, NULL, NULL, 'omp::counter', 36),
('usage_events_20250618.log', 1, 3, NULL, NULL, 21, 31, 515, 95, '20250618', '202506', 2, NULL, NULL, NULL, 'omp::counter', 1),
('usage_events_20250618.log', 1, 3, NULL, NULL, 25, 35, 515, 111, '20250618', '202506', 2, NULL, NULL, NULL, 'omp::counter', 1),
('usage_events_20250618.log', 1, 1, NULL, NULL, 3, NULL, 1048585, 3, '20250618', '202506', NULL, NULL, NULL, NULL, 'omp::counter', 1),
('usage_events_20250618.log', 1, 1, NULL, NULL, 5, NULL, 1048585, 5, '20250618', '202506', NULL, NULL, NULL, NULL, 'omp::counter', 1),
('usage_events_20250618.log', 1, 3, NULL, NULL, 25, NULL, 1048585, 25, '20250618', '202506', NULL, NULL, NULL, NULL, 'omp::counter', 1),
('usage_events_20250618.log', 1, 3, NULL, NULL, 47, NULL, 1048585, 47, '20250618', '202506', NULL, NULL, NULL, NULL, 'omp::counter', 1),
('usage_events_20250618.log', 1, 3, NULL, NULL, 48, NULL, 1048585, 48, '20250618', '202506', NULL, NULL, NULL, NULL, 'omp::counter', 2),
('usage_events_20250618.log', 1, 3, NULL, NULL, 53, NULL, 1048585, 53, '20250618', '202506', NULL, NULL, NULL, NULL, 'omp::counter', 1),
('usage_events_20250618.log', 1, 3, NULL, NULL, 61, NULL, 1048585, 61, '20250618', '202506', NULL, NULL, NULL, NULL, 'omp::counter', 2),
('usage_events_20250618.log', 1, 3, NULL, NULL, 63, NULL, 1048585, 63, '20250618', '202506', NULL, NULL, NULL, NULL, 'omp::counter', 1),
('usage_events_20250619.log', 1, NULL, NULL, NULL, NULL, NULL, 512, 1, '20250619', '202506', NULL, NULL, NULL, NULL, 'omp::counter', 39),
('usage_events_20250619.log', 1, 3, NULL, NULL, 48, 58, 515, 196, '20250619', '202506', 2, NULL, NULL, NULL, 'omp::counter', 1),
('usage_events_20250619.log', 1, 3, NULL, NULL, 50, 60, 515, 204, '20250619', '202506', 2, NULL, NULL, NULL, 'omp::counter', 1),
('usage_events_20250619.log', 1, NULL, NULL, NULL, 77, 93, 515, 355, '20250619', '202506', 2, NULL, NULL, NULL, 'omp::counter', 1),
('usage_events_20250619.log', 1, 1, NULL, NULL, 5, NULL, 1048585, 5, '20250619', '202506', NULL, NULL, NULL, NULL, 'omp::counter', 1),
('usage_events_20250619.log', 1, 3, NULL, NULL, 48, NULL, 1048585, 48, '20250619', '202506', NULL, NULL, NULL, NULL, 'omp::counter', 2),
('usage_events_20250619.log', 1, 3, NULL, NULL, 50, NULL, 1048585, 50, '20250619', '202506', NULL, NULL, NULL, NULL, 'omp::counter', 1),
('usage_events_20250619.log', 1, 3, NULL, NULL, 63, NULL, 1048585, 63, '20250619', '202506', NULL, NULL, NULL, NULL, 'omp::counter', 1),
('usage_events_20250619.log', 1, 3, NULL, NULL, 64, NULL, 1048585, 64, '20250619', '202506', NULL, NULL, NULL, NULL, 'omp::counter', 1),
('usage_events_20250619.log', 1, NULL, NULL, NULL, 67, NULL, 1048585, 67, '20250619', '202506', NULL, NULL, NULL, NULL, 'omp::counter', 1),
('usage_events_20250619.log', 1, NULL, NULL, NULL, 77, NULL, 1048585, 77, '20250619', '202506', NULL, NULL, NULL, NULL, 'omp::counter', 1),
('usage_events_20250620.log', 1, NULL, NULL, NULL, NULL, NULL, 512, 1, '20250620', '202506', NULL, NULL, NULL, NULL, 'omp::counter', 35),
('usage_events_20250620.log', 1, 3, NULL, NULL, 63, 73, 515, 256, '20250620', '202506', 2, NULL, NULL, NULL, 'omp::counter', 1),
('usage_events_20250620.log', 1, 3, NULL, NULL, NULL, NULL, 530, 3, '20250620', '202506', NULL, NULL, NULL, NULL, 'omp::counter', 1),
('usage_events_20250620.log', 1, 2, NULL, NULL, 6, NULL, 1048585, 6, '20250620', '202506', NULL, NULL, NULL, NULL, 'omp::counter', 1),
('usage_events_20250620.log', 1, 2, NULL, NULL, 8, NULL, 1048585, 8, '20250620', '202506', NULL, NULL, NULL, NULL, 'omp::counter', 1),
('usage_events_20250620.log', 1, 1, NULL, NULL, 9, NULL, 1048585, 9, '20250620', '202506', NULL, NULL, NULL, NULL, 'omp::counter', 1),
('usage_events_20250620.log', 1, 1, NULL, NULL, 12, NULL, 1048585, 12, '20250620', '202506', NULL, NULL, NULL, NULL, 'omp::counter', 1),
('usage_events_20250620.log', 1, 1, NULL, NULL, 13, NULL, 1048585, 13, '20250620', '202506', NULL, NULL, NULL, NULL, 'omp::counter', 1),
('usage_events_20250620.log', 1, 2, NULL, NULL, 16, NULL, 1048585, 16, '20250620', '202506', NULL, NULL, NULL, NULL, 'omp::counter', 1),
('usage_events_20250620.log', 1, 2, NULL, NULL, 17, NULL, 1048585, 17, '20250620', '202506', NULL, NULL, NULL, NULL, 'omp::counter', 1),
('usage_events_20250620.log', 1, 2, NULL, NULL, 19, NULL, 1048585, 19, '20250620', '202506', NULL, NULL, NULL, NULL, 'omp::counter', 1),
('usage_events_20250620.log', 1, 2, NULL, NULL, 20, NULL, 1048585, 20, '20250620', '202506', NULL, NULL, NULL, NULL, 'omp::counter', 1),
('usage_events_20250620.log', 1, 3, NULL, NULL, 22, NULL, 1048585, 22, '20250620', '202506', NULL, NULL, NULL, NULL, 'omp::counter', 1),
('usage_events_20250620.log', 1, 3, NULL, NULL, 29, NULL, 1048585, 29, '20250620', '202506', NULL, NULL, NULL, NULL, 'omp::counter', 1),
('usage_events_20250620.log', 1, 3, NULL, NULL, 31, NULL, 1048585, 31, '20250620', '202506', NULL, NULL, NULL, NULL, 'omp::counter', 1),
('usage_events_20250620.log', 1, 3, NULL, NULL, 43, NULL, 1048585, 43, '20250620', '202506', NULL, NULL, NULL, NULL, 'omp::counter', 1),
('usage_events_20250620.log', 1, 3, NULL, NULL, 44, NULL, 1048585, 44, '20250620', '202506', NULL, NULL, NULL, NULL, 'omp::counter', 1),
('usage_events_20250620.log', 1, 3, NULL, NULL, 47, NULL, 1048585, 47, '20250620', '202506', NULL, NULL, NULL, NULL, 'omp::counter', 1),
('usage_events_20250620.log', 1, 3, NULL, NULL, 48, NULL, 1048585, 48, '20250620', '202506', NULL, NULL, NULL, NULL, 'omp::counter', 4),
('usage_events_20250620.log', 1, 3, NULL, NULL, 49, NULL, 1048585, 49, '20250620', '202506', NULL, NULL, NULL, NULL, 'omp::counter', 1),
('usage_events_20250620.log', 1, 3, NULL, NULL, 50, NULL, 1048585, 50, '20250620', '202506', NULL, NULL, NULL, NULL, 'omp::counter', 1),
('usage_events_20250620.log', 1, 3, NULL, NULL, 51, NULL, 1048585, 51, '20250620', '202506', NULL, NULL, NULL, NULL, 'omp::counter', 2),
('usage_events_20250620.log', 1, 3, NULL, NULL, 52, NULL, 1048585, 52, '20250620', '202506', NULL, NULL, NULL, NULL, 'omp::counter', 1),
('usage_events_20250620.log', 1, 3, NULL, NULL, 53, NULL, 1048585, 53, '20250620', '202506', NULL, NULL, NULL, NULL, 'omp::counter', 1),
('usage_events_20250620.log', 1, 3, NULL, NULL, 54, NULL, 1048585, 54, '20250620', '202506', NULL, NULL, NULL, NULL, 'omp::counter', 1),
('usage_events_20250620.log', 1, 3, NULL, NULL, 55, NULL, 1048585, 55, '20250620', '202506', NULL, NULL, NULL, NULL, 'omp::counter', 1),
('usage_events_20250620.log', 1, 3, NULL, NULL, 57, NULL, 1048585, 57, '20250620', '202506', NULL, NULL, NULL, NULL, 'omp::counter', 1),
('usage_events_20250620.log', 1, 3, NULL, NULL, 58, NULL, 1048585, 58, '20250620', '202506', NULL, NULL, NULL, NULL, 'omp::counter', 1),
('usage_events_20250620.log', 1, 3, NULL, NULL, 59, NULL, 1048585, 59, '20250620', '202506', NULL, NULL, NULL, NULL, 'omp::counter', 1),
('usage_events_20250620.log', 1, 3, NULL, NULL, 60, NULL, 1048585, 60, '20250620', '202506', NULL, NULL, NULL, NULL, 'omp::counter', 1),
('usage_events_20250620.log', 1, 3, NULL, NULL, 63, NULL, 1048585, 63, '20250620', '202506', NULL, NULL, NULL, NULL, 'omp::counter', 6),
('usage_events_20250620.log', 1, 3, NULL, NULL, 64, NULL, 1048585, 64, '20250620', '202506', NULL, NULL, NULL, NULL, 'omp::counter', 1),
('usage_events_20250620.log', 1, 3, NULL, NULL, 65, NULL, 1048585, 65, '20250620', '202506', NULL, NULL, NULL, NULL, 'omp::counter', 1),
('usage_events_20250621.log', 1, NULL, NULL, NULL, NULL, NULL, 512, 1, '20250621', '202506', NULL, NULL, NULL, NULL, 'omp::counter', 47),
('usage_events_20250621.log', 1, NULL, NULL, NULL, 76, 96, 515, 358, '20250621', '202506', 3, NULL, NULL, NULL, 'omp::counter', 1),
('usage_events_20250621.log', 1, 3, NULL, NULL, NULL, NULL, 530, 3, '20250621', '202506', NULL, NULL, NULL, NULL, 'omp::counter', 1),
('usage_events_20250621.log', 1, 4, NULL, NULL, NULL, NULL, 530, 4, '20250621', '202506', NULL, NULL, NULL, NULL, 'omp::counter', 1),
('usage_events_20250621.log', 1, 1, NULL, NULL, 2, NULL, 1048585, 2, '20250621', '202506', NULL, NULL, NULL, NULL, 'omp::counter', 2),
('usage_events_20250621.log', 1, 1, NULL, NULL, 10, NULL, 1048585, 10, '20250621', '202506', NULL, NULL, NULL, NULL, 'omp::counter', 1),
('usage_events_20250621.log', 1, 3, NULL, NULL, 24, NULL, 1048585, 24, '20250621', '202506', NULL, NULL, NULL, NULL, 'omp::counter', 1),
('usage_events_20250621.log', 1, 3, NULL, NULL, 34, NULL, 1048585, 34, '20250621', '202506', NULL, NULL, NULL, NULL, 'omp::counter', 1),
('usage_events_20250621.log', 1, 3, NULL, NULL, 48, NULL, 1048585, 48, '20250621', '202506', NULL, NULL, NULL, NULL, 'omp::counter', 1),
('usage_events_20250621.log', 1, 3, NULL, NULL, 56, NULL, 1048585, 56, '20250621', '202506', NULL, NULL, NULL, NULL, 'omp::counter', 1),
('usage_events_20250621.log', 1, 3, NULL, NULL, 62, NULL, 1048585, 62, '20250621', '202506', NULL, NULL, NULL, NULL, 'omp::counter', 1),
('usage_events_20250621.log', 1, 3, NULL, NULL, 63, NULL, 1048585, 63, '20250621', '202506', NULL, NULL, NULL, NULL, 'omp::counter', 3),
('usage_events_20250621.log', 1, 3, NULL, NULL, 64, NULL, 1048585, 64, '20250621', '202506', NULL, NULL, NULL, NULL, 'omp::counter', 1),
('usage_events_20250621.log', 1, 3, NULL, NULL, 66, NULL, 1048585, 66, '20250621', '202506', NULL, NULL, NULL, NULL, 'omp::counter', 1),
('usage_events_20250621.log', 1, NULL, NULL, NULL, 77, NULL, 1048585, 77, '20250621', '202506', NULL, NULL, NULL, NULL, 'omp::counter', 1),
('usage_events_20250622.log', 1, NULL, NULL, NULL, NULL, NULL, 512, 1, '20250622', '202506', NULL, NULL, NULL, NULL, 'omp::counter', 33),
('usage_events_20250622.log', 1, 3, NULL, NULL, 21, 31, 515, 95, '20250622', '202506', 2, NULL, NULL, NULL, 'omp::counter', 1),
('usage_events_20250622.log', 1, 3, NULL, NULL, 50, 60, 515, 204, '20250622', '202506', 2, NULL, NULL, NULL, 'omp::counter', 1),
('usage_events_20250622.log', 1, 2, NULL, NULL, NULL, NULL, 530, 2, '20250622', '202506', NULL, NULL, NULL, NULL, 'omp::counter', 1),
('usage_events_20250622.log', 1, 1, NULL, NULL, 2, NULL, 1048585, 2, '20250622', '202506', NULL, NULL, NULL, NULL, 'omp::counter', 2),
('usage_events_20250622.log', 1, 2, NULL, NULL, 7, NULL, 1048585, 7, '20250622', '202506', NULL, NULL, NULL, NULL, 'omp::counter', 1),
('usage_events_20250622.log', 1, 2, NULL, NULL, 18, NULL, 1048585, 18, '20250622', '202506', NULL, NULL, NULL, NULL, 'omp::counter', 1),
('usage_events_20250622.log', 1, 3, NULL, NULL, 21, NULL, 1048585, 21, '20250622', '202506', NULL, NULL, NULL, NULL, 'omp::counter', 2),
('usage_events_20250622.log', 1, 3, NULL, NULL, 45, NULL, 1048585, 45, '20250622', '202506', NULL, NULL, NULL, NULL, 'omp::counter', 1),
('usage_events_20250622.log', 1, 3, NULL, NULL, 50, NULL, 1048585, 50, '20250622', '202506', NULL, NULL, NULL, NULL, 'omp::counter', 1),
('usage_events_20250622.log', 1, NULL, NULL, NULL, 69, NULL, 1048585, 69, '20250622', '202506', NULL, NULL, NULL, NULL, 'omp::counter', 1),
('usage_events_20250622.log', 1, NULL, NULL, NULL, 72, NULL, 1048585, 72, '20250622', '202506', NULL, NULL, NULL, NULL, 'omp::counter', 1),
('usage_events_20250622.log', 1, NULL, NULL, NULL, 76, NULL, 1048585, 76, '20250622', '202506', NULL, NULL, NULL, NULL, 'omp::counter', 1),
('usage_events_20250623.log', 1, NULL, NULL, NULL, NULL, NULL, 512, 1, '20250623', '202506', NULL, NULL, NULL, NULL, 'omp::counter', 33),
('usage_events_20250623.log', 1, 3, NULL, NULL, 50, 60, 515, 204, '20250623', '202506', 2, NULL, NULL, NULL, 'omp::counter', 1),
('usage_events_20250623.log', 1, NULL, NULL, NULL, 76, 96, 515, 358, '20250623', '202506', 3, NULL, NULL, NULL, 'omp::counter', 1),
('usage_events_20250623.log', 1, 3, NULL, NULL, 35, NULL, 1048585, 35, '20250623', '202506', NULL, NULL, NULL, NULL, 'omp::counter', 1),
('usage_events_20250623.log', 1, 3, NULL, NULL, 48, NULL, 1048585, 48, '20250623', '202506', NULL, NULL, NULL, NULL, 'omp::counter', 1),
('usage_events_20250623.log', 1, 3, NULL, NULL, 66, NULL, 1048585, 66, '20250623', '202506', NULL, NULL, NULL, NULL, 'omp::counter', 1),
('usage_events_20250623.log', 1, NULL, NULL, NULL, 76, NULL, 1048585, 76, '20250623', '202506', NULL, NULL, NULL, NULL, 'omp::counter', 1),
('usage_events_20250623.log', 1, NULL, NULL, NULL, 77, NULL, 1048585, 77, '20250623', '202506', NULL, NULL, NULL, NULL, 'omp::counter', 1),
('usage_events_20250624.log', 1, NULL, NULL, NULL, NULL, NULL, 512, 1, '20250624', '202506', NULL, NULL, NULL, NULL, 'omp::counter', 47),
('usage_events_20250624.log', 1, 1, NULL, NULL, 9, 10, 515, 38, '20250624', '202506', 2, NULL, NULL, NULL, 'omp::counter', 1),
('usage_events_20250624.log', 1, 2, NULL, NULL, 20, 21, 515, 82, '20250624', '202506', 2, NULL, NULL, NULL, 'omp::counter', 1),
('usage_events_20250624.log', 1, 3, NULL, NULL, 21, 31, 515, 95, '20250624', '202506', 2, NULL, NULL, NULL, 'omp::counter', 3),
('usage_events_20250624.log', 1, 3, NULL, NULL, 36, 46, 515, 152, '20250624', '202506', 2, NULL, NULL, NULL, 'omp::counter', 1),
('usage_events_20250624.log', 1, 3, NULL, NULL, 47, 57, 515, 192, '20250624', '202506', 2, NULL, NULL, NULL, 'omp::counter', 1),
('usage_events_20250624.log', 1, 3, NULL, NULL, 48, 58, 515, 196, '20250624', '202506', 2, NULL, NULL, NULL, 'omp::counter', 3),
('usage_events_20250624.log', 1, 3, NULL, NULL, 55, 65, 515, 224, '20250624', '202506', 2, NULL, NULL, NULL, 'omp::counter', 1),
('usage_events_20250624.log', 1, 3, NULL, NULL, 64, 74, 515, 260, '20250624', '202506', 2, NULL, NULL, NULL, 'omp::counter', 1),
('usage_events_20250624.log', 1, 2, NULL, NULL, 8, NULL, 1048585, 8, '20250624', '202506', NULL, NULL, NULL, NULL, 'omp::counter', 3),
('usage_events_20250624.log', 1, 1, NULL, NULL, 9, NULL, 1048585, 9, '20250624', '202506', NULL, NULL, NULL, NULL, 'omp::counter', 2),
('usage_events_20250624.log', 1, 3, NULL, NULL, 21, NULL, 1048585, 21, '20250624', '202506', NULL, NULL, NULL, NULL, 'omp::counter', 1),
('usage_events_20250624.log', 1, 3, NULL, NULL, 22, NULL, 1048585, 22, '20250624', '202506', NULL, NULL, NULL, NULL, 'omp::counter', 1),
('usage_events_20250624.log', 1, 3, NULL, NULL, 23, NULL, 1048585, 23, '20250624', '202506', NULL, NULL, NULL, NULL, 'omp::counter', 1),
('usage_events_20250624.log', 1, 3, NULL, NULL, 31, NULL, 1048585, 31, '20250624', '202506', NULL, NULL, NULL, NULL, 'omp::counter', 1),
('usage_events_20250624.log', 1, 3, NULL, NULL, 35, NULL, 1048585, 35, '20250624', '202506', NULL, NULL, NULL, NULL, 'omp::counter', 1),
('usage_events_20250624.log', 1, 3, NULL, NULL, 36, NULL, 1048585, 36, '20250624', '202506', NULL, NULL, NULL, NULL, 'omp::counter', 1),
('usage_events_20250624.log', 1, 3, NULL, NULL, 47, NULL, 1048585, 47, '20250624', '202506', NULL, NULL, NULL, NULL, 'omp::counter', 2),
('usage_events_20250624.log', 1, 3, NULL, NULL, 48, NULL, 1048585, 48, '20250624', '202506', NULL, NULL, NULL, NULL, 'omp::counter', 2),
('usage_events_20250624.log', 1, 3, NULL, NULL, 49, NULL, 1048585, 49, '20250624', '202506', NULL, NULL, NULL, NULL, 'omp::counter', 2),
('usage_events_20250624.log', 1, 3, NULL, NULL, 55, NULL, 1048585, 55, '20250624', '202506', NULL, NULL, NULL, NULL, 'omp::counter', 2),
('usage_events_20250624.log', 1, 3, NULL, NULL, 59, NULL, 1048585, 59, '20250624', '202506', NULL, NULL, NULL, NULL, 'omp::counter', 2),
('usage_events_20250624.log', 1, 3, NULL, NULL, 64, NULL, 1048585, 64, '20250624', '202506', NULL, NULL, NULL, NULL, 'omp::counter', 2),
('usage_events_20250624.log', 1, NULL, NULL, NULL, 68, NULL, 1048585, 68, '20250624', '202506', NULL, NULL, NULL, NULL, 'omp::counter', 2),
('usage_events_20250624.log', 1, NULL, NULL, NULL, 69, NULL, 1048585, 69, '20250624', '202506', NULL, NULL, NULL, NULL, 'omp::counter', 3),
('usage_events_20250625.log', 1, NULL, NULL, NULL, NULL, NULL, 512, 1, '20250625', '202506', NULL, NULL, NULL, NULL, 'omp::counter', 36),
('usage_events_20250625.log', 1, 3, NULL, NULL, 21, 31, 515, 95, '20250625', '202506', 2, NULL, NULL, NULL, 'omp::counter', 2),
('usage_events_20250625.log', 1, 3, NULL, NULL, 41, 51, 515, 171, '20250625', '202506', 2, NULL, NULL, NULL, 'omp::counter', 1),
('usage_events_20250625.log', 1, 3, NULL, NULL, 48, 58, 515, 196, '20250625', '202506', 2, NULL, NULL, NULL, 'omp::counter', 1),
('usage_events_20250625.log', 1, 1, NULL, NULL, NULL, NULL, 530, 1, '20250625', '202506', NULL, NULL, NULL, NULL, 'omp::counter', 1),
('usage_events_20250625.log', 1, 2, NULL, NULL, NULL, NULL, 530, 2, '20250625', '202506', NULL, NULL, NULL, NULL, 'omp::counter', 3),
('usage_events_20250625.log', 1, 3, NULL, NULL, NULL, NULL, 530, 3, '20250625', '202506', NULL, NULL, NULL, NULL, 'omp::counter', 1),
('usage_events_20250625.log', 1, 4, NULL, NULL, NULL, NULL, 530, 4, '20250625', '202506', NULL, NULL, NULL, NULL, 'omp::counter', 1),
('usage_events_20250625.log', 1, 1, NULL, NULL, 1, NULL, 1048585, 1, '20250625', '202506', NULL, NULL, NULL, NULL, 'omp::counter', 2),
('usage_events_20250625.log', 1, 1, NULL, NULL, 3, NULL, 1048585, 3, '20250625', '202506', NULL, NULL, NULL, NULL, 'omp::counter', 1),
('usage_events_20250625.log', 1, 1, NULL, NULL, 4, NULL, 1048585, 4, '20250625', '202506', NULL, NULL, NULL, NULL, 'omp::counter', 1),
('usage_events_20250625.log', 1, 2, NULL, NULL, 6, NULL, 1048585, 6, '20250625', '202506', NULL, NULL, NULL, NULL, 'omp::counter', 1),
('usage_events_20250625.log', 1, 2, NULL, NULL, 7, NULL, 1048585, 7, '20250625', '202506', NULL, NULL, NULL, NULL, 'omp::counter', 1),
('usage_events_20250625.log', 1, 2, NULL, NULL, 8, NULL, 1048585, 8, '20250625', '202506', NULL, NULL, NULL, NULL, 'omp::counter', 2),
('usage_events_20250625.log', 1, 1, NULL, NULL, 11, NULL, 1048585, 11, '20250625', '202506', NULL, NULL, NULL, NULL, 'omp::counter', 1),
('usage_events_20250625.log', 1, 1, NULL, NULL, 13, NULL, 1048585, 13, '20250625', '202506', NULL, NULL, NULL, NULL, 'omp::counter', 1),
('usage_events_20250625.log', 1, 2, NULL, NULL, 17, NULL, 1048585, 17, '20250625', '202506', NULL, NULL, NULL, NULL, 'omp::counter', 1),
('usage_events_20250625.log', 1, 2, NULL, NULL, 20, NULL, 1048585, 20, '20250625', '202506', NULL, NULL, NULL, NULL, 'omp::counter', 1),
('usage_events_20250625.log', 1, 3, NULL, NULL, 21, NULL, 1048585, 21, '20250625', '202506', NULL, NULL, NULL, NULL, 'omp::counter', 1),
('usage_events_20250625.log', 1, 3, NULL, NULL, 23, NULL, 1048585, 23, '20250625', '202506', NULL, NULL, NULL, NULL, 'omp::counter', 1),
('usage_events_20250625.log', 1, 3, NULL, NULL, 24, NULL, 1048585, 24, '20250625', '202506', NULL, NULL, NULL, NULL, 'omp::counter', 1),
('usage_events_20250625.log', 1, 3, NULL, NULL, 25, NULL, 1048585, 25, '20250625', '202506', NULL, NULL, NULL, NULL, 'omp::counter', 1),
('usage_events_20250625.log', 1, 3, NULL, NULL, 27, NULL, 1048585, 27, '20250625', '202506', NULL, NULL, NULL, NULL, 'omp::counter', 1),
('usage_events_20250625.log', 1, 3, NULL, NULL, 29, NULL, 1048585, 29, '20250625', '202506', NULL, NULL, NULL, NULL, 'omp::counter', 1),
('usage_events_20250625.log', 1, 3, NULL, NULL, 36, NULL, 1048585, 36, '20250625', '202506', NULL, NULL, NULL, NULL, 'omp::counter', 1),
('usage_events_20250625.log', 1, 3, NULL, NULL, 39, NULL, 1048585, 39, '20250625', '202506', NULL, NULL, NULL, NULL, 'omp::counter', 2),
('usage_events_20250625.log', 1, 3, NULL, NULL, 40, NULL, 1048585, 40, '20250625', '202506', NULL, NULL, NULL, NULL, 'omp::counter', 1),
('usage_events_20250625.log', 1, 3, NULL, NULL, 41, NULL, 1048585, 41, '20250625', '202506', NULL, NULL, NULL, NULL, 'omp::counter', 1),
('usage_events_20250625.log', 1, 3, NULL, NULL, 43, NULL, 1048585, 43, '20250625', '202506', NULL, NULL, NULL, NULL, 'omp::counter', 1),
('usage_events_20250625.log', 1, 3, NULL, NULL, 47, NULL, 1048585, 47, '20250625', '202506', NULL, NULL, NULL, NULL, 'omp::counter', 1),
('usage_events_20250625.log', 1, 3, NULL, NULL, 48, NULL, 1048585, 48, '20250625', '202506', NULL, NULL, NULL, NULL, 'omp::counter', 2),
('usage_events_20250625.log', 1, 3, NULL, NULL, 51, NULL, 1048585, 51, '20250625', '202506', NULL, NULL, NULL, NULL, 'omp::counter', 1),
('usage_events_20250625.log', 1, 3, NULL, NULL, 52, NULL, 1048585, 52, '20250625', '202506', NULL, NULL, NULL, NULL, 'omp::counter', 1),
('usage_events_20250625.log', 1, 3, NULL, NULL, 54, NULL, 1048585, 54, '20250625', '202506', NULL, NULL, NULL, NULL, 'omp::counter', 1),
('usage_events_20250625.log', 1, 3, NULL, NULL, 56, NULL, 1048585, 56, '20250625', '202506', NULL, NULL, NULL, NULL, 'omp::counter', 1),
('usage_events_20250625.log', 1, 3, NULL, NULL, 57, NULL, 1048585, 57, '20250625', '202506', NULL, NULL, NULL, NULL, 'omp::counter', 1),
('usage_events_20250625.log', 1, 3, NULL, NULL, 60, NULL, 1048585, 60, '20250625', '202506', NULL, NULL, NULL, NULL, 'omp::counter', 1),
('usage_events_20250625.log', 1, 3, NULL, NULL, 61, NULL, 1048585, 61, '20250625', '202506', NULL, NULL, NULL, NULL, 'omp::counter', 1),
('usage_events_20250625.log', 1, 3, NULL, NULL, 62, NULL, 1048585, 62, '20250625', '202506', NULL, NULL, NULL, NULL, 'omp::counter', 1),
('usage_events_20250625.log', 1, 3, NULL, NULL, 64, NULL, 1048585, 64, '20250625', '202506', NULL, NULL, NULL, NULL, 'omp::counter', 1),
('usage_events_20250625.log', 1, NULL, NULL, NULL, 76, NULL, 1048585, 76, '20250625', '202506', NULL, NULL, NULL, NULL, 'omp::counter', 1),
('usage_events_20250626.log', 1, NULL, NULL, NULL, NULL, NULL, 512, 1, '20250626', '202506', NULL, NULL, NULL, NULL, 'omp::counter', 38),
('usage_events_20250626.log', 1, 3, NULL, NULL, 21, 31, 515, 95, '20250626', '202506', 2, NULL, NULL, NULL, 'omp::counter', 1),
('usage_events_20250626.log', 1, 3, NULL, NULL, 64, 74, 515, 260, '20250626', '202506', 2, NULL, NULL, NULL, 'omp::counter', 1),
('usage_events_20250626.log', 1, 1, NULL, NULL, 2, NULL, 1048585, 2, '20250626', '202506', NULL, NULL, NULL, NULL, 'omp::counter', 1),
('usage_events_20250626.log', 1, 1, NULL, NULL, 4, NULL, 1048585, 4, '20250626', '202506', NULL, NULL, NULL, NULL, 'omp::counter', 2),
('usage_events_20250626.log', 1, 2, NULL, NULL, 6, NULL, 1048585, 6, '20250626', '202506', NULL, NULL, NULL, NULL, 'omp::counter', 1),
('usage_events_20250626.log', 1, 2, NULL, NULL, 7, NULL, 1048585, 7, '20250626', '202506', NULL, NULL, NULL, NULL, 'omp::counter', 1),
('usage_events_20250626.log', 1, 2, NULL, NULL, 8, NULL, 1048585, 8, '20250626', '202506', NULL, NULL, NULL, NULL, 'omp::counter', 2),
('usage_events_20250626.log', 1, 1, NULL, NULL, 9, NULL, 1048585, 9, '20250626', '202506', NULL, NULL, NULL, NULL, 'omp::counter', 1),
('usage_events_20250626.log', 1, 1, NULL, NULL, 10, NULL, 1048585, 10, '20250626', '202506', NULL, NULL, NULL, NULL, 'omp::counter', 1),
('usage_events_20250626.log', 1, 1, NULL, NULL, 11, NULL, 1048585, 11, '20250626', '202506', NULL, NULL, NULL, NULL, 'omp::counter', 2),
('usage_events_20250626.log', 1, 1, NULL, NULL, 12, NULL, 1048585, 12, '20250626', '202506', NULL, NULL, NULL, NULL, 'omp::counter', 2),
('usage_events_20250626.log', 1, 1, NULL, NULL, 13, NULL, 1048585, 13, '20250626', '202506', NULL, NULL, NULL, NULL, 'omp::counter', 1),
('usage_events_20250626.log', 1, 2, NULL, NULL, 15, NULL, 1048585, 15, '20250626', '202506', NULL, NULL, NULL, NULL, 'omp::counter', 1),
('usage_events_20250626.log', 1, 2, NULL, NULL, 19, NULL, 1048585, 19, '20250626', '202506', NULL, NULL, NULL, NULL, 'omp::counter', 1),
('usage_events_20250626.log', 1, 2, NULL, NULL, 20, NULL, 1048585, 20, '20250626', '202506', NULL, NULL, NULL, NULL, 'omp::counter', 1),
('usage_events_20250626.log', 1, 3, NULL, NULL, 22, NULL, 1048585, 22, '20250626', '202506', NULL, NULL, NULL, NULL, 'omp::counter', 2),
('usage_events_20250626.log', 1, 3, NULL, NULL, 23, NULL, 1048585, 23, '20250626', '202506', NULL, NULL, NULL, NULL, 'omp::counter', 1),
('usage_events_20250626.log', 1, 3, NULL, NULL, 24, NULL, 1048585, 24, '20250626', '202506', NULL, NULL, NULL, NULL, 'omp::counter', 1),
('usage_events_20250626.log', 1, 3, NULL, NULL, 27, NULL, 1048585, 27, '20250626', '202506', NULL, NULL, NULL, NULL, 'omp::counter', 2),
('usage_events_20250626.log', 1, 3, NULL, NULL, 28, NULL, 1048585, 28, '20250626', '202506', NULL, NULL, NULL, NULL, 'omp::counter', 2),
('usage_events_20250626.log', 1, 3, NULL, NULL, 29, NULL, 1048585, 29, '20250626', '202506', NULL, NULL, NULL, NULL, 'omp::counter', 1),
('usage_events_20250626.log', 1, 3, NULL, NULL, 33, NULL, 1048585, 33, '20250626', '202506', NULL, NULL, NULL, NULL, 'omp::counter', 2),
('usage_events_20250626.log', 1, 3, NULL, NULL, 34, NULL, 1048585, 34, '20250626', '202506', NULL, NULL, NULL, NULL, 'omp::counter', 2),
('usage_events_20250626.log', 1, 3, NULL, NULL, 35, NULL, 1048585, 35, '20250626', '202506', NULL, NULL, NULL, NULL, 'omp::counter', 2),
('usage_events_20250626.log', 1, 3, NULL, NULL, 37, NULL, 1048585, 37, '20250626', '202506', NULL, NULL, NULL, NULL, 'omp::counter', 1),
('usage_events_20250626.log', 1, 3, NULL, NULL, 43, NULL, 1048585, 43, '20250626', '202506', NULL, NULL, NULL, NULL, 'omp::counter', 1),
('usage_events_20250626.log', 1, 3, NULL, NULL, 45, NULL, 1048585, 45, '20250626', '202506', NULL, NULL, NULL, NULL, 'omp::counter', 1),
('usage_events_20250626.log', 1, 3, NULL, NULL, 48, NULL, 1048585, 48, '20250626', '202506', NULL, NULL, NULL, NULL, 'omp::counter', 2),
('usage_events_20250626.log', 1, 3, NULL, NULL, 49, NULL, 1048585, 49, '20250626', '202506', NULL, NULL, NULL, NULL, 'omp::counter', 1),
('usage_events_20250626.log', 1, 3, NULL, NULL, 50, NULL, 1048585, 50, '20250626', '202506', NULL, NULL, NULL, NULL, 'omp::counter', 1),
('usage_events_20250626.log', 1, 3, NULL, NULL, 53, NULL, 1048585, 53, '20250626', '202506', NULL, NULL, NULL, NULL, 'omp::counter', 1),
('usage_events_20250626.log', 1, 3, NULL, NULL, 55, NULL, 1048585, 55, '20250626', '202506', NULL, NULL, NULL, NULL, 'omp::counter', 1),
('usage_events_20250626.log', 1, 3, NULL, NULL, 56, NULL, 1048585, 56, '20250626', '202506', NULL, NULL, NULL, NULL, 'omp::counter', 2),
('usage_events_20250626.log', 1, 3, NULL, NULL, 58, NULL, 1048585, 58, '20250626', '202506', NULL, NULL, NULL, NULL, 'omp::counter', 1),
('usage_events_20250626.log', 1, 3, NULL, NULL, 59, NULL, 1048585, 59, '20250626', '202506', NULL, NULL, NULL, NULL, 'omp::counter', 1),
('usage_events_20250626.log', 1, 3, NULL, NULL, 61, NULL, 1048585, 61, '20250626', '202506', NULL, NULL, NULL, NULL, 'omp::counter', 1),
('usage_events_20250626.log', 1, 3, NULL, NULL, 62, NULL, 1048585, 62, '20250626', '202506', NULL, NULL, NULL, NULL, 'omp::counter', 1),
('usage_events_20250626.log', 1, 3, NULL, NULL, 63, NULL, 1048585, 63, '20250626', '202506', NULL, NULL, NULL, NULL, 'omp::counter', 1),
('usage_events_20250626.log', 1, 3, NULL, NULL, 64, NULL, 1048585, 64, '20250626', '202506', NULL, NULL, NULL, NULL, 'omp::counter', 5),
('usage_events_20250626.log', 1, 3, NULL, NULL, 65, NULL, 1048585, 65, '20250626', '202506', NULL, NULL, NULL, NULL, 'omp::counter', 1),
('usage_events_20250626.log', 1, NULL, NULL, NULL, 77, NULL, 1048585, 77, '20250626', '202506', NULL, NULL, NULL, NULL, 'omp::counter', 1),
('usage_events_20250627.log', 1, NULL, NULL, NULL, NULL, NULL, 512, 1, '20250627', '202506', NULL, NULL, NULL, NULL, 'omp::counter', 31),
('usage_events_20250627.log', 1, 3, NULL, NULL, 21, 31, 515, 95, '20250627', '202506', 2, NULL, NULL, NULL, 'omp::counter', 1),
('usage_events_20250627.log', 1, 3, NULL, NULL, 53, NULL, 1048585, 53, '20250627', '202506', NULL, NULL, NULL, NULL, 'omp::counter', 1),
('usage_events_20250628.log', 1, NULL, NULL, NULL, NULL, NULL, 512, 1, '20250628', '202506', NULL, NULL, NULL, NULL, 'omp::counter', 26),
('usage_events_20250628.log', 1, 3, NULL, NULL, 60, 70, 515, 244, '20250628', '202506', 2, NULL, NULL, NULL, 'omp::counter', 1),
('usage_events_20250628.log', 1, NULL, NULL, NULL, 76, 96, 515, 358, '20250628', '202506', 3, NULL, NULL, NULL, 'omp::counter', 2),
('usage_events_20250628.log', 1, 2, NULL, NULL, NULL, NULL, 530, 2, '20250628', '202506', NULL, NULL, NULL, NULL, 'omp::counter', 1),
('usage_events_20250628.log', 1, 3, NULL, NULL, NULL, NULL, 530, 3, '20250628', '202506', NULL, NULL, NULL, NULL, 'omp::counter', 1),
('usage_events_20250628.log', 1, 4, NULL, NULL, NULL, NULL, 530, 4, '20250628', '202506', NULL, NULL, NULL, NULL, 'omp::counter', 1),
('usage_events_20250628.log', 1, 3, NULL, NULL, 29, NULL, 1048585, 29, '20250628', '202506', NULL, NULL, NULL, NULL, 'omp::counter', 1),
('usage_events_20250628.log', 1, 3, NULL, NULL, 60, NULL, 1048585, 60, '20250628', '202506', NULL, NULL, NULL, NULL, 'omp::counter', 2),
('usage_events_20250629.log', 1, NULL, NULL, NULL, NULL, NULL, 512, 1, '20250629', '202506', NULL, NULL, NULL, NULL, 'omp::counter', 27),
('usage_events_20250629.log', 1, 1, NULL, NULL, 1, 1, 515, 4, '20250629', '202506', 2, NULL, NULL, NULL, 'omp::counter', 1),
('usage_events_20250629.log', 1, 1, NULL, NULL, 2, 3, 515, 9, '20250629', '202506', 2, NULL, NULL, NULL, 'omp::counter', 1),
('usage_events_20250629.log', 1, 1, NULL, NULL, 4, 4, 515, 16, '20250629', '202506', 2, NULL, NULL, NULL, 'omp::counter', 1),
('usage_events_20250629.log', 1, 1, NULL, NULL, 3, 5, 515, 17, '20250629', '202506', 2, NULL, NULL, NULL, 'omp::counter', 1),
('usage_events_20250629.log', 1, 1, NULL, NULL, 5, 6, 515, 22, '20250629', '202506', 2, NULL, NULL, NULL, 'omp::counter', 1),
('usage_events_20250629.log', 1, 2, NULL, NULL, 6, 7, 515, 26, '20250629', '202506', 2, NULL, NULL, NULL, 'omp::counter', 1),
('usage_events_20250629.log', 1, 2, NULL, NULL, 7, 8, 515, 30, '20250629', '202506', 2, NULL, NULL, NULL, 'omp::counter', 1),
('usage_events_20250629.log', 1, 2, NULL, NULL, 8, 9, 515, 34, '20250629', '202506', 2, NULL, NULL, NULL, 'omp::counter', 1),
('usage_events_20250629.log', 1, 1, NULL, NULL, 9, 10, 515, 38, '20250629', '202506', 2, NULL, NULL, NULL, 'omp::counter', 1),
('usage_events_20250629.log', 1, 1, NULL, NULL, 10, 11, 515, 42, '20250629', '202506', 2, NULL, NULL, NULL, 'omp::counter', 1),
('usage_events_20250629.log', 1, 1, NULL, NULL, 11, 12, 515, 46, '20250629', '202506', 2, NULL, NULL, NULL, 'omp::counter', 1),
('usage_events_20250629.log', 1, 1, NULL, NULL, 12, 13, 515, 50, '20250629', '202506', 2, NULL, NULL, NULL, 'omp::counter', 1),
('usage_events_20250629.log', 1, 1, NULL, NULL, 13, 14, 515, 54, '20250629', '202506', 2, NULL, NULL, NULL, 'omp::counter', 1),
('usage_events_20250629.log', 1, 2, NULL, NULL, 14, 15, 515, 58, '20250629', '202506', 2, NULL, NULL, NULL, 'omp::counter', 1),
('usage_events_20250629.log', 1, 2, NULL, NULL, 15, 16, 515, 62, '20250629', '202506', 2, NULL, NULL, NULL, 'omp::counter', 1),
('usage_events_20250629.log', 1, 2, NULL, NULL, 16, 17, 515, 66, '20250629', '202506', 2, NULL, NULL, NULL, 'omp::counter', 1),
('usage_events_20250629.log', 1, 2, NULL, NULL, 17, 18, 515, 70, '20250629', '202506', 2, NULL, NULL, NULL, 'omp::counter', 1),
('usage_events_20250629.log', 1, 2, NULL, NULL, 18, 19, 515, 74, '20250629', '202506', 2, NULL, NULL, NULL, 'omp::counter', 1),
('usage_events_20250629.log', 1, 2, NULL, NULL, 19, 20, 515, 78, '20250629', '202506', 2, NULL, NULL, NULL, 'omp::counter', 1),
('usage_events_20250629.log', 1, 2, NULL, NULL, 20, 21, 515, 82, '20250629', '202506', 2, NULL, NULL, NULL, 'omp::counter', 1),
('usage_events_20250629.log', 1, 3, NULL, NULL, 21, 31, 515, 95, '20250629', '202506', 2, NULL, NULL, NULL, 'omp::counter', 2),
('usage_events_20250629.log', 1, 3, NULL, NULL, 22, 32, 515, 99, '20250629', '202506', 2, NULL, NULL, NULL, 'omp::counter', 1),
('usage_events_20250629.log', 1, 3, NULL, NULL, 23, 33, 515, 103, '20250629', '202506', 2, NULL, NULL, NULL, 'omp::counter', 1),
('usage_events_20250629.log', 1, 3, NULL, NULL, 24, 34, 515, 107, '20250629', '202506', 2, NULL, NULL, NULL, 'omp::counter', 1),
('usage_events_20250629.log', 1, 3, NULL, NULL, 25, 35, 515, 111, '20250629', '202506', 2, NULL, NULL, NULL, 'omp::counter', 1),
('usage_events_20250629.log', 1, 3, NULL, NULL, 27, 37, 515, 119, '20250629', '202506', 2, NULL, NULL, NULL, 'omp::counter', 1),
('usage_events_20250629.log', 1, 3, NULL, NULL, 28, 38, 515, 123, '20250629', '202506', 2, NULL, NULL, NULL, 'omp::counter', 1),
('usage_events_20250629.log', 1, 3, NULL, NULL, 29, 39, 515, 127, '20250629', '202506', 2, NULL, NULL, NULL, 'omp::counter', 1),
('usage_events_20250629.log', 1, 3, NULL, NULL, 30, 40, 515, 131, '20250629', '202506', 2, NULL, NULL, NULL, 'omp::counter', 1),
('usage_events_20250629.log', 1, 3, NULL, NULL, 31, 41, 515, 133, '20250629', '202506', 2, NULL, NULL, NULL, 'omp::counter', 1),
('usage_events_20250629.log', 1, 3, NULL, NULL, 32, 42, 515, 137, '20250629', '202506', 3, NULL, NULL, NULL, 'omp::counter', 1),
('usage_events_20250629.log', 1, 3, NULL, NULL, 33, 43, 515, 141, '20250629', '202506', 2, NULL, NULL, NULL, 'omp::counter', 1),
('usage_events_20250629.log', 1, 3, NULL, NULL, 34, 44, 515, 144, '20250629', '202506', 2, NULL, NULL, NULL, 'omp::counter', 1),
('usage_events_20250629.log', 1, 3, NULL, NULL, 35, 45, 515, 148, '20250629', '202506', 2, NULL, NULL, NULL, 'omp::counter', 1),
('usage_events_20250629.log', 1, 3, NULL, NULL, 36, 46, 515, 152, '20250629', '202506', 2, NULL, NULL, NULL, 'omp::counter', 1),
('usage_events_20250629.log', 1, 3, NULL, NULL, 38, 48, 515, 160, '20250629', '202506', 2, NULL, NULL, NULL, 'omp::counter', 1),
('usage_events_20250629.log', 1, 3, NULL, NULL, 39, 49, 515, 164, '20250629', '202506', 2, NULL, NULL, NULL, 'omp::counter', 1),
('usage_events_20250629.log', 1, 3, NULL, NULL, 40, 50, 515, 168, '20250629', '202506', 2, NULL, NULL, NULL, 'omp::counter', 1),
('usage_events_20250629.log', 1, 3, NULL, NULL, 41, 51, 515, 171, '20250629', '202506', 2, NULL, NULL, NULL, 'omp::counter', 1),
('usage_events_20250629.log', 1, 3, NULL, NULL, 43, 53, 515, 179, '20250629', '202506', 2, NULL, NULL, NULL, 'omp::counter', 1),
('usage_events_20250629.log', 1, 3, NULL, NULL, 44, 54, 515, 183, '20250629', '202506', 2, NULL, NULL, NULL, 'omp::counter', 1),
('usage_events_20250629.log', 1, 3, NULL, NULL, 45, 55, 515, 187, '20250629', '202506', 2, NULL, NULL, NULL, 'omp::counter', 2),
('usage_events_20250629.log', 1, 3, NULL, NULL, 47, 57, 515, 192, '20250629', '202506', 2, NULL, NULL, NULL, 'omp::counter', 1),
('usage_events_20250629.log', 1, 3, NULL, NULL, 48, 58, 515, 196, '20250629', '202506', 2, NULL, NULL, NULL, 'omp::counter', 1),
('usage_events_20250629.log', 1, 3, NULL, NULL, 50, 60, 515, 204, '20250629', '202506', 2, NULL, NULL, NULL, 'omp::counter', 1),
('usage_events_20250629.log', 1, 3, NULL, NULL, 51, 61, 515, 208, '20250629', '202506', 2, NULL, NULL, NULL, 'omp::counter', 1),
('usage_events_20250629.log', 1, 3, NULL, NULL, 52, 62, 515, 212, '20250629', '202506', 2, NULL, NULL, NULL, 'omp::counter', 1),
('usage_events_20250629.log', 1, 3, NULL, NULL, 53, 63, 515, 216, '20250629', '202506', 2, NULL, NULL, NULL, 'omp::counter', 1),
('usage_events_20250629.log', 1, 3, NULL, NULL, 54, 64, 515, 220, '20250629', '202506', 2, NULL, NULL, NULL, 'omp::counter', 1),
('usage_events_20250629.log', 1, 3, NULL, NULL, 55, 65, 515, 224, '20250629', '202506', 2, NULL, NULL, NULL, 'omp::counter', 1),
('usage_events_20250629.log', 1, 3, NULL, NULL, 56, 66, 515, 228, '20250629', '202506', 2, NULL, NULL, NULL, 'omp::counter', 1),
('usage_events_20250629.log', 1, 3, NULL, NULL, 57, 67, 515, 232, '20250629', '202506', 2, NULL, NULL, NULL, 'omp::counter', 1),
('usage_events_20250629.log', 1, 3, NULL, NULL, 58, 68, 515, 236, '20250629', '202506', 2, NULL, NULL, NULL, 'omp::counter', 1),
('usage_events_20250629.log', 1, 3, NULL, NULL, 59, 69, 515, 240, '20250629', '202506', 2, NULL, NULL, NULL, 'omp::counter', 1),
('usage_events_20250629.log', 1, 3, NULL, NULL, 60, 70, 515, 244, '20250629', '202506', 2, NULL, NULL, NULL, 'omp::counter', 1),
('usage_events_20250629.log', 1, 3, NULL, NULL, 62, 71, 515, 248, '20250629', '202506', 2, NULL, NULL, NULL, 'omp::counter', 1),
('usage_events_20250629.log', 1, 3, NULL, NULL, 63, 73, 515, 256, '20250629', '202506', 2, NULL, NULL, NULL, 'omp::counter', 1),
('usage_events_20250629.log', 1, 3, NULL, NULL, 64, 74, 515, 260, '20250629', '202506', 2, NULL, NULL, NULL, 'omp::counter', 1),
('usage_events_20250629.log', 1, 3, NULL, NULL, 65, 75, 515, 264, '20250629', '202506', 2, NULL, NULL, NULL, 'omp::counter', 1),
('usage_events_20250629.log', 1, 3, NULL, NULL, 66, 76, 515, 268, '20250629', '202506', 2, NULL, NULL, NULL, 'omp::counter', 1),
('usage_events_20250629.log', 1, 3, NULL, NULL, 22, 78, 515, 271, '20250629', '202506', 3, NULL, NULL, NULL, 'omp::counter', 1),
('usage_events_20250629.log', 1, 2, NULL, NULL, 19, 79, 515, 273, '20250629', '202506', 3, NULL, NULL, NULL, 'omp::counter', 1),
('usage_events_20250629.log', 1, 3, NULL, NULL, 66, 80, 515, 275, '20250629', '202506', 3, NULL, NULL, NULL, 'omp::counter', 1),
('usage_events_20250629.log', 1, NULL, NULL, NULL, 77, 93, 515, 355, '20250629', '202506', 2, NULL, NULL, NULL, 'omp::counter', 1),
('usage_events_20250629.log', 1, NULL, NULL, NULL, 77, 94, 515, 356, '20250629', '202506', 3, NULL, NULL, NULL, 'omp::counter', 1),
('usage_events_20250629.log', 1, NULL, NULL, NULL, 76, 95, 515, 357, '20250629', '202506', 2, NULL, NULL, NULL, 'omp::counter', 1),
('usage_events_20250629.log', 1, NULL, NULL, NULL, 76, 96, 515, 358, '20250629', '202506', 3, NULL, NULL, NULL, 'omp::counter', 1),
('usage_events_20250629.log', 1, 1, NULL, NULL, NULL, NULL, 530, 1, '20250629', '202506', NULL, NULL, NULL, NULL, 'omp::counter', 1),
('usage_events_20250629.log', 1, 2, NULL, NULL, NULL, NULL, 530, 2, '20250629', '202506', NULL, NULL, NULL, NULL, 'omp::counter', 1),
('usage_events_20250629.log', 1, 3, NULL, NULL, NULL, NULL, 530, 3, '20250629', '202506', NULL, NULL, NULL, NULL, 'omp::counter', 2),
('usage_events_20250629.log', 1, 4, NULL, NULL, NULL, NULL, 530, 4, '20250629', '202506', NULL, NULL, NULL, NULL, 'omp::counter', 1),
('usage_events_20250629.log', 1, 1, NULL, NULL, 1, NULL, 1048585, 1, '20250629', '202506', NULL, NULL, NULL, NULL, 'omp::counter', 1),
('usage_events_20250629.log', 1, 1, NULL, NULL, 2, NULL, 1048585, 2, '20250629', '202506', NULL, NULL, NULL, NULL, 'omp::counter', 1),
('usage_events_20250629.log', 1, 1, NULL, NULL, 3, NULL, 1048585, 3, '20250629', '202506', NULL, NULL, NULL, NULL, 'omp::counter', 1);
INSERT INTO `metrics` (`load_id`, `context_id`, `pkp_section_id`, `assoc_object_type`, `assoc_object_id`, `submission_id`, `representation_id`, `assoc_type`, `assoc_id`, `day`, `month`, `file_type`, `country_id`, `region`, `city`, `metric_type`, `metric`) VALUES
('usage_events_20250629.log', 1, 1, NULL, NULL, 4, NULL, 1048585, 4, '20250629', '202506', NULL, NULL, NULL, NULL, 'omp::counter', 1),
('usage_events_20250629.log', 1, 1, NULL, NULL, 5, NULL, 1048585, 5, '20250629', '202506', NULL, NULL, NULL, NULL, 'omp::counter', 1),
('usage_events_20250629.log', 1, 2, NULL, NULL, 6, NULL, 1048585, 6, '20250629', '202506', NULL, NULL, NULL, NULL, 'omp::counter', 1),
('usage_events_20250629.log', 1, 2, NULL, NULL, 7, NULL, 1048585, 7, '20250629', '202506', NULL, NULL, NULL, NULL, 'omp::counter', 1),
('usage_events_20250629.log', 1, 2, NULL, NULL, 8, NULL, 1048585, 8, '20250629', '202506', NULL, NULL, NULL, NULL, 'omp::counter', 1),
('usage_events_20250629.log', 1, 1, NULL, NULL, 9, NULL, 1048585, 9, '20250629', '202506', NULL, NULL, NULL, NULL, 'omp::counter', 1),
('usage_events_20250629.log', 1, 1, NULL, NULL, 10, NULL, 1048585, 10, '20250629', '202506', NULL, NULL, NULL, NULL, 'omp::counter', 1),
('usage_events_20250629.log', 1, 1, NULL, NULL, 11, NULL, 1048585, 11, '20250629', '202506', NULL, NULL, NULL, NULL, 'omp::counter', 1),
('usage_events_20250629.log', 1, 1, NULL, NULL, 12, NULL, 1048585, 12, '20250629', '202506', NULL, NULL, NULL, NULL, 'omp::counter', 1),
('usage_events_20250629.log', 1, 1, NULL, NULL, 13, NULL, 1048585, 13, '20250629', '202506', NULL, NULL, NULL, NULL, 'omp::counter', 1),
('usage_events_20250629.log', 1, 2, NULL, NULL, 14, NULL, 1048585, 14, '20250629', '202506', NULL, NULL, NULL, NULL, 'omp::counter', 1),
('usage_events_20250629.log', 1, 2, NULL, NULL, 15, NULL, 1048585, 15, '20250629', '202506', NULL, NULL, NULL, NULL, 'omp::counter', 1),
('usage_events_20250629.log', 1, 2, NULL, NULL, 16, NULL, 1048585, 16, '20250629', '202506', NULL, NULL, NULL, NULL, 'omp::counter', 1),
('usage_events_20250629.log', 1, 2, NULL, NULL, 17, NULL, 1048585, 17, '20250629', '202506', NULL, NULL, NULL, NULL, 'omp::counter', 1),
('usage_events_20250629.log', 1, 2, NULL, NULL, 18, NULL, 1048585, 18, '20250629', '202506', NULL, NULL, NULL, NULL, 'omp::counter', 1),
('usage_events_20250629.log', 1, 2, NULL, NULL, 19, NULL, 1048585, 19, '20250629', '202506', NULL, NULL, NULL, NULL, 'omp::counter', 1),
('usage_events_20250629.log', 1, 2, NULL, NULL, 20, NULL, 1048585, 20, '20250629', '202506', NULL, NULL, NULL, NULL, 'omp::counter', 1),
('usage_events_20250629.log', 1, 3, NULL, NULL, 21, NULL, 1048585, 21, '20250629', '202506', NULL, NULL, NULL, NULL, 'omp::counter', 1),
('usage_events_20250629.log', 1, 3, NULL, NULL, 22, NULL, 1048585, 22, '20250629', '202506', NULL, NULL, NULL, NULL, 'omp::counter', 1),
('usage_events_20250629.log', 1, 3, NULL, NULL, 23, NULL, 1048585, 23, '20250629', '202506', NULL, NULL, NULL, NULL, 'omp::counter', 1),
('usage_events_20250629.log', 1, 3, NULL, NULL, 24, NULL, 1048585, 24, '20250629', '202506', NULL, NULL, NULL, NULL, 'omp::counter', 1),
('usage_events_20250629.log', 1, 3, NULL, NULL, 25, NULL, 1048585, 25, '20250629', '202506', NULL, NULL, NULL, NULL, 'omp::counter', 1),
('usage_events_20250629.log', 1, 3, NULL, NULL, 27, NULL, 1048585, 27, '20250629', '202506', NULL, NULL, NULL, NULL, 'omp::counter', 1),
('usage_events_20250629.log', 1, 3, NULL, NULL, 28, NULL, 1048585, 28, '20250629', '202506', NULL, NULL, NULL, NULL, 'omp::counter', 1),
('usage_events_20250629.log', 1, 3, NULL, NULL, 29, NULL, 1048585, 29, '20250629', '202506', NULL, NULL, NULL, NULL, 'omp::counter', 1),
('usage_events_20250629.log', 1, 3, NULL, NULL, 30, NULL, 1048585, 30, '20250629', '202506', NULL, NULL, NULL, NULL, 'omp::counter', 1),
('usage_events_20250629.log', 1, 3, NULL, NULL, 31, NULL, 1048585, 31, '20250629', '202506', NULL, NULL, NULL, NULL, 'omp::counter', 1),
('usage_events_20250629.log', 1, 3, NULL, NULL, 32, NULL, 1048585, 32, '20250629', '202506', NULL, NULL, NULL, NULL, 'omp::counter', 1),
('usage_events_20250629.log', 1, 3, NULL, NULL, 33, NULL, 1048585, 33, '20250629', '202506', NULL, NULL, NULL, NULL, 'omp::counter', 1),
('usage_events_20250629.log', 1, 3, NULL, NULL, 34, NULL, 1048585, 34, '20250629', '202506', NULL, NULL, NULL, NULL, 'omp::counter', 1),
('usage_events_20250629.log', 1, 3, NULL, NULL, 35, NULL, 1048585, 35, '20250629', '202506', NULL, NULL, NULL, NULL, 'omp::counter', 1),
('usage_events_20250629.log', 1, 3, NULL, NULL, 36, NULL, 1048585, 36, '20250629', '202506', NULL, NULL, NULL, NULL, 'omp::counter', 1),
('usage_events_20250629.log', 1, 3, NULL, NULL, 37, NULL, 1048585, 37, '20250629', '202506', NULL, NULL, NULL, NULL, 'omp::counter', 1),
('usage_events_20250629.log', 1, 3, NULL, NULL, 38, NULL, 1048585, 38, '20250629', '202506', NULL, NULL, NULL, NULL, 'omp::counter', 1),
('usage_events_20250629.log', 1, 3, NULL, NULL, 39, NULL, 1048585, 39, '20250629', '202506', NULL, NULL, NULL, NULL, 'omp::counter', 1),
('usage_events_20250629.log', 1, 3, NULL, NULL, 40, NULL, 1048585, 40, '20250629', '202506', NULL, NULL, NULL, NULL, 'omp::counter', 1),
('usage_events_20250629.log', 1, 3, NULL, NULL, 41, NULL, 1048585, 41, '20250629', '202506', NULL, NULL, NULL, NULL, 'omp::counter', 1),
('usage_events_20250629.log', 1, 3, NULL, NULL, 42, NULL, 1048585, 42, '20250629', '202506', NULL, NULL, NULL, NULL, 'omp::counter', 3),
('usage_events_20250629.log', 1, 3, NULL, NULL, 43, NULL, 1048585, 43, '20250629', '202506', NULL, NULL, NULL, NULL, 'omp::counter', 1),
('usage_events_20250629.log', 1, 3, NULL, NULL, 44, NULL, 1048585, 44, '20250629', '202506', NULL, NULL, NULL, NULL, 'omp::counter', 1),
('usage_events_20250629.log', 1, 3, NULL, NULL, 45, NULL, 1048585, 45, '20250629', '202506', NULL, NULL, NULL, NULL, 'omp::counter', 1),
('usage_events_20250629.log', 1, 3, NULL, NULL, 47, NULL, 1048585, 47, '20250629', '202506', NULL, NULL, NULL, NULL, 'omp::counter', 1),
('usage_events_20250629.log', 1, 3, NULL, NULL, 48, NULL, 1048585, 48, '20250629', '202506', NULL, NULL, NULL, NULL, 'omp::counter', 1),
('usage_events_20250629.log', 1, 3, NULL, NULL, 49, NULL, 1048585, 49, '20250629', '202506', NULL, NULL, NULL, NULL, 'omp::counter', 1),
('usage_events_20250629.log', 1, 3, NULL, NULL, 50, NULL, 1048585, 50, '20250629', '202506', NULL, NULL, NULL, NULL, 'omp::counter', 1),
('usage_events_20250629.log', 1, 3, NULL, NULL, 51, NULL, 1048585, 51, '20250629', '202506', NULL, NULL, NULL, NULL, 'omp::counter', 1),
('usage_events_20250629.log', 1, 3, NULL, NULL, 52, NULL, 1048585, 52, '20250629', '202506', NULL, NULL, NULL, NULL, 'omp::counter', 1),
('usage_events_20250629.log', 1, 3, NULL, NULL, 53, NULL, 1048585, 53, '20250629', '202506', NULL, NULL, NULL, NULL, 'omp::counter', 1),
('usage_events_20250629.log', 1, 3, NULL, NULL, 54, NULL, 1048585, 54, '20250629', '202506', NULL, NULL, NULL, NULL, 'omp::counter', 1),
('usage_events_20250629.log', 1, 3, NULL, NULL, 55, NULL, 1048585, 55, '20250629', '202506', NULL, NULL, NULL, NULL, 'omp::counter', 1),
('usage_events_20250629.log', 1, 3, NULL, NULL, 56, NULL, 1048585, 56, '20250629', '202506', NULL, NULL, NULL, NULL, 'omp::counter', 1),
('usage_events_20250629.log', 1, 3, NULL, NULL, 57, NULL, 1048585, 57, '20250629', '202506', NULL, NULL, NULL, NULL, 'omp::counter', 1),
('usage_events_20250629.log', 1, 3, NULL, NULL, 58, NULL, 1048585, 58, '20250629', '202506', NULL, NULL, NULL, NULL, 'omp::counter', 1),
('usage_events_20250629.log', 1, 3, NULL, NULL, 59, NULL, 1048585, 59, '20250629', '202506', NULL, NULL, NULL, NULL, 'omp::counter', 1),
('usage_events_20250629.log', 1, 3, NULL, NULL, 60, NULL, 1048585, 60, '20250629', '202506', NULL, NULL, NULL, NULL, 'omp::counter', 1),
('usage_events_20250629.log', 1, 3, NULL, NULL, 61, NULL, 1048585, 61, '20250629', '202506', NULL, NULL, NULL, NULL, 'omp::counter', 3),
('usage_events_20250629.log', 1, 3, NULL, NULL, 62, NULL, 1048585, 62, '20250629', '202506', NULL, NULL, NULL, NULL, 'omp::counter', 3),
('usage_events_20250629.log', 1, 3, NULL, NULL, 63, NULL, 1048585, 63, '20250629', '202506', NULL, NULL, NULL, NULL, 'omp::counter', 1),
('usage_events_20250629.log', 1, 3, NULL, NULL, 64, NULL, 1048585, 64, '20250629', '202506', NULL, NULL, NULL, NULL, 'omp::counter', 1),
('usage_events_20250629.log', 1, 3, NULL, NULL, 65, NULL, 1048585, 65, '20250629', '202506', NULL, NULL, NULL, NULL, 'omp::counter', 1),
('usage_events_20250629.log', 1, 3, NULL, NULL, 66, NULL, 1048585, 66, '20250629', '202506', NULL, NULL, NULL, NULL, 'omp::counter', 1),
('usage_events_20250629.log', 1, NULL, NULL, NULL, 67, NULL, 1048585, 67, '20250629', '202506', NULL, NULL, NULL, NULL, 'omp::counter', 1),
('usage_events_20250629.log', 1, NULL, NULL, NULL, 68, NULL, 1048585, 68, '20250629', '202506', NULL, NULL, NULL, NULL, 'omp::counter', 1),
('usage_events_20250629.log', 1, NULL, NULL, NULL, 69, NULL, 1048585, 69, '20250629', '202506', NULL, NULL, NULL, NULL, 'omp::counter', 1),
('usage_events_20250629.log', 1, NULL, NULL, NULL, 70, NULL, 1048585, 70, '20250629', '202506', NULL, NULL, NULL, NULL, 'omp::counter', 1),
('usage_events_20250629.log', 1, NULL, NULL, NULL, 71, NULL, 1048585, 71, '20250629', '202506', NULL, NULL, NULL, NULL, 'omp::counter', 1),
('usage_events_20250629.log', 1, NULL, NULL, NULL, 72, NULL, 1048585, 72, '20250629', '202506', NULL, NULL, NULL, NULL, 'omp::counter', 1),
('usage_events_20250629.log', 1, NULL, NULL, NULL, 76, NULL, 1048585, 76, '20250629', '202506', NULL, NULL, NULL, NULL, 'omp::counter', 1),
('usage_events_20250629.log', 1, NULL, NULL, NULL, 77, NULL, 1048585, 77, '20250629', '202506', NULL, NULL, NULL, NULL, 'omp::counter', 1),
('usage_events_20250630.log', 1, NULL, NULL, NULL, NULL, NULL, 512, 1, '20250630', '202506', NULL, NULL, NULL, NULL, 'omp::counter', 37),
('usage_events_20250630.log', 1, 3, NULL, NULL, 21, 31, 515, 95, '20250630', '202506', 2, NULL, NULL, NULL, 'omp::counter', 1),
('usage_events_20250630.log', 1, NULL, NULL, NULL, 68, 82, 515, 299, '20250630', '202506', 2, NULL, NULL, NULL, 'omp::counter', 1),
('usage_events_20250630.log', 1, NULL, NULL, NULL, 67, 83, 515, 300, '20250630', '202506', 2, NULL, NULL, NULL, 'omp::counter', 1),
('usage_events_20250630.log', 1, NULL, NULL, NULL, 69, 85, 515, 309, '20250630', '202506', 2, NULL, NULL, NULL, 'omp::counter', 1),
('usage_events_20250630.log', 1, NULL, NULL, NULL, 70, 87, 515, 317, '20250630', '202506', 2, NULL, NULL, NULL, 'omp::counter', 1),
('usage_events_20250630.log', 1, NULL, NULL, NULL, 71, 89, 515, 325, '20250630', '202506', 2, NULL, NULL, NULL, 'omp::counter', 1),
('usage_events_20250630.log', 1, NULL, NULL, NULL, 72, 91, 515, 333, '20250630', '202506', 2, NULL, NULL, NULL, 'omp::counter', 1),
('usage_events_20250630.log', 1, NULL, NULL, NULL, 76, 95, 515, 357, '20250630', '202506', 2, NULL, NULL, NULL, 'omp::counter', 1),
('usage_events_20250630.log', 1, 1, NULL, NULL, NULL, NULL, 530, 1, '20250630', '202506', NULL, NULL, NULL, NULL, 'omp::counter', 1),
('usage_events_20250630.log', 1, 2, NULL, NULL, NULL, NULL, 530, 2, '20250630', '202506', NULL, NULL, NULL, NULL, 'omp::counter', 2),
('usage_events_20250630.log', 1, 3, NULL, NULL, NULL, NULL, 530, 3, '20250630', '202506', NULL, NULL, NULL, NULL, 'omp::counter', 2),
('usage_events_20250630.log', 1, 4, NULL, NULL, NULL, NULL, 530, 4, '20250630', '202506', NULL, NULL, NULL, NULL, 'omp::counter', 3),
('usage_events_20250630.log', 1, 1, NULL, NULL, 1, NULL, 1048585, 1, '20250630', '202506', NULL, NULL, NULL, NULL, 'omp::counter', 1),
('usage_events_20250630.log', 1, 1, NULL, NULL, 2, NULL, 1048585, 2, '20250630', '202506', NULL, NULL, NULL, NULL, 'omp::counter', 1),
('usage_events_20250630.log', 1, 1, NULL, NULL, 3, NULL, 1048585, 3, '20250630', '202506', NULL, NULL, NULL, NULL, 'omp::counter', 1),
('usage_events_20250630.log', 1, 1, NULL, NULL, 4, NULL, 1048585, 4, '20250630', '202506', NULL, NULL, NULL, NULL, 'omp::counter', 1),
('usage_events_20250630.log', 1, 1, NULL, NULL, 5, NULL, 1048585, 5, '20250630', '202506', NULL, NULL, NULL, NULL, 'omp::counter', 1),
('usage_events_20250630.log', 1, 2, NULL, NULL, 6, NULL, 1048585, 6, '20250630', '202506', NULL, NULL, NULL, NULL, 'omp::counter', 1),
('usage_events_20250630.log', 1, 2, NULL, NULL, 7, NULL, 1048585, 7, '20250630', '202506', NULL, NULL, NULL, NULL, 'omp::counter', 1),
('usage_events_20250630.log', 1, 2, NULL, NULL, 8, NULL, 1048585, 8, '20250630', '202506', NULL, NULL, NULL, NULL, 'omp::counter', 1),
('usage_events_20250630.log', 1, 1, NULL, NULL, 9, NULL, 1048585, 9, '20250630', '202506', NULL, NULL, NULL, NULL, 'omp::counter', 1),
('usage_events_20250630.log', 1, 1, NULL, NULL, 10, NULL, 1048585, 10, '20250630', '202506', NULL, NULL, NULL, NULL, 'omp::counter', 1),
('usage_events_20250630.log', 1, 1, NULL, NULL, 11, NULL, 1048585, 11, '20250630', '202506', NULL, NULL, NULL, NULL, 'omp::counter', 1),
('usage_events_20250630.log', 1, 1, NULL, NULL, 12, NULL, 1048585, 12, '20250630', '202506', NULL, NULL, NULL, NULL, 'omp::counter', 1),
('usage_events_20250630.log', 1, 1, NULL, NULL, 13, NULL, 1048585, 13, '20250630', '202506', NULL, NULL, NULL, NULL, 'omp::counter', 1),
('usage_events_20250630.log', 1, 2, NULL, NULL, 14, NULL, 1048585, 14, '20250630', '202506', NULL, NULL, NULL, NULL, 'omp::counter', 1),
('usage_events_20250630.log', 1, 2, NULL, NULL, 15, NULL, 1048585, 15, '20250630', '202506', NULL, NULL, NULL, NULL, 'omp::counter', 2),
('usage_events_20250630.log', 1, 2, NULL, NULL, 16, NULL, 1048585, 16, '20250630', '202506', NULL, NULL, NULL, NULL, 'omp::counter', 1),
('usage_events_20250630.log', 1, 2, NULL, NULL, 17, NULL, 1048585, 17, '20250630', '202506', NULL, NULL, NULL, NULL, 'omp::counter', 1),
('usage_events_20250630.log', 1, 2, NULL, NULL, 18, NULL, 1048585, 18, '20250630', '202506', NULL, NULL, NULL, NULL, 'omp::counter', 1),
('usage_events_20250630.log', 1, 2, NULL, NULL, 19, NULL, 1048585, 19, '20250630', '202506', NULL, NULL, NULL, NULL, 'omp::counter', 1),
('usage_events_20250630.log', 1, 2, NULL, NULL, 20, NULL, 1048585, 20, '20250630', '202506', NULL, NULL, NULL, NULL, 'omp::counter', 1),
('usage_events_20250630.log', 1, 3, NULL, NULL, 21, NULL, 1048585, 21, '20250630', '202506', NULL, NULL, NULL, NULL, 'omp::counter', 2),
('usage_events_20250630.log', 1, 3, NULL, NULL, 22, NULL, 1048585, 22, '20250630', '202506', NULL, NULL, NULL, NULL, 'omp::counter', 1),
('usage_events_20250630.log', 1, 3, NULL, NULL, 23, NULL, 1048585, 23, '20250630', '202506', NULL, NULL, NULL, NULL, 'omp::counter', 2),
('usage_events_20250630.log', 1, 3, NULL, NULL, 24, NULL, 1048585, 24, '20250630', '202506', NULL, NULL, NULL, NULL, 'omp::counter', 4),
('usage_events_20250630.log', 1, 3, NULL, NULL, 25, NULL, 1048585, 25, '20250630', '202506', NULL, NULL, NULL, NULL, 'omp::counter', 3),
('usage_events_20250630.log', 1, 3, NULL, NULL, 27, NULL, 1048585, 27, '20250630', '202506', NULL, NULL, NULL, NULL, 'omp::counter', 1),
('usage_events_20250630.log', 1, 3, NULL, NULL, 28, NULL, 1048585, 28, '20250630', '202506', NULL, NULL, NULL, NULL, 'omp::counter', 1),
('usage_events_20250630.log', 1, 3, NULL, NULL, 29, NULL, 1048585, 29, '20250630', '202506', NULL, NULL, NULL, NULL, 'omp::counter', 1),
('usage_events_20250630.log', 1, 3, NULL, NULL, 30, NULL, 1048585, 30, '20250630', '202506', NULL, NULL, NULL, NULL, 'omp::counter', 2),
('usage_events_20250630.log', 1, 3, NULL, NULL, 31, NULL, 1048585, 31, '20250630', '202506', NULL, NULL, NULL, NULL, 'omp::counter', 1),
('usage_events_20250630.log', 1, 3, NULL, NULL, 32, NULL, 1048585, 32, '20250630', '202506', NULL, NULL, NULL, NULL, 'omp::counter', 1),
('usage_events_20250630.log', 1, 3, NULL, NULL, 33, NULL, 1048585, 33, '20250630', '202506', NULL, NULL, NULL, NULL, 'omp::counter', 1),
('usage_events_20250630.log', 1, 3, NULL, NULL, 34, NULL, 1048585, 34, '20250630', '202506', NULL, NULL, NULL, NULL, 'omp::counter', 1),
('usage_events_20250630.log', 1, 3, NULL, NULL, 35, NULL, 1048585, 35, '20250630', '202506', NULL, NULL, NULL, NULL, 'omp::counter', 1),
('usage_events_20250630.log', 1, 3, NULL, NULL, 36, NULL, 1048585, 36, '20250630', '202506', NULL, NULL, NULL, NULL, 'omp::counter', 1),
('usage_events_20250630.log', 1, 3, NULL, NULL, 37, NULL, 1048585, 37, '20250630', '202506', NULL, NULL, NULL, NULL, 'omp::counter', 1),
('usage_events_20250630.log', 1, 3, NULL, NULL, 38, NULL, 1048585, 38, '20250630', '202506', NULL, NULL, NULL, NULL, 'omp::counter', 1),
('usage_events_20250630.log', 1, 3, NULL, NULL, 39, NULL, 1048585, 39, '20250630', '202506', NULL, NULL, NULL, NULL, 'omp::counter', 1),
('usage_events_20250630.log', 1, 3, NULL, NULL, 40, NULL, 1048585, 40, '20250630', '202506', NULL, NULL, NULL, NULL, 'omp::counter', 1),
('usage_events_20250630.log', 1, 3, NULL, NULL, 41, NULL, 1048585, 41, '20250630', '202506', NULL, NULL, NULL, NULL, 'omp::counter', 1),
('usage_events_20250630.log', 1, 3, NULL, NULL, 42, NULL, 1048585, 42, '20250630', '202506', NULL, NULL, NULL, NULL, 'omp::counter', 2),
('usage_events_20250630.log', 1, 3, NULL, NULL, 43, NULL, 1048585, 43, '20250630', '202506', NULL, NULL, NULL, NULL, 'omp::counter', 1),
('usage_events_20250630.log', 1, 3, NULL, NULL, 44, NULL, 1048585, 44, '20250630', '202506', NULL, NULL, NULL, NULL, 'omp::counter', 1),
('usage_events_20250630.log', 1, 3, NULL, NULL, 45, NULL, 1048585, 45, '20250630', '202506', NULL, NULL, NULL, NULL, 'omp::counter', 1),
('usage_events_20250630.log', 1, 3, NULL, NULL, 47, NULL, 1048585, 47, '20250630', '202506', NULL, NULL, NULL, NULL, 'omp::counter', 1),
('usage_events_20250630.log', 1, 3, NULL, NULL, 48, NULL, 1048585, 48, '20250630', '202506', NULL, NULL, NULL, NULL, 'omp::counter', 1),
('usage_events_20250630.log', 1, 3, NULL, NULL, 49, NULL, 1048585, 49, '20250630', '202506', NULL, NULL, NULL, NULL, 'omp::counter', 1),
('usage_events_20250630.log', 1, 3, NULL, NULL, 50, NULL, 1048585, 50, '20250630', '202506', NULL, NULL, NULL, NULL, 'omp::counter', 1),
('usage_events_20250630.log', 1, 3, NULL, NULL, 51, NULL, 1048585, 51, '20250630', '202506', NULL, NULL, NULL, NULL, 'omp::counter', 1),
('usage_events_20250630.log', 1, 3, NULL, NULL, 52, NULL, 1048585, 52, '20250630', '202506', NULL, NULL, NULL, NULL, 'omp::counter', 1),
('usage_events_20250630.log', 1, 3, NULL, NULL, 53, NULL, 1048585, 53, '20250630', '202506', NULL, NULL, NULL, NULL, 'omp::counter', 1),
('usage_events_20250630.log', 1, 3, NULL, NULL, 54, NULL, 1048585, 54, '20250630', '202506', NULL, NULL, NULL, NULL, 'omp::counter', 1),
('usage_events_20250630.log', 1, 3, NULL, NULL, 55, NULL, 1048585, 55, '20250630', '202506', NULL, NULL, NULL, NULL, 'omp::counter', 1),
('usage_events_20250630.log', 1, 3, NULL, NULL, 56, NULL, 1048585, 56, '20250630', '202506', NULL, NULL, NULL, NULL, 'omp::counter', 1),
('usage_events_20250630.log', 1, 3, NULL, NULL, 57, NULL, 1048585, 57, '20250630', '202506', NULL, NULL, NULL, NULL, 'omp::counter', 1),
('usage_events_20250630.log', 1, 3, NULL, NULL, 58, NULL, 1048585, 58, '20250630', '202506', NULL, NULL, NULL, NULL, 'omp::counter', 1),
('usage_events_20250630.log', 1, 3, NULL, NULL, 59, NULL, 1048585, 59, '20250630', '202506', NULL, NULL, NULL, NULL, 'omp::counter', 1),
('usage_events_20250630.log', 1, 3, NULL, NULL, 60, NULL, 1048585, 60, '20250630', '202506', NULL, NULL, NULL, NULL, 'omp::counter', 1),
('usage_events_20250630.log', 1, 3, NULL, NULL, 61, NULL, 1048585, 61, '20250630', '202506', NULL, NULL, NULL, NULL, 'omp::counter', 3),
('usage_events_20250630.log', 1, 3, NULL, NULL, 62, NULL, 1048585, 62, '20250630', '202506', NULL, NULL, NULL, NULL, 'omp::counter', 1),
('usage_events_20250630.log', 1, 3, NULL, NULL, 63, NULL, 1048585, 63, '20250630', '202506', NULL, NULL, NULL, NULL, 'omp::counter', 1),
('usage_events_20250630.log', 1, 3, NULL, NULL, 64, NULL, 1048585, 64, '20250630', '202506', NULL, NULL, NULL, NULL, 'omp::counter', 1),
('usage_events_20250630.log', 1, 3, NULL, NULL, 65, NULL, 1048585, 65, '20250630', '202506', NULL, NULL, NULL, NULL, 'omp::counter', 1),
('usage_events_20250630.log', 1, 3, NULL, NULL, 66, NULL, 1048585, 66, '20250630', '202506', NULL, NULL, NULL, NULL, 'omp::counter', 2),
('usage_events_20250630.log', 1, NULL, NULL, NULL, 76, NULL, 1048585, 76, '20250630', '202506', NULL, NULL, NULL, NULL, 'omp::counter', 2),
('usage_events_20250630.log', 1, NULL, NULL, NULL, 77, NULL, 1048585, 77, '20250630', '202506', NULL, NULL, NULL, NULL, 'omp::counter', 1),
('usage_events_20250701.log', 1, NULL, NULL, NULL, NULL, NULL, 512, 1, '20250701', '202507', NULL, NULL, NULL, NULL, 'omp::counter', 43),
('usage_events_20250701.log', 1, 3, NULL, NULL, 48, 58, 515, 196, '20250701', '202507', 2, NULL, NULL, NULL, 'omp::counter', 1),
('usage_events_20250701.log', 1, 1, NULL, NULL, 1, NULL, 1048585, 1, '20250701', '202507', NULL, NULL, NULL, NULL, 'omp::counter', 1),
('usage_events_20250701.log', 1, 1, NULL, NULL, 2, NULL, 1048585, 2, '20250701', '202507', NULL, NULL, NULL, NULL, 'omp::counter', 1),
('usage_events_20250701.log', 1, 1, NULL, NULL, 3, NULL, 1048585, 3, '20250701', '202507', NULL, NULL, NULL, NULL, 'omp::counter', 1),
('usage_events_20250701.log', 1, 1, NULL, NULL, 4, NULL, 1048585, 4, '20250701', '202507', NULL, NULL, NULL, NULL, 'omp::counter', 1),
('usage_events_20250701.log', 1, 1, NULL, NULL, 11, NULL, 1048585, 11, '20250701', '202507', NULL, NULL, NULL, NULL, 'omp::counter', 1),
('usage_events_20250701.log', 1, 2, NULL, NULL, 14, NULL, 1048585, 14, '20250701', '202507', NULL, NULL, NULL, NULL, 'omp::counter', 1),
('usage_events_20250701.log', 1, 2, NULL, NULL, 15, NULL, 1048585, 15, '20250701', '202507', NULL, NULL, NULL, NULL, 'omp::counter', 1),
('usage_events_20250701.log', 1, 2, NULL, NULL, 17, NULL, 1048585, 17, '20250701', '202507', NULL, NULL, NULL, NULL, 'omp::counter', 1),
('usage_events_20250701.log', 1, 3, NULL, NULL, 21, NULL, 1048585, 21, '20250701', '202507', NULL, NULL, NULL, NULL, 'omp::counter', 1),
('usage_events_20250701.log', 1, 3, NULL, NULL, 23, NULL, 1048585, 23, '20250701', '202507', NULL, NULL, NULL, NULL, 'omp::counter', 1),
('usage_events_20250701.log', 1, 3, NULL, NULL, 24, NULL, 1048585, 24, '20250701', '202507', NULL, NULL, NULL, NULL, 'omp::counter', 1),
('usage_events_20250701.log', 1, 3, NULL, NULL, 25, NULL, 1048585, 25, '20250701', '202507', NULL, NULL, NULL, NULL, 'omp::counter', 1),
('usage_events_20250701.log', 1, 3, NULL, NULL, 27, NULL, 1048585, 27, '20250701', '202507', NULL, NULL, NULL, NULL, 'omp::counter', 1),
('usage_events_20250701.log', 1, 3, NULL, NULL, 28, NULL, 1048585, 28, '20250701', '202507', NULL, NULL, NULL, NULL, 'omp::counter', 1),
('usage_events_20250701.log', 1, 3, NULL, NULL, 30, NULL, 1048585, 30, '20250701', '202507', NULL, NULL, NULL, NULL, 'omp::counter', 1),
('usage_events_20250701.log', 1, 3, NULL, NULL, 31, NULL, 1048585, 31, '20250701', '202507', NULL, NULL, NULL, NULL, 'omp::counter', 1),
('usage_events_20250701.log', 1, 3, NULL, NULL, 33, NULL, 1048585, 33, '20250701', '202507', NULL, NULL, NULL, NULL, 'omp::counter', 1),
('usage_events_20250701.log', 1, 3, NULL, NULL, 34, NULL, 1048585, 34, '20250701', '202507', NULL, NULL, NULL, NULL, 'omp::counter', 1),
('usage_events_20250701.log', 1, 3, NULL, NULL, 35, NULL, 1048585, 35, '20250701', '202507', NULL, NULL, NULL, NULL, 'omp::counter', 1),
('usage_events_20250701.log', 1, 3, NULL, NULL, 36, NULL, 1048585, 36, '20250701', '202507', NULL, NULL, NULL, NULL, 'omp::counter', 1),
('usage_events_20250701.log', 1, 3, NULL, NULL, 37, NULL, 1048585, 37, '20250701', '202507', NULL, NULL, NULL, NULL, 'omp::counter', 1),
('usage_events_20250701.log', 1, 3, NULL, NULL, 38, NULL, 1048585, 38, '20250701', '202507', NULL, NULL, NULL, NULL, 'omp::counter', 1),
('usage_events_20250701.log', 1, 3, NULL, NULL, 39, NULL, 1048585, 39, '20250701', '202507', NULL, NULL, NULL, NULL, 'omp::counter', 1),
('usage_events_20250701.log', 1, 3, NULL, NULL, 40, NULL, 1048585, 40, '20250701', '202507', NULL, NULL, NULL, NULL, 'omp::counter', 1),
('usage_events_20250701.log', 1, 3, NULL, NULL, 41, NULL, 1048585, 41, '20250701', '202507', NULL, NULL, NULL, NULL, 'omp::counter', 1),
('usage_events_20250701.log', 1, 3, NULL, NULL, 48, NULL, 1048585, 48, '20250701', '202507', NULL, NULL, NULL, NULL, 'omp::counter', 2),
('usage_events_20250701.log', 1, NULL, NULL, NULL, 67, NULL, 1048585, 67, '20250701', '202507', NULL, NULL, NULL, NULL, 'omp::counter', 1),
('usage_events_20250701.log', 1, NULL, NULL, NULL, 72, NULL, 1048585, 72, '20250701', '202507', NULL, NULL, NULL, NULL, 'omp::counter', 1),
('usage_events_20250702.log', 1, NULL, NULL, NULL, NULL, NULL, 512, 1, '20250702', '202507', NULL, NULL, NULL, NULL, 'omp::counter', 42),
('usage_events_20250702.log', 1, 3, NULL, NULL, 21, 31, 515, 95, '20250702', '202507', 2, NULL, NULL, NULL, 'omp::counter', 1),
('usage_events_20250702.log', 1, 2, NULL, NULL, NULL, NULL, 530, 2, '20250702', '202507', NULL, NULL, NULL, NULL, 'omp::counter', 3),
('usage_events_20250702.log', 1, 1, NULL, NULL, 2, NULL, 1048585, 2, '20250702', '202507', NULL, NULL, NULL, NULL, 'omp::counter', 2),
('usage_events_20250702.log', 1, 1, NULL, NULL, 5, NULL, 1048585, 5, '20250702', '202507', NULL, NULL, NULL, NULL, 'omp::counter', 1),
('usage_events_20250702.log', 1, 2, NULL, NULL, 6, NULL, 1048585, 6, '20250702', '202507', NULL, NULL, NULL, NULL, 'omp::counter', 1),
('usage_events_20250702.log', 1, 2, NULL, NULL, 20, NULL, 1048585, 20, '20250702', '202507', NULL, NULL, NULL, NULL, 'omp::counter', 1),
('usage_events_20250702.log', 1, 3, NULL, NULL, 25, NULL, 1048585, 25, '20250702', '202507', NULL, NULL, NULL, NULL, 'omp::counter', 1),
('usage_events_20250702.log', 1, 3, NULL, NULL, 32, NULL, 1048585, 32, '20250702', '202507', NULL, NULL, NULL, NULL, 'omp::counter', 1),
('usage_events_20250702.log', 1, 3, NULL, NULL, 34, NULL, 1048585, 34, '20250702', '202507', NULL, NULL, NULL, NULL, 'omp::counter', 1),
('usage_events_20250702.log', 1, 3, NULL, NULL, 35, NULL, 1048585, 35, '20250702', '202507', NULL, NULL, NULL, NULL, 'omp::counter', 1),
('usage_events_20250702.log', 1, 3, NULL, NULL, 59, NULL, 1048585, 59, '20250702', '202507', NULL, NULL, NULL, NULL, 'omp::counter', 1),
('usage_events_20250702.log', 1, 3, NULL, NULL, 66, NULL, 1048585, 66, '20250702', '202507', NULL, NULL, NULL, NULL, 'omp::counter', 1),
('usage_events_20250702.log', 1, NULL, NULL, NULL, 68, NULL, 1048585, 68, '20250702', '202507', NULL, NULL, NULL, NULL, 'omp::counter', 1),
('usage_events_20250702.log', 1, NULL, NULL, NULL, 69, NULL, 1048585, 69, '20250702', '202507', NULL, NULL, NULL, NULL, 'omp::counter', 1),
('usage_events_20250702.log', 1, NULL, NULL, NULL, 70, NULL, 1048585, 70, '20250702', '202507', NULL, NULL, NULL, NULL, 'omp::counter', 1),
('usage_events_20250702.log', 1, NULL, NULL, NULL, 71, NULL, 1048585, 71, '20250702', '202507', NULL, NULL, NULL, NULL, 'omp::counter', 1),
('usage_events_20250703.log', 1, NULL, NULL, NULL, NULL, NULL, 512, 1, '20250703', '202507', NULL, NULL, NULL, NULL, 'omp::counter', 26),
('usage_events_20250703.log', 1, NULL, NULL, NULL, 68, 82, 515, 299, '20250703', '202507', 2, NULL, NULL, NULL, 'omp::counter', 1),
('usage_events_20250703.log', 1, 1, NULL, NULL, NULL, NULL, 530, 1, '20250703', '202507', NULL, NULL, NULL, NULL, 'omp::counter', 1),
('usage_events_20250703.log', 1, 3, NULL, NULL, NULL, NULL, 530, 3, '20250703', '202507', NULL, NULL, NULL, NULL, 'omp::counter', 1),
('usage_events_20250703.log', 1, 2, NULL, NULL, 7, NULL, 1048585, 7, '20250703', '202507', NULL, NULL, NULL, NULL, 'omp::counter', 1),
('usage_events_20250703.log', 1, 3, NULL, NULL, 61, NULL, 1048585, 61, '20250703', '202507', NULL, NULL, NULL, NULL, 'omp::counter', 1),
('usage_events_20250703.log', 1, NULL, NULL, NULL, 68, NULL, 1048585, 68, '20250703', '202507', NULL, NULL, NULL, NULL, 'omp::counter', 2),
('usage_events_20250704.log', 1, NULL, NULL, NULL, NULL, NULL, 512, 1, '20250704', '202507', NULL, NULL, NULL, NULL, 'omp::counter', 39),
('usage_events_20250704.log', 1, 3, NULL, NULL, 22, 78, 515, 271, '20250704', '202507', 3, NULL, NULL, NULL, 'omp::counter', 1),
('usage_events_20250704.log', 1, 3, NULL, NULL, 30, NULL, 1048585, 30, '20250704', '202507', NULL, NULL, NULL, NULL, 'omp::counter', 1),
('usage_events_20250704.log', 1, 3, NULL, NULL, 51, NULL, 1048585, 51, '20250704', '202507', NULL, NULL, NULL, NULL, 'omp::counter', 1),
('usage_events_20250705.log', 1, NULL, NULL, NULL, NULL, NULL, 512, 1, '20250705', '202507', NULL, NULL, NULL, NULL, 'omp::counter', 36),
('usage_events_20250705.log', 1, 3, NULL, NULL, 21, 31, 515, 95, '20250705', '202507', 2, NULL, NULL, NULL, 'omp::counter', 2),
('usage_events_20250705.log', 1, 3, NULL, NULL, 48, 58, 515, 196, '20250705', '202507', 2, NULL, NULL, NULL, 'omp::counter', 1),
('usage_events_20250705.log', 1, 2, NULL, NULL, 19, 79, 515, 273, '20250705', '202507', 3, NULL, NULL, NULL, 'omp::counter', 1),
('usage_events_20250705.log', 1, 3, NULL, NULL, 66, 80, 515, 275, '20250705', '202507', 3, NULL, NULL, NULL, 'omp::counter', 1),
('usage_events_20250705.log', 1, NULL, NULL, NULL, 76, 96, 515, 358, '20250705', '202507', 3, NULL, NULL, NULL, 'omp::counter', 1),
('usage_events_20250705.log', 1, 3, NULL, NULL, 43, NULL, 1048585, 43, '20250705', '202507', NULL, NULL, NULL, NULL, 'omp::counter', 1),
('usage_events_20250705.log', 1, 3, NULL, NULL, 48, NULL, 1048585, 48, '20250705', '202507', NULL, NULL, NULL, NULL, 'omp::counter', 1),
('usage_events_20250706.log', 1, NULL, NULL, NULL, NULL, NULL, 512, 1, '20250706', '202507', NULL, NULL, NULL, NULL, 'omp::counter', 42),
('usage_events_20250706.log', 1, 3, NULL, NULL, 39, 49, 515, 164, '20250706', '202507', 2, NULL, NULL, NULL, 'omp::counter', 1),
('usage_events_20250706.log', 1, 3, NULL, NULL, 45, 55, 515, 187, '20250706', '202507', 2, NULL, NULL, NULL, 'omp::counter', 1),
('usage_events_20250706.log', 1, 3, NULL, NULL, 64, 74, 515, 260, '20250706', '202507', 2, NULL, NULL, NULL, 'omp::counter', 3),
('usage_events_20250706.log', 1, NULL, NULL, NULL, 77, 94, 515, 356, '20250706', '202507', 3, NULL, NULL, NULL, 'omp::counter', 1),
('usage_events_20250706.log', 1, 1, NULL, NULL, 13, NULL, 1048585, 13, '20250706', '202507', NULL, NULL, NULL, NULL, 'omp::counter', 4),
('usage_events_20250706.log', 1, 2, NULL, NULL, 20, NULL, 1048585, 20, '20250706', '202507', NULL, NULL, NULL, NULL, 'omp::counter', 1),
('usage_events_20250706.log', 1, 3, NULL, NULL, 33, NULL, 1048585, 33, '20250706', '202507', NULL, NULL, NULL, NULL, 'omp::counter', 1),
('usage_events_20250706.log', 1, 3, NULL, NULL, 38, NULL, 1048585, 38, '20250706', '202507', NULL, NULL, NULL, NULL, 'omp::counter', 1),
('usage_events_20250706.log', 1, 3, NULL, NULL, 39, NULL, 1048585, 39, '20250706', '202507', NULL, NULL, NULL, NULL, 'omp::counter', 1),
('usage_events_20250706.log', 1, 3, NULL, NULL, 40, NULL, 1048585, 40, '20250706', '202507', NULL, NULL, NULL, NULL, 'omp::counter', 1),
('usage_events_20250706.log', 1, 3, NULL, NULL, 42, NULL, 1048585, 42, '20250706', '202507', NULL, NULL, NULL, NULL, 'omp::counter', 2),
('usage_events_20250706.log', 1, 3, NULL, NULL, 45, NULL, 1048585, 45, '20250706', '202507', NULL, NULL, NULL, NULL, 'omp::counter', 1),
('usage_events_20250706.log', 1, 3, NULL, NULL, 48, NULL, 1048585, 48, '20250706', '202507', NULL, NULL, NULL, NULL, 'omp::counter', 1),
('usage_events_20250706.log', 1, 3, NULL, NULL, 61, NULL, 1048585, 61, '20250706', '202507', NULL, NULL, NULL, NULL, 'omp::counter', 2),
('usage_events_20250706.log', 1, 3, NULL, NULL, 64, NULL, 1048585, 64, '20250706', '202507', NULL, NULL, NULL, NULL, 'omp::counter', 2);

-- --------------------------------------------------------

--
-- Estructura de tabla para la tabla `navigation_menus`
--

CREATE TABLE `navigation_menus` (
  `navigation_menu_id` bigint(20) NOT NULL,
  `context_id` bigint(20) NOT NULL,
  `area_name` varchar(255) DEFAULT '',
  `title` varchar(255) NOT NULL
) ENGINE=InnoDB DEFAULT CHARSET=utf8;

--
-- Volcado de datos para la tabla `navigation_menus`
--

INSERT INTO `navigation_menus` (`navigation_menu_id`, `context_id`, `area_name`, `title`) VALUES
(1, 0, 'user', 'User Navigation Menu'),
(2, 1, 'user', 'User Navigation Menu'),
(3, 1, 'primary', 'Primary Navigation Menu');

-- --------------------------------------------------------

--
-- Estructura de tabla para la tabla `navigation_menu_items`
--

CREATE TABLE `navigation_menu_items` (
  `navigation_menu_item_id` bigint(20) NOT NULL,
  `context_id` bigint(20) NOT NULL,
  `path` varchar(255) DEFAULT '',
  `type` varchar(255) DEFAULT ''
) ENGINE=InnoDB DEFAULT CHARSET=utf8;

--
-- Volcado de datos para la tabla `navigation_menu_items`
--

INSERT INTO `navigation_menu_items` (`navigation_menu_item_id`, `context_id`, `path`, `type`) VALUES
(1, 0, NULL, 'NMI_TYPE_USER_REGISTER'),
(2, 0, NULL, 'NMI_TYPE_USER_LOGIN'),
(3, 0, NULL, 'NMI_TYPE_USER_DASHBOARD'),
(4, 0, NULL, 'NMI_TYPE_USER_DASHBOARD'),
(5, 0, NULL, 'NMI_TYPE_USER_PROFILE'),
(6, 0, NULL, 'NMI_TYPE_ADMINISTRATION'),
(7, 0, NULL, 'NMI_TYPE_USER_LOGOUT'),
(8, 1, NULL, 'NMI_TYPE_USER_REGISTER'),
(9, 1, NULL, 'NMI_TYPE_USER_LOGIN'),
(10, 1, NULL, 'NMI_TYPE_USER_DASHBOARD'),
(11, 1, NULL, 'NMI_TYPE_USER_DASHBOARD'),
(12, 1, NULL, 'NMI_TYPE_USER_PROFILE'),
(13, 1, NULL, 'NMI_TYPE_ADMINISTRATION'),
(14, 1, NULL, 'NMI_TYPE_USER_LOGOUT'),
(15, 1, NULL, 'NMI_TYPE_CATALOG'),
(16, 1, NULL, 'NMI_TYPE_ANNOUNCEMENTS'),
(17, 1, NULL, 'NMI_TYPE_ABOUT'),
(18, 1, NULL, 'NMI_TYPE_ABOUT'),
(19, 1, NULL, 'NMI_TYPE_SUBMISSIONS'),
(20, 1, NULL, 'NMI_TYPE_EDITORIAL_TEAM'),
(21, 1, NULL, 'NMI_TYPE_PRIVACY'),
(22, 1, NULL, 'NMI_TYPE_CONTACT'),
(23, 1, NULL, 'NMI_TYPE_SEARCH'),
(24, 1, '', 'NMI_TYPE_REMOTE_URL'),
(25, 1, '', 'NMI_TYPE_REMOTE_URL'),
(26, 1, 'editorial', 'NMI_TYPE_CUSTOM'),
(27, 1, 'estructura', 'NMI_TYPE_CUSTOM');

-- --------------------------------------------------------

--
-- Estructura de tabla para la tabla `navigation_menu_item_assignments`
--

CREATE TABLE `navigation_menu_item_assignments` (
  `navigation_menu_item_assignment_id` bigint(20) NOT NULL,
  `navigation_menu_id` bigint(20) NOT NULL,
  `navigation_menu_item_id` bigint(20) NOT NULL,
  `parent_id` bigint(20) DEFAULT NULL,
  `seq` bigint(20) DEFAULT '0'
) ENGINE=InnoDB DEFAULT CHARSET=utf8;

--
-- Volcado de datos para la tabla `navigation_menu_item_assignments`
--

INSERT INTO `navigation_menu_item_assignments` (`navigation_menu_item_assignment_id`, `navigation_menu_id`, `navigation_menu_item_id`, `parent_id`, `seq`) VALUES
(1, 1, 1, 0, 0),
(2, 1, 2, 0, 1),
(3, 1, 3, 0, 2),
(4, 1, 4, 3, 0),
(5, 1, 5, 3, 1),
(6, 1, 6, 3, 2),
(7, 1, 7, 3, 3),
(8, 2, 8, 0, 0),
(9, 2, 9, 0, 1),
(10, 2, 10, 0, 2),
(11, 2, 11, 10, 0),
(12, 2, 12, 10, 1),
(13, 2, 13, 10, 2),
(14, 2, 14, 10, 3),
(66, 3, 25, 0, 0),
(67, 3, 15, 0, 1),
(68, 3, 27, 0, 2),
(69, 3, 26, 0, 3);

-- --------------------------------------------------------

--
-- Estructura de tabla para la tabla `navigation_menu_item_assignment_settings`
--

CREATE TABLE `navigation_menu_item_assignment_settings` (
  `navigation_menu_item_assignment_id` bigint(20) NOT NULL,
  `locale` varchar(14) NOT NULL DEFAULT '',
  `setting_name` varchar(255) NOT NULL,
  `setting_value` text,
  `setting_type` varchar(6) NOT NULL
) ENGINE=InnoDB DEFAULT CHARSET=utf8;

--
-- Volcado de datos para la tabla `navigation_menu_item_assignment_settings`
--

INSERT INTO `navigation_menu_item_assignment_settings` (`navigation_menu_item_assignment_id`, `locale`, `setting_name`, `setting_value`, `setting_type`) VALUES
(66, 'es_ES', 'title', 'Inicio', 'string'),
(68, 'es_ES', 'title', 'Estructura editorial', 'string'),
(69, 'es_ES', 'title', 'Sobre la editorial', 'string');

-- --------------------------------------------------------

--
-- Estructura de tabla para la tabla `navigation_menu_item_settings`
--

CREATE TABLE `navigation_menu_item_settings` (
  `navigation_menu_item_id` bigint(20) NOT NULL,
  `locale` varchar(14) NOT NULL DEFAULT '',
  `setting_name` varchar(255) NOT NULL,
  `setting_value` longtext,
  `setting_type` varchar(6) NOT NULL
) ENGINE=InnoDB DEFAULT CHARSET=utf8;

--
-- Volcado de datos para la tabla `navigation_menu_item_settings`
--

INSERT INTO `navigation_menu_item_settings` (`navigation_menu_item_id`, `locale`, `setting_name`, `setting_value`, `setting_type`) VALUES
(1, '', 'titleLocaleKey', 'navigation.register', 'string'),
(2, '', 'titleLocaleKey', 'navigation.login', 'string'),
(3, '', 'titleLocaleKey', '{$loggedInUsername}', 'string'),
(4, '', 'titleLocaleKey', 'navigation.dashboard', 'string'),
(5, '', 'titleLocaleKey', 'common.viewProfile', 'string'),
(6, '', 'titleLocaleKey', 'navigation.admin', 'string'),
(7, '', 'titleLocaleKey', 'user.logOut', 'string'),
(8, '', 'titleLocaleKey', 'navigation.register', 'string'),
(9, '', 'titleLocaleKey', 'navigation.login', 'string'),
(10, '', 'titleLocaleKey', '{$loggedInUsername}', 'string'),
(11, '', 'titleLocaleKey', 'navigation.dashboard', 'string'),
(12, '', 'titleLocaleKey', 'common.viewProfile', 'string'),
(13, '', 'titleLocaleKey', 'navigation.admin', 'string'),
(14, '', 'titleLocaleKey', 'user.logOut', 'string'),
(15, '', 'titleLocaleKey', 'navigation.catalog', 'string'),
(16, '', 'titleLocaleKey', 'manager.announcements', 'string'),
(17, '', 'titleLocaleKey', 'navigation.about', 'string'),
(18, '', 'titleLocaleKey', 'about.aboutContext', 'string'),
(19, '', 'titleLocaleKey', 'about.submissions', 'string'),
(20, '', 'titleLocaleKey', 'about.editorialTeam', 'string'),
(21, '', 'titleLocaleKey', 'manager.setup.privacyStatement', 'string'),
(22, '', 'titleLocaleKey', 'about.contact', 'string'),
(23, '', 'titleLocaleKey', 'common.search', 'string'),
(24, 'es_ES', 'content', '', 'string'),
(24, 'es_ES', 'remoteUrl', 'https://unilibre-omp.repositoriodigital.com/index.php/unilibre/catalog/category/economia', 'string'),
(24, 'es_ES', 'title', 'Economía, Administración, Contaduría y Afines', 'string'),
(25, 'es_ES', 'content', '', 'string'),
(25, 'es_ES', 'remoteUrl', 'https://libros.unilibre.edu.co', 'string'),
(25, 'es_ES', 'title', 'Inicio', 'string'),
(26, 'es_ES', 'content', '<p>La Editorial Universidad Libre es una marca registrada orientada al proceso, estructuración y gestión editorial; la administración de los contratos de edición y coedición; la gestión de financiación, promoción, preservación, comercialización, circulación, canalización y descarte, en Colombia y el mundo, de publicaciones digitales (electrónicas), fijas o impresas periódicas, no periódicas o seriadas, la cual está organizada para publicar:</p>\r\n<ol>\r\n<li>Literatura convencional que da cuenta de los resultados de los trabajos de investigación y creación cultural de los miembros de la comunidad universitaria.</li>\r\n<li>Obras de carácter institucional (informes de gestión, libros conmemorativos, etc.).</li>\r\n<li>Escritos de texto profesional, manuales educativos o guías de aprendizaje de apoyo a la docencia en concordancia con los propósitos de los programas de pregrado y posgrado.</li>\r\n<li>Obras de divulgación cultural: producción y difusión artística; desarrollo y uso de los medios de comunicación e información; divulgación de las humanidades; científica o de investigaciones, y de preservación y difusión del patrimonio cultural.</li>\r\n<li>El catálogo anual del fondo editorial con sus sellos, líneas y colecciones, para la difusión nacional e internacional de los distintos productos editoriales.</li>\r\n</ol>\r\n<p>&nbsp;</p>\r\n<p><a href=\"https://www.unilibre.edu.co/la-universidad/ul/2510-acuerdo-n-6-de-2022-30-de-agosto#_Toc112830039\">Acuerdo 06 de 2022 \"Por el que se regula La Producción Editorial de La Universidad Libre\"</a></p>', 'string'),
(26, 'es_ES', 'remoteUrl', '', 'string'),
(26, 'es_ES', 'title', 'Sobre la editorial', 'string'),
(27, 'es_ES', 'content', '<p>La Editorial Universidad Libre está estructurada, así:</p>\r\n<ol>\r\n<li>Comité Editorial Universitario.</li>\r\n<li>Dirección Nacional Editorial Universitaria.</li>\r\n<li>Comité Editorial Seccional.</li>\r\n<li>Dirección Seccional Editorial.</li>\r\n<li>Comité Editorial de Facultad.</li>\r\n<li>Direcciones editoriales de publicaciones periódicas seriadas.</li>\r\n<li>Comités editoriales de publicaciones periódicas seriadas.</li>\r\n</ol>', 'string'),
(27, 'es_ES', 'remoteUrl', '', 'string'),
(27, 'es_ES', 'title', 'Estructura editorial', 'string');

-- --------------------------------------------------------

--
-- Estructura de tabla para la tabla `new_releases`
--

CREATE TABLE `new_releases` (
  `submission_id` bigint(20) NOT NULL,
  `assoc_type` bigint(20) NOT NULL,
  `assoc_id` bigint(20) NOT NULL
) ENGINE=InnoDB DEFAULT CHARSET=utf8;

--
-- Volcado de datos para la tabla `new_releases`
--

INSERT INTO `new_releases` (`submission_id`, `assoc_type`, `assoc_id`) VALUES
(1, 512, 1),
(2, 512, 1),
(3, 512, 1),
(4, 512, 1),
(5, 512, 1),
(6, 512, 1),
(7, 512, 1),
(8, 512, 1),
(9, 512, 1),
(10, 512, 1),
(11, 512, 1),
(12, 512, 1),
(13, 512, 1),
(14, 512, 1),
(15, 512, 1),
(16, 512, 1),
(17, 512, 1),
(18, 512, 1),
(19, 512, 1),
(20, 512, 1),
(21, 512, 1),
(22, 512, 1),
(23, 512, 1),
(24, 512, 1),
(25, 512, 1),
(27, 512, 1),
(28, 512, 1),
(29, 512, 1),
(30, 512, 1),
(31, 512, 1),
(32, 512, 1),
(33, 512, 1),
(34, 512, 1),
(35, 512, 1),
(36, 512, 1),
(37, 512, 1),
(38, 512, 1),
(39, 512, 1),
(40, 512, 1),
(41, 512, 1),
(42, 512, 1),
(43, 512, 1),
(44, 512, 1),
(45, 512, 1),
(47, 512, 1),
(48, 512, 1),
(49, 512, 1),
(50, 512, 1),
(51, 512, 1),
(52, 512, 1),
(53, 512, 1),
(54, 512, 1),
(55, 512, 1),
(56, 512, 1),
(57, 512, 1),
(58, 512, 1),
(59, 512, 1),
(60, 512, 1),
(61, 512, 1),
(62, 512, 1),
(63, 512, 1),
(64, 512, 1),
(65, 512, 1),
(66, 512, 1),
(76, 512, 1),
(77, 512, 1);

-- --------------------------------------------------------

--
-- Estructura de tabla para la tabla `notes`
--

CREATE TABLE `notes` (
  `note_id` bigint(20) NOT NULL,
  `assoc_type` bigint(20) NOT NULL,
  `assoc_id` bigint(20) NOT NULL,
  `user_id` bigint(20) NOT NULL,
  `date_created` datetime NOT NULL,
  `date_modified` datetime DEFAULT NULL,
  `title` varchar(255) DEFAULT NULL,
  `contents` text
) ENGINE=InnoDB DEFAULT CHARSET=utf8;

--
-- Volcado de datos para la tabla `notes`
--

INSERT INTO `notes` (`note_id`, `assoc_type`, `assoc_id`, `user_id`, `date_created`, `date_modified`, `title`, `contents`) VALUES
(1, 1048586, 1, 2, '2024-06-17 20:53:00', '2024-06-17 20:53:00', NULL, NULL),
(2, 1048586, 2, 2, '2024-06-17 21:25:09', '2024-06-17 21:25:09', '[UL] Galeradas de maquetación completadas', '<p>Norman Rodriguez:<br><br>Las galeradas para el manuscrito \"Cartilla Jurisprudencia de la Corte Interamericana de Derechos Humanos sobre discriminación de género\" para U. Libre están preparadas y listas para la corrección de pruebas.<br><br>Si tiene alguna duda, puede ponerse en contacto conmigo.<br><br>Norman Rodriguez</p><br/><br/>\n________________________________________________________________________<br/>\n<a href=\"{$ldelim}$contextUrl{$rdelim}\">{$ldelim}$contextName{$rdelim}</a>');

-- --------------------------------------------------------

--
-- Estructura de tabla para la tabla `notifications`
--

CREATE TABLE `notifications` (
  `notification_id` bigint(20) NOT NULL,
  `context_id` bigint(20) NOT NULL,
  `user_id` bigint(20) DEFAULT NULL,
  `level` bigint(20) NOT NULL,
  `type` bigint(20) NOT NULL,
  `date_created` datetime NOT NULL,
  `date_read` datetime DEFAULT NULL,
  `assoc_type` bigint(20) DEFAULT NULL,
  `assoc_id` bigint(20) DEFAULT NULL
) ENGINE=InnoDB DEFAULT CHARSET=utf8;

--
-- Volcado de datos para la tabla `notifications`
--

INSERT INTO `notifications` (`notification_id`, `context_id`, `user_id`, `level`, `type`, `date_created`, `date_read`, `assoc_type`, `assoc_id`) VALUES
(3, 1, 1, 2, 16777217, '2023-03-09 11:50:11', NULL, 1048585, 1),
(9, 1, 1, 2, 16777254, '2023-03-09 11:50:57', NULL, 1048585, 1),
(10, 1, 0, 2, 16777246, '2023-03-09 11:52:02', '2023-03-09 11:55:39', 1048585, 1),
(19, 1, 1, 2, 16777217, '2023-03-09 12:16:13', NULL, 1048585, 2),
(25, 1, 1, 2, 16777254, '2023-03-09 12:16:42', NULL, 1048585, 2),
(26, 1, 0, 2, 16777246, '2023-03-09 12:17:20', '2023-03-29 13:27:41', 1048585, 2),
(27, 1, 1, 2, 16777217, '2023-03-09 12:21:04', NULL, 1048585, 3),
(33, 1, 1, 2, 16777254, '2023-03-09 12:21:27', NULL, 1048585, 3),
(34, 1, 0, 2, 16777246, '2023-03-09 12:21:59', '2023-03-09 12:25:14', 1048585, 3),
(35, 1, 1, 2, 16777217, '2023-03-09 12:23:33', NULL, 1048585, 4),
(41, 1, 1, 2, 16777254, '2023-03-09 12:23:56', NULL, 1048585, 4),
(42, 1, 0, 2, 16777246, '2023-03-09 12:25:03', '2023-03-29 13:29:37', 1048585, 4),
(43, 1, 1, 2, 16777217, '2023-03-09 12:29:41', NULL, 1048585, 5),
(50, 1, 0, 2, 16777246, '2023-03-09 12:31:30', '2023-03-29 13:31:56', 1048585, 5),
(51, 1, 1, 2, 16777217, '2023-03-09 12:35:55', NULL, 1048585, 6),
(57, 1, 1, 2, 16777254, '2023-03-09 12:36:18', NULL, 1048585, 6),
(58, 1, 0, 2, 16777246, '2023-03-09 12:37:08', '2023-03-16 16:28:40', 1048585, 6),
(59, 1, 1, 2, 16777217, '2023-03-09 12:38:53', NULL, 1048585, 7),
(65, 1, 1, 2, 16777254, '2023-03-09 12:39:21', NULL, 1048585, 7),
(66, 1, 0, 2, 16777246, '2023-03-09 12:40:08', '2023-03-17 14:20:04', 1048585, 7),
(67, 1, 1, 2, 16777217, '2023-03-09 12:41:37', NULL, 1048585, 8),
(73, 1, 1, 2, 16777254, '2023-03-09 12:41:59', NULL, 1048585, 8),
(74, 1, 0, 2, 16777246, '2023-03-09 12:42:48', '2023-03-17 14:13:07', 1048585, 8),
(75, 1, 1, 2, 16777217, '2023-03-09 12:44:47', NULL, 1048585, 9),
(81, 1, 1, 2, 16777254, '2023-03-09 12:45:15', NULL, 1048585, 9),
(82, 1, 0, 2, 16777246, '2023-03-09 12:46:00', '2023-03-10 22:09:48', 1048585, 9),
(102, 1, 1, 2, 16777254, '2023-03-10 22:41:14', NULL, 1048585, 10),
(103, 1, 0, 2, 16777246, '2023-03-10 23:20:24', '2023-03-14 19:40:18', 1048585, 10),
(117, 1, 1, 2, 16777254, '2023-03-16 15:30:51', NULL, 1048585, 11),
(118, 1, 0, 2, 16777246, '2023-03-16 15:32:03', '2023-03-29 13:30:10', 1048585, 11),
(132, 1, 1, 2, 16777254, '2023-03-16 15:34:55', NULL, 1048585, 12),
(133, 1, 0, 2, 16777246, '2023-03-16 15:36:03', '2023-03-29 13:31:04', 1048585, 12),
(148, 1, 1, 2, 16777254, '2023-03-16 15:38:31', NULL, 1048585, 13),
(149, 1, 0, 2, 16777246, '2023-03-16 15:39:44', '2023-03-16 15:40:27', 1048585, 13),
(163, 1, 1, 2, 16777254, '2023-03-16 15:45:09', NULL, 1048585, 14),
(164, 1, 0, 2, 16777246, '2023-03-16 15:46:36', '2023-03-29 13:37:34', 1048585, 14),
(178, 1, 1, 2, 16777254, '2023-03-16 15:48:35', NULL, 1048585, 15),
(179, 1, 0, 2, 16777246, '2023-03-16 15:49:35', '2023-03-17 14:18:32', 1048585, 15),
(193, 1, 1, 2, 16777254, '2023-03-16 15:51:26', NULL, 1048585, 16),
(194, 1, 0, 2, 16777246, '2023-03-16 15:52:09', '2023-03-17 14:14:44', 1048585, 16),
(208, 1, 1, 2, 16777254, '2023-03-16 15:57:29', NULL, 1048585, 17),
(209, 1, 0, 2, 16777246, '2023-03-16 15:58:25', '2023-03-29 13:45:16', 1048585, 17),
(223, 1, 1, 2, 16777254, '2023-03-16 16:01:02', NULL, 1048585, 18),
(224, 1, 0, 2, 16777246, '2023-03-16 16:02:06', '2023-03-17 14:11:33', 1048585, 18),
(238, 1, 1, 2, 16777254, '2023-03-16 16:05:32', NULL, 1048585, 19),
(239, 1, 0, 2, 16777246, '2023-03-16 16:07:00', '2023-03-16 16:22:39', 1048585, 19),
(253, 1, 1, 2, 16777254, '2023-03-16 16:09:48', NULL, 1048585, 20),
(254, 1, 0, 2, 16777246, '2023-03-16 16:10:46', '2023-03-17 14:05:02', 1048585, 20),
(326, 1, 1, 2, 16777254, '2023-04-20 20:36:28', NULL, 1048585, 21),
(327, 1, 0, 2, 16777246, '2023-04-20 20:39:00', '2023-04-21 17:35:53', 1048585, 21),
(343, 1, 1, 2, 16777254, '2023-04-20 21:49:14', NULL, 1048585, 22),
(344, 1, 0, 2, 16777246, '2023-04-20 21:51:22', '2023-04-21 17:35:41', 1048585, 22),
(360, 1, 1, 2, 16777254, '2023-05-17 16:28:49', NULL, 1048585, 23),
(361, 1, 0, 2, 16777246, '2023-05-17 16:30:31', '2023-05-18 13:46:02', 1048585, 23),
(375, 1, 1, 2, 16777254, '2023-05-17 16:35:08', NULL, 1048585, 24),
(376, 1, 0, 2, 16777246, '2023-05-17 16:36:24', '2023-05-18 13:47:40', 1048585, 24),
(390, 1, 1, 2, 16777254, '2023-05-17 16:44:05', NULL, 1048585, 25),
(391, 1, 0, 2, 16777246, '2023-05-17 16:45:37', '2023-05-18 13:50:52', 1048585, 25),
(405, 1, 1, 2, 16777254, '2023-05-17 16:49:59', NULL, 1048585, 26),
(406, 1, 0, 2, 16777246, '2023-05-17 16:51:19', '2023-05-18 13:54:13', 1048585, 26),
(420, 1, 1, 2, 16777254, '2023-05-17 19:15:10', NULL, 1048585, 27),
(421, 1, 0, 2, 16777246, '2023-05-17 19:16:42', '2023-05-18 13:53:50', 1048585, 27),
(437, 1, 1, 2, 16777254, '2023-05-17 19:42:16', NULL, 1048585, 28),
(438, 1, 0, 2, 16777246, '2023-05-17 19:45:50', '2023-05-18 14:51:27', 1048585, 28),
(461, 1, 1, 2, 16777254, '2023-05-17 19:55:07', NULL, 1048585, 29),
(462, 1, 0, 2, 16777246, '2023-05-17 19:56:42', '2023-05-18 14:52:01', 1048585, 29),
(482, 1, 1, 2, 16777254, '2023-05-17 20:05:59', NULL, 1048585, 30),
(483, 1, 0, 2, 16777246, '2023-05-17 20:26:36', '2023-05-17 20:27:10', 1048585, 30),
(499, 1, 1, 2, 16777254, '2023-05-17 22:11:53', NULL, 1048585, 31),
(500, 1, 0, 2, 16777246, '2023-05-17 22:14:10', '2024-03-19 16:56:53', 1048585, 31),
(516, 1, 1, 2, 16777254, '2023-05-17 23:28:46', NULL, 1048585, 32),
(517, 1, 0, 2, 16777246, '2023-05-17 23:30:50', '2023-05-17 23:33:32', 1048585, 32),
(534, 1, 1, 2, 16777254, '2023-05-17 23:34:32', NULL, 1048585, 33),
(535, 1, 0, 2, 16777246, '2023-05-17 23:36:11', NULL, 1048585, 33),
(551, 1, 1, 2, 16777254, '2023-05-17 23:39:19', NULL, 1048585, 34),
(553, 1, 0, 2, 16777246, '2023-05-17 23:42:34', NULL, 1048585, 34),
(574, 1, 1, 2, 16777254, '2023-05-17 23:49:30', NULL, 1048585, 35),
(575, 1, 0, 2, 16777246, '2023-05-17 23:51:28', NULL, 1048585, 35),
(592, 1, 1, 2, 16777254, '2023-05-17 23:55:45', NULL, 1048585, 36),
(593, 1, 0, 2, 16777246, '2023-05-17 23:57:38', NULL, 1048585, 36),
(609, 1, 1, 2, 16777254, '2023-05-18 00:02:45', NULL, 1048585, 37),
(610, 1, 0, 2, 16777246, '2023-05-18 00:04:42', NULL, 1048585, 37),
(629, 1, 1, 2, 16777254, '2023-05-18 00:09:06', NULL, 1048585, 38),
(630, 1, 0, 2, 16777246, '2023-05-18 00:10:37', NULL, 1048585, 38),
(649, 1, 1, 2, 16777254, '2023-05-18 00:15:17', NULL, 1048585, 39),
(650, 1, 0, 2, 16777246, '2023-05-18 00:16:46', NULL, 1048585, 39),
(667, 1, 1, 2, 16777254, '2023-05-18 00:20:57', NULL, 1048585, 40),
(668, 1, 0, 2, 16777246, '2023-05-18 00:22:22', NULL, 1048585, 40),
(684, 1, 1, 2, 16777254, '2023-05-18 00:27:18', NULL, 1048585, 41),
(685, 1, 0, 2, 16777246, '2023-05-18 00:32:11', NULL, 1048585, 41),
(706, 1, 1, 2, 16777254, '2023-05-18 00:37:24', NULL, 1048585, 42),
(707, 1, 0, 2, 16777246, '2023-05-18 00:38:41', NULL, 1048585, 42),
(726, 1, 1, 2, 16777254, '2023-05-18 00:42:25', NULL, 1048585, 43),
(727, 1, 0, 2, 16777246, '2023-05-18 00:43:46', '2024-03-19 19:56:22', 1048585, 43),
(769, 1, 1, 2, 16777254, '2023-05-18 00:56:06', NULL, 1048585, 44),
(770, 1, 0, 2, 16777246, '2023-05-18 00:57:33', NULL, 1048585, 44),
(786, 1, 1, 2, 16777254, '2023-05-18 01:01:43', NULL, 1048585, 45),
(787, 1, 0, 2, 16777246, '2023-05-18 01:03:13', NULL, 1048585, 45),
(790, 1, 0, 3, 16777220, '2023-05-18 01:06:07', NULL, 1048585, 46),
(791, 1, 0, 3, 16777222, '2023-05-18 01:06:07', NULL, 1048585, 46),
(792, 1, 0, 3, 16777223, '2023-05-18 01:06:07', NULL, 1048585, 46),
(793, 1, 0, 3, 16777224, '2023-05-18 01:06:07', NULL, 1048585, 46),
(794, 1, 1, 3, 16777247, '2023-05-18 01:06:07', NULL, 1048585, 46),
(796, 1, 2, 3, 16777247, '2023-05-18 01:06:07', '2024-06-17 21:26:27', 1048585, 46),
(798, 1, 0, 2, 16777243, '2023-05-18 01:06:07', NULL, 1048585, 46),
(799, 1, 0, 2, 16777245, '2023-05-18 01:06:07', NULL, 1048585, 46),
(818, 1, 1, 2, 16777254, '2023-05-18 01:15:39', NULL, 1048585, 47),
(819, 1, 0, 2, 16777246, '2023-05-18 01:17:31', '2023-05-18 14:03:51', 1048585, 47),
(836, 1, 1, 2, 16777254, '2023-05-18 01:23:21', NULL, 1048585, 48),
(837, 1, 0, 2, 16777246, '2023-05-18 01:24:48', NULL, 1048585, 48),
(854, 1, 1, 2, 16777254, '2023-05-18 01:29:01', NULL, 1048585, 49),
(855, 1, 0, 2, 16777246, '2023-05-18 01:30:15', NULL, 1048585, 49),
(873, 1, 1, 2, 16777254, '2023-05-18 01:33:57', NULL, 1048585, 50),
(874, 1, 0, 2, 16777246, '2023-05-18 01:35:22', NULL, 1048585, 50),
(905, 1, 1, 2, 16777254, '2023-05-18 01:44:25', NULL, 1048585, 51),
(906, 1, 0, 2, 16777246, '2023-05-18 01:45:51', NULL, 1048585, 51),
(929, 1, 1, 2, 16777254, '2023-05-18 01:51:22', NULL, 1048585, 52),
(930, 1, 0, 2, 16777246, '2023-05-18 01:52:48', NULL, 1048585, 52),
(948, 1, 1, 2, 16777254, '2023-05-18 01:56:26', NULL, 1048585, 53),
(949, 1, 0, 2, 16777246, '2023-05-18 01:57:56', NULL, 1048585, 53),
(972, 1, 1, 2, 16777254, '2023-05-18 02:03:17', NULL, 1048585, 54),
(973, 1, 0, 2, 16777246, '2023-05-18 02:04:32', NULL, 1048585, 54),
(991, 1, 1, 2, 16777254, '2023-05-18 02:08:01', NULL, 1048585, 55),
(992, 1, 0, 2, 16777246, '2023-05-18 02:09:51', '2024-06-17 21:08:11', 1048585, 55),
(1009, 1, 1, 2, 16777254, '2023-05-18 02:15:00', NULL, 1048585, 56),
(1010, 1, 0, 2, 16777246, '2023-05-18 02:16:22', NULL, 1048585, 56),
(1027, 1, 1, 2, 16777254, '2023-05-18 02:19:33', NULL, 1048585, 57),
(1028, 1, 0, 2, 16777246, '2023-05-18 02:20:57', NULL, 1048585, 57),
(1044, 1, 1, 2, 16777254, '2023-05-18 02:24:14', NULL, 1048585, 58),
(1045, 1, 0, 2, 16777246, '2023-05-18 02:25:51', NULL, 1048585, 58),
(1081, 1, 1, 2, 16777254, '2023-05-18 02:37:36', NULL, 1048585, 59),
(1082, 1, 0, 2, 16777246, '2023-05-18 02:39:03', '2024-03-19 19:36:52', 1048585, 59),
(1099, 1, 1, 2, 16777254, '2023-05-18 02:42:24', NULL, 1048585, 60),
(1100, 1, 0, 2, 16777246, '2023-05-18 02:43:46', NULL, 1048585, 60),
(1116, 1, 1, 2, 16777254, '2023-05-18 02:54:25', NULL, 1048585, 62),
(1117, 1, 0, 2, 16777246, '2023-05-18 02:55:44', '2024-03-19 16:52:03', 1048585, 62),
(1133, 1, 1, 2, 16777254, '2023-05-18 02:57:38', NULL, 1048585, 61),
(1134, 1, 0, 2, 16777246, '2023-05-18 02:59:02', NULL, 1048585, 61),
(1161, 1, 1, 2, 16777254, '2023-05-18 03:05:59', NULL, 1048585, 63),
(1162, 1, 0, 2, 16777246, '2023-05-18 03:07:17', '2024-03-19 20:05:29', 1048585, 63),
(1178, 1, 1, 2, 16777254, '2023-05-18 03:10:10', NULL, 1048585, 64),
(1179, 1, 0, 2, 16777246, '2023-05-18 03:11:28', NULL, 1048585, 64),
(1196, 1, 1, 2, 16777254, '2023-05-18 03:15:04', NULL, 1048585, 65),
(1197, 1, 0, 2, 16777246, '2023-05-18 03:16:28', '2024-05-02 17:26:49', 1048585, 65),
(1213, 1, 1, 2, 16777254, '2023-05-18 03:19:01', NULL, 1048585, 66),
(1214, 1, 0, 2, 16777246, '2023-05-18 03:20:05', '2023-05-18 16:44:51', 1048585, 66),
(1235, 1, 2, 2, 16777254, '2024-05-02 16:30:09', NULL, 1048585, 67),
(1236, 1, 0, 2, 16777246, '2024-05-02 16:30:41', '2024-05-02 17:15:17', 1048585, 67),
(1252, 1, 2, 2, 16777254, '2024-05-02 17:08:05', NULL, 1048585, 68),
(1253, 1, 0, 2, 16777246, '2024-05-02 17:09:05', '2024-05-02 17:11:44', 1048585, 68),
(1281, 1, 2, 2, 16777254, '2024-05-02 17:42:06', NULL, 1048585, 69),
(1282, 1, 0, 2, 16777246, '2024-05-02 17:44:35', NULL, 1048585, 69),
(1299, 1, 2, 2, 16777254, '2024-05-08 15:00:26', NULL, 1048585, 70),
(1300, 1, 0, 2, 16777246, '2024-05-08 15:02:16', '2024-05-08 15:03:08', 1048585, 70),
(1322, 1, 2, 2, 16777254, '2024-05-08 15:22:06', NULL, 1048585, 71),
(1324, 1, 0, 2, 16777246, '2024-05-08 15:26:26', NULL, 1048585, 71),
(1340, 1, 2, 2, 16777254, '2024-05-08 15:38:12', NULL, 1048585, 72),
(1342, 1, 0, 2, 16777246, '2024-05-08 15:41:41', '2024-06-17 21:27:09', 1048585, 72),
(1358, 1, 2, 2, 16777254, '2024-06-17 20:44:56', NULL, 1048585, 76),
(1359, 1, 0, 2, 16777246, '2024-06-17 20:46:21', '2024-06-17 20:48:56', 1048585, 76),
(1376, 1, 0, 2, 16777246, '2024-06-17 21:17:15', '2024-06-17 21:17:54', 1048585, 77),
(1378, 1, 1, 2, 16777253, '2024-06-17 21:25:09', NULL, 1048585, 77),
(1379, 1, 2, 2, 16777253, '2024-06-17 21:25:09', NULL, 1048585, 77),
(1388, 1, 1, 3, 16777258, '2025-01-15 02:24:18', NULL, 0, 0),
(1389, 1, 2, 3, 16777258, '2025-01-15 02:24:18', NULL, 0, 0),
(1390, 1, 1, 3, 16777258, '2025-02-01 00:11:26', NULL, 0, 0),
(1391, 1, 2, 3, 16777258, '2025-02-01 00:11:26', NULL, 0, 0),
(1392, 1, 1, 3, 16777258, '2025-03-01 00:24:08', NULL, 0, 0),
(1393, 1, 2, 3, 16777258, '2025-03-01 00:24:08', NULL, 0, 0),
(1394, 1, 1, 3, 16777258, '2025-03-29 00:29:55', NULL, 0, 0),
(1395, 1, 2, 3, 16777258, '2025-03-29 00:29:55', NULL, 0, 0),
(1396, 1, 1, 3, 16777258, '2025-04-01 00:02:43', NULL, 0, 0),
(1397, 1, 2, 3, 16777258, '2025-04-01 00:02:43', NULL, 0, 0),
(1398, 1, 1, 3, 16777258, '2025-05-01 00:10:42', NULL, 0, 0),
(1399, 1, 2, 3, 16777258, '2025-05-01 00:10:42', NULL, 0, 0),
(1400, 1, 1, 3, 16777258, '2025-05-31 00:27:00', NULL, 0, 0),
(1401, 1, 2, 3, 16777258, '2025-05-31 00:27:00', NULL, 0, 0),
(1402, 1, 1, 3, 16777258, '2025-06-01 00:33:04', NULL, 0, 0),
(1403, 1, 2, 3, 16777258, '2025-06-01 00:33:05', NULL, 0, 0),
(1404, 1, 1, 3, 16777258, '2025-07-01 00:28:42', NULL, 0, 0),
(1405, 1, 2, 3, 16777258, '2025-07-01 00:28:42', NULL, 0, 0);

-- --------------------------------------------------------

--
-- Estructura de tabla para la tabla `notification_mail_list`
--

CREATE TABLE `notification_mail_list` (
  `notification_mail_list_id` bigint(20) NOT NULL,
  `email` varchar(90) NOT NULL,
  `confirmed` smallint(6) NOT NULL DEFAULT '0',
  `token` varchar(40) NOT NULL,
  `context` bigint(20) NOT NULL
) ENGINE=InnoDB DEFAULT CHARSET=utf8;

-- --------------------------------------------------------

--
-- Estructura de tabla para la tabla `notification_settings`
--

CREATE TABLE `notification_settings` (
  `notification_id` bigint(20) NOT NULL,
  `locale` varchar(14) DEFAULT NULL,
  `setting_name` varchar(64) NOT NULL,
  `setting_value` text NOT NULL,
  `setting_type` varchar(6) NOT NULL COMMENT '(bool|int|float|string|object)'
) ENGINE=InnoDB DEFAULT CHARSET=utf8;

--
-- Volcado de datos para la tabla `notification_settings`
--

INSERT INTO `notification_settings` (`notification_id`, `locale`, `setting_name`, `setting_value`, `setting_type`) VALUES
(1388, '', 'contents', 'Esto es un amable recordatorio para que compruebe la salud de su revista a través del informe editorial.', 'string'),
(1389, '', 'contents', 'Esto es un amable recordatorio para que compruebe la salud de su revista a través del informe editorial.', 'string'),
(1390, '', 'contents', 'Esto es un amable recordatorio para que compruebe la salud de su revista a través del informe editorial.', 'string'),
(1391, '', 'contents', 'Esto es un amable recordatorio para que compruebe la salud de su revista a través del informe editorial.', 'string'),
(1392, '', 'contents', 'Esto es un amable recordatorio para que compruebe la salud de su revista a través del informe editorial.', 'string'),
(1393, '', 'contents', 'Esto es un amable recordatorio para que compruebe la salud de su revista a través del informe editorial.', 'string'),
(1394, '', 'contents', 'Esto es un amable recordatorio para que compruebe la salud de su revista a través del informe editorial.', 'string'),
(1395, '', 'contents', 'Esto es un amable recordatorio para que compruebe la salud de su revista a través del informe editorial.', 'string'),
(1396, '', 'contents', 'Esto es un amable recordatorio para que compruebe la salud de su revista a través del informe editorial.', 'string'),
(1397, '', 'contents', 'Esto es un amable recordatorio para que compruebe la salud de su revista a través del informe editorial.', 'string'),
(1398, '', 'contents', 'Esto es un amable recordatorio para que compruebe la salud de su revista a través del informe editorial.', 'string'),
(1399, '', 'contents', 'Esto es un amable recordatorio para que compruebe la salud de su revista a través del informe editorial.', 'string'),
(1400, '', 'contents', 'Esto es un amable recordatorio para que compruebe la salud de su revista a través del informe editorial.', 'string'),
(1401, '', 'contents', 'Esto es un amable recordatorio para que compruebe la salud de su revista a través del informe editorial.', 'string'),
(1402, '', 'contents', 'Esto es un amable recordatorio para que compruebe la salud de su revista a través del informe editorial.', 'string'),
(1403, '', 'contents', 'Esto es un amable recordatorio para que compruebe la salud de su revista a través del informe editorial.', 'string'),
(1404, '', 'contents', 'Esto es un amable recordatorio para que compruebe la salud de su revista a través del informe editorial.', 'string'),
(1405, '', 'contents', 'Esto es un amable recordatorio para que compruebe la salud de su revista a través del informe editorial.', 'string');

-- --------------------------------------------------------

--
-- Estructura de tabla para la tabla `notification_subscription_settings`
--

CREATE TABLE `notification_subscription_settings` (
  `setting_id` bigint(20) NOT NULL,
  `setting_name` varchar(64) NOT NULL,
  `setting_value` text NOT NULL,
  `user_id` bigint(20) NOT NULL,
  `context` bigint(20) NOT NULL,
  `setting_type` varchar(6) NOT NULL COMMENT '(bool|int|float|string|object)'
) ENGINE=InnoDB DEFAULT CHARSET=utf8;

-- --------------------------------------------------------

--
-- Estructura de tabla para la tabla `oai_resumption_tokens`
--

CREATE TABLE `oai_resumption_tokens` (
  `token` varchar(32) NOT NULL,
  `expire` bigint(20) NOT NULL,
  `record_offset` int(11) NOT NULL,
  `params` text
) ENGINE=InnoDB DEFAULT CHARSET=utf8;

-- --------------------------------------------------------

--
-- Estructura de tabla para la tabla `plugin_settings`
--

CREATE TABLE `plugin_settings` (
  `plugin_name` varchar(80) NOT NULL,
  `context_id` bigint(20) NOT NULL,
  `setting_name` varchar(80) NOT NULL,
  `setting_value` text,
  `setting_type` varchar(6) NOT NULL COMMENT '(bool|int|float|string|object)'
) ENGINE=InnoDB DEFAULT CHARSET=utf8;

--
-- Volcado de datos para la tabla `plugin_settings`
--

INSERT INTO `plugin_settings` (`plugin_name`, `context_id`, `setting_name`, `setting_value`, `setting_type`) VALUES
('acronplugin', 0, 'crontab', '[{\"className\":\"plugins.generic.usageStats.UsageStatsLoader\",\"frequency\":{\"hour\":24},\"args\":[\"autoStage\"]},{\"className\":\"plugins.generic.usageStats.UsageStatsLoader\",\"frequency\":{\"hour\":24},\"args\":[\"autoStage\"]},{\"className\":\"plugins.generic.usageStats.UsageStatsLoader\",\"frequency\":{\"hour\":24},\"args\":[\"autoStage\"]},{\"className\":\"plugins.generic.usageStats.UsageStatsLoader\",\"frequency\":{\"hour\":24},\"args\":[\"autoStage\"]},{\"className\":\"plugins.generic.usageStats.UsageStatsLoader\",\"frequency\":{\"hour\":24},\"args\":[\"autoStage\"]},{\"className\":\"plugins.generic.usageStats.UsageStatsLoader\",\"frequency\":{\"hour\":24},\"args\":[\"autoStage\"]},{\"className\":\"lib.pkp.classes.task.ReviewReminder\",\"frequency\":{\"hour\":24},\"args\":[]},{\"className\":\"lib.pkp.classes.task.PublishSubmissions\",\"frequency\":{\"hour\":24},\"args\":[]},{\"className\":\"lib.pkp.classes.task.StatisticsReport\",\"frequency\":{\"day\":\"1\"},\"args\":[]}]', 'object'),
('acronplugin', 0, 'enabled', '1', 'bool'),
('browseblockplugin', 1, 'browseCategories', '1', 'bool'),
('browseblockplugin', 1, 'browseNewReleases', '1', 'bool'),
('browseblockplugin', 1, 'browseSeries', '1', 'bool'),
('browseblockplugin', 1, 'context', '1', 'int'),
('browseblockplugin', 1, 'enabled', '1', 'bool'),
('browseblockplugin', 1, 'seq', '1', 'int'),
('customblockmanagerplugin', 1, 'blocks', '[\"redes-sociales\",\"indexaciones\"]', 'object'),
('customblockmanagerplugin', 1, 'enabled', '1', 'bool'),
('defaultthemeplugin', 0, 'enabled', '1', 'bool'),
('defaultthemeplugin', 1, 'baseColour', '#FFFFFF', 'string'),
('defaultthemeplugin', 1, 'enabled', '1', 'bool'),
('defaultthemeplugin', 1, 'typography', 'notoSans', 'string'),
('defaultthemeplugin', 1, 'useHomepageImageAsHeader', 'true', 'string'),
('developedbyblockplugin', 0, 'context', '1', 'int'),
('developedbyblockplugin', 0, 'enabled', '0', 'bool'),
('developedbyblockplugin', 0, 'seq', '0', 'int'),
('developedbyblockplugin', 1, 'context', '1', 'int'),
('developedbyblockplugin', 1, 'enabled', '0', 'bool'),
('developedbyblockplugin', 1, 'seq', '0', 'int'),
('dublincoremetaplugin', 1, 'enabled', '1', 'bool'),
('googlescholarplugin', 1, 'enabled', '1', 'bool'),
('htmlmonographfileplugin', 1, 'enabled', '1', 'bool'),
('indexaciones', 1, 'blockContent', '{\"es_ES\":\"\"}', 'object'),
('indexaciones', 1, 'blockTitle', '{\"es_ES\":\"Indexaciones\"}', 'object'),
('indexaciones', 1, 'enabled', '1', 'bool'),
('indexaciones', 1, 'showName', '1', 'string'),
('informationblockplugin', 1, 'context', '1', 'int'),
('informationblockplugin', 1, 'enabled', '1', 'bool'),
('informationblockplugin', 1, 'seq', '7', 'int'),
('languagetoggleblockplugin', 0, 'context', '1', 'int'),
('languagetoggleblockplugin', 0, 'enabled', '1', 'bool'),
('languagetoggleblockplugin', 0, 'seq', '4', 'int'),
('languagetoggleblockplugin', 1, 'context', '1', 'int'),
('languagetoggleblockplugin', 1, 'enabled', '1', 'bool'),
('languagetoggleblockplugin', 1, 'seq', '4', 'int'),
('pdfjsviewerplugin', 1, 'enabled', '1', 'bool'),
('redes-sociales', 1, 'blockContent', '{\"es_ES\":\"<div style=\\\"display: flex; flex-direction: column;\\\">\\r\\n<p style=\\\"display: flex; align-items: center; justify-content: space-between;\\\"><a href=\\\"https:\\/\\/www.facebook.com\\/unilibrebogota\\\"><img style=\\\"width: 45px;\\\" src=\\\"https:\\/\\/libros.unilibre.edu.co\\/public\\/site\\/images\\/nrodriguez\\/facebook-logo-icon-189224.png\\\" alt=\\\"\\\" width=\\\"32\\\" height=\\\"32\\\"> <\\/a><a style=\\\"background-color: #ffffff; display: inline !important;\\\" href=\\\"https:\\/\\/www.instagram.com\\/ulibrebogota\\/\\\"><img style=\\\"width: 45px;\\\" src=\\\"https:\\/\\/libros.unilibre.edu.co\\/public\\/site\\/images\\/nrodriguez\\/instagram-logosu-eb7b1cfe6617ec67b79608d71f768174.png\\\" alt=\\\"\\\" width=\\\"35\\\" height=\\\"35\\\">&nbsp;<\\/a> <a href=\\\"https:\\/\\/www.youtube.com\\/@CanalUnilibre\\\"> <img style=\\\"width: 45px;\\\" src=\\\"https:\\/\\/libros.unilibre.edu.co\\/public\\/site\\/images\\/nrodriguez\\/youtube-logo-a997c3d4642a6fdf1a6bea64090f950f.png\\\" alt=\\\"\\\" width=\\\"32\\\" height=\\\"23\\\"> <\\/a><\\/p>\\r\\n<p style=\\\"display: flex; align-items: center; justify-content: space-between;\\\"><a href=\\\"https:\\/\\/www.unilibre.edu.co\\/investigacion\\\"> <img style=\\\"width: 50px;\\\" src=\\\"https:\\/\\/libros.unilibre.edu.co\\/public\\/site\\/images\\/nrodriguez\\/escudo-de-la-universidad-libre-de-colombia.svg.png\\\" alt=\\\"\\\" width=\\\"39\\\" height=\\\"39\\\"> <\\/a> <br><a href=\\\"https:\\/\\/repository.unilibre.edu.co\\/\\\"> &nbsp;<img style=\\\"width: 60px;\\\" src=\\\"https:\\/\\/libros.unilibre.edu.co\\/public\\/site\\/images\\/nrodriguez\\/logo-riu.png\\\" alt=\\\"\\\" width=\\\"47\\\" height=\\\"46\\\">&nbsp;<\\/a> <br><a href=\\\"https:\\/\\/revistas.unilibre.edu.co\\/\\\"> <img style=\\\"width: 100px;\\\" src=\\\"https:\\/\\/libros.unilibre.edu.co\\/public\\/site\\/images\\/nrodriguez\\/revistas.jpg\\\" alt=\\\"\\\" width=\\\"85\\\" height=\\\"28\\\"> <\\/a><\\/p>\\r\\n<\\/div>\"}', 'object'),
('redes-sociales', 1, 'blockTitle', '{\"es_ES\":\"Redes Sociales\"}', 'object'),
('redes-sociales', 1, 'enabled', '1', 'bool'),
('redes-sociales', 1, 'showName', '1', 'string'),
('tinymceplugin', 0, 'enabled', '1', 'bool'),
('tinymceplugin', 1, 'enabled', '1', 'bool'),
('usageeventplugin', 0, 'enabled', '1', 'bool'),
('usageeventplugin', 0, 'uniqueSiteId', '6409c74ae8e8a', 'string'),
('usagestatsplugin', 0, 'accessLogFileParseRegex', '/^(?P<ip>\\S+) \\S+ \\S+ \\[(?P<date>.*?)\\] \"\\S+ (?P<url>\\S+).*?\" (?P<returnCode>\\S+) \\S+ \".*?\" \"(?P<userAgent>.*?)\"/', 'string'),
('usagestatsplugin', 0, 'chartType', 'bar', 'string'),
('usagestatsplugin', 0, 'createLogFiles', '1', 'bool'),
('usagestatsplugin', 0, 'datasetMaxCount', '4', 'string'),
('usagestatsplugin', 0, 'enabled', '1', 'bool'),
('usagestatsplugin', 0, 'optionalColumns', '[\"city\",\"region\"]', 'object'),
('webfeedplugin', 1, 'displayItems', '1', 'bool'),
('webfeedplugin', 1, 'displayPage', 'homepage', 'string'),
('webfeedplugin', 1, 'enabled', '1', 'bool');

-- --------------------------------------------------------

--
-- Estructura de tabla para la tabla `presses`
--

CREATE TABLE `presses` (
  `press_id` bigint(20) NOT NULL,
  `path` varchar(32) NOT NULL,
  `seq` double(8,2) NOT NULL DEFAULT '0.00',
  `primary_locale` varchar(14) NOT NULL,
  `enabled` smallint(6) NOT NULL DEFAULT '1'
) ENGINE=InnoDB DEFAULT CHARSET=utf8;

--
-- Volcado de datos para la tabla `presses`
--

INSERT INTO `presses` (`press_id`, `path`, `seq`, `primary_locale`, `enabled`) VALUES
(1, 'unilibre', 1.00, 'es_ES', 1);

-- --------------------------------------------------------

--
-- Estructura de tabla para la tabla `press_settings`
--

CREATE TABLE `press_settings` (
  `press_id` bigint(20) NOT NULL,
  `locale` varchar(14) NOT NULL DEFAULT '',
  `setting_name` varchar(255) NOT NULL,
  `setting_value` text,
  `setting_type` varchar(6) DEFAULT NULL
) ENGINE=InnoDB DEFAULT CHARSET=utf8;

--
-- Volcado de datos para la tabla `press_settings`
--

INSERT INTO `press_settings` (`press_id`, `locale`, `setting_name`, `setting_value`, `setting_type`) VALUES
(1, '', 'agencies', '0', NULL),
(1, '', 'catalogSortOption', 'title-1', NULL),
(1, '', 'citations', 'request', NULL),
(1, '', 'coverage', '0', NULL),
(1, '', 'coverThumbnailsMaxHeight', '500', NULL),
(1, '', 'coverThumbnailsMaxWidth', '500', NULL),
(1, '', 'defaultReviewMode', '2', NULL),
(1, '', 'disableSubmissions', '0', NULL),
(1, '', 'disciplines', '0', NULL),
(1, '', 'displayFeaturedBooks', '1', NULL),
(1, '', 'displayInSpotlight', '1', NULL),
(1, '', 'displayNewReleases', '1', NULL),
(1, '', 'emailSignature', '<br/>\n________________________________________________________________________<br/>\n<a href=\"{$ldelim}$contextUrl{$rdelim}\">{$ldelim}$contextName{$rdelim}</a>', NULL),
(1, '', 'enableAnnouncements', '0', NULL),
(1, '', 'enablePublisherId', '[]', NULL),
(1, '', 'itemsPerPage', '25', NULL),
(1, '', 'keywords', 'request', NULL),
(1, '', 'languages', 'request', NULL),
(1, '', 'numPageLinks', '10', NULL),
(1, '', 'numWeeksPerResponse', '4', NULL),
(1, '', 'numWeeksPerReview', '4', NULL),
(1, '', 'paymentPluginName', 'ManualPayment', NULL),
(1, '', 'restrictReviewerFileAccess', '1', NULL),
(1, '', 'rights', 'request', NULL),
(1, '', 'sidebar', '[\"informationblockplugin\",\"browseblockplugin\",\"redes-sociales\",\"languagetoggleblockplugin\",\"indexaciones\"]', NULL),
(1, '', 'source', '0', NULL),
(1, '', 'styleSheet', '{\"name\":\"styles.css\",\"uploadName\":\"styleSheet.css\",\"dateUploaded\":\"2023-03-29 14:59:02\"}', NULL),
(1, '', 'subjects', '0', NULL),
(1, '', 'supportedFormLocales', '[\"es_ES\"]', NULL),
(1, '', 'supportedLocales', '[\"es_ES\",\"en_US\"]', NULL),
(1, '', 'supportedSubmissionLocales', '[\"es_ES\"]', NULL),
(1, '', 'themePluginPath', 'default', NULL),
(1, '', 'type', 'enable', NULL),
(1, 'en_US', 'acronym', NULL, NULL),
(1, 'en_US', 'authorInformation', 'Interested in submitting to this press? We recommend that you review the <a href=\"https://unilibre-omp.repositoriodigital.com/index.php/unilibre/about\">About the Press</a> page for the press\' section policies and <a href=\"https://unilibre-omp.repositoriodigital.com/index.php/unilibre/about/submissions#authorGuidelines\">Author Guidelines</a>. Authors need to <a href=\"https://unilibre-omp.repositoriodigital.com/index.php/unilibre/user/register\">register</a> with the press prior to submitting, or if already registered can simply <a href=\"https://unilibre-omp.repositoriodigital.com/index.php/index/login\">log in</a> and begin the 5 step process.', NULL),
(1, 'en_US', 'librarianInformation', 'We encourage research librarians to list this press among their library\'s electronic press holdings. As well, this open source publishing system is suitable for libraries to host for their faculty members to use with presses they are involved in editing (see <a href=\"http://pkp.sfu.ca/omp\">Open Monograph Press</a>).', NULL),
(1, 'en_US', 'name', NULL, NULL),
(1, 'en_US', 'openAccessPolicy', 'This press provides immediate open access to its content on the principle that making research freely available to the public supports a greater global exchange of knowledge.', NULL),
(1, 'en_US', 'privacyStatement', '<p>The names and email addresses entered in this press site will be used exclusively for the stated purposes of this press and will not be made available for any other purpose or to any other party.</p>', NULL),
(1, 'en_US', 'readerInformation', 'We encourage readers to sign up for the publishing notification service for this press. Use the <a href=\"https://unilibre-omp.repositoriodigital.com/index.php/unilibre/user/register\">Register</a> link at the top of the homepage for the press. This registration will result in the reader receiving the Table of Contents by email for each new monograph of the press. This list also allows the press to claim a certain level of support or readership. See the press <a href=\"https://unilibre-omp.repositoriodigital.com/index.php/unilibre/about/submissions#privacyStatement\">Privacy Statement</a> which assures readers that their name and email address will not be used for other purposes.', NULL),
(1, 'en_US', 'submissionChecklist', '[{\"order\":1,\"content\":\"The submission has not been previously published, nor is it before another press for consideration (or an explanation has been provided in Comments to the Editor).\"},{\"order\":2,\"content\":\"The submission file is in the Microsoft Word, RTF, or OpenDocument file format.\"},{\"order\":3,\"content\":\"Where available, URLs for the references have been provided.\"},{\"order\":4,\"content\":\"The text is single-spaced; uses a 12-point font; employs italics, rather than underlining (except with URL addresses); and all illustrations, figures, and tables are placed within the text at the appropriate points, rather than at the end.\"},{\"order\":5,\"content\":\"The text adheres to the stylistic and bibliographic requirements outlined in the <a href=\\\"https:\\/\\/unilibre-omp.repositoriodigital.com\\/index.php\\/unilibre\\/about\\/submissions#authorGuidelines\\\" target=\\\"_blank\\\">Author Guidelines<\\/a>, which is found in About the Press.\"}]', NULL),
(1, 'es_ES', 'acronym', 'UL', NULL),
(1, 'es_ES', 'authorInformation', '¿Le interesa hacer un envío a esta publicación? Le recomendamos que revise los apartados <a href=\"https://unilibre-omp.repositoriodigital.com/index.php/unilibre/about\">Acerca de la publicación</a>, para obtener información sobre las políticas de sección, y <a href=\"https://unilibre-omp.repositoriodigital.com/index.php/unilibre/about/submissions#authorGuidelines\">Directrices para autores/as</a>. Los autores/as deben <a href=\"https://unilibre-omp.repositoriodigital.com/index.php/unilibre/user/register\">registrarse</a> en la publicación antes realizar un envío o, si ya están registrados, simplemente <a href=\"https://unilibre-omp.repositoriodigital.com/index.php/index/login\">iniciar sesión</a> y empezar con el proceso de 5 pasos.', NULL),
(1, 'es_ES', 'favicon', '{\"name\":\"libre-favicon.png\",\"uploadName\":\"favicon_es_ES.png\",\"width\":62,\"height\":61,\"dateUploaded\":\"2023-03-09 11:48:04\",\"altText\":\"\"}', NULL),
(1, 'es_ES', 'homepageImage', '{\"name\":\"2 Portal naciona de libro UL 2014 6000x499px.png\",\"uploadName\":\"homepageImage_es_ES.png\",\"width\":4535,\"height\":500,\"dateUploaded\":\"2024-03-18 13:33:54\",\"altText\":\"\"}', NULL),
(1, 'es_ES', 'librarianInformation', 'Animamos a los bibliotecarios/as a listar esta publicación en sus fondos de publicaciones electrónicas. Además, este sistema de publicación de código abierto es apropiado para que las bibliotecas lo ofrezcan a sus miembros  involucrados en la edición de publicaciones (ver <a href=\"http://pkp.sfu.ca/omp\">Open Monograph Press</a>).', NULL),
(1, 'es_ES', 'name', 'U. Libre', NULL),
(1, 'es_ES', 'openAccessPolicy', 'Esta editorial proporciona acceso abierto inmediato a su contenido bajo el principio de que hacer disponible la investigación, abiertamente al público, fomenta un mayor intercambio de conocimiento global.', NULL),
(1, 'es_ES', 'pageFooter', '<div style=\"display: flex; justify-content: space-around;\"><img style=\"max-width: 100px;\" src=\"https://libros.unilibre.edu.co/public/escudo.png\" width=\"100\" height=\"100\" />\n<div style=\"text-align: center;\"><strong>Información de contacto:</strong> <br /><br />Dirección Nacional de Investigaciones <br />dir.investigaciones@unilibre.edu.co</div>\n<img style=\"max-width: 150px;\" src=\"https://libros.unilibre.edu.co/public/acreditacion.png\" width=\"150\" height=\"100\" /></div>', NULL),
(1, 'es_ES', 'privacyStatement', '<p>Los nombres y direcciones de correo electrónico introducidos en esta editorial se utilizarán exclusivamente para los fines declarados por la misma y no estarán disponibles para ningún otro propósito ni lugar.</p>', NULL),
(1, 'es_ES', 'readerInformation', 'Los lectores pueden darse de alta en el servicio de notificación de novedades. Para ello, utiliza el enlace de <a href=\"https://unilibre-omp.repositoriodigital.com/index.php/unilibre/user/register\">Crear cuenta</a> en la parte superior de la página. Este registro permitirá al lector recibir por correo electrónico la Tabla de Contenidos de cada novedad. Consulta la <a href=\"https://unilibre-omp.repositoriodigital.com/index.php/unilibre/about/submissions#privacyStatement\">Declaración de Privacidad</a> de la editorial que asegura a los lectores que su nombre y dirección de correo electrónico no será utilizada para otros fines.', NULL),
(1, 'es_ES', 'submissionChecklist', '[{\"order\":1,\"content\":\"La propuesta no ha sido publicada previamente, ni está bajo consideración de ninguna otra editorial (o se proporciona una explicación en \\\"Comentarios para la editorial\\\").\"},{\"order\":2,\"content\":\"El fichero de la propuesta está en formato Microsoft Word, RTF o OpenDocument.\"},{\"order\":3,\"content\":\"Se proporcionan las direcciones URLs de las referencias si están disponibles.\"},{\"order\":4,\"content\":\"El texto tiene interlineado simple, se utiliza una fuente de 12 puntos, cursiva en lugar de subrayado (exceptuando las direcciones URL), y todas las ilustraciones, figuras y tablas están dentro del texto en los lugares apropiados en lugar de al final.\"},{\"order\":5,\"content\":\"El texto se adhiere a los requisitos bibliográficos y de estilo indicados en las <a href=\\\"https:\\/\\/unilibre-omp.repositoriodigital.com\\/index.php\\/unilibre\\/about\\/submissions#authorGuidelines\\\" target=\\\"_blank\\\">Directrices para autores<\\/a>, que se encuentran en Acerca de la editorial.\"}]', NULL);

-- --------------------------------------------------------

--
-- Estructura de tabla para la tabla `publications`
--

CREATE TABLE `publications` (
  `publication_id` bigint(20) NOT NULL,
  `date_published` date DEFAULT NULL,
  `last_modified` datetime DEFAULT NULL,
  `locale` varchar(14) DEFAULT NULL,
  `primary_contact_id` bigint(20) DEFAULT NULL,
  `publication_date_type` varchar(32) DEFAULT 'pub',
  `publication_type` varchar(32) DEFAULT 'publication',
  `seq` double(8,2) NOT NULL DEFAULT '0.00',
  `series_id` bigint(20) DEFAULT NULL,
  `series_position` varchar(255) DEFAULT NULL,
  `submission_id` bigint(20) NOT NULL,
  `status` smallint(6) NOT NULL DEFAULT '1',
  `url_path` varchar(64) DEFAULT NULL,
  `version` bigint(20) DEFAULT NULL
) ENGINE=InnoDB DEFAULT CHARSET=utf8;

--
-- Volcado de datos para la tabla `publications`
--

INSERT INTO `publications` (`publication_id`, `date_published`, `last_modified`, `locale`, `primary_contact_id`, `publication_date_type`, `publication_type`, `seq`, `series_id`, `series_position`, `submission_id`, `status`, `url_path`, `version`) VALUES
(1, '2019-10-21', '2024-03-19 19:54:51', NULL, 21, 'pub', 'publication', 0.00, 1, NULL, 1, 3, NULL, 1),
(2, '2018-12-30', '2023-07-18 22:03:08', NULL, 22, 'pub', 'publication', 0.00, 1, NULL, 2, 3, NULL, 1),
(3, '2018-12-30', '2023-07-18 22:03:47', NULL, 23, 'pub', 'publication', 0.00, 1, NULL, 3, 3, NULL, 1),
(4, '2018-12-30', '2023-07-18 22:00:04', NULL, 24, 'pub', 'publication', 0.00, 1, NULL, 4, 3, NULL, 1),
(5, '2020-12-30', '2023-07-18 22:00:37', NULL, 28, 'pub', 'publication', 0.00, 1, NULL, 5, 3, NULL, 1),
(6, '2020-11-30', '2023-07-18 21:58:31', NULL, 47, 'pub', 'publication', 0.00, 2, NULL, 6, 3, NULL, 1),
(7, '2020-11-30', '2023-07-18 21:59:16', NULL, 49, 'pub', 'publication', 0.00, 2, NULL, 7, 3, NULL, 1),
(8, '2021-09-30', '2023-07-18 22:01:16', NULL, 67, 'pub', 'publication', 0.00, 2, NULL, 8, 3, NULL, 1),
(9, '2020-12-30', '2023-07-18 22:01:54', NULL, 29, 'pub', 'publication', 0.00, 1, NULL, 9, 3, NULL, 1),
(10, '2020-12-30', '2023-07-18 21:57:51', NULL, 31, 'pub', 'publication', 0.00, 1, NULL, 10, 3, NULL, 1),
(11, '2019-12-30', '2023-07-18 21:49:26', NULL, 25, 'pub', 'publication', 0.00, 1, NULL, 11, 3, NULL, 1),
(12, '2020-12-30', '2023-07-18 21:53:02', NULL, 27, 'pub', 'publication', 0.00, 1, NULL, 12, 3, NULL, 1),
(13, '2021-12-30', '2023-07-18 21:50:17', NULL, 30, 'pub', 'publication', 0.00, 1, NULL, 13, 3, NULL, 1),
(14, '2018-12-30', '2023-07-18 21:51:25', NULL, 33, 'pub', 'publication', 0.00, 2, NULL, 14, 3, NULL, 1),
(15, '2019-12-30', '2023-07-18 21:52:11', NULL, 34, 'pub', 'publication', 0.00, 2, NULL, 15, 3, NULL, 1),
(16, '2020-12-11', '2024-03-19 20:01:21', NULL, 42, 'pub', 'publication', 0.00, 2, NULL, 16, 3, NULL, 1),
(17, '2020-12-30', '2023-07-18 21:55:12', NULL, 45, 'pub', 'publication', 0.00, 2, NULL, 17, 3, NULL, 1),
(18, '2020-11-01', '2024-03-19 20:22:16', NULL, 53, 'pub', 'publication', 0.00, 2, NULL, 18, 3, NULL, 1),
(19, '2021-07-30', '2023-07-24 21:22:54', NULL, 68, 'pub', 'publication', 0.00, 2, NULL, 19, 3, NULL, 1),
(20, '2022-01-30', '2023-07-18 21:56:57', NULL, 74, 'pub', 'publication', 0.00, 2, NULL, 20, 3, NULL, 1),
(21, '2018-02-28', '2023-04-21 21:17:48', NULL, 77, 'pub', 'publication', 0.00, 3, NULL, 21, 3, NULL, 1),
(22, '2018-06-29', '2023-07-24 21:16:56', NULL, 79, 'pub', 'publication', 0.00, 3, NULL, 22, 3, NULL, 1),
(23, '2018-07-13', '2023-05-18 13:47:12', NULL, 273, 'pub', 'publication', 0.00, 3, NULL, 23, 3, NULL, 1),
(24, '2018-08-10', '2023-05-18 13:50:08', NULL, 274, 'pub', 'publication', 0.00, 3, NULL, 24, 3, NULL, 1),
(25, '2018-09-14', '2023-05-18 13:53:07', NULL, 277, 'pub', 'publication', 0.00, 3, NULL, 25, 3, NULL, 1),
(26, '2019-01-24', '2023-05-18 13:54:21', NULL, 83, 'pub', 'publication', 0.00, 3, NULL, 26, 1, NULL, 1),
(27, '2019-01-24', '2023-05-18 14:02:28', NULL, 279, 'pub', 'publication', 0.00, 3, NULL, 27, 3, NULL, 1),
(28, '2019-01-24', '2023-05-18 14:52:50', NULL, 86, 'pub', 'publication', 0.00, 3, NULL, 28, 3, NULL, 1),
(29, '2019-01-24', '2023-06-07 14:14:17', NULL, 91, 'pub', 'publication', 0.00, 3, NULL, 29, 3, NULL, 1),
(30, '2019-04-15', '2023-07-18 21:21:10', NULL, 95, 'pub', 'publication', 0.00, 3, NULL, 30, 3, NULL, 1),
(31, '2019-05-10', '2024-03-19 19:37:28', NULL, 100, 'pub', 'publication', 0.00, 3, NULL, 31, 3, NULL, 1),
(32, '2019-05-31', '2023-05-17 23:30:50', NULL, 101, 'pub', 'publication', 0.00, 3, NULL, 32, 3, NULL, 1),
(33, '2019-05-19', '2023-05-17 23:36:11', NULL, 103, 'pub', 'publication', 0.00, 3, NULL, 33, 3, NULL, 1),
(34, '2019-12-19', '2023-05-17 23:42:34', NULL, 105, 'pub', 'publication', 0.00, 3, NULL, 34, 3, NULL, 1),
(35, '2020-01-30', '2023-05-17 23:51:28', NULL, 107, 'pub', 'publication', 0.00, 3, NULL, 35, 3, NULL, 1),
(36, '2020-04-02', '2023-05-17 23:57:38', NULL, 114, 'pub', 'publication', 0.00, 3, NULL, 36, 3, NULL, 1),
(37, '2020-04-02', '2023-05-18 00:04:42', NULL, 116, 'pub', 'publication', 0.00, 3, NULL, 37, 3, NULL, 1),
(38, '2020-06-04', '2023-05-18 00:10:37', NULL, 118, 'pub', 'publication', 0.00, 3, NULL, 38, 3, NULL, 1),
(39, '2020-09-04', '2023-05-18 00:16:46', NULL, 122, 'pub', 'publication', 0.00, 3, NULL, 39, 3, NULL, 1),
(40, '2020-10-02', '2023-05-18 00:22:22', NULL, 126, 'pub', 'publication', 0.00, 3, NULL, 40, 3, NULL, 1),
(41, '2020-10-29', '2023-05-18 00:32:11', NULL, 128, 'pub', 'publication', 0.00, 3, NULL, 41, 3, NULL, 1),
(42, '2020-12-01', '2023-05-18 00:38:41', NULL, 130, 'pub', 'publication', 0.00, 3, NULL, 42, 3, NULL, 1),
(43, '2020-12-05', '2024-03-19 19:57:59', NULL, 138, 'pub', 'publication', 0.00, 3, NULL, 43, 3, NULL, 1),
(44, '2020-12-11', '2023-05-18 00:57:33', NULL, 141, 'pub', 'publication', 0.00, 3, NULL, 44, 3, NULL, 1),
(45, '2020-12-21', '2023-05-18 01:03:13', NULL, 168, 'pub', 'publication', 0.00, 3, NULL, 45, 3, NULL, 1),
(46, NULL, '2023-05-18 01:06:03', NULL, 170, 'pub', 'publication', 0.00, 3, NULL, 46, 1, NULL, 1),
(47, '2020-12-23', '2023-05-18 01:17:31', NULL, 172, 'pub', 'publication', 0.00, 3, NULL, 47, 3, NULL, 1),
(48, '2021-04-23', '2023-05-18 01:24:48', NULL, 174, 'pub', 'publication', 0.00, 3, NULL, 48, 3, NULL, 1),
(49, '2021-08-13', '2023-05-18 01:30:15', NULL, 176, 'pub', 'publication', 0.00, 3, NULL, 49, 3, NULL, 1),
(50, '2021-11-05', '2023-05-18 01:35:22', NULL, 179, 'pub', 'publication', 0.00, 3, NULL, 50, 3, NULL, 1),
(51, '2021-12-13', '2023-05-18 01:45:51', NULL, 182, 'pub', 'publication', 0.00, 3, NULL, 51, 3, NULL, 1),
(52, '2021-12-17', '2023-05-18 01:52:48', NULL, 198, 'pub', 'publication', 0.00, 3, NULL, 52, 3, NULL, 1),
(53, '2021-12-20', '2023-05-18 01:57:56', NULL, 206, 'pub', 'publication', 0.00, 3, NULL, 53, 3, NULL, 1),
(54, '2021-12-20', '2023-05-18 02:04:31', NULL, 209, 'pub', 'publication', 0.00, 3, NULL, 54, 3, NULL, 1),
(55, '2021-12-20', '2023-05-18 02:09:51', NULL, 217, 'pub', 'publication', 0.00, 3, NULL, 55, 3, NULL, 1),
(56, '2022-02-18', '2023-05-18 02:16:22', NULL, 220, 'pub', 'publication', 0.00, 3, NULL, 56, 3, NULL, 1),
(57, '2022-04-29', '2023-05-18 02:20:57', NULL, 222, 'pub', 'publication', 0.00, 3, NULL, 57, 3, NULL, 1),
(58, '2022-04-29', '2023-05-18 02:25:51', NULL, 224, 'pub', 'publication', 0.00, 3, NULL, 58, 3, NULL, 1),
(59, '2022-05-09', '2024-03-19 19:49:12', NULL, 227, 'pub', 'publication', 0.00, 3, NULL, 59, 3, NULL, 1),
(60, '2022-06-23', '2023-05-18 02:43:46', NULL, 247, 'pub', 'publication', 0.00, 3, NULL, 60, 3, NULL, 1),
(61, '2022-07-23', '2023-05-18 02:59:02', NULL, 249, 'pub', 'publication', 0.00, 3, NULL, 61, 3, NULL, 1),
(62, '2021-07-29', '2024-03-19 16:54:41', NULL, 250, 'pub', 'publication', 0.00, 3, NULL, 62, 3, NULL, 1),
(63, '2022-07-29', '2024-03-19 20:08:09', NULL, 253, 'pub', 'publication', 0.00, 3, NULL, 63, 3, NULL, 1),
(64, '2022-08-04', '2023-05-18 03:11:28', NULL, 266, 'pub', 'publication', 0.00, 3, NULL, 64, 3, NULL, 1),
(65, '2022-08-15', '2024-05-02 17:27:31', NULL, 268, 'pub', 'publication', 0.00, 3, NULL, 65, 3, NULL, 1),
(66, '2021-10-25', '2024-03-19 16:51:12', NULL, 271, 'pub', 'publication', 0.00, 3, NULL, 66, 3, NULL, 1),
(67, '2023-12-15', '2024-05-02 17:15:52', NULL, 292, 'pub', 'publication', 0.00, NULL, NULL, 67, 3, NULL, 1),
(68, '2022-12-11', '2024-05-02 17:18:22', NULL, 295, 'pub', 'publication', 0.00, NULL, NULL, 68, 3, NULL, 1),
(69, '2023-05-30', '2024-05-02 17:44:34', NULL, 297, 'pub', 'publication', 0.00, NULL, NULL, 69, 3, NULL, 1),
(70, '2022-01-15', '2024-05-08 15:05:46', NULL, 311, 'pub', 'publication', 0.00, NULL, NULL, 70, 3, NULL, 1),
(71, '2021-01-15', '2024-05-08 15:26:26', NULL, 314, 'pub', 'publication', 0.00, NULL, NULL, 71, 3, NULL, 1),
(72, '2023-12-15', '2024-05-08 15:41:41', NULL, 322, 'pub', 'publication', 0.00, NULL, NULL, 72, 3, NULL, 1),
(73, NULL, '2024-05-08 16:27:53', NULL, 324, 'pub', 'publication', 0.00, NULL, NULL, 73, 1, NULL, 1),
(74, NULL, '2024-06-12 21:15:28', NULL, 325, 'pub', 'publication', 0.00, NULL, NULL, 74, 1, NULL, 1),
(75, NULL, '2024-06-13 19:41:47', NULL, 326, 'pub', 'publication', 0.00, NULL, NULL, 75, 1, NULL, 1),
(76, '2023-12-13', '2024-06-17 21:36:23', NULL, 328, 'pub', 'publication', 0.00, NULL, NULL, 76, 3, NULL, 1),
(77, '2023-12-17', '2024-06-17 21:33:31', NULL, 329, 'pub', 'publication', 0.00, NULL, NULL, 77, 3, NULL, 1);

-- --------------------------------------------------------

--
-- Estructura de tabla para la tabla `publication_categories`
--

CREATE TABLE `publication_categories` (
  `publication_id` bigint(20) NOT NULL,
  `category_id` bigint(20) NOT NULL
) ENGINE=InnoDB DEFAULT CHARSET=utf8;

--
-- Volcado de datos para la tabla `publication_categories`
--

INSERT INTO `publication_categories` (`publication_id`, `category_id`) VALUES
(1, 6),
(2, 6),
(3, 6),
(4, 6),
(5, 6),
(6, 5),
(7, 5),
(8, 3),
(9, 3),
(10, 6),
(11, 3),
(12, 6),
(13, 4),
(14, 3),
(15, 5),
(16, 6),
(17, 6),
(18, 5),
(19, 5),
(20, 3),
(21, 7),
(22, 4),
(23, 8),
(24, 4),
(25, 4),
(26, 7),
(27, 7),
(28, 7),
(29, 7),
(30, 7),
(31, 7),
(32, 3),
(33, 3),
(34, 3),
(35, 7),
(36, 7),
(37, 8),
(38, 7),
(39, 3),
(40, 3),
(41, 9),
(42, 4),
(43, 9),
(44, 7),
(45, 3),
(47, 7),
(48, 7),
(49, 8),
(50, 7),
(51, 4),
(52, 4),
(53, 9),
(54, 4),
(55, 9),
(56, 7),
(57, 7),
(58, 7),
(59, 7),
(60, 7),
(61, 8),
(62, 7),
(63, 7),
(64, 3),
(65, 9),
(66, 7),
(67, 9),
(68, 9),
(69, 5),
(70, 7),
(71, 7),
(72, 7),
(76, 7),
(77, 7);

-- --------------------------------------------------------

--
-- Estructura de tabla para la tabla `publication_dates`
--

CREATE TABLE `publication_dates` (
  `publication_date_id` bigint(20) NOT NULL,
  `publication_format_id` bigint(20) NOT NULL,
  `role` varchar(40) NOT NULL,
  `date_format` varchar(40) NOT NULL,
  `date` varchar(255) NOT NULL
) ENGINE=InnoDB DEFAULT CHARSET=utf8;

-- --------------------------------------------------------

--
-- Estructura de tabla para la tabla `publication_formats`
--

CREATE TABLE `publication_formats` (
  `publication_format_id` bigint(20) NOT NULL,
  `publication_id` bigint(20) NOT NULL,
  `submission_id` bigint(20) DEFAULT NULL,
  `physical_format` smallint(6) DEFAULT '1',
  `entry_key` varchar(64) DEFAULT NULL,
  `seq` double(8,2) NOT NULL DEFAULT '0.00',
  `file_size` varchar(255) DEFAULT NULL,
  `front_matter` varchar(255) DEFAULT NULL,
  `back_matter` varchar(255) DEFAULT NULL,
  `height` varchar(255) DEFAULT NULL,
  `height_unit_code` varchar(255) DEFAULT NULL,
  `width` varchar(255) DEFAULT NULL,
  `width_unit_code` varchar(255) DEFAULT NULL,
  `thickness` varchar(255) DEFAULT NULL,
  `thickness_unit_code` varchar(255) DEFAULT NULL,
  `weight` varchar(255) DEFAULT NULL,
  `weight_unit_code` varchar(255) DEFAULT NULL,
  `product_composition_code` varchar(255) DEFAULT NULL,
  `product_form_detail_code` varchar(255) DEFAULT NULL,
  `country_manufacture_code` varchar(255) DEFAULT NULL,
  `imprint` varchar(255) DEFAULT NULL,
  `product_availability_code` varchar(255) DEFAULT NULL,
  `technical_protection_code` varchar(255) DEFAULT NULL,
  `returnable_indicator_code` varchar(255) DEFAULT NULL,
  `remote_url` varchar(2047) DEFAULT NULL,
  `url_path` varchar(64) DEFAULT NULL,
  `is_approved` smallint(6) NOT NULL DEFAULT '0',
  `is_available` smallint(6) NOT NULL DEFAULT '0'
) ENGINE=InnoDB DEFAULT CHARSET=utf8;

--
-- Volcado de datos para la tabla `publication_formats`
--

INSERT INTO `publication_formats` (`publication_format_id`, `publication_id`, `submission_id`, `physical_format`, `entry_key`, `seq`, `file_size`, `front_matter`, `back_matter`, `height`, `height_unit_code`, `width`, `width_unit_code`, `thickness`, `thickness_unit_code`, `weight`, `weight_unit_code`, `product_composition_code`, `product_form_detail_code`, `country_manufacture_code`, `imprint`, `product_availability_code`, `technical_protection_code`, `returnable_indicator_code`, `remote_url`, `url_path`, `is_approved`, `is_available`) VALUES
(1, 1, NULL, 0, 'DA', 0.00, NULL, NULL, NULL, NULL, NULL, NULL, NULL, NULL, NULL, NULL, NULL, NULL, NULL, NULL, NULL, NULL, NULL, NULL, '', '', 1, 1),
(3, 2, NULL, 0, 'DA', 0.00, NULL, NULL, NULL, NULL, NULL, NULL, NULL, NULL, NULL, NULL, NULL, NULL, NULL, NULL, NULL, NULL, NULL, NULL, '', '', 1, 1),
(4, 4, NULL, 0, 'DA', 0.00, NULL, NULL, NULL, NULL, NULL, NULL, NULL, NULL, NULL, NULL, NULL, NULL, NULL, NULL, NULL, NULL, NULL, NULL, '', '', 1, 1),
(5, 3, NULL, 0, 'DA', 0.00, NULL, NULL, NULL, NULL, NULL, NULL, NULL, NULL, NULL, NULL, NULL, NULL, NULL, NULL, NULL, NULL, NULL, NULL, '', '', 1, 1),
(6, 5, NULL, 0, 'DA', 0.00, NULL, NULL, NULL, NULL, NULL, NULL, NULL, NULL, NULL, NULL, NULL, NULL, NULL, NULL, NULL, NULL, NULL, NULL, '', '', 1, 1),
(7, 6, NULL, 0, 'DA', 0.00, NULL, NULL, NULL, NULL, NULL, NULL, NULL, NULL, NULL, NULL, NULL, NULL, NULL, NULL, NULL, NULL, NULL, NULL, '', '', 1, 1),
(8, 7, NULL, 0, 'DA', 0.00, NULL, NULL, NULL, NULL, NULL, NULL, NULL, NULL, NULL, NULL, NULL, NULL, NULL, NULL, NULL, NULL, NULL, NULL, '', '', 1, 1),
(9, 8, NULL, 0, 'DA', 0.00, NULL, NULL, NULL, NULL, NULL, NULL, NULL, NULL, NULL, NULL, NULL, NULL, NULL, NULL, NULL, NULL, NULL, NULL, '', '', 1, 1),
(10, 9, NULL, 0, 'DA', 0.00, NULL, NULL, NULL, NULL, NULL, NULL, NULL, NULL, NULL, NULL, NULL, NULL, NULL, NULL, NULL, NULL, NULL, NULL, '', '', 1, 1),
(11, 10, NULL, 0, 'DA', 0.00, NULL, NULL, NULL, NULL, NULL, NULL, NULL, NULL, NULL, NULL, NULL, NULL, NULL, NULL, NULL, NULL, NULL, NULL, '', '', 1, 1),
(12, 11, NULL, 0, 'DA', 0.00, NULL, NULL, NULL, NULL, NULL, NULL, NULL, NULL, NULL, NULL, NULL, NULL, NULL, NULL, NULL, NULL, NULL, NULL, '', '', 1, 1),
(13, 12, NULL, 0, 'DA', 0.00, NULL, NULL, NULL, NULL, NULL, NULL, NULL, NULL, NULL, NULL, NULL, NULL, NULL, NULL, NULL, NULL, NULL, NULL, '', '', 1, 1),
(14, 13, NULL, 0, 'DA', 0.00, NULL, NULL, NULL, NULL, NULL, NULL, NULL, NULL, NULL, NULL, NULL, NULL, NULL, NULL, NULL, NULL, NULL, NULL, '', '', 1, 1),
(15, 14, NULL, 0, 'DA', 0.00, NULL, NULL, NULL, NULL, NULL, NULL, NULL, NULL, NULL, NULL, NULL, NULL, NULL, NULL, NULL, NULL, NULL, NULL, '', '', 1, 1),
(16, 15, NULL, 0, 'DA', 0.00, NULL, NULL, NULL, NULL, NULL, NULL, NULL, NULL, NULL, NULL, NULL, NULL, NULL, NULL, NULL, NULL, NULL, NULL, '', '', 1, 1),
(17, 16, NULL, 0, 'DA', 0.00, NULL, NULL, NULL, NULL, NULL, NULL, NULL, NULL, NULL, NULL, NULL, NULL, NULL, NULL, NULL, NULL, NULL, NULL, '', '', 1, 1),
(18, 17, NULL, 0, 'DA', 0.00, NULL, NULL, NULL, NULL, NULL, NULL, NULL, NULL, NULL, NULL, NULL, NULL, NULL, NULL, NULL, NULL, NULL, NULL, '', '', 1, 1),
(19, 18, NULL, 0, 'DA', 0.00, NULL, NULL, NULL, NULL, NULL, NULL, NULL, NULL, NULL, NULL, NULL, NULL, NULL, NULL, NULL, NULL, NULL, NULL, '', '', 1, 1),
(20, 19, NULL, 0, 'DA', 0.00, NULL, NULL, NULL, NULL, NULL, NULL, NULL, NULL, NULL, NULL, NULL, NULL, NULL, NULL, NULL, NULL, NULL, NULL, '', '', 1, 1),
(21, 20, NULL, 0, 'DA', 0.00, NULL, NULL, NULL, NULL, NULL, NULL, NULL, NULL, NULL, NULL, NULL, NULL, NULL, NULL, NULL, NULL, NULL, NULL, '', '', 1, 1),
(22, 19, NULL, 0, 'DA', 0.00, NULL, NULL, NULL, NULL, NULL, NULL, NULL, NULL, NULL, NULL, NULL, NULL, NULL, NULL, NULL, NULL, NULL, NULL, '', '', 1, 0),
(23, 6, NULL, 0, 'DA', 0.00, NULL, NULL, NULL, NULL, NULL, NULL, NULL, NULL, NULL, NULL, NULL, NULL, NULL, NULL, NULL, NULL, NULL, NULL, '', '', 1, 0),
(24, 20, NULL, 0, 'DA', 0.00, NULL, NULL, NULL, NULL, NULL, NULL, NULL, NULL, NULL, NULL, NULL, NULL, NULL, NULL, NULL, NULL, NULL, NULL, '', '', 1, 0),
(25, 18, NULL, 0, 'DA', 0.00, NULL, NULL, NULL, NULL, NULL, NULL, NULL, NULL, NULL, NULL, NULL, NULL, NULL, NULL, NULL, NULL, NULL, NULL, '', '', 1, 0),
(26, 8, NULL, 0, 'DA', 0.00, NULL, NULL, NULL, NULL, NULL, NULL, NULL, NULL, NULL, NULL, NULL, NULL, NULL, NULL, NULL, NULL, NULL, NULL, '', '', 1, 0),
(27, 16, NULL, 0, 'DA', 0.00, NULL, NULL, NULL, NULL, NULL, NULL, NULL, NULL, NULL, NULL, NULL, NULL, NULL, NULL, NULL, NULL, NULL, NULL, '', '', 1, 0),
(29, 15, NULL, 0, 'DA', 0.00, NULL, NULL, NULL, NULL, NULL, NULL, NULL, NULL, NULL, NULL, NULL, NULL, NULL, NULL, NULL, NULL, NULL, NULL, '', '', 1, 0),
(30, 7, NULL, 0, 'DA', 0.00, NULL, NULL, NULL, NULL, NULL, NULL, NULL, NULL, NULL, NULL, NULL, NULL, NULL, NULL, NULL, NULL, NULL, NULL, '', '', 1, 0),
(31, 21, NULL, 0, 'DA', 0.00, NULL, NULL, NULL, NULL, NULL, NULL, NULL, NULL, NULL, NULL, NULL, NULL, NULL, NULL, NULL, NULL, NULL, NULL, '', '', 1, 1),
(32, 22, NULL, 0, 'DA', 0.00, NULL, NULL, NULL, NULL, NULL, NULL, NULL, NULL, NULL, NULL, NULL, NULL, NULL, NULL, NULL, NULL, NULL, NULL, '', '', 1, 1),
(33, 23, NULL, 0, 'DA', 0.00, NULL, NULL, NULL, NULL, NULL, NULL, NULL, NULL, NULL, NULL, NULL, NULL, NULL, NULL, NULL, NULL, NULL, NULL, '', '', 1, 1),
(34, 24, NULL, 0, 'DA', 0.00, NULL, NULL, NULL, NULL, NULL, NULL, NULL, NULL, NULL, NULL, NULL, NULL, NULL, NULL, NULL, NULL, NULL, NULL, '', '', 1, 1),
(35, 25, NULL, 0, 'DA', 0.00, NULL, NULL, NULL, NULL, NULL, NULL, NULL, NULL, NULL, NULL, NULL, NULL, NULL, NULL, NULL, NULL, NULL, NULL, '', '', 1, 1),
(36, 26, NULL, 0, 'DA', 0.00, NULL, NULL, NULL, NULL, NULL, NULL, NULL, NULL, NULL, NULL, NULL, NULL, NULL, NULL, NULL, NULL, NULL, NULL, '', '', 1, 1),
(37, 27, NULL, 0, 'DA', 0.00, NULL, NULL, NULL, NULL, NULL, NULL, NULL, NULL, NULL, NULL, NULL, NULL, NULL, NULL, NULL, NULL, NULL, NULL, '', '', 1, 1),
(38, 28, NULL, 0, 'DA', 0.00, NULL, NULL, NULL, NULL, NULL, NULL, NULL, NULL, NULL, NULL, NULL, NULL, NULL, NULL, NULL, NULL, NULL, NULL, '', '', 1, 1),
(39, 29, NULL, 0, 'DA', 0.00, NULL, NULL, NULL, NULL, NULL, NULL, NULL, NULL, NULL, NULL, NULL, NULL, NULL, NULL, NULL, NULL, NULL, NULL, '', '', 1, 1),
(40, 30, NULL, 0, 'DA', 0.00, NULL, NULL, NULL, NULL, NULL, NULL, NULL, NULL, NULL, NULL, NULL, NULL, NULL, NULL, NULL, NULL, NULL, NULL, '', '', 1, 1),
(41, 31, NULL, 0, 'DA', 0.00, NULL, NULL, NULL, NULL, NULL, NULL, NULL, NULL, NULL, NULL, NULL, NULL, NULL, NULL, NULL, NULL, NULL, NULL, '', '', 1, 1),
(42, 32, NULL, 0, 'DA', 0.00, NULL, NULL, NULL, NULL, NULL, NULL, NULL, NULL, NULL, NULL, NULL, NULL, NULL, NULL, NULL, NULL, NULL, NULL, '', '', 1, 1),
(43, 33, NULL, 0, 'DA', 0.00, NULL, NULL, NULL, NULL, NULL, NULL, NULL, NULL, NULL, NULL, NULL, NULL, NULL, NULL, NULL, NULL, NULL, NULL, '', '', 1, 1),
(44, 34, NULL, 0, 'DA', 0.00, NULL, NULL, NULL, NULL, NULL, NULL, NULL, NULL, NULL, NULL, NULL, NULL, NULL, NULL, NULL, NULL, NULL, NULL, '', '', 1, 1),
(45, 35, NULL, 0, 'DA', 0.00, NULL, NULL, NULL, NULL, NULL, NULL, NULL, NULL, NULL, NULL, NULL, NULL, NULL, NULL, NULL, NULL, NULL, NULL, '', '', 1, 1),
(46, 36, NULL, 0, 'DA', 0.00, NULL, NULL, NULL, NULL, NULL, NULL, NULL, NULL, NULL, NULL, NULL, NULL, NULL, NULL, NULL, NULL, NULL, NULL, '', '', 1, 1),
(47, 37, NULL, 0, 'DA', 0.00, NULL, NULL, NULL, NULL, NULL, NULL, NULL, NULL, NULL, NULL, NULL, NULL, NULL, NULL, NULL, NULL, NULL, NULL, '', '', 1, 1),
(48, 38, NULL, 0, 'DA', 0.00, NULL, NULL, NULL, NULL, NULL, NULL, NULL, NULL, NULL, NULL, NULL, NULL, NULL, NULL, NULL, NULL, NULL, NULL, '', '', 1, 1),
(49, 39, NULL, 0, 'DA', 0.00, NULL, NULL, NULL, NULL, NULL, NULL, NULL, NULL, NULL, NULL, NULL, NULL, NULL, NULL, NULL, NULL, NULL, NULL, '', '', 1, 1),
(50, 40, NULL, 0, 'DA', 0.00, NULL, NULL, NULL, NULL, NULL, NULL, NULL, NULL, NULL, NULL, NULL, NULL, NULL, NULL, NULL, NULL, NULL, NULL, '', '', 1, 1),
(51, 41, NULL, 0, 'DA', 0.00, NULL, NULL, NULL, NULL, NULL, NULL, NULL, NULL, NULL, NULL, NULL, NULL, NULL, NULL, NULL, NULL, NULL, NULL, '', '', 1, 1),
(52, 42, NULL, 0, 'DA', 0.00, NULL, NULL, NULL, NULL, NULL, NULL, NULL, NULL, NULL, NULL, NULL, NULL, NULL, NULL, NULL, NULL, NULL, NULL, '', '', 1, 1),
(53, 43, NULL, 0, 'DA', 0.00, NULL, NULL, NULL, NULL, NULL, NULL, NULL, NULL, NULL, NULL, NULL, NULL, NULL, NULL, NULL, NULL, NULL, NULL, '', '', 1, 1),
(54, 44, NULL, 0, 'DA', 0.00, NULL, NULL, NULL, NULL, NULL, NULL, NULL, NULL, NULL, NULL, NULL, NULL, NULL, NULL, NULL, NULL, NULL, NULL, '', '', 1, 1),
(55, 45, NULL, 0, 'DA', 0.00, NULL, NULL, NULL, NULL, NULL, NULL, NULL, NULL, NULL, NULL, NULL, NULL, NULL, NULL, NULL, NULL, NULL, NULL, '', '', 1, 1),
(56, 46, NULL, 0, 'DA', 0.00, NULL, NULL, NULL, NULL, NULL, NULL, NULL, NULL, NULL, NULL, NULL, NULL, NULL, NULL, NULL, NULL, NULL, NULL, '', '', 0, 0),
(57, 47, NULL, 0, 'DA', 0.00, NULL, NULL, NULL, NULL, NULL, NULL, NULL, NULL, NULL, NULL, NULL, NULL, NULL, NULL, NULL, NULL, NULL, NULL, '', '', 1, 1),
(58, 48, NULL, 0, 'DA', 0.00, NULL, NULL, NULL, NULL, NULL, NULL, NULL, NULL, NULL, NULL, NULL, NULL, NULL, NULL, NULL, NULL, NULL, NULL, '', '', 1, 1),
(59, 49, NULL, 0, 'DA', 0.00, NULL, NULL, NULL, NULL, NULL, NULL, NULL, NULL, NULL, NULL, NULL, NULL, NULL, NULL, NULL, NULL, NULL, NULL, '', '', 0, 0),
(60, 50, NULL, 0, 'DA', 0.00, NULL, NULL, NULL, NULL, NULL, NULL, NULL, NULL, NULL, NULL, NULL, NULL, NULL, NULL, NULL, NULL, NULL, NULL, '', '', 1, 1),
(61, 51, NULL, 0, 'DA', 0.00, NULL, NULL, NULL, NULL, NULL, NULL, NULL, NULL, NULL, NULL, NULL, NULL, NULL, NULL, NULL, NULL, NULL, NULL, '', '', 1, 1),
(62, 52, NULL, 0, 'DA', 0.00, NULL, NULL, NULL, NULL, NULL, NULL, NULL, NULL, NULL, NULL, NULL, NULL, NULL, NULL, NULL, NULL, NULL, NULL, '', '', 1, 1),
(63, 53, NULL, 0, 'DA', 0.00, NULL, NULL, NULL, NULL, NULL, NULL, NULL, NULL, NULL, NULL, NULL, NULL, NULL, NULL, NULL, NULL, NULL, NULL, '', '', 1, 1),
(64, 54, NULL, 0, 'DA', 0.00, NULL, NULL, NULL, NULL, NULL, NULL, NULL, NULL, NULL, NULL, NULL, NULL, NULL, NULL, NULL, NULL, NULL, NULL, '', '', 1, 1),
(65, 55, NULL, 0, 'DA', 0.00, NULL, NULL, NULL, NULL, NULL, NULL, NULL, NULL, NULL, NULL, NULL, NULL, NULL, NULL, NULL, NULL, NULL, NULL, '', '', 1, 1),
(66, 56, NULL, 0, 'DA', 0.00, NULL, NULL, NULL, NULL, NULL, NULL, NULL, NULL, NULL, NULL, NULL, NULL, NULL, NULL, NULL, NULL, NULL, NULL, '', '', 1, 1),
(67, 57, NULL, 0, 'DA', 0.00, NULL, NULL, NULL, NULL, NULL, NULL, NULL, NULL, NULL, NULL, NULL, NULL, NULL, NULL, NULL, NULL, NULL, NULL, '', '', 1, 1),
(68, 58, NULL, 0, 'DA', 0.00, NULL, NULL, NULL, NULL, NULL, NULL, NULL, NULL, NULL, NULL, NULL, NULL, NULL, NULL, NULL, NULL, NULL, NULL, '', '', 1, 1),
(69, 59, NULL, 0, 'DA', 0.00, NULL, NULL, NULL, NULL, NULL, NULL, NULL, NULL, NULL, NULL, NULL, NULL, NULL, NULL, NULL, NULL, NULL, NULL, '', '', 1, 1),
(70, 60, NULL, 0, 'DA', 0.00, NULL, NULL, NULL, NULL, NULL, NULL, NULL, NULL, NULL, NULL, NULL, NULL, NULL, NULL, NULL, NULL, NULL, NULL, '', '', 1, 1),
(71, 62, NULL, 0, 'DA', 0.00, NULL, NULL, NULL, NULL, NULL, NULL, NULL, NULL, NULL, NULL, NULL, NULL, NULL, NULL, NULL, NULL, NULL, NULL, '', '', 1, 1),
(72, 61, NULL, 0, 'DA', 0.00, NULL, NULL, NULL, NULL, NULL, NULL, NULL, NULL, NULL, NULL, NULL, NULL, NULL, NULL, NULL, NULL, NULL, NULL, '', '', 1, 1),
(73, 63, NULL, 0, 'DA', 0.00, NULL, NULL, NULL, NULL, NULL, NULL, NULL, NULL, NULL, NULL, NULL, NULL, NULL, NULL, NULL, NULL, NULL, NULL, '', '', 1, 1),
(74, 64, NULL, 0, 'DA', 0.00, NULL, NULL, NULL, NULL, NULL, NULL, NULL, NULL, NULL, NULL, NULL, NULL, NULL, NULL, NULL, NULL, NULL, NULL, '', '', 1, 1),
(75, 65, NULL, 0, 'DA', 0.00, NULL, NULL, NULL, NULL, NULL, NULL, NULL, NULL, NULL, NULL, NULL, NULL, NULL, NULL, NULL, NULL, NULL, NULL, '', '', 1, 1),
(76, 66, NULL, 0, 'DA', 0.00, NULL, NULL, NULL, NULL, NULL, NULL, NULL, NULL, NULL, NULL, NULL, NULL, NULL, NULL, NULL, NULL, NULL, NULL, '', '', 1, 1),
(78, 22, NULL, 0, 'DA', 0.00, NULL, NULL, NULL, NULL, NULL, NULL, NULL, NULL, NULL, NULL, NULL, NULL, NULL, NULL, NULL, NULL, NULL, NULL, '', '', 1, 1),
(79, 19, NULL, 0, 'DA', 0.00, NULL, NULL, NULL, NULL, NULL, NULL, NULL, NULL, NULL, NULL, NULL, NULL, NULL, NULL, NULL, NULL, NULL, NULL, '', '', 1, 1),
(80, 66, NULL, 0, 'DA', 0.00, NULL, NULL, NULL, NULL, NULL, NULL, NULL, NULL, NULL, NULL, NULL, NULL, NULL, NULL, NULL, NULL, NULL, NULL, '', '', 1, 1),
(82, 68, NULL, 0, 'DA', 0.00, NULL, NULL, NULL, NULL, NULL, NULL, NULL, NULL, NULL, NULL, NULL, NULL, NULL, NULL, NULL, NULL, NULL, NULL, '', '', 1, 1),
(83, 67, NULL, 0, 'DA', 0.00, NULL, NULL, NULL, NULL, NULL, NULL, NULL, NULL, NULL, NULL, NULL, NULL, NULL, NULL, NULL, NULL, NULL, NULL, '', '', 1, 1),
(84, 68, NULL, 0, 'DA', 0.00, NULL, NULL, NULL, NULL, NULL, NULL, NULL, NULL, NULL, NULL, NULL, NULL, NULL, NULL, NULL, NULL, NULL, NULL, '', '', 1, 0),
(85, 69, NULL, 0, 'DA', 0.00, NULL, NULL, NULL, NULL, NULL, NULL, NULL, NULL, NULL, NULL, NULL, NULL, NULL, NULL, NULL, NULL, NULL, NULL, '', '', 1, 1),
(86, 69, NULL, 0, 'DA', 0.00, NULL, NULL, NULL, NULL, NULL, NULL, NULL, NULL, NULL, NULL, NULL, NULL, NULL, NULL, NULL, NULL, NULL, NULL, '', '', 1, 1),
(87, 70, NULL, 0, 'DA', 0.00, NULL, NULL, NULL, NULL, NULL, NULL, NULL, NULL, NULL, NULL, NULL, NULL, NULL, NULL, NULL, NULL, NULL, NULL, '', '', 1, 1),
(88, 70, NULL, 0, 'DA', 0.00, NULL, NULL, NULL, NULL, NULL, NULL, NULL, NULL, NULL, NULL, NULL, NULL, NULL, NULL, NULL, NULL, NULL, NULL, '', '', 1, 1),
(89, 71, NULL, 0, 'DA', 0.00, NULL, NULL, NULL, NULL, NULL, NULL, NULL, NULL, NULL, NULL, NULL, NULL, NULL, NULL, NULL, NULL, NULL, NULL, '', '', 1, 1),
(90, 71, NULL, 0, 'DA', 0.00, NULL, NULL, NULL, NULL, NULL, NULL, NULL, NULL, NULL, NULL, NULL, NULL, NULL, NULL, NULL, NULL, NULL, NULL, '', '', 1, 1),
(91, 72, NULL, 0, 'DA', 0.00, NULL, NULL, NULL, NULL, NULL, NULL, NULL, NULL, NULL, NULL, NULL, NULL, NULL, NULL, NULL, NULL, NULL, NULL, '', '', 1, 1),
(92, 72, NULL, 0, 'DA', 0.00, NULL, NULL, NULL, NULL, NULL, NULL, NULL, NULL, NULL, NULL, NULL, NULL, NULL, NULL, NULL, NULL, NULL, NULL, '', '', 1, 1),
(93, 77, NULL, 1, 'DA', 0.00, NULL, NULL, NULL, NULL, NULL, NULL, NULL, NULL, NULL, NULL, NULL, NULL, NULL, NULL, NULL, NULL, NULL, NULL, '', '', 1, 1),
(94, 77, NULL, 0, 'DA', 0.00, NULL, NULL, NULL, NULL, NULL, NULL, NULL, NULL, NULL, NULL, NULL, NULL, NULL, NULL, NULL, NULL, NULL, NULL, '', '', 1, 1),
(95, 76, NULL, 0, 'DA', 0.00, NULL, NULL, NULL, NULL, NULL, NULL, NULL, NULL, NULL, NULL, NULL, NULL, NULL, NULL, NULL, NULL, NULL, NULL, '', '', 1, 1),
(96, 76, NULL, 0, 'DA', 0.00, NULL, NULL, NULL, NULL, NULL, NULL, NULL, NULL, NULL, NULL, NULL, NULL, NULL, NULL, NULL, NULL, NULL, NULL, '', '', 1, 1);

-- --------------------------------------------------------

--
-- Estructura de tabla para la tabla `publication_format_settings`
--

CREATE TABLE `publication_format_settings` (
  `publication_format_id` bigint(20) NOT NULL,
  `locale` varchar(14) NOT NULL DEFAULT '',
  `setting_name` varchar(255) NOT NULL,
  `setting_value` text,
  `setting_type` varchar(6) NOT NULL COMMENT '(bool|int|float|string|object)'
) ENGINE=InnoDB DEFAULT CHARSET=utf8;

--
-- Volcado de datos para la tabla `publication_format_settings`
--

INSERT INTO `publication_format_settings` (`publication_format_id`, `locale`, `setting_name`, `setting_value`, `setting_type`) VALUES
(1, 'es_ES', 'name', 'PDF', 'string'),
(3, 'es_ES', 'name', 'PDF', 'string'),
(4, 'es_ES', 'name', 'PDF', 'string'),
(5, 'es_ES', 'name', 'PDF', 'string'),
(6, 'es_ES', 'name', 'PDF', 'string'),
(7, 'es_ES', 'name', 'PDF', 'string'),
(8, 'es_ES', 'name', 'PDF', 'string'),
(9, 'es_ES', 'name', 'PDF', 'string'),
(10, 'es_ES', 'name', 'PDF', 'string'),
(11, 'es_ES', 'name', 'PDF', 'string'),
(12, 'es_ES', 'name', 'PDF', 'string'),
(13, 'es_ES', 'name', 'PDF', 'string'),
(14, 'es_ES', 'name', 'PDF', 'string'),
(15, 'es_ES', 'name', 'PDF', 'string'),
(16, 'es_ES', 'name', 'PDF', 'string'),
(17, 'es_ES', 'name', 'PDF', 'string'),
(18, 'es_ES', 'name', 'PDF', 'string'),
(19, 'es_ES', 'name', 'PDF', 'string'),
(20, 'es_ES', 'name', 'PDF', 'string'),
(21, 'es_ES', 'name', 'PDF', 'string'),
(22, 'es_ES', 'name', 'Cesión de derechos', 'string'),
(23, 'es_ES', 'name', 'Cesi´´´´´´´´´´´ón de derechos', 'string'),
(24, 'es_ES', 'name', 'Cesión de derechos', 'string'),
(25, 'es_ES', 'name', 'Cesión de derechos', 'string'),
(26, 'es_ES', 'name', 'Cesión de derechos', 'string'),
(27, 'es_ES', 'name', 'Cesión de derechos', 'string'),
(29, 'es_ES', 'name', 'Cesión de derechos', 'string'),
(30, 'es_ES', 'name', 'Cesión de derechos', 'string'),
(31, 'es_ES', 'name', 'PDF', 'string'),
(32, 'es_ES', 'name', 'PDF', 'string'),
(33, 'es_ES', 'name', 'PDF', 'string'),
(34, 'es_ES', 'name', 'PDF', 'string'),
(35, 'es_ES', 'name', 'PDF', 'string'),
(36, 'es_ES', 'name', 'PDF', 'string'),
(37, 'es_ES', 'name', 'PDF', 'string'),
(38, 'es_ES', 'name', 'PDF', 'string'),
(39, 'es_ES', 'name', 'PDF', 'string'),
(40, 'es_ES', 'name', 'PDF', 'string'),
(41, 'es_ES', 'name', 'PDF', 'string'),
(42, 'es_ES', 'name', 'PDF', 'string'),
(43, 'es_ES', 'name', 'PDF', 'string'),
(44, 'es_ES', 'name', 'PDF', 'string'),
(45, 'es_ES', 'name', 'PDF', 'string'),
(46, 'es_ES', 'name', 'PDF', 'string'),
(47, 'es_ES', 'name', 'PDF', 'string'),
(48, 'es_ES', 'name', 'PDF', 'string'),
(49, 'es_ES', 'name', 'PDF', 'string'),
(50, 'es_ES', 'name', 'PDF', 'string'),
(51, 'es_ES', 'name', 'PDF', 'string'),
(52, 'es_ES', 'name', 'PDF', 'string'),
(53, 'es_ES', 'name', 'PDF', 'string'),
(54, 'es_ES', 'name', 'PDF', 'string'),
(55, 'es_ES', 'name', 'PDF', 'string'),
(56, 'es_ES', 'name', 'PDF', 'string'),
(57, 'es_ES', 'name', 'PDF', 'string'),
(58, 'es_ES', 'name', 'PDF', 'string'),
(59, 'es_ES', 'name', 'PDF', 'string'),
(60, 'es_ES', 'name', 'PDF', 'string'),
(61, 'es_ES', 'name', 'PDF', 'string'),
(62, 'es_ES', 'name', 'PDF', 'string'),
(63, 'es_ES', 'name', 'PDF', 'string'),
(64, 'es_ES', 'name', 'PDF', 'string'),
(65, 'es_ES', 'name', 'PDF', 'string'),
(66, 'es_ES', 'name', 'PDF', 'string'),
(67, 'es_ES', 'name', 'PDF', 'string'),
(68, 'es_ES', 'name', 'PDF', 'string'),
(69, 'es_ES', 'name', 'PDF', 'string'),
(70, 'es_ES', 'name', 'PDF', 'string'),
(71, 'es_ES', 'name', 'PDF', 'string'),
(72, 'es_ES', 'name', 'PDF', 'string'),
(73, 'es_ES', 'name', 'PDF', 'string'),
(74, 'es_ES', 'name', 'PDF', 'string'),
(75, 'es_ES', 'name', 'PDF', 'string'),
(76, 'es_ES', 'name', 'PDF', 'string'),
(78, 'es_ES', 'name', 'e-PUB', 'string'),
(79, 'es_ES', 'name', 'e-PUB', 'string'),
(80, 'es_ES', 'name', 'e-PUB', 'string'),
(82, 'es_ES', 'name', 'PDF', 'string'),
(83, 'es_ES', 'name', 'PDF', 'string'),
(84, 'es_ES', 'name', 'C.D', 'string'),
(85, 'es_ES', 'name', 'PDF', 'string'),
(86, 'es_ES', 'name', 'C.D', 'string'),
(87, 'es_ES', 'name', 'PDF', 'string'),
(88, 'es_ES', 'name', 'C.D', 'string'),
(89, 'es_ES', 'name', 'PDF', 'string'),
(90, 'es_ES', 'name', 'C.D', 'string'),
(91, 'es_ES', 'name', 'PDF', 'string'),
(92, 'es_ES', 'name', 'C.D', 'string'),
(93, 'es_ES', 'name', 'PDF', 'string'),
(94, 'es_ES', 'name', 'e-PUB', 'string'),
(95, 'es_ES', 'name', 'PDF', 'string'),
(96, 'es_ES', 'name', 'e-PUB', 'string');

-- --------------------------------------------------------

--
-- Estructura de tabla para la tabla `publication_settings`
--

CREATE TABLE `publication_settings` (
  `publication_id` bigint(20) NOT NULL,
  `locale` varchar(14) NOT NULL DEFAULT '',
  `setting_name` varchar(255) NOT NULL,
  `setting_value` text
) ENGINE=InnoDB DEFAULT CHARSET=utf8;

--
-- Volcado de datos para la tabla `publication_settings`
--

INSERT INTO `publication_settings` (`publication_id`, `locale`, `setting_name`, `setting_value`) VALUES
(1, '', 'categoryIds', '[6]'),
(1, '', 'copyrightYear', '2023'),
(1, 'es_ES', 'abstract', '<p>En la víspera de su bicentenario, el Distrito Especial, Industrial y Portuario de Barranquilla suscita tanto interés como a principios del siglo XX; sin lugar a discusión, el rol protagónico de la ciudad ciernen sobre los cuatro puntos cardinales del globo, le han mere privilegiada, su acceso a río y mar, su tradición industrial y el establecimiento de inversionistas de diferentes latitudes, le han proporcionado el impulso y la vocación de desarrollo que ha evidenciado en 200 años de historia. En su momento, la construcción del viejo muelle en Puerto Colombia, sirvió de vitrina a una ciudad en la que la brisa y el folclor, han crecido parejos con una agitada actividad comercial; es así, como la actividad portuaria –en buena parte debida al Río Grande de la Magdalena– conectó al interior del país (Honda-Tolima) con la costa Atlántica y a esta con el llamado de la Ruta del Café y tras su paso, un crecimiento exponencial en la la destacó frente al concierto de ciudades del país.</p>'),
(1, 'es_ES', 'copyrightHolder', 'U. Libre'),
(1, 'es_ES', 'coverImage', '{\"dateUploaded\":\"2023-03-09 11:51:53\",\"uploadName\":\"submission_1_1_coverImage_es_ES.jpg\",\"altText\":\"\"}'),
(1, 'es_ES', 'prefix', ''),
(1, 'es_ES', 'subtitle', ''),
(1, 'es_ES', 'title', 'Costumbres mercantiles en el Distrito Especial, Industrial y Portuario de Barranquilla'),
(2, '', 'categoryIds', '[6]'),
(2, '', 'citationsRaw', ''),
(2, '', 'copyrightYear', '2023'),
(2, 'es_ES', 'abstract', '<p>El profesor Cristóbal Arteta Ripoll, ha escrito este libro, “Dussel y la razón latinoamericana” en el que espiga, de los muchos temas que a lo largo de su vida, abordó el gran pensador argentino Enrique Dussel, un tópico en particular: “La ética del poder político en el campo de la filosofía de la liberación”. Ha podido escoger temas muy interesantes, entre otros, como: La Iglesia en América Latina, el humanismo y la conciencia de la cristiandad, la dialéctica hegeliana, la dependencia y la liberación, la erótica y la pedagogía, así como también la política y el marxismo. Pero, siendo fiel a su vocación política, afín desde siempre a sus ideales democráticos aprehendidos en la academia, lo cual ha combinado con su labor docente como enseñante de filosofía, se ha interesado, particularmente, por las relaciones entre la ética y el poder político, examinados bajo el prisma de la Filosofía de la liberación, provisto con los argumentos y razones de su maestro, el filósofo Enrique Dussel. En realidad, el libro es un homenaje que el autor hace a uno de los adalides de la Filosofía latinoamericana contemporánea que se dedicó al estudio, análisis y la construcción de una nueva teoría política para la América Latina fundamentada en una ética de la liberación. El texto, consta de siete capítulos en los que aborda temas tales como la dialéctica de la liberación, las dimensiones de la Filosofía de la liberación, la pedagogía metafísica de la liberación, el humanismo pedagógico en el pensamiento político del filósofo, la plenitud de la metafísica de la alteridad, para finalizar con una crítica a la crítica de la razón latinoamericana. Cristóbal Arteta Ripoll 8 En el libro, el profesor Arteta es consciente de que el verdadero interés que concita la obra de Dussel, yace –para la Latinoamérica actual- en “los escritos que se corresponden con la madurez intelectual del pensador latinoamericano y, que dan cuenta de su preocupación actual por construir una nueva teoría política para América Latina fundada en una ética de la liberación”. Las razones estriban en el sempiterno rezago social y económico al que fueron condenadas estas tierras, desde la misma colonia hasta nuestros días, lo que ha ocasionado el deseo –en la mayoría de las ocasiones frustrado- de alcanzar la final liberación. En el curso de la historia, se ha demostrado que las luchas y movimientos que se han gestado en su momento y que han carecido de un norte ideológico sustentado en ideas propias para enfrentar al enemigo común, cualquiera que éste haya sido, no han llegado a buen término, precisamente por no indagar lo suficiente en lo propio, además de no integrar, de manera cualificada, los idearios universales al respecto. Dussel, intenta eso y el trabajo del profesor Arteta apunta a mostrarlo desde una crítica respetuosa, muy personal. Por lo mismo, asume y destaca en el libro que se trata de un enfoque particularmente distinto en la reflexión ética y política, en el contexto de una lucha que parecía bastante desigual, apalancada por un pensamiento eurocéntrico que permeaba nuestros países e instituciones, obstaculizando la irrupción de un pensamiento propio latinoamericano. La confusión inicial entre atraso y subdesarrollo, conflictuaba aún más el momento histórico y las confrontaciones daban paso a una violencia que caracterizó América, de México a Chile. Con Dussel a la cabeza de un movimiento muy amplio de corte cristiano, social y revolucionario, la idea de tal subdesarrollo latinoamericano cambiaría: “a partir de la doctrina de la dependencia: ya no se comprende como un simple atraso marcado por las relaciones coloniales, pues por el contrario es fruto de ellas. Somos atrasados por las relaciones históricas de dependencia que nos han caracterizado”. El profesor Arteta, en tal contexto de referencia ideológico, piensa que es precisamente a partir de allí, de donde evoluciona el pensamiento filosófico latinoamericano, en una relación dialógica con disciplinas tales como la historia, la teoría política, la ética y el derecho, para comenzar con la revisión e instauración de nuevas ideas y abordar la independencia de la Filosofía latinoamericana y la necesidad de fundamentación y Dussel y la razón latin oamericana 9 establecimiento de los supuestos de la Filosofía de la liberación. Es justo aclarar que en tal proceso también se involucraron intelectuales como Leopoldo Zea y Francisco Miró Quesada, correspondiéndole a Dussel, por su interés en el problema, iniciar una revaloración y construcción de la reflexión ética tradicional para dar paso a una nueva perspectiva que fundamente “la hipótesis de una Filosofía de la liberación latinoamericana”. Y aunque se sugiera que la integración de lo ético y lo político, en una primera instancia, estaría marcada por influencias de pensadores continentales como Heidegger, Hegel, Kierkegaard, Feuerbach, Marx y Levinas, para el filósofo argentino Dussel está claro que una posición demasiado metafísica terminaría por chocar con la cruda realidad latinoamericana, encarnada en la pobreza real que se “encuentra desde siempre, más allá del ser”, dejando ver ya una posterior influencia de los escritos de Marx. Sin embargo, es en medio de tales influencias -a las que se debe desde su periplo por Europa y Asia- que publica “Para una ética de la liberación latinoamericana”, obra en la que, según el profesor Arteta, “da el paso de la ontología de la totalidad a la metafísica de la alteridad, con su estudio: La exterioridad metafísica del otro”. Con el tema de la liberación como leitmotiv, la obra de Dussel se abre camino a través de múltiples miradas: La historia de la Iglesia latinoamericana (enmarcada en la liberación), la ética de la misma, la Filosofía de la liberación, el método de tal filosofía… todo, a partir de una consecuente reflexión ética para fundamentar una filosofía sui generis de la liberación, para la América Latina. De la mano de Marx, como se mencionó arriba, a partir de las dos últimas décadas del siglo pasado, la reflexión dusseliana se reorienta hacia el análisis histórico como método de reinterpretación de la realidad. Su nuevo compromiso lo lleva a la escritura de “La producción teórica de Marx” (1985) y “El último Marx” (1999) con lo cual aparece en su obra una crítica de la cultura totalitaria que se oponía al progreso, al desarrollo de nuestros pueblos expoliados. El profesor Arteta señala que, posteriormente, ya en el curso y estertores del siglo, el tema de la ética del poder político alcanza diversas connotaciones en Dussel que lo lleva a la construcción de “una nueva teoría política para América Latina, en el siglo XXI, que responda a los supuestos de la transmodernidad, más allá del capitalismo y el socia lismo real”. Este aspecto, es considerado por el profesor Arteta como básico para el abordaje de su estudio y análisis sobre parte de la obra del filósofo argentino. Al margen del enfoque dusseliano, en la perspectiva de la ética de la liberación que pareciera difícil de asirse en la práctica debido a que el filósofo asume su ética de manera dual como “la superación de la ontología ética de la modernidad que justifica la voluntad de poder que el centro mundial ejerce sobre la periferia y como un instrumento categorial para superar en el análisis “los métodos imitativos de otros horizontes políticos, no propiamente latinoamericanos”, abriendo los caminos de la alteridad metafísica, contraria a la totalidad ontológica que ilumina y justifica la dominación, el sometimiento y la opresión del ser latinoamericano”, creemos que para el profesor Arteta es importante que esto no se quede solamente en la mera teorización, sino que se convierta en una contribución real al fortalecimiento y desarrollo del pensamiento filosófico en América Latina como “proyecto y compromiso” para afrontar “los problemas de la vida y la existencia” del ser actual latinoamericano. De manera clara y enfática, el autor señala, además, que para enfrentar el dominio y la opresión de nuestros países ya en el nuevo modelo de interpretación no es suficiente con que se elaboren excesivos “diagnósticos reflexivos” que revelen las causales del subdesarrollo sino de “reales movimientos alternativos de liberación nacional”. En el fondo, la teleología oculta del mensaje que parece enviar Dussel y que el autor del libro rescata a través de su análisis, es que no puede existir “liberación nacional ante los imperios de turno sin liberación mental del hombre latinoamericano y sin la liberación social de las clases oprimidas. Esta tesis, asumida por la Filosofía de la liberación clarifica su definición histórica, la cual como tal, pretende ser la superación de la ontología y la opresión del ser, como fundamento del sistema imperante en el mundo”. Es interesante mostrar en el texto, el giro metodológico del problema. En efecto, a la “comprensión y discernimiento del problema con base en las categorías usuales caracterizadas como: centro, periferia, opresión, liberación, ideología, crítica ideológica, cuyo papel –según el autor- ha sido “permitir el dominio ideológico de las mentalidades y el mantenimiento de la opresión”, la ética del pensamiento filosófico de la liberación; de manera contraria, se echa mano de la contextualización geopolítica –en una clara alusión a la consideración marxista de la teoría de la localización- para interpretar, reinterpretar, construir y comprender mejor nuestra realidad histórica, rebatiendo de paso, contenidos, doctrinas, ideas y categorías que se le opongan. En la filosofía de Dussel, es bueno aclarar, que categorías tales como lo ontológico, lo transontológico, la eticidad, lo metafísico, la alteridad, entre otras a pesar de que proceden de la filosofía continental tradicional (Hegel, Heidegger…) son apropiadas y reconceptualizadas para su aplicación en la realidad latinoamericana y de manera específica, en la Filosofía de la liberación y su ética. Por lo tanto, se requiere un ejercicio disciplinado de análisis de las ideas y conceptos que se utilizan, reutilizan y reconceptualizan para comprender a Dussel. Pero, sin duda, uno de los temas más interesantes que el profesor Arteta aborda es el de la crítica de la crítica de la razón latinoamericana, una singular resonancia kantiana en la que, como una incitación al lector, plantea ideas y criterios propios respecto al problema de la “latinoamericanidad” (Conoces Latinoamérica pero no su latinoamericanidad); de Latinoamérica en sus relaciones con la filosofía (¿existe una filosofía latinoamericana?); la liberación (¿es una filosofía? ¿una ética?); la discusión sobre el método para abordar el problema, el problema del discurso sobre el asunto, su metarrelato, etcétera, oponiendo el denominado eurocentrismo a la razón latinoamericana, en un contrapunteo en el que el autor defiende con ahínco su posición frente a posibles interpretaciones adversas. Es una argumentación última muy interesante por las tesis a favor de que –como lo dice el autor- “una nueva racionalidad de la Filosofía de la liberación, frente a la modernidad europea, es completamente distinta a la del pensamiento eurocentrista ilustrado del “yo pienso”, por lo tanto, “yo conquisto”. Pretende desocultar este sujeto y mostrar la realidad y el horizonte ontológico del “ethos de la cultura popular”, sustento y base de la nueva racionalidad latinoamericana. Para lograrlo es necesario liberar los amarres ideológicos y políticos que le impiden el desarrollo de un pensamiento crítico e independiente. Propósito que no puede surtirse espontáneamente, sino que requiere de la intelectualidad crítica y de la Filosofía de la liberación para organizar mentalmente al pueblo y prepararlo para asumir el compromiso con el cambio y la transformación de las sociedades dominantes y opresoras”. La invitación, es a leer este nuevo libro del profesor Arteta y encontrárselo por ahí para controvertir sus asertos. Eso, sería el mejor estímulo para que prosiga en su labor intelectual de inagotable escritor.</p>'),
(2, 'es_ES', 'copyrightHolder', 'U. Libre'),
(2, 'es_ES', 'coverImage', '{\"dateUploaded\":\"2023-03-09 12:17:59\",\"uploadName\":\"submission_2_2_coverImage_es_ES.jpg\",\"altText\":\"\"}'),
(2, 'es_ES', 'prefix', ''),
(2, 'es_ES', 'rights', ''),
(2, 'es_ES', 'subtitle', ''),
(2, 'es_ES', 'title', 'Dussel y la razón latinoamericana'),
(3, '', 'categoryIds', '[6]'),
(3, '', 'citationsRaw', ''),
(3, '', 'copyrightYear', '2023'),
(3, 'es_ES', 'abstract', '<p>Esta obra es la expresión y esfuerzo de la actividad docente e investigativa del profesor Arteta en los últimos años de su carrera profesional. No es un punto final. Es el puente que inexorablemente debe conducir a nuevos desarrollos desde la cátedra y desde su actividad como líder del Grupo de Investigaciones Amauta. Los textos tienen como eje de su estructura la reflexión filosófica y se tejen sin mucho rigorismo sistemático, tal vez, por la marcada influencia del estilo aforístico nietzscheano en la construcción literaria del autor. El vínculo que los enlaza, la filosofía, no permite que los textos pierdan fuerza y sentido. Y su hilo conductor, la ética, es el que le da cuerpo articulador a los diferentes temas que se tratan, cruzándolos transversalmente y mostrando la potencia que puede ofrecer a la hora de afrontar la complejidad de la realidad humana, en sus múltiples manifestaciones y sentidos. Pero de una ética que en lo posible esté vaciada de tanta hipocresía y fariseísmo, como valores aceptados universalmente sin mayores cuestionamientos por la crítica de nuestros tiempos. Al hacer referencia a los distintos pensadores que se mencionan en el libro, el autor procura, a la hora de resumir sus ideas, ser fiel al contenido de las mismas, sin dejar de emitir los juicios de valor a que haya lugar, en tiempo presente y en diálogo con las circunstancias que le corresponden, teniendo siempre presente la idea hegeliana de que si bien es cierto que toda filosofía es hija de una época histórica determinada, ella adquiere sentido solo cuando en diálogo con el presente nos ayuda a vislumbrar nuevos y mejores horizontes. Por esta circunstancia, puede surgir la confusión en el lector al no tener claridad si algunas de las ideas que se resumen en el texto son de los pensadores o del autor del libro. EL PODER DE LA ÉTICA (Desde la perspectiva filosófica latinoamericana)10 La selección de los pensadores no es arbitraria. Se hizo teniendo en cuenta la originalidad e importancia de sus concepciones a la hora de buscar las raíces de nuestros comportamientos y dificultades. Además, porque en sus escritos, a veces implícitamente, o de modo explícito, existen reflexiones de gran contenido y profundidad sobre importantes conceptos, apropiadas para la búsqueda de caminos éticos menos sinuosos y pantanosos, capaces de construir una nueva mentalidad latinoamericana. Más allá de lo disímiles y contradictorias de algunas posiciones filosóficas, tal es el caso de Nietzsche en oposición a Kant en el amplio campo de la moral. El profesor Juan Ricardo Morales Espinel, lector de los manuscritos, hizo observaciones muy importantes y beneficiosas, las cuales contribuyeron a mejorar sustancialmente la literatura y contenido del libro. Algunas de sus ideas se tuvieron en cuenta y se asimilaron al texto, otras, por el contrario, forman parte del contenido de su manera de “ver cómo” y constituyen un ingrediente contradictorio que abre paso a la polémica, tan necesaria e indispensable en el mundo universitario. Si este libro se inscribe en la polémica que suscita permanentemente la dinámica vital en sus múltiples facetas, habrá cumplido su cometido espiritual de encontrar en el Ideario latinoamericano caminos para alcanzar mejores niveles de comportamiento humano.</p>'),
(3, 'es_ES', 'copyrightHolder', 'U. Libre'),
(3, 'es_ES', 'coverImage', '{\"dateUploaded\":\"2023-03-09 12:21:55\",\"uploadName\":\"submission_3_3_coverImage_es_ES.jpg\",\"altText\":\"\"}'),
(3, 'es_ES', 'prefix', ''),
(3, 'es_ES', 'rights', ''),
(3, 'es_ES', 'subtitle', ''),
(3, 'es_ES', 'title', 'El poder de la ética desde la perspectiva filosófica latinoamericana'),
(4, '', 'categoryIds', '[6]'),
(4, '', 'citationsRaw', ''),
(4, '', 'copyrightYear', '2023'),
(4, 'es_ES', 'abstract', '<p>Este libro que te dispones a leer es el resultado de mi actividad como docente investigador y director del grupo de investigaciones Amauta, avalado por la Universidad Libre y la Universidad del Atlántico y categorizado por Colciencias, ente rector de la investigación científica en Colombia. La pretensión es colocar en manos de la comunidad académica el contenido del mismo para propiciar la más sana controversia, esperando, sobre todo, que el sector más importante de la academia, los estudiantes, tengan la posibilidad de encontrar aquí ideas esenciales para su formación e inquietudes para activar su ánimo investigativo. Si esto último se cumple, la satisfacción sería grata y mi función pedagógica como maestro se vería recompensada. Es lo mejor que puedo esperar después de toda una vida dedicada a la educación y a la formación de juventudes. Son ocho (8) capítulos atravesados transversalmente por la reflexión hermenéutica filosófica, tan importante a la hora de leer para comprender, interpretar y aplicar creativamente contenidos y mostrar los resultados de la actividad científica. Pero al mismo tiempo, en cada uno de ellos, se manifiesta la manera en la que opera el método, al deslizarse a través del texto escrito buscando esencia y sentido. 10 Hermenéutica, pedagogía y praxeología Parodiando a José Ingenieros (1961), la cabeza argentina de más prestigio y visibilidad del positivismo autóctono iniciado por Alberdi y Sarmiento, bajo la influencia de Spencer y Comte: “Cada generación renueva sus ideales … bajo el perpetuo fluir del universo donde nada es y todo deviene, como lo anunció el críptico filósofo de Éfeso. A la par de lo cósmico, lo humano vive en eterno movimiento; la experiencia social es incesante renovación de conceptos, normas y valores”. Y yo agregaría que la clave es leer y escribir para lograr esa renovación de ideales. Y, si con la lectura y la comprensión de este texto puedo lograr que mis discípulos descubran los suyos, de la misma manera como descubrí a tiempo los míos y con los cuales he estado a la vanguardia de mi vida, puedo sentirme satisfecho y complacido. Así pues, amigo lector, conviértete en un hermeneuta de este libro, haciendo hermenéutica a la interpretación aquí presente y, de paso, buscando el sentido al mundo de tu vida, en una relación analéctica para las necesarias transformaciones que requiere una sociedad mejor y posible. Este objetivo debe tener un lugar privilegiado y guiar el abordaje y la comprensión de cualquier texto para iluminar nuevos senderos y caminos en el largo trajinar de la existencia.</p>'),
(4, 'es_ES', 'copyrightHolder', 'U. Libre'),
(4, 'es_ES', 'coverImage', '{\"dateUploaded\":\"2023-03-09 12:24:56\",\"uploadName\":\"submission_4_4_coverImage_es_ES.jpg\",\"altText\":\"\"}'),
(4, 'es_ES', 'prefix', ''),
(4, 'es_ES', 'rights', ''),
(4, 'es_ES', 'subtitle', ''),
(4, 'es_ES', 'title', 'Hermenéutica, pedagogía y praxeología'),
(5, '', 'categoryIds', '[6]'),
(5, '', 'citationsRaw', ''),
(5, '', 'copyrightYear', '2023'),
(5, 'es_ES', 'abstract', '<p>Religions are like musical instruments. To be played together in an orchestra, they must be tuned to the right tone or pitch. The first requirement is the desire to be in tune with the other instruments. The second one is to find a common reference or tone, usually given by the oboe that plays a fixed pitch (A = 440 Hz). Then all other instruments will be adjusted according to this common pitch using different methods because of the different ways in which sounds are produced. The task of interreligious dialogue, using this analogy, is to find that common reference or pitch that allow all religions to play together in peace and harmony. I found that the first requirement for tuning our religions is already present. Several important documents such as Nostra Aetate and A Common Word between Us and You are signs of a real desire for falling in the right pitch. However, religions are still searching for the second requirement, the pitch to which the whole orchestra will be tuned. This study hopes to contribute to this search by presenting a common pitch to which religions can tune themselves to build harmonious relations with each other, i.e., a common base for interreligious dialogue. The desire for a common base is expressed in the dialogue between Muslims and Christians, established by the Muslim text A Common Word between Us and You, (2007). Therefore, I shall focus my study on the documents of both religions expressing this idea. The first chapter presents an analysis of this relevant document. Muslim leaders and scholars suggest that meaningful peace can be brought about between Islam and Christianity because both traditions share a fundamental belief. This revolutionary initiative has been admired by many Christian leaders. Nevertheless, we will see that according to the analogy of the orchestra, A Common Word does not propose a universal pitch that will allow tuning all religions. I propose going beyond “A Common Word” between Muslims and Christians.The second chapter studies another proposal for a common universal base for interreligious dialogue. In several documents, the Catholic Church introduces the idea of natural law as a common base for all people because God has provided humanity with reason, leading people towards righteous behavior. Even though natural law has been criticized from several angles, I hold that it is still a valuable means to foster interfaith relations. The third chapter shows that the common bases for interreligious dialogue, as proposed by Muslims and Catholics, are worthy only if they push us to concrete actions that will enhance harmony among all people. Each proposal contains various ways of justifying righteous actions. However, in my perspective, those actions geared towards the respect for human dignity and the protection of fundamental rights are more important than the ways we use to justify them. I conclude by suggesting a universal and common universal pitch to which all religions can be in tune. The search for a common base for interreligious dialogue is an essential task for today’s society. Our cultures face extremes positions, deliberately avoiding or even demonizing religions other than theirs. Therefore, we urgently need to find a base where believers and non-believers can meet with each other to overcome the tensions among us, and where reconciliation can turn from hope into reality. Let us start with the Muslim proposal.</p>'),
(5, 'es_ES', 'copyrightHolder', 'U. Libre'),
(5, 'es_ES', 'coverImage', '{\"dateUploaded\":\"2023-03-09 12:31:16\",\"uploadName\":\"submission_5_5_coverImage_es_ES.jpg\",\"altText\":\"\"}'),
(5, 'es_ES', 'prefix', ''),
(5, 'es_ES', 'rights', ''),
(5, 'es_ES', 'subtitle', ''),
(5, 'es_ES', 'title', 'In search of a common base for interreligious dialogue : beyond “a common word” between Muslims and Christians'),
(6, '', 'categoryIds', '[5]'),
(6, '', 'citationsRaw', ''),
(6, '', 'copyrightYear', '2023'),
(6, 'es_ES', 'abstract', '<p>El problema investigado fue la perspectiva que los comités de ética de investigación tienen respecto a la investigación cualitativa. Se realizó una revisión descriptiva (de estudios primarios, de artículos de reflexión, de revisión); se incluyeron los artículos en inglés y en español en el período 2009-2015; se excluyeron artículos orientados a temáticas diferentes, artículos cuyos resúmenes no estaban disponibles, revisiones sistemáticas, cartas al editor. En los resultados se encontró la existencia de criterios éticos y protocolos en la evaluación ética en investigación cualitativa, asuntos críticos en los métodos de investigación cualitativa, criterios de calidad y validez. Se indagó sobre la necesidad de adecuar las guías éticas de investigación cualitativa; se describieron problemas éticos identificados en dicha investigación y se plantearon nuevas perspectivas de valoración a través de la bioética. Las conclusiones fueron: los comités de evaluación ética de investigación evalúan cuantitativamente la investigación cualitativa, utilizan listas de chequeo rígidas no adecuadas al paradigma cualitativo, no hay compatibilidad de la investigación cualitativa con algunos estándares éticos, los comités solo utilizan las guías éticas universales, no las personales y tampoco las del grupo estudiado, las formas de valoración responden a parámetros de contextos diferentes al latinoamericano. Adicionalmente, se pudo advertir que los investigadores cualitativos son renuentes a someter sus trabajos de investigación a la valoración de los comités de ética.</p>'),
(6, 'es_ES', 'copyrightHolder', 'U. Libre'),
(6, 'es_ES', 'coverImage', '{\"dateUploaded\":\"2023-03-09 12:37:03\",\"uploadName\":\"submission_6_6_coverImage_es_ES.jpg\",\"altText\":\"\"}'),
(6, 'es_ES', 'prefix', ''),
(6, 'es_ES', 'rights', ''),
(6, 'es_ES', 'subtitle', ''),
(6, 'es_ES', 'title', 'Bioética para el siglo XXI: Entendiendo el devenir histórico'),
(7, '', 'categoryIds', '[5]'),
(7, '', 'citationsRaw', ''),
(7, '', 'copyrightYear', '2023'),
(7, 'es_ES', 'abstract', '<p>El contexto de los centros penitenciarios, en la actualidad, atraviesa una crisis a nivel mundial, nacional, regional y local, particularmente debido al hacinamiento que sobrepasa las capacidades instaladas, generando enfermedades físicas y mentales que deterioran la calidad de vida de las personas privadas de la libertad. Desde el enfoque de género, las Mujeres Privadas de la Libertad (MPL), son más susceptibles de padecer riesgo en su salud mental, en especial porque, desde su infraestructura, las cárceles fueron pensadas y construidas para hombres, aspecto que acompañado de otros factores como la separación, el abandono familiar, la falta de recursos económicos, condenas muy largas, exposición a enfermedades que se propagan con facilidad en ambientes cerrados, falta de acceso a los sistemas de salud y la perdida de la privacidad, se convierten en condiciones que desfavorecen el bienestar de la Mujer Privada de la Libertad. La salud mental ha sido definida por la Organización Mundial de la Salud (1), como un estado de bienestar, donde las personas son conscientes de sus capacidades, del afrontamiento a las tensiones normales de la vida, de la capacidad de ser productivas y además de tener la capacidad de contribuir a su comunidad. Entre los factores que ayudan a preservar una adecuada salud mental se encuentra un buen auto concepto, el cual, según Callista Roy (2) está definido con base en el conjunto de creencias y sentimientos que posee una persona acerca de sí misma y la actitud para afrontar las diferentes situaciones de la vida. Parte de las funciones esenciales de la enfermería, incluye realizar intervenciones de promoción a poblaciones vulnerables y durante la formación profesional se procura cumplir con las funciones sustantivas de docencia, investigación y proyección social. Ahora bien, desde el componente mencionado, a partir del segundo semestre del año 2010, un grupo de docentes y estudiantes del programa de Enfermería de la Universidad Libre Pereira, iniciaron un proyecto dirigido a buscar respuesta a las diferentes necesidades de la población carcelaria femenina, con una estrategia denominada: “Laboratorio del Afecto”, cuya base esencial son talleres vivenciales dirigidos por profesionales en psicología clínica y enfermería, contando también con la participación de estudiantes integrantes del semillero Laboratorio del afecto del programa de Enfermería y dirigidos a grupos de 35 a 40 mujeres privados de la libertad. El objetivo del programa es crear espacios formativos basados en el diálogo, la comprensión, la autonomía y de- 11 MERCY SOTO CHAQUIR ● BEATRIZ ELENA GARCÍA GONZÁLEZ ● PAULO CESAR GONZÁLEZ SEPÚLVEDA ● GUILLERMO VALENCIA MONTOYA más dominios del auto concepto que, articulados entre sí, puedan contribuir de forma significativa a mejorar las relaciones interpersonales, generando a la vez un impacto positivo en el proceso de reincorporación de la persona a la sociedad y que de igual forma sirvan como elemento fundamental para mitigar las respuestas de estrés y violencia que usualmente se viven en los centros penitenciarios. En este texto encontrará información detallada sobre el contexto carcelario y los aspectos relacionados con la salud mental de las Personas Privadas de la Libertad, en el segundo capítulo se describe la intervención: Laboratorio del afecto para el cuidado del auto concepto en la MPL, como estrategia para la promoción de la salud mental, luego se presentan los resultados en el auto concepto antes y después de participar de los talleres y por último la percepción del auto concepto en las MPL que participan de los talleres. Se espera que con esta publicación se facilite replicar la intervención en otros escenarios similares y que se beneficie a la población Privada de la Libertad.</p>'),
(7, 'es_ES', 'copyrightHolder', 'U. Libre'),
(7, 'es_ES', 'coverImage', '{\"dateUploaded\":\"2023-03-09 12:40:01\",\"uploadName\":\"submission_7_7_coverImage_es_ES.jpg\",\"altText\":\"\"}'),
(7, 'es_ES', 'prefix', ''),
(7, 'es_ES', 'rights', ''),
(7, 'es_ES', 'subtitle', ''),
(7, 'es_ES', 'title', 'Promoción de la salud mental: laboratorio de afecto como estrategia para el cuidado del auto concepto'),
(8, '', 'categoryIds', '[3]'),
(8, '', 'citationsRaw', ''),
(8, '', 'copyrightYear', '2023'),
(8, 'es_ES', 'abstract', '<p>Dedicated to all those who believe in their dreams and sow day by day to achieve them. This research book is the product of a frank and open debate related to the importance of accurately measuring financial phenomena that turn out to be related to scenarios of economic openness, financial globalization, competitive market environments and their incidence on risk. Thus, the authors of this book have wanted to show in a clear and detailed way methodological approaches that allow future researchers to carry out replications of this work in other contexts or to broaden the theoretical reflection to strengthen the theoretical framework of financial economics. The analysis contexts in this book have been chosen considering spatial, temporal or historical peculiarities that have aroused intellectual interest in understanding how differentiated impacts are produced on commodity prices, exchange rate and risk or which variables are determinants of these categories of analysis. This work aims to provide investors and researchers with a methodological approach to carry out technical and / or fundamental analyzes for the prediction of the behavior of the main currency pairs worldwide, especially those that can be traded through the Internet, in various platforms that brokers develop to facilitate access and participation in these types of markets. In many cases, the broad panorama of research topics related to the field of financial economics may induce a greater focus on performance analysis to leave out very important elements that should be considered when making investment decisions, such as For example, the most appropriate statistical tools for a certain behavior, the combination of analysis to confirm or deny a prediction, the indicators of more and less risky operations, linearity or non-linearity in quantitative relationships of interest. However, this work does not guarantee success in your investment decisions, due to a large number of factors that will be explained later in the following chapters, however, it intends to considerably reduce your deliberate, irrational and unfounded decisions, regarding amounts, risk analysis, types of currency, duration and times when financial operations are carried out. This requires the application of statistical tools (technical analysis) based on longitudinal data available in secondary information sources and the analysis of the most influential economic indicators in the behavior of the assets mentioned in the document (fundamental analysis). Carlos David Cardona Arenas</p>'),
(8, 'es_ES', 'copyrightHolder', 'U. Libre'),
(8, 'es_ES', 'coverImage', '{\"dateUploaded\":\"2023-03-09 12:42:43\",\"uploadName\":\"submission_8_8_coverImage_es_ES.jpg\",\"altText\":\"\"}'),
(8, 'es_ES', 'prefix', ''),
(8, 'es_ES', 'rights', ''),
(8, 'es_ES', 'subtitle', ''),
(8, 'es_ES', 'title', 'Financial economics: Dynamic analysis of macrofundamental variables and risk cases, Colombia and Lima (Peru)'),
(9, '', 'categoryIds', '[3]'),
(9, '', 'citationsRaw', ''),
(9, '', 'copyrightYear', '2023'),
(9, 'es_ES', 'abstract', '<p>¿Qué pretendo hacer aquí? Estar al tanto en el contexto del comercio internacional de la índole de los cambios efectuados en los regímenes de importación/exportación y tránsito aduanero en el marco de la nueva regulación aduanera colombiana a efecto de confrontarlos en lo pertinente con las pautas comerciales de carácter local y mundial a fin de hallar aproximaciones, analogías, discrepancias y rupturas en aquellos escenarios en donde opera cada legislación de una forma coetánea. Establecer previamente si los principios generales que orientan a esas dos disposiciones, la comercial y la aduanera manejan componentes comunes, o si por el contrario, en vista de que proceden de dos órdenes jurídicos divergentes contienen dispositivos que se repelen o se complementan y que es preciso aquí poner de relieve para un enfoque oportuno del comercio exterior contemporáneo. Concebir las opciones adecuadas que fuesen de rigor a fin de hallar en la mediación fenomenológica y hermenéutica4 de ambos contextos las debilidades, las oportunidades, las fortalezas y las amenazas de esos esquemas jurídicos tan distantes, pero a la vez tan cerca por el objetivo que persiguen para el cabal desarrollo de los negocios mercantiles a nivel mundial. Exhibir los aspectos relevantes de cada normatividad a fin de alcanzar una coexistencia normativa que consolidare gran parte del pensamiento jurídico actual en el ramo del comercio exterior y sería un ejemplo de ajustes hallar una inédita perspectiva de mixtura de legislaciones5 sin perder ninguna de las dos su identidad sustancial. En suma, por lo expuesto solo pretendo dentro de las limitaciones de cualquier obra humana exteriorizar un paralelismo epistémico entre esos dos órdenes para los efectos de una contingente correspondencia normativa principal o subsidiaria según el caso. Barranquilla en la víspera del Carnaval del año de gracia de 2018 y a mediados del año del Señor de 2019.</p>'),
(9, 'es_ES', 'copyrightHolder', 'U. Libre'),
(9, 'es_ES', 'coverImage', '{\"dateUploaded\":\"2023-03-09 12:45:55\",\"uploadName\":\"submission_9_9_coverImage_es_ES.jpg\",\"altText\":\"\"}'),
(9, 'es_ES', 'prefix', ''),
(9, 'es_ES', 'rights', ''),
(9, 'es_ES', 'subtitle', ''),
(9, 'es_ES', 'title', 'La Nueva Regulación Aduanera frente al Derecho Comercial Internacional'),
(10, '', 'categoryIds', '[6]'),
(10, '', 'citationsRaw', ''),
(10, '', 'copyrightYear', '2023'),
(10, 'es_ES', 'abstract', '<p>Con la publicación de esta investigación, es nuestro propósito contribuir para que en Colombia haya la mayor tolerancia posible a la diversidad, a la minoría que es diferente. Iniciamos con el tratamiento de la homosexualidad en la antigüedad, sus raíces, fundamentos religiosos y culturales. Hemos tomado como ejemplos de la antigüedad precristiana las civilizaciones romana y griega, recurriendo a su literatura e historia sobre este tema. Sobre el cristianismo, citamos libros del Antiguo Testamento, a Pablo de Tarso, Concilios Ecuménicos y frases de los últimos Papas sobre las posiciones homofóbicas de esta religión. Igualmente, citamos algunas azoras del Corán. Comenzamos con el concepto de familia, su evolución y clases a partir del clásico La sociedad primitiva de Lewis H. Morgan y la aplicación que del libro de Morgan hace Federico Engels en el campo de la teoría del Estado y la ciencia política, en su libro El origen de la familia, la propiedad privada y el Estado, pasando por tratadistas del derecho contemporáneo y los análisis del profesor Yuval Noah Harari sobre la familia en el siglo XXI. En relación con la legislación colombiana, iniciamos con el tratamiento que se dio a la homosexualidad en el Código Penal de 1936, en el Código Penal de 1980, a partir de la Constitución Política de 1991 y en el Decreto 762 de 2018. Hicimos el mismo estudio cronológico con la definición y los derechos de la familia en la legislación colombiana. Antes de entrar a investigar los derechos en materia de seguridad social de las parejas del mismo sexo, estudiamos la historia, el concepto y la evolución de esta disciplina en el ámbito nacional e internacional. Ante la inexistencia de legislación debido a la omisión del Congreso colombiano, analizamos en orden cronológico las sentencias de la Corte Constitucional, cuya jurisprudencia otorgó paso tras paso, gradualmente, los derechos a las parejas del mismo sexo en materia de seguridad social, derecho laboral, derecho de familia (matrimonio y adopción) y en otros campos. Igualmente, señalamos en forma progresiva la evolución del reconocimiento del matrimonio, la adopción, y otros derechos de las parejas del mismo sexo en todo el mundo, al igual que en los países en que se sigue aplicando la pena de muerte a personas con orientación sexual diversa. Terminamos la investigación con un informe estadístico sobre discriminación y violencia contra la comunidad LGTBI en Colombia.</p>'),
(10, 'es_ES', 'copyrightHolder', 'U. Libre'),
(10, 'es_ES', 'coverImage', '{\"dateUploaded\":\"2023-03-10 23:17:40\",\"uploadName\":\"submission_10_10_coverImage_es_ES.jpg\",\"altText\":\"\"}'),
(10, 'es_ES', 'prefix', ''),
(10, 'es_ES', 'rights', ''),
(10, 'es_ES', 'subtitle', ''),
(10, 'es_ES', 'title', ' Familia, seguridad social y parejas del mismo sexo: Jurisprudencia constitucional'),
(11, '', 'categoryIds', '[3]'),
(11, '', 'citationsRaw', ''),
(11, '', 'copyrightYear', '2023'),
(11, 'es_ES', 'abstract', '<p>Este libro presenta algunos resultados de investigación sobre las potencialidades de desarrollo turístico del Caribe colombiano. Se inicia con dos trabajos correspondientes a las representaciones de desarrollo regional desde el enfoque de las potencialidades, incluidos para ofrecer una imagen de contexto. El tercer trabajo se centra en identificar las potencialidades de desarrollo turístico del departamento del Atlántico desde el entorno de la Región Caribe, con la intención de poder hacer no solo un diagnóstico de cada uno de los tipos de turismo que se vienen desarrollando en el departamento, sino también ofrecer información valiosa para el desarrollo de sus diversos subsectores. El cuarto capítulo trata de especificar o localizar las potencialidades en un municipio atlanticense, y para ello se escogió a Usiacurí, el cual viene desarrollando una importante actividad turística relacionada con la producción artesanal, la actividad literaria y el ecoturismo. Los capítulos quinto y sexto son mucho más puntuales, pues se trata de construir un modelo de Balanced Scorecard o cuadro de mando integral enfocado en el desarrollo de las potencialidades turísticas del sector hotelero de Barranquilla. El séptimo capítulo, por su parte, establece una comparación entre dos enfoques de desarrollo estratégico de las empresas vinculadas al sector turístico, aplicando la “estrategia del océano azul” —que busca dejar a un lado la competencia entre las empresas y más bien ampliar el mercado a través de la innovación— para generar ventajas competitivas en dicho departamento que tornen más productivo el turismo, teniendo como referente teóricometodológico el enfoque de las potencialidades de desarrollo. Esta obra tiene, entonces, no solo el propósito de dar a conocer las ventajas de la actividad turística para el desarrollo de la Región Caribe y específicamente del departamento del Atlántico, sino además el de constituirse en un documento de consulta para quienes desean trabajar con el enfoque de potencialidades en un ámbito donde priman el diagnóstico y la definición de estrategias tanto para el área territorial como empresarial. Por consiguiente, presenta los resultados de siete investigaciones en los campos del desarrollo regional y el turismo; las cuatro primeras fueron realizadas por Miguel Chajín, y las restantes por Lilia Mendoza, de quien los capítulos quinto y sexto forman parte de su tesis doctoral y representan una innovación teórica y metodológica en el campo de la administración, pues van más allá del diagnóstico de potencialidades y se convierten en una estrategia de gestión. Por último, valga referir que todos los capítulos de este compendio han sido presentados en eventos científicos, nacionales e internacionales. Este libro tiene no solo un propósito de dar a conocer las posibles ventajas que pueda tener la actividad turística para el desarrollo de la Región Caribe y específicamente el departamento del Atlántico sino que se constituye en un documento de consulta para quienes desean trabajar con el enfoque de potencialidades en un marco de diagnóstico y definición de estrategias tanto para el área territorial como empresarial. El libro es resultado de investigación, como puede evidenciarse en cada capítulo; además cada uno de estos capítulos fueron ponencias presentadas en eventos científicos nacionales e internacionales, en México, Costa Rica y Colombia.</p>'),
(11, 'es_ES', 'copyrightHolder', 'U. Libre'),
(11, 'es_ES', 'coverImage', '{\"dateUploaded\":\"2023-03-16 15:31:53\",\"uploadName\":\"submission_11_11_coverImage_es_ES.jpg\",\"altText\":\"\"}'),
(11, 'es_ES', 'prefix', ''),
(11, 'es_ES', 'rights', ''),
(11, 'es_ES', 'subtitle', ''),
(11, 'es_ES', 'title', 'Potencialidades de desarrollo turístico del departamento del Atlántico'),
(12, '', 'categoryIds', '[6]'),
(12, '', 'citationsRaw', ''),
(12, '', 'copyrightYear', '2023'),
(12, 'es_ES', 'abstract', '<p>La razón latinoamericana ha sido una preocupación de muchos intelectuales en el mundo, especialmente, de los de nuestro continente. Algunos, para mostrar su significado, sentido, importancia y proyecciones; otros, para criticar sus limitaciones y posibilidades; y, los más rigurosos, para descalificarla. Todos los críticos, de uno y otro talante, con argumentos bien fundamentados en unos casos, y sin ellos en otros, han partido del viejo y trillado criterio de que la filosofía no se puede latinoamericanizar, pues su esencia es el carácter universal que le es propio, el cual, dicen, no se debe menoscabar. A lo sumo lo que se puede es ampliar, desde “la fenomenología de la razón latinoamericana (...) el concepto de razón mediante un análisis fenomenológico que muestre las peculiaridades de nuestro “mundo de la vida”, utilizando categorías y principios que hagan inteligibles el ser y el mundo latinoamericano y que expresen “lo constitutivo último de dicho ser y dicho mundo”” (Herrera, 1992, p. 457 citado por Castro, 2011), o, desde “una arqueología de la razón latinoamericana ya no para “conceptualizar las estructuras de un mundo de la vida auténticamente latinoamericano, sino para mostrar cuáles son las prácticas y los dispositivos a partir de los cuales se han construido una serie de discursos sobre Latinoamérica y lo latinoamericano”” (Salazar Ramos, 1993, p. 92 citado por Castro, 2011).</p>'),
(12, 'es_ES', 'copyrightHolder', 'U. Libre'),
(12, 'es_ES', 'coverImage', '{\"dateUploaded\":\"2023-03-16 15:35:59\",\"uploadName\":\"submission_12_12_coverImage_es_ES.png\",\"altText\":\"\"}'),
(12, 'es_ES', 'prefix', ''),
(12, 'es_ES', 'rights', ''),
(12, 'es_ES', 'subtitle', ''),
(12, 'es_ES', 'title', 'Polémica sobre la filosofía latinoamericana'),
(13, '', 'categoryIds', '[4]'),
(13, '', 'citationsRaw', ''),
(13, '', 'copyrightYear', '2023'),
(13, 'es_ES', 'abstract', '<p>El crecimiento económico y el emprendimiento se han interconectado fuertemente, sin embargo, esta relación está muy lejana de definirse (Carre, Van Stel, Thurik y Wennekers, 2007). Es claro que el espíritu empresarial influye en el desarrollo económico. Existen planteamientos que formulan que el proceso de desarrollo económico es el resultado –no planificado– del emprendimiento individual, mientras que otros consideran que el espíritu empresarial impulsa el crecimiento del empleo, la innovación y el bienestar, por lo cual los gobiernos buscan mecanismos (políticas, incentivos tributarios y otros) para mejorar la actividad empresarial en sus regiones (Toma, Grigore y Marinescu, 2014). El presente libro contiene los resultados de un análisis diferente y novedoso de la relación entre el desarrollo económico de los países y la actividad empresarial a partir de datos del Global Entrepreneurship Monitor o estudio GEM. La investigación desarrollada sigue el enfoque económico que Álvarez y Urbano (2010) afirman había sido explorado solo en un 31% de la literatura publicada, que está basada en el GEM. En este enfoque se utilizan métricas que relacionan las condiciones económicas de los países, en este caso se utilizó el tipo de economía de acuerdo con la clasificación del Foro Económico Mundial. Para la actividad empresarial se utilizaron datos públicos del estudio GEM de los países, como es la Tasa de Nueva Actividad Empresarial (TEA) y otros tipos de empresarios medidos según su modelo del proceso empresarial. Se manejó además una novedosa forma de interpretación y representación gráfica de los datos del GEM, llamada la Tubería Empresarial, creada por Varela y Soler (2013) como herramienta para la conceptualización de la eficiencia y resiliencia en el proceso empresarial.</p>'),
(13, 'es_ES', 'copyrightHolder', 'U. Libre'),
(13, 'es_ES', 'coverImage', '{\"dateUploaded\":\"2023-03-16 15:39:38\",\"uploadName\":\"submission_13_13_coverImage_es_ES.jpg\",\"altText\":\"\"}'),
(13, 'es_ES', 'prefix', ''),
(13, 'es_ES', 'rights', ''),
(13, 'es_ES', 'subtitle', ''),
(13, 'es_ES', 'title', 'La tubería empresarial eficiente : resiliencia de emprendedores y empresarios'),
(14, '', 'categoryIds', '[3]'),
(14, '', 'citationsRaw', ''),
(14, '', 'copyrightYear', '2023');
INSERT INTO `publication_settings` (`publication_id`, `locale`, `setting_name`, `setting_value`) VALUES
(14, 'es_ES', 'abstract', '<div class=\"simple-item-view-description item-page-field-wrapper table\">\r\n<div>Los sistemas de información geográfica (SIG) se han convertido en la actualidad en una importante herramienta de análisis e interpretación del componente territorial del espacio geográfico. Esta investigación hace referencia a la incidencia de los SIG en la sociedad y los aportes que potencialmente pueden lograrse en las temáticas sociales y ambientales. En tal sentido, se presenta una descripción de las características principales de estos sistemas y las ventajas que surgen al trabajar con tecnologías OpenSource y se resalta la importancia de implementar infraestructuras tecnológicas GIS, expresada en servicios como patrón de diseño, que soporte la integración con aplicaciones Web GIS utilizando LBS, que facilite y potencie el desarrollo de software para el manejo y control de información espacial relacionada con problemáticas sociales, ambientales, de la gestión del riesgo de desastres y de manera particular en el inventario y caracterización de fenómenos de remoción en masa (FRM). Como resultado del seguimiento de la metodología propuesta, se implementa y propone un Geographic Information System (GIS) como infraestructura de datos espaciales (IDEs), expresada en “servicios” como patrón de diseño, estructurado en una plataforma tecnológica OpenSource, arquitectura implementada con bases de datos relacionales con extensión espacial como sistema manejador de base de datos, servidor web Apache/tomcat y servidor de mapas. El primero permite crear mapas a partir de los datos espaciales existentes en formato digital; el segundo la interacción entre la aplicación y un browser y la posterior publicación y consulta de la información georeferenciada en Internet, usando el protocolo HTTPD. El desarrollo investigativo enfatiza acerca de los aplicativos y funcionalidad de los SIG que, sin la dependencia de plataformas tecnológicas de alto costo y con patrones de diseño adecuados, se convierte en una alternativa para entidades públicas y privadas en procura de geoespacializar información temática que redunde en el fortalecimiento de sus procesos diagnósticos y en la toma de decisiones en tiempo real. El desarrollo investigativosugiere entonces la implementación de metodologías funcionales y de alto desempeño, en el tema de la gestión del riesgo de desastres y otros de interés, bajo plataformas de código abierto y el uso de SIG, y que permanentemente pueden ser mejoradas y fortalecidas, según la visión y proyecciones de sus usuarios y administradores.</div>\r\n</div>\r\n<div class=\"simple-item-view-uri item-page-field-wrapper table\">\r\n<h5>URI</h5>\r\n</div>'),
(14, 'es_ES', 'copyrightHolder', 'U. Libre'),
(14, 'es_ES', 'coverImage', '{\"dateUploaded\":\"2023-03-16 15:46:31\",\"uploadName\":\"submission_14_14_coverImage_es_ES.jpg\",\"altText\":\"\"}'),
(14, 'es_ES', 'prefix', ''),
(14, 'es_ES', 'rights', ''),
(14, 'es_ES', 'subtitle', ''),
(14, 'es_ES', 'title', 'Implementación de infraestructuras tecnológicas (GIS) Geographic Information System, expresada en \"servicios\" como patrón de diseño'),
(15, '', 'categoryIds', '[5]'),
(15, '', 'citationsRaw', ''),
(15, '', 'copyrightYear', '2023'),
(15, 'es_ES', 'abstract', '<p>Prácticas evaluativas en el contexto de la educación superior</p>'),
(15, 'es_ES', 'copyrightHolder', 'U. Libre'),
(15, 'es_ES', 'coverImage', '{\"dateUploaded\":\"2023-03-16 15:49:31\",\"uploadName\":\"submission_15_15_coverImage_es_ES.jpg\",\"altText\":\"\"}'),
(15, 'es_ES', 'prefix', ''),
(15, 'es_ES', 'rights', ''),
(15, 'es_ES', 'subtitle', ''),
(15, 'es_ES', 'title', 'Prácticas evaluativas en el contexto de la educación superior'),
(16, '', 'categoryIds', '[6]'),
(16, '', 'citationsRaw', ''),
(16, '', 'copyrightYear', '2023'),
(16, 'es_ES', 'abstract', '<p>El presente libro surge en el marco de los procesos investigativos, desarrollados en el grupo de investigación Derecho, Estado y Sociedad de la Facultad de Derecho de la Universidad Libre, seccional Pereira. La intencionalidad de este libro es generar una discusión desde una perspectiva socio jurídica sobre la diversidad y el otro; para tal fin, se articulan las tres líneas: Derechos Humanos, Paz y Conflicto; Pensamiento Político y Gestión Pública; Derecho y Problemáticas Sociales.</p>'),
(16, 'es_ES', 'copyrightHolder', 'U. Libre'),
(16, 'es_ES', 'coverImage', '{\"dateUploaded\":\"2023-03-16 15:52:33\",\"uploadName\":\"submission_16_16_coverImage_es_ES.jpg\",\"altText\":\"\"}'),
(16, 'es_ES', 'prefix', ''),
(16, 'es_ES', 'rights', ''),
(16, 'es_ES', 'subtitle', ''),
(16, 'es_ES', 'title', 'De la diversidad y el otro, una propuesta socio-jurídica'),
(17, '', 'categoryIds', '[6]'),
(17, '', 'citationsRaw', ''),
(17, '', 'copyrightYear', '2023'),
(17, 'es_ES', 'abstract', '<p>El presente libro sale a la luz justo en el acontecer de nuevos escenarios en Latinoamérica, un contexto económico desacelerado y de déficit comercial, la inversión reducida en gasto público y en políticas sociales universales, aunado a serias dificultades para revertir el crecimiento sostenido de la pobreza y de las desigualdades sociales y el prioritario interés en los diálogos por la paz en Colombia. Este libro con el título “Incidencia de la organización juvenil en la prevención de la trata de personas y otras violencias en comunidades educativas de la ciudad de Pereira”, resulta una estrategia atinada y esperanzadora desde los jóvenes para que los resultados plasmados en la obra inspiren las decisiones públicas para el avance en la erradicación de la trata de personas en Colombia. La trata de personas aparece ligada a la historia de la humanidad y en los momentos actuales está fuertemente asociado al liberalismo económico y al advenimiento de una sociedad de mercado que prioriza el poder económico sobre los valores humanos. Las autoras del libro Claudia María López Ortiz y Sandra Botero Gaviria, definen claramente en el texto la trata de personas y sus posiciones teóricas, lo ubican como el comercio de seres humanos, niños, niñas, adolescentes, mujeres y hombres, reconocen que en los últimos tiempos es uno de los más graves delitos a nivel mundial, evidencia la violación de los derechos humanos fundamentales y constituye una seria humillación a la dignidad humana. Refleja, además, la crisis de valores humanos de este mundo post moderno. Los delitos de la trata de personas comprenden la captación, traslado acogida y retención de una persona por medio de la violencia, engaño, amenaza, abuso de poder y aprovechamiento de situaciones de vulnerabilidad, para someter explotar a la persona y lucrarse de su actividad, las víctimas son captadas principalmente por la falta de información y desconocimiento de los riesgos a los que se exponen. Incidencia de la organización juvenil en la prevención de la trata de personas y otras violencias en comunidades educativas de la ciudad de Pereira 12 La trata de personas se encuentra profundamente vinculada a otras condicionantes sociales, culturales, delictivas, como la migración interna, la migración internacional ilegal, la explotación sexual, la explotación laboral, la esclavitud y prácticas análogas a ella, el trabajo forzoso por deudas, entre otras, y a violencias, abusos, maltrato y crímenes. La organización del texto aborda sus cuatro capítulos, donde se hace el planteamiento del objeto de investigación sobre el fortalecimiento de las redes de actores claves sensibilizados en pro de la lucha contra la trata de personas, por caso se expone lo realizado con los jóvenes de contextos educativos de la comuna Cuba, en específico de las Instituciones Educativas: Ciudadela Cuba, La Villa, El Dorado, Rodrigo Arenas Betancur, para el desarrollo de cada uno de sus capítulos plantea los lineamientos teóricos de la trata de personas como fenómeno social y la vulneración de derechos, desde una perspectiva de género, las conexiones con la migración y las perspectivas de prevención desde las organizaciones juveniles y su importante actuación en la prevención desde los enfoques, jurídico, geográficos, así como sus marcos institucionales. Así mismo cada capítulo ofrece una amplia perspectiva pedagógica sobre la composición metodológica del proyecto de investigación realizado, presenta la operación del proyecto de investigación y los resultados alcanzados en cada institución educativa. De igual manera, aparecen las reflexiones más sobresalientes del estudio, las conclusiones para cerrar el capítulo con las recomendaciones para el uso de los resultados de la investigación e investigaciones similares en el futuro o en otros contextos. Dentro de los aportes más significativos de la obra es el fortalecimiento educativo de las y los jóvenes estudiantes que les serán de utilidad para intervenir en la incidencia para la prevención de la trata de personas a través de las redes juveniles y los mecanismos de réplica con diversos actores y redes sociales en diversos escenarios comunitarios. Este libro de Claudia María López Ortiz y Sandra Botero Gaviria resulta una excelente herramienta teórica, metodológica y pedagógica para orientar la investigación e intervención transformadora en la prevención de la trata de personas con jóvenes universitarios en espacios comunitarios y da cuenta fehaciente de los conocimientos de las expertas autoras.</p>'),
(17, 'es_ES', 'copyrightHolder', 'U. Libre'),
(17, 'es_ES', 'coverImage', '{\"dateUploaded\":\"2023-05-18 20:57:58\",\"uploadName\":\"submission_17_17_coverImage_es_ES.jpg\",\"altText\":\"\"}'),
(17, 'es_ES', 'prefix', ''),
(17, 'es_ES', 'rights', ''),
(17, 'es_ES', 'subtitle', ''),
(17, 'es_ES', 'title', 'Incidencia de la organización juvenil en la prevención de la trata de personas y otras violencias en comunidades educativas de la ciudad de Pereira'),
(18, '', 'categoryIds', '[5]'),
(18, '', 'citationsRaw', ''),
(18, '', 'copyrightYear', '2023'),
(18, 'es_ES', 'abstract', '<p>Cárcel Saludable es un espacio de preparación para la reinserción social de los privados de la libertad, que debe garantizar la salud de la persona, desde un concepto biopsicosocial, además de la comprensión, la intervención y la mitigación de los riesgos, para posibilitar su bienestar y calidad de vida. Implica la comprensión del individuo, de su entorno familiar, social y comunitario, desde diferentes perspectivas (genero, diversidad, ciclo vital, derechos, entre otros) y enfoques de actuación (bio psico social, socio educativo, socio laboral, socio ambiental, entre otros). Desde el año 1999, la Organización Mundial de la Salud OMS, ha venido sensibilizando a la población mundial sobre la importancia de intervenir las cárceles y atender los múltiples factores que inciden de manera negativa en la salud integral de las personas privadas de la libertad, como las condiciones de hacinamiento, las cuales facilitan la transmisión de enfermedades infectocontagiosas, tema de responsabilidad de los entes encargados de la salud pública. La PPL presenta características singulares y un entorno particular, que posibilita intervenciones para su salud individual y colectiva, cobijando también al personal que trabaja en las prisiones. Los Entornos Saludables han sido un asunto trasversal en las estrategias desde la Primera Conferencia de Atención Primaria en Salud en Alma Ata en el año 1978, donde se reiteró el abordaje de salud como un completo estado de bienestar físico, mental y social, y no solo la ausencia de signos o síntomas desagradables o de enfermedad. Este concepto evoluciona y complementa la salud como un derecho humano obligatorio e inquebrantable, para el que debe existir un trabajo intersectorial e interdisciplinario para garantizarlo, mediante la promoción de la salud y el favorecimiento de los determinantes estructurales e intermedios de la salud. En la Carta de Otawa de 1986, se propone garantizar la Salud Para Todos a través de políticas públicas, la creación de ambientes saludables, el fortalecimiento de la acción comunitaria, el desarrollo de hábitos y estilos de vida saludables individual y colectivamente, y la reorientación de los servicios de salud hacia la prevención de la enfermedad y mantenimiento de la salud. En el año 1997 en Indonesia, en la Conferencia de Yakarta, se propone mejorar las condiciones de vida por medio de la garantía de la paz, la educación, la seguridad social, la alimentación, el uso sostenible de los recursos naturales y el mejoramiento de la vivienda, la equidad, la protección y la garantía de los derechos humanos. En Bangkok, Tailandia, en el año 2005, en la Sexta Conferencia Internacional 12 EL CICR Y LA ACADEMIA POR LAS CÁRCELES SALUDABLES: COMPENDIO DE EXPERIENCIAS EXITOSAS sobre la Promoción de la Salud, la propuesta fundamental giró en torno a la generación de estrategias para controlar los efectos de la globalización sobre la salud, como consecuencia del aumento en las desigualdades, la rápida urbanización, el deterioro del medio ambiente y la creciente carga de enfermedades trasmisibles y no trasmisibles. En la Octava Conferencia Mundial de la Promoción de la Salud, en Helsinki, Finlandia, se propuso priorizar la salud en las políticas públicas, como la mejor manera aumentar las posibilidades de que las personas tengan una vida saludable. En la Novena Conferencia Mundial de Promoción de la Salud, en Shangai, China, el slogan de trabajo fue: “Salud para todos y todos para la salud”, a través del cumplimiento de los Objetivos de Desarrollo Sostenible. Es evidente entonces, desde las propuestas de los organismos internacionales, que se requiere la voluntad de los diferentes actores sociales, políticos, gubernamentales, educativos, empresariales y religiosos, para la generación de programas que materialicen la estrategia de Atención Primaria en Salud en todos los espacios de vida de los seres humanos, incluidos obviamente, los espacios carcelarios. En la actualidad, el proceso de concepción de Cárceles Saludables, su importancia y pertinencia para el mejoramiento de las condiciones de salud de la PPL, permite abrir espacios que incluyen la salud mental en sus aspectos teóricos, normativos y metodológicos. En ese actuar, es importante tener en cuenta experiencias que mejoran la reflexión, amplían los conocimientos y fortalecen las iniciativas conjuntas, encaminadas a materializar un Sistema de Salud Penitenciario integral, enmarcado en el derecho a la salud de la PPL en Colombia.</p>'),
(18, 'es_ES', 'copyrightHolder', 'U. Libre'),
(18, 'es_ES', 'coverImage', '{\"dateUploaded\":\"2023-03-16 16:02:02\",\"uploadName\":\"submission_18_18_coverImage_es_ES.jpg\",\"altText\":\"\"}'),
(18, 'es_ES', 'prefix', ''),
(18, 'es_ES', 'rights', ''),
(18, 'es_ES', 'subtitle', ''),
(18, 'es_ES', 'title', 'El CICR y la academia por las cárceles saludables: compendio de experiencias exitosas'),
(19, '', 'categoryIds', '[5]'),
(19, '', 'citationsRaw', ''),
(19, '', 'copyrightYear', '2023'),
(19, 'es_ES', 'abstract', '<p>Objetivo: Determinar e intervenir la frecuencia de las alteraciones osteomusculares relacionadas por riesgos laborales de tipo biomecánico en los funcionarios de servicios integrales del aseo que prestan servicios en una institución de educación superior de la ciudad de Pereira, desde la valoración fisioterapéutica. Metodología: Estudio descriptivo de corte transversal, se realizó la descripción de las condiciones de trabajo y las alteraciones posturales para desarrollar propuesta de intervención ergonómica, se obtuvo una muestra de 26 funcionarios de servicios integrales de aseo que brindan sus servicios en una institución de educación superior en la ciudad de Pereira. Resultados: En la valoración de higiene postural se identificaron alteraciones en columna cervical 96.2%, columna dorsal 53.8%, columna lumbar 42.3%, pelvis 42.3% y rodilla 30.8%, además, en la valoración goniométrica se identificó restricción del movimiento por dolor en miembros superiores articulaciones glenohumeral 15.8%, radio carpiana 11.5% y restricción del movimiento por retracción muscular en miembros inferiores articulaciones coxofemoral 46.1% y femorotibial 26.9%. Conclusiones y discusión: Al realizar valoración y seguimiento de las condiciones de trabajo y las alteraciones osteomusculares, se obtuvo como resultado el control del riesgo biomecánico, siendo la base para realizar acciones de intervención en la prevención de accidentes y enfermedades laborales generando mejor calidad de vida y desempaño laboral.</p>'),
(19, 'es_ES', 'copyrightHolder', 'U. Libre'),
(19, 'es_ES', 'coverImage', '{\"dateUploaded\":\"2023-03-16 16:06:52\",\"uploadName\":\"submission_19_19_coverImage_es_ES.jpg\",\"altText\":\"\"}'),
(19, 'es_ES', 'prefix', ''),
(19, 'es_ES', 'rights', ''),
(19, 'es_ES', 'subtitle', ''),
(19, 'es_ES', 'title', 'Alteraciones osteomusculares: Riesgo laboral de tipo biomecánico en una empresa de aseo en la ciudad de Pereira'),
(20, '', 'categoryIds', '[3]'),
(20, '', 'citationsRaw', ''),
(20, '', 'copyrightYear', '2023'),
(20, 'es_ES', 'abstract', '<p>La negociación es una forma resolver conflictos de manera eficiente, es un proceso que requiere disciplina, meticulosidad, planeación, estrategias, emociones y actitudes, con el fin que al negociar se establezca una relación de espacio y tiempo, y genere un resultado positivo para ambas partes dentro del encuentro. Por tanto es preciso entender las tácticas de negociación que desarrollan los distintos países basados en las diferencias culturales relevantes, para generar un ambiente armonioso sin crear límites y barreras al momento del contacto con otro negociador, resaltando las formas, expresiones y características del negociador y cuáles son las alternativas estratégicas para dar solución a los intereses de ambas partes, dando como resultado final una condición de ganar-ganar o en ocasiones ganar-perder. Hay que tener en cuenta que los negociadores de hoy se enfrentan a una gran competencia no solo en desarrollo de habilidades sino también en factores universales que hacen del negociador un elemento global con autoridad para convencer a la contraparte en el momento de negociar. (La Escuela de organización industrial, 2014) relata que los conflictos forman parte de nuestra naturaleza humana y que se encuentra siempre presentes en todas nuestras actividades, pero son procesos que deben de ser analizados y administrados. Las tácticas de negociación son los métodos que utiliza un negociador para interactuar con el otro, incluye un aspecto interno y uno externo. El interno hace referencia a las actitudes propias del negociador, los valores y las capacidades personales; y el externo hace referencia a los conocimientos adquiridos a través de estudios, capacitaciones, aprendizaje en academias e instituciones. Adicionalmente, para llevar a la práctica dichas tácticas el negociador debe implementar herramientas, es decir, las estrategias que son el medio por el cual el negociador aplica el aspecto interno y el aspecto externo interrelacionándose de manera exitosa con su entorno laboral, dentro de la organización y fuera de ella como representante de negocios a nivel global. No obstante, la negociación va más allá de un conjunto de técnicas, por lo tanto se deben resaltar aspectos tales como: inteligencia emocional, escucha activa, creatividad, empatía, asertividad, preparación, interculturalidad y gestión del tiempo, además de esto, se ven involucrados ante una situación muy competitiva en la que unos ganan y otros pierden, pero ambas partes en la negociación se necesitan mutuamente para conseguir resultados y preservar la relación tras el intercambio, sea exitoso o no (Llamazares, 2017). La Cultura es otro elemento fundamental al momento de negociar a pesar de que actualmente nos ubicamos en un espacio global donde no hay fronteras para el comercio y las comunicaciones. Es importante que cada continente, región, y país mantengan su autenticidad, denominada cultura. Por tal motivo se hace relevante conocer cómo se comporta la sociedad en lugares específicos en aspectos como: las expresiones corporales y verbales, las costumbres, el idioma, la religión, las formas de vestirse para reuniones de negocios y el valor del tiempo (Charlene M. Solomon; Schell Miachele, 2010). En la siguiente cartilla se identifican cuáles son los estilos de negociación en tres de los continentes más importantes del mundo: Europa, Asia y América generando un desarrollo desde lo general hasta lo particular en la descripción de las tácticas y características de los negociadores de los países estudiados dentro de esta investigación, con el fin de presentar a los lectores detalles específicos de los negociadores de dichos países y ser base de apoyo al momento de tener una negociación.</p>'),
(20, 'es_ES', 'copyrightHolder', 'U. Libre'),
(20, 'es_ES', 'coverImage', '{\"dateUploaded\":\"2023-03-16 16:10:17\",\"uploadName\":\"submission_20_20_coverImage_es_ES.jpg\",\"altText\":\"\"}'),
(20, 'es_ES', 'prefix', ''),
(20, 'es_ES', 'rights', ''),
(20, 'es_ES', 'subtitle', ''),
(20, 'es_ES', 'title', 'El arte de negociar en América Latina, Europa y Asia'),
(21, '', 'categoryIds', '[7]'),
(21, '', 'citationsRaw', ''),
(21, '', 'copyrightYear', '2018'),
(21, 'es_ES', 'abstract', '<p>Dentro del entorno de la educación superior es esencial que tanto docentes como estudiantes sigan fortaleciendo el proceso de investigación formativa, como una constante del desarrollo curricular de los programas de pregrado y postgrado, a través de la elaboración de escritos y documentos académicos. Para ello es importante generar las competencias en pos de la elaboración de diferentes tipos de textos académicos, en los que se procure incorporar grados de objetividad ante los juicios de valor que se emitan a partir de un profundo análisis de las áreas de interés relacionadas con su formación profesional. Se reconocen múltiples tipos y clasificaciones de textos académicos, como reseñas, work papers, working papers u otros; no obstante, se adopta la tipología del ensayo como el más óptimo para adecuarse al objetivo propedéutico de fortalecer la investigación formativa desde el aula de clase. El objetivo de este documento es brindar herramientas y criterios comunes que permitan redactar adecuadamente esta clase de escritos, y exponer ideas de manera clara y organizada. A continuación se presentarán algunas pautas que servirán como guía para esclarecer el proceso de la elaboración de los diferentes tipos de ensayo, además se revisarán temas complementarios al proceso de escritura, que no menos importantes, son de necesario conocimiento para la correcta redacción académica de un escrito como lo son las implicaciones del plagio y los estilos de citas (Manual de Publicación APA y Libro Azul ). Este manual recoge documentos anteriores que el autor ha escrito como líder de procesos para establecer líneas de citación y elaboración de ensayos que han sido aplicadas entre estudiantes de pregrado y postgrado de la Universidad Libre y la Universidad Militar Nueva Granada, así como orientación en los lineamientos de publicación para autores en las revistas «Prolegómenos. Derechos y Valores» y «Relaciones Internacionales, Estrategia y Seguridad».</p>'),
(21, 'es_ES', 'copyrightHolder', 'U. Libre'),
(21, 'es_ES', 'coverImage', '{\"dateUploaded\":\"2023-04-20 20:38:54\",\"uploadName\":\"submission_21_21_coverImage_es_ES.jpg\",\"altText\":\"\"}'),
(21, 'es_ES', 'prefix', ''),
(21, 'es_ES', 'rights', ''),
(21, 'es_ES', 'subtitle', ''),
(21, 'es_ES', 'title', 'Guía para la elaboración de ensayos y citación: (manual APA y Libro Azul)'),
(22, '', 'categoryIds', '[4]'),
(22, '', 'citationsRaw', ''),
(22, '', 'copyrightYear', '2018'),
(22, 'es_ES', 'abstract', '<p>Recorrer Bogotá en bicicleta es una experiencia interesante que la convierte en una opción agradable a la hora de movi-lizarte en la ciudad y al mismo tiempo aportas en disminuir el tránsito vehicular y la emisión de gases. La bicicleta es una alternativa económica, amigable para el medio ambiente y saludable para el cuerpo y la mente.Como ciclista urbano, estás contribuyendo a solucionar algunos de los problemas más complicados que tiene el mundo actual, como la mala calidad del aire, el sedenta-rismo, la obesidad o la diabetes, así como las enfermedades mentales, cada vez más comunes, como el estrés, la ansiedad o la depresión, que están afectando a nuestra sociedad.La Universidad Libre está fomentando el uso de la bici-cleta, ya sea con fines recreativos, ya sea como modo de transporte. Estamos seguros de que la adecuada articula-ción entre peatones, ciclistas y automovilistas, a través de cambios de actitudes que incluyan el respeto a las normas de tránsito y seguridad, te permitirá hacer de la movilidad una experiencia segura, respetuosa y cordial para todos.Moverse en bicicleta por la ciudad requiere más que saber mantener el equilibrio o tener habilidades para conducir. Por eso, te entregamos este manual como una herramienta para saber manejar los diferentes escenarios que se te presentarán como ciclista urbano y al mismo tiempo ser un ejemplo para que sean muchos más los ciclistas rodando por la ciudad.“La bicicleta es un medio seguro... si usted está seguro y capacitado”.</p>'),
(22, 'es_ES', 'copyrightHolder', 'U. Libre'),
(22, 'es_ES', 'coverImage', '{\"dateUploaded\":\"2023-04-20 21:50:41\",\"uploadName\":\"submission_22_22_coverImage_es_ES.png\",\"altText\":\"\"}'),
(22, 'es_ES', 'prefix', ''),
(22, 'es_ES', 'rights', ''),
(22, 'es_ES', 'subtitle', ''),
(22, 'es_ES', 'title', 'El biciusuario seguro: guía de movilidad urbana'),
(23, '', 'categoryIds', '[8]'),
(23, '', 'citationsRaw', ''),
(23, '', 'copyrightYear', '2018'),
(23, 'es_ES', 'abstract', '<p>En el título de este trabajo se menciona a Jano, dios romano arcaico y sin antecedente griego. De acuerdo con García Gual, esta deidad se representaba con doble rostro, mirada hacia atrás y hacia adelante; bifronte y sin espalda, su cabeza se alzaba sobre un pilar cuadrangular o sobre un mojón de los que marcan los lindes. Jano aparece, pues, como guardián de los caminos y de los nuevos tiempos; el guardián de las puertas, relacionado con los momentos peligrosos del cruce de un sitio a otro. Así, esta divinidad puede ser vista también como símbolo del presente, que es solo un momento decisivo de tránsito entre el pasado y el futuro (2003: 195). Al igual que el dios Jano, las corrientes escépticas presentan dos caras, tal vez incompatibles, pero que subsisten en tensión permanente: la de los que suspenden el juicio y les sobreviene la ataraxia, una conexión fortuita que no es promesa de salvación, y la de los que aceptan cierto grado de probabilidad y verosimilitud en la vida práctica, en el que se abandona la epoché y la ataraxia por una vida más racional, el mundo cívico que da lugar al saber menos incierto por ser producto de la actividad humana. Esto hace recordar que, si se observa detenidamente, en la vida práctica existe una gran cantidad de acciones importantes que no pueden realizarse más que desde la probabilidad; por ejemplo, navegar o viajar, que son tareas abiertas, alejadas de la seguridad o certeza absoluta, algo contrario a la creencia de los dogmáticos. Igualmente, la noción de tránsito, entendida como diversos modos de escepticismo frente a los problemas que plantea el conocimiento de la realidad y la conducta humana, remite al encuentro entre dos corrientes escépticas. En este sentido, tanto la tradición pirrónica –—quienes se sienten deudores de los planteamientos de Pirrón de Elis y consideran que los han mejorado cualitativamente—, como la tradición neoacadémica —cuya fuente de inspiración es la postura socrático-platónica, sobre todo la que se encuentra en los diálogos de juventud o diálogos socráticos—, comparten, pese a las diferencias, que sus postulados no tienen ningún carácter doctrinal o dogmático, defienden o presentan sus argumentos con el firme propósito de construir respuestas provisionales y racionales con la convicción de que no existe un criterio que permita determinar qué es lo verdadero y qué es lo falso; sin abandonar una de las actitudes o deseos fundamentales del ser humano: seguir investigando, porque, tal vez, como afirma Sócrates, una vida sin examen no es una vida digna para el hombre. Como guardián de los caminos y de los nuevos tiempos, y como experiencia del pensamiento, el escepticismo no ha sido estéril en la historia de la filosofía occidental. Raramente adoptado como tal en su versión antigua, pero frecuentemente revisado y repensado, a veces atenuado, a veces radicalizado, mas nunca asumido como algo banal y superfluo, ha sido capaz de mostrar, a través de tantos pensadores, que dichas posturas, en muchas ocasiones, despiertan al pensamiento de su «sueño dogmático». En cuanto a su relación con los momentos peligrosos del cruce de un sitio a otro, el escepticismo representa una invitación permanente a revisar fundamentos, ya que, tal vez, la ausencia de sentido es el sentido, por cuanto parece que la incertidumbre es condición de la vida feliz.</p>'),
(23, 'es_ES', 'copyrightHolder', 'U. Libre'),
(23, 'es_ES', 'coverImage', '{\"dateUploaded\":\"2023-05-17 16:30:23\",\"uploadName\":\"submission_23_23_coverImage_es_ES.png\",\"altText\":\"\"}'),
(23, 'es_ES', 'prefix', ''),
(23, 'es_ES', 'rights', ''),
(23, 'es_ES', 'subtitle', ''),
(23, 'es_ES', 'title', 'El dios Jano: de lo fenoménico a lo probable: Criterios para la vida práctica de los pirrónicos y los neoacadémicos'),
(24, '', 'categoryIds', '[4]'),
(24, '', 'citationsRaw', ''),
(24, '', 'copyrightYear', '2018'),
(24, 'es_ES', 'abstract', '<p>El presente libro se divide en 5 capitulos en los cuales se comienza con el primero que hace un análisis del marco legal y los lineamientos más importantes relacionados con los derechos de las personas que presentan una discapacidad; así como las condiciones de inclusión social y eliminación de la discriminación, se destaca la responsabilidad de los Estados de promover medidas para la igualdad y participación de las personas discapacitadas y una concepción integral para el manejo de la discapacidad, reconociendo sus causas, consecuencias y la forma de asumir las condiciones económicas, sociales y culturales de cada país. El capítulo 1, se ha estructurado en cuatro (4) apartados, el primero, la fundamentación teórica de referencia, el segundo considera el marco legal en contexto nacional e internacional, el tercero la caracterización de la población discapacitada, finalizando con un análisis de empleo y discapacidad. El desarrollo de las TIC, ha permitido que los servicios estructurados para el plan vive digital, lleguen al aula en la cual, la población que padece de Trisomía 21, comúnmente conocida como Síndrome de Down, se beneficia con la inclusión en su vida diaria de soluciones que favorecen su aprendizaje. Para la población infantil que evidencia Trisomía 21, se corrige por la objetiva acción del profesorado, que se preocupa por motivar, facilitar y orientar a sus estudiantes con la ayuda de recursos mediáticos que proyecta el objeto de aprendizaje en el grupo de una manera diferente. La enseñanza de la LectoEscritura, formaliza la acción auditiva y visual, mediante la referenciación y réplica, que impactan en el grupo y garantiza la aprehensión, la educación mediada modifica el comportamiento de la clase y facilita el cumplir de los objetos percibidos. El capítulo 2, se ha estructurado en cuatro (4) apartados, el primero, la fundamentación teórica de referencia, el segundo considera la estructuración sistémica requerida, el tercero los procesos de evaluación, finalizando con el marco descriptivo de la solución ingenieril.El Sistema Integrado de Transporte Publico (SITP), y Transmilenio, son los medios de transporte, que emplea la población invidente, para realizar su desplazamiento en la ciudad de Bogotá D.C, es así que haciendo uso del desarrollo de las tecnologías de la información y las comunicaciones, se podrá facilitar a la población discapacitada colombiana, alcanzar con los servicios dispuestos, un nivel de relación social bien definido, favoreciendo el logro de sus intereses personales, educativos y laborales. Los sistemas de geo-referenciación, permiten a la población invidente su orientación y locomoción en ciudades como Bogotá D.C, el INCI y la Alcaldía Mayor, han acopiado experiencias obtenidas en países latinoamericanos y europeos y contando con la ayuda de las universidades, han formulado estrategias que favorecen a la población con baja visión o totalmente invidente, apoyadas en la tecnología celular (IEEE 802.1C35), cuya cadena de valor, se traduce en la plena satisfacción del usuario invidente, que accede al SITP (Sistema Integrado de Transporte) o a las unidades de Transmilenio. El capítulo 3, se ha estructurado en tres (3) apartados, el primero, el marco descriptivo de referencia, el segundo considera la fundamentación teórica requerida, finalizando con la estructuración procedimental de la solución ingenieril. En este capítulo se describen las metodologías, arquitecturas y estructuras funcionales implementadas, llevar a cabo el levantamiento de información, análisis y desarrollo de la página web accesible. Dicha página y su contenido informativo estará a disposición de personas con algún tipo de discapacidad visual, aspirantes, estudiantes, docentes y administrativos de la Universidad Libre de Colombia. Las personas que hagan uso de este sitio web contaran con funcionalidades de accesibilidad tales como: lectura de contenido informativo por medio de asistente de voz, aumento y reducción de tamaño de fuente, cambio de contraste de color de fondo y fuente de la interfaz del sitio web y acceso a funcionalidades y secciones de la página por medio de comandos (combinación de teclas). El capítulo 4, se ha estructurado en tres (6) apartados, el primero, el marco descriptivo de referencia, el segundo considera el diseño metodológico, el tercero la fase de inicio, el cuarto la fase de desarrollo, cuarto fase de transición, finalizando con el diseño del sistema.La falta de controles y mejoras en los sistemas de reconocimiento de billetes para personas con diversidad visual generan un incumplimiento parcial a la ley 1618 de Febrero de 2013, ya que la carencia de un sistema que permita el reconocimiento total de los billetes nacionales genera imposibilidad para esta población en la realización de actividades que dependan del uso del papel moneda, como el pago de un servicio de transporte, la compra de algún elemento en un establecimiento comercial e incluso operaciones en entidades financieras; por otra parte genera dependencia de tener a su disposición la compañía de un tercero y su total confianza al realizar estas actividades. Entonces este capítulo, busca cómo lograr la autonomía de la población colombiana con diversidad visual y auditiva para el reconocimiento en cuanto a denominación y legitimidad de billetes, por medio de un aplicativo basado en tecnología Windows Mobile como punto de partida para hacer de estas personas parte activa en la sociedad colombiana. El capítulo 5, se ha estructurado en tres (3) apartados, el primero, el marco descriptivo de referencia, el segundo considera El Papel Moneda y las Personas con Diversidad Visual,, finalizando con el marco ingenieril.</p>'),
(24, 'es_ES', 'copyrightHolder', 'U. Libre'),
(24, 'es_ES', 'coverImage', '{\"dateUploaded\":\"2023-05-17 16:36:14\",\"uploadName\":\"submission_24_24_coverImage_es_ES.jpg\",\"altText\":\"\"}'),
(24, 'es_ES', 'prefix', ''),
(24, 'es_ES', 'rights', ''),
(24, 'es_ES', 'subtitle', ''),
(24, 'es_ES', 'title', '  Repositorio Institucional Unilibre  Ingeniería, Arquitectura, Urbanismo y Afines  Libros - Ingeniería Ver ítem Aplicación de las TIC en población con diversidad'),
(25, '', 'categoryIds', '[4]'),
(25, '', 'citationsRaw', ''),
(25, '', 'copyrightYear', '2018'),
(25, 'es_ES', 'abstract', '<p>Este libro de Investigación fue posible gracias al convenio vigente CAR– UNIVERSIDAD LIBRE, se encuentra en la línea de Investigación Recurso Hídrico y del Proyecto de Investigación Gestión Integral del Recurso Hídrico. Si bien los temas de las investigaciones que recoge esta publicación tienen un corte especialmente técnico, en su concepción y proyección, se enmarcan en lo que se ha venido denominando la “Inclusión de la Dimensión Ambiental”, una perspectiva desde la Educación Ambiental promovida y desarrollada por las Instituciones de Educación Superior. Es así como, los aportes de esta publicación, de forma particular los conducentes a estudiar el cambio climático y en ese marco la gestión del riesgo, buscan contribuir con “integrar al Sistema Nacional Ambiental (SINA) el sistema de ciencia y tecnología, el sistema de prevención y atención de desastres - riesgos y el sistema educativo”, y por esa vía, con un “desarrollo humano sostenible y sustentable” (Vallejo G. 2013. Pág. 141). El objetivo de este documento es aportar herramientas técnicas para la investigación en temas de hidrología y cambio climático, además de mostrar Jesús Ernesto Torres - Juan Antonio Aragón 20resultados de algunos estudios de caso desarrollados por la Universidad Libre en estos temas. Para ello se presentan ejemplos de la aplicación de aspectos teóricos y prácticos de la hidrología en diferentes cuencas hidrográficas presentes en la jurisdicción de la CAR, así como los resultados de estudios que se llevaron a cabo en embalses de Colombia.En el capítulo 1, se describe el ciclo hidrológico, el ciclo natural del agua, las cuencas hidrográficas, aspectos fisiográficos de una cuenca hidrográfica y se aplican estos conceptos a diferentes cuencas hidrográficas, teniendo en cuenta que son una herramienta útil en el estudio básico de hidrología.En el capítulo 2 se presentan las nociones básicas de hidrometeorología, entre ellas humedad relativa, temperatura, radiación, equipos de medida, transpiración, evaporación, evapotranspiración, balance hídrico y su aplicación a cuencas hidrográficas de la sabana de Bogotá. En este capítulo se muestra la aplicación práctica de dichos conocimientos, con el ingeniero ambiental Juan Antonio Aragón.En el capítulo 3 se explica el tema de precipitación, formas y formación de la precipitación, aparatos de medida y registro de la precipitación, estaciones hidrológicas, análisis de lluvias sobre un área, utilizando el método de polígonos de thiessen e isoyetas, importantes para determinar la precipitación media de una cuenca hidrográfica. Posteriormente se presenta la aplicación práctica de las metodologías explicadas en las cuencas hidrográficas, que fueron objeto de estudio de esta investigación, adicionalmente se muestra el método de investigación aplicado para la elaboración de curvas intensidad-duración-frecuencia, IDF.En el capítulo 4 se trata el tema de caudales, tipos de caudales, diferentes métodos para medir el caudal, hidrogramas, hidrograma unitario, su aplicación práctica en la cuenca del rio Frio, curva de duración de caudales, caudales máximos, caudales mínimos, oferta y demanda hídrica y caudal ecológico. Este estudio de caudales es fundamental en ingeniería, para determinar caudales medios de diseño de acueductos, distritos de riego, centrales hidroeléctricas, obras ambientales de protección de taludes, y caudales máximos para obras hidráulicas de vertederos y obras de excedencia. Adicionalmente se presenta el artículo de investigación, “TIEMPO DE TRANSITO DE CRECIENTE EN LA PARTE ALTA DEL RIO BOGOTA”.En el capítulo 5, se trata el tema de balance hídrico, que constituye una herramienta técnica para determinar la aptitud agrícola de una región, analizando índice de humedad, índice de escasez, aplicándola en cuencas hidrográficas. Teniendo en cuenta como ha sido expuesto, que los temas relacionados con el cambio climático y la gestión del riesgo, trascienden la esfera del conocimiento meramente científico a través del sistema educativo, en ese sentido, tanto los auxiliares de investigación adscritos al grupo TECNOAMBIENTAL como los investigadores mismos y los docentes, tendrán con este documento la oportunidad de compartir las experiencias y conocimientos “atendiendo a estrategias nacionales como la Apropiación Social del Conocimiento o de la CTI, la cual &lt;&lt; busca promover una apropiación social del conocimiento, entendiendo por ésta un proceso de comprensión e intervención de las relaciones entre tecnociencia y sociedad, construido a partir de la participación activa de los diversos grupos sociales que generan conocimiento&gt;&gt; (Vallejo G.. Pág 42).Los Proyectos Ambientales Escolares (PRAE), los Proyectos Ciudadanos de Educación Ambiental (PROCEDA), (...) y los Comités Interinstitucionales de Educación Ambiental (CIDEA), constituyen instrumentos de gestión, educación y capacitación” apropiados para tales fines. (Vallejo G. Pág. 151)</p>'),
(25, 'es_ES', 'copyrightHolder', 'U. Libre'),
(25, 'es_ES', 'coverImage', '{\"dateUploaded\":\"2023-05-17 16:45:19\",\"uploadName\":\"submission_25_25_coverImage_es_ES.jpg\",\"altText\":\"\"}'),
(25, 'es_ES', 'rights', ''),
(25, 'es_ES', 'title', 'Investigación en Hidrología general, isotópica y aplicada'),
(26, '', 'categoryIds', '[7]'),
(26, '', 'citationsRaw', ''),
(26, '', 'copyrightYear', '2019'),
(26, 'es_ES', 'abstract', '<p>Sin duda alguna, presentar un libro es un reto, más aún en un tema tan amplio y complejo como es el derecho comercial. No obstante, cuando se nos propuso acometer una tarea de tal magnitud, la aceptamos por esa inclinación que nos conduce a los seres humanos a buscar, investigar, indagar y, esencialmente, a conocer. Desde luego, en aquel momento no podíamos saber a profundidad lo interesante o no que podría resultar la obra que teníamos en las manos y, por tanto, lo que nos impresionaba era su título, la denominación de los capítulos que lo integraban y, principalmente, la trayectoria de sus autores que, de antemano, nos llevaban a presagiar la rigurosidad con la que se acercarían a los temas abordados. Sin más y entendiendo que presentar es dar a conocer algo al público, comenzaremos reflexionando sobre la pertinencia de su título, intentando esclarecer si este refleja su contenido o sólo es una manera de llamar la atención de los lectores. “Estudios contemporáneos de derecho mercantil”, nombre con el cual los coordinadores y los autores decidieron designar la obra, sugiere primordialmente dos cuestiones: la primera se refiere a la categoría de “Estudios”, indicativa en que cada uno de los capítulos que lo integran es el resultado de un trabajo que implicó conocimiento, análisis y, en especial, la comprensión de uno o más problemas para ofrecer respecto a ellos posibles soluciones, ejercitando el entendimiento individual y, a su vez, moviendo la frontera del conocimiento de la ciencia jurídica. La segunda categoría sugiere al lector que los objetos de investigación sobre los cuales se basa el libro se relacionan con temas propios de la actualidad y que, por lo tanto, indagar ellos es importante por cuanto ayuda a la construcción de soluciones a retos que enfrenta la sociedad. Después de haber leído cada uno de los capítulos que componen el libro, podemos afirmar que su título hace justicia, con los objetivos que los doce autores se trazaron, resaltando que, a diferencia de muchos textos del derecho privado, en él se encuentran verdaderos frutos del intelecto y no simplemente un compendio de normativa comentada, por lo cual los lectores podremos observar con rapidez que, sin abandonar las fuentes del derecho, los once estudios presentados rebasan visiblemente la fase descriptiva, logrando situarse en un escenario superior, en el que a partir de preguntas, se sugieren posibles respuestas y, posteriormente, logra corroborarse la hipótesis planteada, es decir, se muestran como auténticos resultados de investigación. Ahora, respecto a la actualidad de los estudios o mejor a su contemporaneidad, cada una de las preguntas planteadas que orientaron las investigaciones, se refieren a temáticas del derecho que están en boga y cuyo aporte a su discusión son de interés para la sociedad, como escenario en el que nacen y se tejen las relaciones entre las personas y que a su vez son reguladas por la normatividad, resultando así de importancia tanto para los estudiantes como para los investigadores, litigantes, jueces e incluso para el ciudadano no relacionado profesionalmente con la ciencia jurídica. Para profundizar un poco en las características intrínsecas del libro, aceptando que presentar también implica hacer referencia a las cualidades de algo o alguien, quisiéramos manifestar por qué la lectura de las páginas que integran el libro resultan de importancia para los grupos a los que se hizo referencia. El derecho mercantil es un área dentro de la ciencia jurídica que, como consecuencia de la clasificación del derecho, en público y privado, parece ajena al diario vivir de las personas y de sus derechos, llegando al punto de que, un ciudadano no instruido en las Facultades de Derecho podría considerarse ajeno a sus disposiciones. Pese a ello, una de las principales cualidades del texto es la comprensión del derecho mercantil como una disciplina en la que el protagonista no es únicamente el empresario, como por lo general suele afirmarse, sino el consumidor, sin que con ello se desconozca que hoy se habla de la existencia del derecho del consumo o del consumidor. Dicha comprensión del derecho mercantil comprende que el empresario o comerciante ejecuta todos sus actos, celebra contratos, se asocia y contrae obligaciones, con el objetivo de organizar, ejecutar su actividad comercial para atraer consumidores que pueden ser, personas naturales o jurídicas, comerciantes y no comerciantes, por lo cual esta disciplina jurídica no puede ser ajena a la regulación que frente al consumidor se expida. Teniendo dicho faro como norte, uno de los capítulos que contiene la presente obra es el escrito por Iván Darío Taborda que con suma contundencia evidencia la necesidad de reglamentar la responsabilidad por servicio defectuoso. Una de las virtudes del mencionado capítulo es la de tomar las disposiciones que regulan el tema, analizarlas meticulosamente, revisar su aplicación y, finalmente, detectar la anomia que existe frente al servicio defectuoso en Colombia. Es de resaltar que, además de retomar las fuentes del ordenamiento nacional, el jurista revisa cómo la Ley ha organizado el objeto de investigación en otros sistemas jurídicos. Además, el capítulo le será sumamente valioso al estudiante, pues ejemplifica el problema, con lo cual se atiende a una de las necesidades que el científico Rodolfo Llinás considera imprescindibles a la hora de enseñar, esto es, logra darles contexto a los conceptos que analiza1, dejando así al abogado en formación en capacidad de recrear el problema y darle posibles soluciones, animando el espíritu propositivo y reflexivo al permitir contradecir o apartarse de la conclusión a la cual el autor arriba.</p>'),
(26, 'es_ES', 'copyrightHolder', 'U. Libre'),
(26, 'es_ES', 'coverImage', '{\"dateUploaded\":\"2023-05-17 16:51:14\",\"uploadName\":\"submission_26_26_coverImage_es_ES.png\",\"altText\":\"\"}'),
(26, 'es_ES', 'prefix', ''),
(26, 'es_ES', 'rights', ''),
(26, 'es_ES', 'subtitle', ''),
(26, 'es_ES', 'title', 'Estudios contemporáneos de derecho mercantil'),
(27, '', 'categoryIds', '[7]'),
(27, '', 'citationsRaw', ''),
(27, '', 'copyrightYear', '2019');
INSERT INTO `publication_settings` (`publication_id`, `locale`, `setting_name`, `setting_value`) VALUES
(27, 'es_ES', 'abstract', '<p>Sin duda alguna, presentar un libro es un reto, más aún en un tema tan amplio y complejo como es el derecho comercial. No obstante, cuando se nos propuso acometer una tarea de tal magnitud, la aceptamos por esa inclinación que nos conduce a los seres humanos a buscar, investigar, indagar y, esencialmente, a conocer. Desde luego, en aquel momento no podíamos saber a profundidad lo interesante o no que podría resultar la obra que teníamos en las manos y, por tanto, lo que nos impresionaba era su título, la denominación de los capítulos que lo integraban y, principalmente, la trayectoria de sus autores que, de antemano, nos llevaban a presagiar la rigurosidad con la que se acercarían a los temas abordados. Sin más y entendiendo que presentar es dar a conocer algo al público, comenzaremos reflexionando sobre la pertinencia de su título, intentando esclarecer si este refleja su contenido o sólo es una manera de llamar la atención de los lectores. “Estudios contemporáneos de derecho mercantil”, nombre con el cual los coordinadores y los autores decidieron designar la obra, sugiere primordialmente dos cuestiones: la primera se refiere a la categoría de “Estudios”, indicativa en que cada uno de los capítulos que lo integran es el resultado de un trabajo que implicó conocimiento, análisis y, en especial, la comprensión de uno o más problemas para ofrecer respecto a ellos posibles soluciones, ejercitando el entendimiento individual y, a su vez, moviendo la frontera del conocimiento de la ciencia jurídica. La segunda categoría sugiere al lector que los objetos de investigación sobre los cuales se basa el libro se relacionan con temas propios de la actualidad y que, por lo tanto, indagar ellos es importante por cuanto ayuda a la construcción de soluciones a retos que enfrenta la sociedad. Después de haber leído cada uno de los capítulos que componen el libro, podemos afirmar que su título hace justicia, con los objetivos que los doce autores se trazaron, resaltando que, a diferencia de muchos textos del derecho privado, en él se encuentran verdaderos frutos del intelecto y no simplemente un compendio de normativa comentada, por lo cual los lectores podremos observar con rapidez que, sin abandonar las fuentes del derecho, los once estudios presentados rebasan visiblemente la fase descriptiva, logrando situarse en un escenario superior, en el que a partir de preguntas, se sugieren posibles respuestas y, posteriormente, logra corroborarse la hipótesis planteada, es decir, se muestran como auténticos resultados de investigación. Ahora, respecto a la actualidad de los estudios o mejor a su contemporaneidad, cada una de las preguntas planteadas que orientaron las investigaciones, se refieren a temáticas del derecho que están en boga y cuyo aporte a su discusión son de interés para la sociedad, como escenario en el que nacen y se tejen las relaciones entre las personas y que a su vez son reguladas por la normatividad, resultando así de importancia tanto para los estudiantes como para los investigadores, litigantes, jueces e incluso para el ciudadano no relacionado profesionalmente con la ciencia jurídica. Para profundizar un poco en las características intrínsecas del libro, aceptando que presentar también implica hacer referencia a las cualidades de algo o alguien, quisiéramos manifestar por qué la lectura de las páginas que integran el libro resultan de importancia para los grupos a los que se hizo referencia. El derecho mercantil es un área dentro de la ciencia jurídica que, como consecuencia de la clasificación del derecho, en público y privado, parece ajena al diario vivir de las personas y de sus derechos, llegando al punto de que, un ciudadano no instruido en las Facultades de Derecho podría considerarse ajeno a sus disposiciones. Pese a ello, una de las principales cualidades del texto es la comprensión del derecho mercantil como una disciplina en la que el protagonista no es únicamente el empresario, como por lo general suele afirmarse, sino el consumidor, sin que con ello se desconozca que hoy se habla de la existencia del derecho del consumo o del consumidor. Dicha comprensión del derecho mercantil comprende que el empresario o comerciante ejecuta todos sus actos, celebra contratos, se asocia y contrae obligaciones, con el objetivo de organizar, ejecutar su actividad comercial para atraer consumidores que pueden ser, personas naturales o jurídicas, comerciantes y no comerciantes, por lo cual esta disciplina jurídica no puede ser ajena a la regulación que frente al consumidor se expida. Teniendo dicho faro como norte, uno de los capítulos que contiene la presente obra es el escrito por Iván Darío Taborda que con suma contundencia evidencia la necesidad de reglamentar la responsabilidad por servicio defectuoso. Una de las virtudes del mencionado capítulo es la de tomar las disposiciones que regulan el tema, analizarlas meticulosamente, revisar su aplicación y, finalmente, detectar la anomia que existe frente al servicio defectuoso en Colombia. Es de resaltar que, además de retomar las fuentes del ordenamiento nacional, el jurista revisa cómo la Ley ha organizado el objeto de investigación en otros sistemas jurídicos. Además, el capítulo le será sumamente valioso al estudiante, pues ejemplifica el problema, con lo cual se atiende a una de las necesidades que el científico Rodolfo Llinás considera imprescindibles a la hora de enseñar, esto es, logra darles contexto a los conceptos que analiza1, dejando así al abogado en formación en capacidad de recrear el problema y darle posibles soluciones, animando el espíritu propositivo y reflexivo al permitir contradecir o apartarse de la conclusión a la cual el autor arriba.</p>'),
(27, 'es_ES', 'copyrightHolder', 'U. Libre'),
(27, 'es_ES', 'coverImage', '{\"dateUploaded\":\"2023-05-17 19:16:34\",\"uploadName\":\"submission_27_27_coverImage_es_ES.png\",\"altText\":\"\"}'),
(27, 'es_ES', 'prefix', ''),
(27, 'es_ES', 'rights', ''),
(27, 'es_ES', 'subtitle', ''),
(27, 'es_ES', 'title', 'Estudios contemporáneos de derecho mercantil'),
(28, '', 'categoryIds', '[7]'),
(28, '', 'citationsRaw', ''),
(28, '', 'copyrightYear', '2019'),
(28, 'es_ES', 'abstract', '<p>A dos años del Acuerdo Colón (24 de noviembre de 2016), la incertidumbre y las esperanzas afloran en materia de implementación del Acuerdo suscrito entre el gobierno colombiano y el exgrupo guerrillero FARC. No es para menos, la lectura de vaso medio lleno o medio vacío no se hace esperar. Más de cuatro complejos años de negociación para la construcción de un documento histórico, leído de forma positiva por la Comunidad Internacional y los expertos en terminación de conflictos en el mundo, pero seriamente cuestionado en el marco interno por aquellos que aún veían en la guerra una opción para Colombia. Entre otras consecuencias, fruto de la firma del Acuerdo, hoy podemos destacar: el fin de la guerra, la entrega de armas, el cierre de la “fábrica de víctimas”, la construcción de proyectos de vida de los viejos excombatientes, la reconstrucción de territorios y las esperanzas de millones de víctimas y de colombianos en la creación de las condiciones del “nunca jamás”. Y aunque han surgido muchas limitaciones a la hora de implementar la tamaña empresa de la paz, el solo Acuerdo y el fin de la guerra ya son un triunfo. Un triunfo que aún huele a pólvora, lágrimas y abandono del Estado y de una sociedad que se enamora gradualmente de la paz. Es evidente que la consolidación de este proceso y el cumplimiento de lo pactado apenas avanza en un país que construye de forma lenta una nueva historia política desligada de la violencia y las armas. Qué difícil vernos sin armas, sin guerra, sin conflicto armado. De la noche a la mañana desnudos, “sin fierros”, sin enemigos eternos, sin “terroristas”, sin emboscadas, sin muertos, sin motivos para continuar matándonos. El Acuerdo Colón, aunque seriamente intervenido a partir del triunfo del “No” en las urnas, constituye además de una gran hoja de ruta, un modelo a seguir en materia de transición. Es un documento único, es un proceso histórico, es una de las mejores noticias del siglo XXI para Colombia, la historia le dará su digno lugar. Es el reflejo de una exguerrilla cuyo origen campesino y liberal cifró en la tierra y el campo parte de sus originales reivindicaciones, lastimosamente afectadas por el mundo del narcotráfico en los años 80 y la pauperización de sus ideales políticos. También el Acuerdo es el fiel ejemplo de la intervención de las víctimas en la construcción de una nueva historia. Es un documento escrito a mil manos, millones de espíritus, millones de esperanzas. Así, leer el Acuerdo de Paz es observar la historia de Colombia y de su conflicto armado con esta antiquísima guerrilla: tierra, reforma rural integral, participación política, sustitución de cultivos ilícitos y justicia transicional. Otro será el panorama del Acuerdo que se deberá suscribir con la guerrilla del ELN. Este es el Acuerdo con las FARC y lo mínimo que pueden hacer tanto el Estado como la sociedad y los actores es cumplirlo. Pero esto no hubiese sido posible sin un contexto internacional y nacional en clave de víctimas, sin la participación de los que padecieron la guerra durante décadas, sin instituciones dispuestas a darlo todo por la reconciliación, sin lógicas de transición y de construcción dialógica de otra historia. Odio, venganza y retribución no fueron precisamente los pilares de esta negociación, pero tampoco las lógicas de perdón y olvido, amnistía e indulto. El leitmotiv de “aquí no pasó nada” tampoco fue el centro de esta negociación. El escenario jurídico, social y político estaba dado para construir un documento u hoja de ruta en clave de transición, víctimas, derechos humanos, derecho internacional de los derechos humanos, derecho internacional humanitario y lógicas de transición modernas. Por primera vez víctimas y victimarios (muchos de ellos también víctimas de la guerra) construyen un documento de acuerdo en torno a lo fundamental: justicia, verdad, reparación y no repetición. Un documento complejo que refleja el nivel de seriedad de la negociación, pero la búsqueda de salidas efectivas de las causas que originaron el conflicto y el dolor en Colombia. Más o menos justicia, más verdad, más reparación y reconstrucción del tejido social. ¿Cómo construir una justicia en medio del odio y la venganza? ¿Cómo depurar el espíritu y ver el futuro entre víctimas y victimarios? Cada punto de la negociación se hizo de manera lenta, concertada y participativa. Cada vez que lograban acuerdos, el país político celebraba los grandes avances. Poco a poco vamos conociendo un documento tan complejo para el cierre de la guerra en Colombia. Leerlo y releerlo, la gran tarea. Tierras: la gran deuda por resolver. Miles de campesinos y desplazados atentos del desarrollo de uno de los componentes del Acuerdo que ofrece mayor resistencia en un país de grandes latifundios e inequidad. La guerra se utilizó para despojar a millones de campesinos de la tierra: guerrilla, Estado y paraestado, cómplices de tamaño despropósito histórico. Este punto del Acuerdo le cuesta a la clase política tradicional y a aquella que se benefició con el desplazamiento y el despojo, la misma que hoy titubea o se niega a avanzar con el cumplimiento completo de este punto de la agenda. La participación política, otro gran esfuerzo plasmado en el Acuerdo, no es para menos, de las armas a la política. Algunos frutos dulces, otros amargos se han cosechado con este punto de la agenda: un estatuto de la oposición; la creación del partido político de las FARC, con pocas posibilidades de consolidación; un informe de misión electoral que no fue desarrollado y quedó para archivos académicos e históricos; el ingreso de miembros de las FARC al Congreso, altamente positivo, y el hundimiento de las circunscripciones electorales para las víctimas y los desplazados. Un punto dedicado a crear las garantías para el no retorno de las condiciones que dieron lugar a la muerte de miles de colombianos del otrora partido político UP, la democratización de la sociedad y el respeto de opciones de izquierda surgidas a partir de procesos de desmovilización y entrega de armas. En todo caso, una sociedad poco preparada para el cambio, una clase política poco dispuesta a ceder, un grupo guerrillero que ingresa soberbio, pero que poco a poco reconoce el largo camino de la reconciliación. Y cómo no entender el esfuerzo que realiza el documento para tratar el tema del narcotráfico y la sustitución de cultivos ilícitos, también de lenta y preocupante implementación en un país que, como todos los de la región, está infestado de coca y de economía ilegal. Una opción de sobrevivencia de millones de campesinos abandonados por el Estado. Pero sin duda uno de los puntos trascendentales del Acuerdo lo constituye el de la justicia transicional o la justicia del fin de la guerra. Ningún punto del Acuerdo fue fácil, ninguno, pero el de la justicia fue más que complejo y significativo. Como lo señalaba César Rodríguez: hay dos extremos para terminar un conflicto: o con impunidad total, perdonando a todos los actores involucrados en una guerra (Sudáfrica), o castigando a las miles de personas que intervinieron en él. El caso colombiano constituye un punto intermedio. No puede haber amnistía para todos, porque esto sería imposible desde el punto de vista de la justicia internacional y de las víctimas, pero tampoco habrá prisión para todos. En definitiva, estamos ante una justicia en clave de víctimas como claramente lo explica Andrés Fandiño en este juicioso trabajo en el cual se da un panorama transversal sobre todo lo que comprende el proceso transicional colombiano: principios, sanciones, justicia restaurativa, retributiva, social, formal e informal, justicia territorial, Comisión de la Verdad, Tribunal Especial para la Paz, antecedentes y retos. Sin embargo, aunque el clamor de paz es presente y apremiante, la implementación de esta justicia transicional no durará menos de veinte años. Por ahora, o al menos es lo que evidencian estos dos años trascurridos a partir de la firma del Acuerdo Final, boicot y permanente deslegitimación han sido la constante. Aun así, la búsqueda de la verdad histórica por medio de formas no adversariales ni retributivas es uno de los componentes sui generis de este proceso. La negociación con las FARC tocó elementos relevantes del Estado de derecho: reincorporación social, justicia, verdad y reparación; tierras, mujeres, inclusión, género y diversidad. Ya veremos si podremos estar al nivel de estos retos históricos que nos impone la nueva transición. Pues a pesar de que el cese de hostilidades con las FARC es un hecho, sin desconocer sus dificultades, “fin del conflicto” no es lo mismo que “ausencia de guerra” o lo que kantianamente se conoce como “estado de paz”; la violencia se manifiesta de muchas formas: simbólicas, culturales, institucionales… y estas aún están a flor de piel en Colombia. Es decir, mientras Gobierno y FARC suscribieron un Acuerdo que, entre otras, tuvo como consecuencia el fin del conflicto; ahora, en cambio, entre todos los actores directos e indirectos de esta guerra se deben construir e implementar las garantías básicas de la reconciliación. Solo así será posible que Colombia sane sus heridas morales y pueda repensar un nuevo proyecto de nación en el cual lo único radical sea la democracia; esto es, la deliberación como mecanismo de construcción de mínimos de justicia. Finalmente, y siguiendo la máxima de que en la transición hacia la paz deben participar todos los sectores, destaco este aporte hecho desde la academia que, así como el derecho, también debe fungir como “categoría de integración social”. Por todo esto, celebro la obra de Andrés Fandiño: hombre dedicado al estudio del tema del conflicto en Colombia y a la reivindicación de los derechos de las víctimas. Andrés, luego de dos años del Acuerdo Colón, nos llena de esperanza y fuerza, a pesar de las vicisitudes de la implementación en su fase inicial y de las dificultades que le depara la construcción del posconflicto a Colombia. Bienvenida esta obra al mundo político y jurídico. ¡Por las víctimas!</p>'),
(28, 'es_ES', 'copyrightHolder', 'U. Libre'),
(28, 'es_ES', 'coverImage', '{\"dateUploaded\":\"2023-05-17 19:45:31\",\"uploadName\":\"submission_28_28_coverImage_es_ES.jpg\",\"altText\":\"\"}'),
(28, 'es_ES', 'prefix', ''),
(28, 'es_ES', 'rights', ''),
(28, 'es_ES', 'subtitle', ''),
(28, 'es_ES', 'title', 'Participación de las víctimas en la Jurisdicción Especial para la Paz (JEP) ¿Verdadera participación?'),
(29, '', 'categoryIds', '[7]'),
(29, '', 'citationsRaw', ''),
(29, '', 'copyrightYear', '2023'),
(29, 'es_ES', 'abstract', '<p>La pregunta por la identidad y la cultura jurídica latinoamericana, que se remonta a la colonización española y su influencia en la práctica decimonónica del derecho y la justicia en esta región; el esfuerzo de los pueblos originarios por el acceso a una justicia asociada a la preservación de su cultura, la toma de conciencia de grupos específicos de la población respecto a la oportunidad de concebir y promover derechos colectivos fundamentales, la tensión entre las fuentes del derecho, el trabajo y el capital en una época de transición, como un conflicto que –desde la revolución industrial– está aún muy lejos de avizorar una solución; o las complejas relaciones, prácticas y teóricas, que experimenta la continua reacomodación de los procesos complementarios de la integración regional y la descentralización territorial; estos son algunos de los problemas que suscitan el interés investigativo de los autores que colaboran en esta publicación, la cual manifiesta la confluencia de esfuerzos y la mutua colaboración en un proyecto de investigación planeado a largo plazo. Como podrán observar los lectores, los resultados aquí presentados son necesariamente transitorios, pues obedecen a un ejercicio de observación de la actualidad que no siempre resulta fácil de capturar. Por el contrario, estos informes confiesan el esfuerzo por ajustarse a un objeto de investigación siempre cambiante, esquivo, y que por lo tanto exige un gran esfuerzo de imaginación sociológica –e incluso, preciso es confesarlo, de ambiciones desmesuradas que suelen verse objetadas por la realidad y exhortadas a un replanteamiento en sus opciones teóricas y metodológicas. Conscientes de la riqueza y complejidad en los procesos de investigación, la Decanatura de Derecho y el Centro de Investigaciones Socio Jurídicas de la Universidad Libre vienen desarrollando de forma progresiva un programa de inversión en talento humano y publicaciones especializadas que responda a las expectativas de la comunidad universitaria en pregrado y posgrado, pero también a los desafíos de las políticas nacionales de investigación y acreditación, enfocadas a mejorar la calidad de la educación superior a largo plazo. El texto aquí presentado es resultado de tal esfuerzo institucional. El grupo Derecho, Estado y Territorio es privilegiado en cuanto a la formación académica y opciones teóricas, incluso heterogéneas, de sus investigadores. Si tal patrimonio intelectual se muestra además complementario, en el sentido manifiesto de la multiplicidad de perspectivas sobre una realidad siempre cambiante, es una fortaleza o debilidad que los lectores sabrán evaluar, como ya ha sido el caso. De hecho, esta es la cuarta entrega colectiva del grupo –además de los varios trabajos individuales–, que sigue a los títulos Las miradas a la globalización desde el Estado, El derecho y el territorio, Estado, Constitución y territorialidad; y Tensiones y disputas en la globalización, con los cuales se quiere continuar la serie sobre un tema que se muestra inagotable. La Decanatura de Derecho, el Centro de Investigaciones Socio Jurídicas y el grupo Estado, Derecho y Territorio agradecen los comentarios y sugerencias de los amables lectores, que pueden ser enviados al correo electrónico:</p>'),
(29, 'es_ES', 'copyrightHolder', 'U. Libre'),
(29, 'es_ES', 'coverImage', '{\"dateUploaded\":\"2023-05-17 19:56:38\",\"uploadName\":\"submission_29_29_coverImage_es_ES.png\",\"altText\":\"\"}'),
(29, 'es_ES', 'prefix', ''),
(29, 'es_ES', 'rights', ''),
(29, 'es_ES', 'subtitle', ''),
(29, 'es_ES', 'title', 'Territorialidad y derecho: tensiones, transformaciones y manifestaciones a nivel local y regional'),
(30, '', 'categoryIds', '[7]'),
(30, '', 'citationsRaw', ''),
(30, '', 'copyrightYear', '2023'),
(30, 'es_ES', 'abstract', '<div class=\"simple-item-view-description item-page-field-wrapper table\">\r\n<div>El distinguido colega y amigo de vieja data, Ernesto Rey Cantor, me ha solicitado que escriba algunas palabras introductorias a la nueva edición del libro publicado, junto a sus hijas Giovanna Alejandra y Ángela Margarita Rey Anaya, denominado Las Generaciones de los Derechos Humanos. Con mucho gusto acepté el encargo por dos razones: primero, porque a un amigo querido no se le puede dar una respuesta negativa, y en segundo término, porque este tema constituye una de mis debilidades jurídicas. El libro es omnicomprensivo de la materia tratada, lo cual se hace con claridad y precisión, elementos que son determinantes para que la lectura de cualquier libro resulte amena. El texto tiene la virtud de que no se pierde en disquisiciones inútiles, y va directamente al grano al analizar los diferentes aspectos de la materia tratada. El texto parte de una premisa jurídica fundamental, y que compartimos plenamente: considerar el principio de la dignidad humana como fundamento de la libertad, igualdad y fraternidad, que se infieren de la Biblia, bajo la impronta del cristianismo, que después serán adoptados por la Revolución Francesa. Consideran los autores que al crearse al hombre por Dios –y a su semejanza– nació una criatura con fuerza, sabiduría y belleza, porque a imagen de Dios fue creada; es el único ser en el que trasciende la dignidad divina dotado de razón y conciencia; por tanto, la dignidad es inherente a la naturaleza del ser humano irradiada por la luz divina del creador. Es por ello que el ser humano es la criatura más bella del universo, dotado de sabiduría y fuerza espirituales. Aunque difiero del origen divino de la dignidad, sí estoy completamente de acuerdo en que ella es consustancial con el ser humano, es decir que todos los hombres, por el hecho de ser tales, nacemos con una dignidad que nadie nos puede arrebatar. La dignidad es parte integrante de nuestra esencia ontológica. Dentro de este orden de ideas, en la Declaración Universal de los Derechos Humanos, aprobada por la Asamblea General de las Naciones Unidas el 10 de diciembre de 1948, en el Preámbulo se expresó lo siguiente: “Considerando que la libertad, la justicia y la paz en el mundo tienen por base el reconocimiento de la dignidad intrínseca y de los derechos iguales e inalienables de todos los miembros de la familia humana”.</div>\r\n</div>'),
(30, 'es_ES', 'copyrightHolder', 'U. Libre'),
(30, 'es_ES', 'coverImage', '{\"dateUploaded\":\"2023-05-17 20:26:28\",\"uploadName\":\"submission_30_30_coverImage_es_ES.jpg\",\"altText\":\"\"}'),
(30, 'es_ES', 'prefix', ''),
(30, 'es_ES', 'rights', ''),
(30, 'es_ES', 'subtitle', ''),
(30, 'es_ES', 'title', 'Las generaciones de los Derechos Humanos : libertad, igualdad, fraternidad'),
(31, '', 'categoryIds', '[7]'),
(31, '', 'citationsRaw', ''),
(31, '', 'copyrightYear', '2019'),
(31, 'es_ES', 'abstract', '<p>Con la presente investigación doctoral se demostrará como hipótesis de trabajo que las tradicionales causales de justificación (cumplimiento de un deber legal, obediencia debida, estado de necesidad justificante, legítima defensa, ejercicio de un derecho, cargo público o actividad lícita, etc.) son en realidad modalidades de “riesgo permitido”, razón por la cual el examen de todas ellas debe darse en el terreno de la imputación objetiva como verdaderas causales de atipicidad y no como conductas típicas carentes de antijuridicidad (entendida como una categoría dogmática independiente). Así las cosas, y dado que también la lesividad hace tiempo es un criterio de tipicidad objetiva, estaríamos presenciando el abandono definitivo de un esquema tripartito del delito, cuya larga agonía no fue más que la “crónica de una muerte anunciada”; siendo ello así, porque la función, antiguamente cumplida por la antijuridicidad en el sistema jurídico-penal, ha quedado hoy satisfecha en mejor forma a partir de los criterios analíticos que estructuran la imputación objetiva. Es por ello que, a partir de la demostración de dicha hipótesis de trabajo, se buscarán levantar los pilares fundamentales para la elaboración dogmática de un esquema del delito bipartito adecuado para materializar el sistema de protección de derechos humanos que adopten los modelos de constitucionalismo principialista1 como el nuestro, viabilizándose así de manera idónea la determinación de los elementos estructurales de la responsabilidad penal; es decir, (de una u otra manera) la construcción de una teoría globalizada del delito que supere las serias contradicciones2</p>'),
(31, 'es_ES', 'copyrightHolder', 'U. Libre'),
(31, 'es_ES', 'coverImage', '{\"dateUploaded\":\"2023-05-17 22:13:18\",\"uploadName\":\"submission_31_31_coverImage_es_ES.jpg\",\"altText\":\"\"}'),
(31, 'es_ES', 'prefix', ''),
(31, 'es_ES', 'rights', ''),
(31, 'es_ES', 'subtitle', ''),
(31, 'es_ES', 'title', 'Causales de justificación y ausencia de lesividad como criterios negativos de imputación objetiva : una propuesta de ampliación del concepto riesgo permitido para la constitución de un esquema bipartito del delito'),
(32, '', 'categoryIds', '[3]'),
(32, '', 'citationsRaw', ''),
(32, '', 'copyrightYear', '2019'),
(32, 'es_ES', 'abstract', '<p>El grupo de investigación DIMATES (Didáctica de las matemáticas y la Estadística) nació en el Centro de Investigaciones de la FCEAC2, en abril de 2012, como respuesta a la complejidad de las dificultades latentes en la enseñanza, el aprendizaje y en la investigación de la matemática escolar, pero también, para generar interés en el uso y aplicación de modelos matemáticos en otras disciplinas como la Contaduría y la Administración de Empresas. Este libro es una muestra de los alcances logrados con mis estudiantes investigadores, porque son ellos quienes algún día, desde las prácticas investigativas como las que se presentan acá, que podrán transformar las dificultades en logros y motivaciones para las futuras generaciones. El grupo debió esperar hasta el 2015 para que la universidad lo avalara, en 2016 Colciencias lo categorizó en C y en 2018 nos ratificaron en esta categoría. Desde su inicio el grupo se ha preocupado por la problemática generalizada en los procesos de enseñanza y aprendizaje de las matemáticas, particularmente en su lenguaje como campo semiótico a partir del cual se pueden resaltar los significados (semántica), significantes (sintáctica) y usos (pragmática) de los objetos del saber matemático que circulan en la FCEAC en los primeros semestres de la formación básica de los estudiantes, pero que deben contribuir con el fortalecimiento integral de la formación específica y profesional de ellos y es allí donde el semillero es importante porque posibilita la articulación semiótica de los significantes, significados y usos de las matemáticas a través de proyectos centrados en la modelación matemática como apoyo a otras disciplinas, proyectos que surgen como ideas de los estudiantes y que se articula con la investigación del grupo. Atendiendo a los contextos anteriores en el grupo se proponen dos líneas de investigación articuladas entre sí; una de ellas es la línea de investigación de Modelación Matemática en Contaduría y Administración de Empresas, como respuesta a las inquietudes de aquellos estudiantes que tienen interés por conocer algunas aplicaciones de las matemáticas en la formación profesional de ellos, a partir del pensamiento variacional y del uso de tecnologías que fundamenten y permitan a los estudiantes modelar situaciones propias de su saber disciplinar centradas en la variación, el cambio y la causalidad que además son inherentes en las situaciones de la realidad social humana. Fue así como dicha preocupación generó interés por la creación del semillero FRACTALES en el que tienen cabida estudiantes desde primer semestre inclusive, porque otra intención es que los estudiantes que participen en el semillero se formen en investigación del saber matemático aplicado desde la modelación y que interactúen desde la comunicación matemática como un proceso de doble vía (estudiante, profesor, contextos y cultura) A partir de lo anterior, surge la necesidad de revisar y estudiar el pensamiento variacional y en él destacar los modelos matemáticos asociados a la Contaduría (contabilidad) y a la 13 Administración de Empresas como ámbitos fundamentales del semillero. De otra parte, el vocablo FRACTALES proviene del latín “fractus”, traducido como fragmentado o fracturado, que además es el nombre de una geometría de dimensión fraccionaria con la cual se pueden estudiar situaciones cuyas características especiales son la similitud (idéntica, cuasi idéntica y estadística) y la respetabilidad de patrones geométricos en cualquier escala que la dotan de propiedades que le permiten modelar realidades en contextos diversos tanto de las matemáticas como de las ciencias sociales, naturales y humanas; por ejemplo, en la pintura son famosos los fractales del pintor Holandés Escher (1898-1972), en bilogía la reproducción celular, en las ciencias sociales las culturas (etnología, etnografía)</p>'),
(32, 'es_ES', 'copyrightHolder', 'U. Libre'),
(32, 'es_ES', 'coverImage', '{\"dateUploaded\":\"2023-05-17 23:30:36\",\"uploadName\":\"submission_32_32_coverImage_es_ES.jpg\",\"altText\":\"\"}'),
(32, 'es_ES', 'prefix', ''),
(32, 'es_ES', 'rights', ''),
(32, 'es_ES', 'subtitle', ''),
(32, 'es_ES', 'title', 'Investigación formativa: semillero fractales'),
(33, '', 'categoryIds', '[3]'),
(33, '', 'citationsRaw', ''),
(33, '', 'copyrightYear', '2019'),
(33, 'es_ES', 'abstract', '<p>Presentamos a la comunidad académica este libro producto de investigación, queriendo aportar nuevos elementos al análisis de la gestión empresarial, desde la óptica de la interdisciplinariedad y la transdisciplinariedad y bajo el paradigma de la complejidad. Con ello se pretende articular diferentes enfoques teóricos de diferentes disciplinas convergentes, fortaleciendo tópicos que aún se encuentran en proceso de desarrollo como la estructuración de la teoría general contable y la contametría, que a pesar de ello nos abren caminos interesantes de exploración contribuyendo de esa manera a la consolidación de la ciencia contable como una ciencia social, pero también colaborando, a partir de esos aportes, a enriquecer aspectos fundamentales de la ciencias dialogantes, como la administración, la economía, las finanzas y la misma sociología y aprovechando de éstas sus desarrollos en la misma línea de mutuo fortalecimiento. En ese orden de ideas en el primer capítulo se presentan los argumentos fundamentales Contamétricos para un nuevo enfoque de la gerencia financiera, desde la teoría general contable. Ello nos conduce a proponer una transformación de le gerencia financiera en una gerencia integral del valor, apoyándose en una visión más amplia del análisis de los fenómenos humanos cuya esencia es por excelencia social, visto desde las diferentes perspectivas de las ciencias afines, que también están trasegando por esa vía. En el segundo capítulo se aboca la problemática de La generación de valor social como nuevo marco de análisis estratégico de las organizaciones, recorriendo elementos clave para la comprensión de este importante tópico como los siguientes: • La creación de valor como objetivo fundamental de las organizaciones. • La generación del valor social como motor del desarrollo organizacional. • Los inductores de valor como nuevos medidores de la eficiencia, eficacia y productividad organizacional. • Los nuevos modelos de negocios y la creación de valor. Como se puede observar es un despliegue de los últimos desarrollos gerenciales en que se apoyan las disciplinas convergentes de la administración, la economía, la contabilidad y las finanzas, permitiendo comprobar que el enfoque sistémico e interdisciplinar genera frutos bondadosos desde la perspectiva científica y académica. En el tercer capítulo profundizamos en la temática de La contabilidad social y sus métodos de representación, medición, valoración y evaluación: ¿eslabones perdidos en la teoría contable? Es una extensión y profundización de los dos capítulos anteriores, que lo hacemos a través del desarrollo de las siguientes problemáticas: • Principales problemas de la representación, medición, valoración y evaluación de los fenómenos socioeconómicos en forma integral. • Fundamentos teóricos de la contabilidad social. • Propuesta de desarrollo de artefactos tecnológicos para la representación, medición, valoración y evaluación de lo socioeconómico en forma integral. Esta mirada panorámica nos posibilita comprobar que los aspectos sociales son los más evadidos por la contabilidad, siendo ésta una ciencia social, lo cual encuentra sus explicaciones por el predominio de la corriente tradicional de investigación contable, que se ha centrado en lo financiero, dejando de lado la esencia del ser humano, lo cual es válido para otras ciencias hermanas, aunque menos acentuado por varias razones de tipo histórico. En el cuarto y último capítulo tocamos un desarrollo de la tecnología a partir de la teoría contable referente a Las nuevas mediciones del valor: ¿es el valor razonable una respuesta científica a los problemas de medición y valoración contable? Este es un ejercicio intelectual para determinar como la contabilidad ha venido abocando una problemática que le es consustancial y que le está exigiendo respuestas en el plano de la teoría de la teoría de la valoración. Para ello abordamos los siguientes tópicos: • Planteamiento filosófico del problema de la valoración para las ciencias sociales. • Abordaje del problema de la valoración por la ciencia contable. • Fundamentos teóricos de la valoración según los precios o costos históricos. • Fundamentos teóricos de la valoración según los precios de mercado. • Fundamentos teóricos de la valoración según los pronósticos traídos a valor presente. Con ellos se logra discurrir en una temática, que sigue siendo polémica, pero que no por ello deja de ser trascendental para todas las disciplinas sociales y en este contexto de la teoría del valor, sí que es imprescindible una mirada interdisciplinar y transdisciplinar, por lo que se concluye que este debate hasta ahora se inicia, en un contexto de largo plazo. Esta primera aproximación a un tema apasionante desde la academia y del desarrollo científico social, es un esfuerzo que debe continuar en forma colaborativa con profesionales de las diferentes disciplinas implicadas y de las investigaciones, cualquiera que sea la escuela del pensamiento en que se inserten, lo cual redundará en beneficio de nuestras comunidades, que se encuentran esperando respuestas conducentes a un cambio social que reivindique sus apremiantes necesidades. Esta invitación queda abierta para los diferentes centros de investigación y grupos que estemos trabajando en la investigación de estas líneas, que se vuelven neurales para el desarrollo y el bienestar social de nuestra sociedad.</p>'),
(33, 'es_ES', 'copyrightHolder', 'U. Libre'),
(33, 'es_ES', 'coverImage', '{\"dateUploaded\":\"2023-05-17 23:36:01\",\"uploadName\":\"submission_33_33_coverImage_es_ES.png\",\"altText\":\"\"}'),
(33, 'es_ES', 'prefix', ''),
(33, 'es_ES', 'rights', ''),
(33, 'es_ES', 'subtitle', ''),
(33, 'es_ES', 'title', 'La gerencia integral del valor desde la interdisciplinariedad: Construcción a partir de la teoría general contable y la contametría para un reenfoque de la gerencia financiera'),
(34, '', 'categoryIds', '[3]'),
(34, '', 'citationsRaw', ''),
(34, '', 'copyrightYear', '2019'),
(34, 'es_ES', 'abstract', '<p>El presente trabajo, que lleva por título: La responsabilidad social de los profesionales ¿Eje Fundamental de la Educación Superior en Colombia? se inspiró, precisamente en el hecho, de que este tópico no existe, o por lo menos no se ve contemplado en los planes curriculares de muchos programas académicos de instituciones de Educación Superior en Colombia. No ha sido el tópico, “Responsabilidad Social”, algo que se haya considerado como fundamental en los procesos de formación profesional, quizás, porque se ha pensado como algo implícito de la formación en cada una de las múltiples carreras profesionales que ofrecen las instituciones. Se les ha dado prioridad a los contenidos y tópicos netamente profesionales, esto es, disciplinares, olvidando, o cuando mucho, colocando en segundo plano la problemática relacionada con las consecuencias de un ejercicio profesional sin calidad, sin ética, sin principios, y sin sensibilidad ni conciencia de los daños que todo esto conlleva a una población, así como al ecosistema, a los bienes económicos y sociales, a la moral y a las buenas costumbres. No hay duda, que gran parte de los múltiples problemas que de toda índole padece hoy nuestro País, así como el Continente Latinoamericano, para no referirnos a otros espacios continentales, están directamente asociados con las grandes falencias y vacíos de la educación y la formación que se imparten en el Nivel Superior. No se forman los profesionales, en la conciencia ni en el compromiso de ser verdaderamente útiles a la sociedad; no se forman en la conciencia ni en el compromiso de orientar las acciones profesionales hacia la preservación del Medio Ambiente; no se forman en el compromiso, de verdaderamente defender y proteger la vida; no se forman en el compromiso, de contribuir a posibilitar una convivencia en paz y armonía social. Por el contrario, son múltiples las defraudaciones que día a día causan muchos profesionales a la sociedad del común, que espera lo mejor de quienes en las aulas universitarias han recibido el saber construido por la humanidad, a través de la historia. En muchos currículos y planes de estudio universitarios, aparece tímidamente en el primer semestre de carrera o en algún semestre intermedio, o en el último semestre, alguna asignatura que trate lo ético, o lo deontológico, o el compromiso o responsabilidad de los profesionales para con la sociedad. Y si se les da cabida a estos aspectos en los planes de estudio, se les mira como unas pobres asignaturas, como unas “costuras” (como atrevidamente las llaman ciertos estudiantes y profesores en Colombia, dando a entender que carecen de importancia), con la menor intensidad horaria posible, y generalmente asignadas a docentes sin idoneidad para impartirlas y orientarlas. De manera pues, que, desde allá, desde los mismos claustros universitarios, se genera, no la conciencia, sino la inconsciencia y la insensibilidad; la ausencia de compromiso y responsabilidad frente al Cosmos Social y Ambiental. No todos, pero sí muchos profesionales, contados por miles, sólo ven en su ejercicio profesional un privilegio y una oportunidad para aprovecharse en su personal beneficio de los recursos tanto naturales como humanos, sin medir o sin siquiera pensar en las consecuencias de sus acciones, como lo explicaremos y lo reiteraremos en distintos apartes de este documento. Partiendo de lo expuesto hasta aquí, se decidió consultar en la base estudiantil y profesoral de distintas instituciones de Educación Superior, acerca de lo que pensaban sobre la propuesta y posibilidad de incluir el tópico “Responsabilidad Social” como componente de los currículos universitarios, y el nivel de importancia que le otorgaban al conocimiento de lo que significa, que un profesional sea responsable socialmente. Cinco grandes partes o capítulos, constituyen la estructura del presente trabajo: la primera, que da cuenta del Problema Científico o razón fundamental de la consulta y de la propuesta; del Objeto de Estudio, que es la Responsabilidad Social como componente del currículo de los programas académicos universitarios; del Campo de Acción, que hace referencia a la gestión sobre el Currículo, con miras a una formación profesional más comprometida socialmente; del Aporte, que es la justificación y la sustentación de la propuesta, así como la estrategia para la inclusión en el Currículo; de la Pregunta de Investigación, como lo principal que debe resolverse con el estudio y con la propuesta; de los Objetivos, que responden al para qué de la consulta y de la propuesta; a las Tareas u Objetivos Específicos, como actividades y logros intermedios conducentes a alcanzar el objetivo de fondo; al Tipo de Investigación. La segunda parte contiene una conceptualización y teorización sobre la Responsabilidad Social, así como un análisis crítico frente a la ausencia de esta problemática en los planes de formación profesional, y las consecuencias de esa ausencia. La tercera contiene la presentación de los resultados de la indagación hecha, y el análisis concluyente de esos resultados. Dos estamentos fundamentales fueron consultados para establecer la cabida y acogida que podría tener el tópico “Responsabilidad Social” en los currículos de la Educación Superior. Esos estamentos fueron el de docentes y el de estudiantes. No encontramos otro, u otros, que fueran más importantes y decisorios para determinar las condiciones en que el tópico mencionado pasara (pase) a hacer parte del currículo y por lo tanto del proceso formativo de los estudiantes (futuros profesionales).</p>'),
(34, 'es_ES', 'copyrightHolder', 'U. Libre'),
(34, 'es_ES', 'coverImage', '{\"dateUploaded\":\"2023-05-17 23:42:28\",\"uploadName\":\"submission_34_34_coverImage_es_ES.png\",\"altText\":\"\"}'),
(34, 'es_ES', 'prefix', ''),
(34, 'es_ES', 'rights', ''),
(34, 'es_ES', 'subtitle', ''),
(34, 'es_ES', 'title', 'La responsabilidad social de los profesionales ¿Eje fundamental de la Educación Superior en Colombia?'),
(35, '', 'categoryIds', '[7]'),
(35, '', 'citationsRaw', ''),
(35, '', 'copyrightYear', '2020');
INSERT INTO `publication_settings` (`publication_id`, `locale`, `setting_name`, `setting_value`) VALUES
(35, 'es_ES', 'abstract', '<p>El Acuerdo de Paz entre el Gobierno Nacional y las FARC sin duda se cons-tituye en un hito histórico en la historia de Colombia y de los conflictos armados en el mundo. En últimas, las partes concuerdan en considerar que este es tan solo el inicio de una serie de transformaciones en el ámbito polí-tico, económico y social que se deberán gestar en los años siguientes para el logro de una paz duradera y estable. Por eso, dentro de los puntos más importantes del Acuerdo cobra una gran centralidad la cuestión agraria, bajo el entendido de que las desigualdades históricas que afectan incluso hoy en día principalmente a los campesinos del país han sido el motor de la guerra.Las bases del punto uno, sobre la reforma rural integral, involucran de manera significativa un tema de la mayor importancia: la restitución de tierras a las víctimas del conflicto que tuvieron que abandonar sus predios por causa del conflicto armado. En Colombia, la acción de restitución de tierras ha tenido un desarrollo anterior a la firma del Acuerdo Final y encuentra su origen en la política de reparación integral a las víctimas del conflicto en el marco de los parámetros que ha establecido el Estado para configurar un modelo de justicia transicional.En este contexto, la presente publicación busca aportar a la reflexión sobre la importancia de la restitución de tierras en el país, a partir de la explicitación de sus fundamentos teóricos y normativos, las instituciones jurídicas que la componen y el análisis de los argumentos que permiten defender su razonabilidad dentro de la interpretación constitucional. Lo anterior se efectúa desde la reconstrucción histórica y el contexto social y político en el que emerge, lo que a su vez permite identificar algunas problemáticas y particularidades que van a marcar su diseño, así como los retos que permanentemente enfrenta.El planteamiento central que se defiende es que la acción de restitución de tierras es un componente estratégico de la mayor importancia para el cumplimiento de los objetivos de justicia social que establece el Acuerdo Final y, en esa medida, su capacidad institucional debe ser mantenida y opti-mizada para articularse con los propósitos de la Reforma Rural Integral. En efecto, sus resultados han contribuido al restablecimiento de derechos, a la resolución pacífica de los conflictos sobre el territorio, a establecer sinergias entre las autoridades locales y nacionales con la finalidad de brindar soste-nibilidad a los retornos y mejorar las condiciones de vida de los campesinos y llegar a las zonas donde el Estado no ha tenido una presencia significa-tiva; aspectos que sin duda contribuyen a cimentar las bases de una paz con enfoque territorial. Frente a este planteamiento, el libro no formula propuestas definitivas ni aborda todos los posibles escenarios en los que se requeriría adelantar estos esfuerzos de optimización y articulación. Por el contrario, los temas que lo componen proporcionan una mirada integral de la restitución de tierras desde la que es posible comprender con más herramientas su complejidad y particularidades en el contexto actual. A partir de este presupuesto es posible emprender nuevos esfuerzos investigativos para dar cuenta del alcance de la restitución de tierras en el Pos-Acuerdo. En todo caso, si bien es cierto que el país ha dado un paso importante hacia la paz, aún persisten nuevas situa-ciones de violencia derivadas del conflicto armado, lo que justifica además que se continúe estudiando la relevancia de políticas de reparación a víctimas del conflicto, como en este caso la de restitución de tierras.Aclarado lo anterior, es posible identificar cuatro temáticas que pueden estu-diarse de forma autónoma en cada capítulo, aunque en su conjunto brindan un panorama general de la restitución de tierras en el país.En el primero, se indaga sobre el concepto y la regulación jurídica interna-cional de la restitución de tierras, identificando sus peculiaridades, así como los elementos, que desde una perspectiva de los derechos humanos que los concibe como integrales e interdependientes, tienen la potencialidad de aproximarla, sin desnaturalizarla, al cumplimiento de objetivos de justicia social y redistributiva. El análisis allí efectuado ayuda a esclarecer los puntos de articulación entre esos dos conceptos de justicia, partiendo de la constatación de que una de las principales causas del conflicto armado en el país es la desigualdad social. En ese sentido, la consecución de la paz implicaría no solo la búsqueda de la reparación integral a las víctimas mediante la restitución de las tierras despojadas o abandonadas, sino además la superación de la desigualdad social, lo que implica contrarrestar fenómenos como la concentración de la propiedad. En la segunda y tercera parte se describen la problemática y el contexto en el que surge la restitución de tierras en el marco de la Ley 1448 de 2011. Para tal fin se describen algunos de sus antecedentes inmediatos y se analiza el marco normativo en el que se consagran principios, procedi-mientos e instituciones especiales para el cumplimiento de los objetivos de la restitución de tierras en el contexto de la justicia transicional. De igual manera, se efectúa una reflexión sobre su naturaleza, fundamento y características, dando especial énfasis a su dimensión constitucional. De manera específica se abordan los mecanismos que la componen y en qué medida estos satisfacen los criterios de razonabilidad que exige la justicia transicional. De manera especial se hacen consideraciones sobre la nece-sidad e importancia de instituciones como la focalización de predios, el carácter mixto de la acción, el tratamiento a los terceros y a los ocupantes secundarios y la naturaleza de la jurisdicción especializadaEn el último capítulo se efectúa una caracterización de los propósitos y mecanismos que se establecen en el Acuerdo Final en lo que respecta a la reforma rural integral, para a partir de allí reflexionar sobre el lugar de la restitución de tierras y los retos principales que esta debe superar para constituirse en un vehículo adecuado de los objetivos que este pretende en el escenario actual. Dentro de los principales retos que esto implica se destacan la necesidad de sellar un consenso frente a su legitimidad, nece-sidad e importancia, presupuesto imprescindible de la desactivación del espiral de violencia, así como la necesidad de lograr que las tensiones por el territorio se resuelvan a través de la apertura democrática, el respeto de la cultura y los intereses de las comunidades y la convivencia armónica entre diferentes modelos de desarrollo, dentro de los que se incluye, por supuesto, el de la economía campesina, aspecto que ya incorpora el texto del Acuerdo Final.El derrotero metodológico del libro parte de la identificación de las parti-cularidades jurídicas de la acción de restitución como un procedimiento complejo en el que se describen sus principales etapas y compo-nentes, dándoles sentido a partir de los pronunciamientos de la Corte Constitucional, que precisamente acentúan su estatus superior y afirman la razonabilidad y aceptabilidad de sus mecanismos en el contexto complejo del país y los estándares de la justicia transicional. Esto implica priorizar el enfoque hermenéutico y el análisis jurisprudencial a partir de la consulta y análisis de normas y decisiones judiciales paradigmáticas.De igual manera, en múltiples apartados es posible advertir la revisión, interpretación y sistematización de marcos jurídicos nacionales e inter-nacionales sobre restitución de tierras y acceso a la propiedad rural, útiles para formular hipótesis sobre los contenidos de justicia que esta alberga e interpretar los aspectos del proceso de paz que involucran la cues-tión agraria. Adicional a esto, a partir de entrevistas semiestructuradas a algunos actores políticos, activistas de derechos humanos y funcionarios públicos, y del análisis de documentación oficial y de notas de prensa, se reconstruyen algunos posicionamientos paradigmáticos sobre las temá-ticas abordadas, lo que contribuye a contextualizar el análisis jurídico e institucional. El presente libro se constituye en el informe final de investigación del proyecto “Constitucionalismo global, justicia transicional y multicultu-ralismo” que adelantan Andrés Mauricio Guzmán Rincón, Gustavo José Rojas Páez y José Guillermo Carrillo Ballesteros, profesores adscritos al Centro de Investigaciones Sociojurídicas de la Facultad de Derecho de la Universidad Libre y que involucra el trabajo de los grupos de investi-gación de estudios constitucionales y de la paz y Derecho y sociedad y estudios internacionales. De igual manera, cuenta con la colaboración de los expertos Efraín Cruz Gutiérrez, Mónica Jiménez Amorocho y Nelson Rodrigo Barón Rocha. Parte del contenido de este libro fue publicado previamente en diferentes revistas científicas y capítulos de libro escritos por los autores, donde se exponen algunos resultados parciales de investigación; estos se encuentran disponibles en la web y son de acceso libre a los lectores.</p>'),
(35, 'es_ES', 'copyrightHolder', 'U. Libre'),
(35, 'es_ES', 'coverImage', '{\"dateUploaded\":\"2023-05-17 23:51:21\",\"uploadName\":\"submission_35_35_coverImage_es_ES.png\",\"altText\":\"\"}'),
(35, 'es_ES', 'prefix', ''),
(35, 'es_ES', 'rights', ''),
(35, 'es_ES', 'subtitle', ''),
(35, 'es_ES', 'title', 'Restitución de tierras: fundamentos y desafíos para la superación del conflicto armado en Colombia'),
(36, '', 'categoryIds', '[7]'),
(36, '', 'citationsRaw', ''),
(36, '', 'copyrightYear', '2020'),
(36, 'es_ES', 'abstract', '<p>La carne del país (Brasil, pero también Colombia y tantos otros) se desgarra y se zurce, se deshilacha y se vuelve a coser, una y otra vez, hasta que, por más abnegadas que sean las mujeres, la mano, la aguja y el hilo, ya no pueden más, “porque se había matado demasiado”. ¿Qué hacer? ¿Sí, qué hacer los que no sabemos, ni queremos, matar? Para los que en cambio sí sabemos que “matar un hombre por defender una idea, no es defender una idea sino matar un hombre” (Castello contra Calvino, de Zweig) ¿Qué hacer? Aprender de los matemáticos: «comencemos con las ecuaciones diferenciales parciales con frontera libre. Imagínese que hay una represa con muros, se rompe y empieza a regarse el agua. El suelo alrededor comienza a mojarse. Una frontera libre es esa frontera entre el piso seco y el mojado. Los matemáticos queremos saber a qué velocidad se expande, y otras características para tratar de contener y prever qué va a ocurrir para detenerla». Así nos enseña, a los no iniciados, la gran matemática colombiana Tatiana Toro. ¿Qué hacer cuando una represa se rompe y empieza a inundarlo todo? Aprender a qué velocidad se expande, entre muchísimas otras cosas, para tratar de contener el daño y saber qué es lo que hay que hacer para detener la catástrofe. Una «frontera libre», en política, sería esa delgada línea situada entre matones y asesinos de ambos lados, para decirles a los unos y a los otros: «no pasarán». Eso fue lo que enseñó hace más de dos mil quinientos años atrás Solón, el sabio poeta en torno al cual gira la invención de la política en su versión ateniense. Cuando terminó su labor de palabrero, ¿cómo quiso ser recordado? No hice viudas a las mujeres, no cercené la vida de los jóvenes. ¿Qué gobernantes, qué políticos, de uno y otro bando pueden decir algo que alcance a las plantas de los pies de Solón?</p>'),
(36, 'es_ES', 'copyrightHolder', 'U. Libre'),
(36, 'es_ES', 'coverImage', '{\"dateUploaded\":\"2023-05-17 23:57:21\",\"uploadName\":\"submission_36_36_coverImage_es_ES.png\",\"altText\":\"\"}'),
(36, 'es_ES', 'prefix', ''),
(36, 'es_ES', 'rights', ''),
(36, 'es_ES', 'subtitle', ''),
(36, 'es_ES', 'title', 'Lecciones de teoría política: la democracia de los atenienses entre la stásis y la diálysis'),
(37, '', 'categoryIds', '[8]'),
(37, '', 'citationsRaw', ''),
(37, '', 'copyrightYear', '2020'),
(37, 'es_ES', 'abstract', '<p>La presente investigación tiene como propósito reflexionar acerca de las políticas y dinámicas de control social y exclusión en Colombia, expresada mediante dos órdenes: el jurídico, plasmado en la legislación que contempla lo concerniente a la estructura institucional a nivel nacional,regional y local; de otra parte, la medicina que encuentra un soporte invaluable en el orden estatal para ejercer, controlar y hacer efectivos las inspecciones de salubridad.El derecho y la medicina comparten por igual la capacidad de ejercer tanto la inclusión como la exclusión social, que por igual involucran a los tipos de población analizados: lazarinos y vagos; el primer tipo de población tiene más proximidad con un problema que bien pudiéramos llamar de salubridad, en tanto que los vagos se encuentran vinculados a una problemática más de índole social. Estos tipos de población participan de igual manera de dinámicas propias de inclusión y exclusión,años que resultan ser de encuentros y desencuentros, surcados por rupturas y discontinuidades donde se tejen redes que configuran un universo simbólico, en función de micropoderes representados por la medicina y el derecho, que en gran medida representaron un control social como lo reflejan las prácticas médicas y la copiosa literatura jurídica, transcrita en parte y comentada en sus aspectos más importantes.</p>'),
(37, 'es_ES', 'copyrightHolder', 'U. Libre'),
(37, 'es_ES', 'coverImage', '{\"dateUploaded\":\"2023-05-18 00:04:11\",\"uploadName\":\"submission_37_37_coverImage_es_ES.jpg\",\"altText\":\"\"}'),
(37, 'es_ES', 'prefix', ''),
(37, 'es_ES', 'rights', ''),
(37, 'es_ES', 'subtitle', ''),
(37, 'es_ES', 'title', 'Políticas y dinámicas de control social y exclusión en Colombia: Vagos y Lazarinos'),
(38, '', 'categoryIds', '[7]'),
(38, '', 'citationsRaw', ''),
(38, '', 'copyrightYear', '2020'),
(38, 'es_ES', 'abstract', '<p>La presente publicación surgió como consecuencia de los reiterados reportes sobre actos violentos denominados comúnmente como justicia por mano propia, los cuales llevaron a las investigadoras a plantear la siguiente problemática: ¿qué factores inciden en el ciudadano para deslegitimar al Estado como ente sancionador, dando lugar al uso de la justicia por mano propia intentando resarcir un daño, independien-temente del sistema jurídico estatal? Se acogió la Teoría de la Justicia propuesta por John Rawls como soporte teórico, pues se considera idónea para desarrollar el principio de la Justicia como fin del Estado Social de Derecho, a partir de un sistema amplio de libertades básicas para todos, que ofrece a los asociados igualdad de oportunidades, previendo el principio de diferencia y las desigualdades socioeconó-micas, además de resaltar la prioridad de la libertad y de la justicia sobre la eficiencia de la norma. Inicialmente se planteó la hipótesis de que los factores que incidían en la sociedad colombiana para deslegitimar al Estado como ente sancionador eran: i) la ineficacia del sistema legal, ii) el dif ícil acceso a la administración de justicia, iii) el desconocimiento de los derechos por parte del ciudadano. Estas deficiencias se traducen en la vida cotidiana del ciudadano, como, por ejemplo, en las dificultades que el sistema jurídico le presenta a la persona cuando se dispone a denunciar un hecho del cual fue víctima; circunstancia que, analizada desde una perspectiva sociológica, ocasiona un alto índice de omisión de denunciasLa investigación se estructuró en los principios rectores de la teoría de la justicia de Rawls, además de soportarse metodológicamente en la teoría funcionalista de Jakobs y la teoría de los sistemas de Luhmann, quienes integran las categorías del sistema a partir de los fines del Derecho. A su vez, se aborda el análisis de la Constitución Política de Colombia, el Código Penal (Ley 599 de 2000), Jurisprudencia de las Altas Cortes, junto con la doctrina que trata el problema socio-jurídico central. Asimismo, se hace uso de muestras representativas porcen-tuales, que permiten deducir de manera aproximada la frecuencia de la conducta, los índices de denuncia e impunidad, la aceptación de esta y la percepción social generalizada de desconfianza frente a las instituciones y autoridades encargadas de administrar justicia. Los integrantes de la sociedad colombiana que ejercen, apoyan y legi-timan los actos de justicia por mano propia durante el lapso 2011 y 2017 hacen parte del corpus de investigación. Estos se identifican gracias a los datos suministrados por entidades gubernamentales y no guberna-mentales especializadas en recolección de información, que cuentan con alta credibilidad en el escenario mundial a través de cuestionarios, entrevistas y encuestas que miden los ítems relacionados.En la actualidad los asociados están cuestionando la legitimidad otorgada por el contrato social al Estado para sancionar los compor-tamientos que transgreden el bienestar general. Este cuestionamiento se ve reflejado en los actos de justicia por mano propia en los cuales la sociedad asume el papel juzgador, justificando su actuar en la opinión generalizada de ineficacia e ineficiencia estatal. Tal opinión está basada en el incumplimiento por parte del Estado de la función delegada en el contrato social.</p>'),
(38, 'es_ES', 'copyrightHolder', 'U. Libre'),
(38, 'es_ES', 'coverImage', '{\"dateUploaded\":\"2023-05-18 00:10:34\",\"uploadName\":\"submission_38_38_coverImage_es_ES.png\",\"altText\":\"\"}'),
(38, 'es_ES', 'prefix', ''),
(38, 'es_ES', 'rights', ''),
(38, 'es_ES', 'subtitle', ''),
(38, 'es_ES', 'title', 'Justicia por mano propia y legitimación del Estado colombiano como ente sancionador'),
(39, '', 'categoryIds', '[3]'),
(39, '', 'citationsRaw', ''),
(39, '', 'copyrightYear', '2020'),
(39, 'es_ES', 'abstract', '<p>Un año después de haberse instaurado el Modelo COF en el Programa de Contaduría Pública de la Universidad Libre y habiendo publicado la 1ª Edición de esta obra en el año 2008, su desarrollo en las aulas indicó, entre otros elementos necesarios que fueron identificados en los procesos de autoevaluación permanente, que el modelo debía robustecerse incluyendo la estrategia de proyectos de aula. Fue necesario entonces, preparar y llevar a cabo la Segunda edición de la obra, la cual fue publicada en 2012 robustecida con las experiencias obtenidas durante los cuatro años que le antecedieron. Ahora, después de ocho años de haber sido publicada la segunda edición, se hace necesario actualizar esta obra mediante una Tercera Edición, en la que se plasman: nueva regulación tanto legal como institucional, el robustecimiento del modelo con la experiencia aplicada mediante el currículo planeado, una revisión de completitud al capítulo Proyecto de Aula, así como del currículo oculto o de contexto, todo lo cual obligó a revisar la estructura de la obra. En esta Tercera edición se incluyeron nuevos elementos teóricos que respaldan la pedagogía y la didáctica planteadas en el modelo, se hace referencia a una reforma al plan de estudios del programa académico que se encuentra en curso al momento de publicar esta obra, se fortalecer el discurso de la estrategia investigativa como eje transversal en los Planes de Aula, y, se hace referencia a los Lineamientos y Orientaciones para el aprendizaje de jóvenes y personas adultas, instrumento difundido por el Ministerio de Educación Nacional. Hay la certeza de que se ha avanzado por el camino correcto en la aplicación del modelo, porque el mismo ha sido exitosamente validado con trece años de desarrollo (2007-2019) en el Programa de Contaduría Pública de la Universidad Libre; ha sido bien ponderado en cuatro oportunidades por Pares académicos que en nombre del Ministerio de Educación Nacional han evaluado el programa de Contaduría Pública para acreditarlo en alta calidad. También lo han evaluado Pares extranjeros para expedir el Certificarlo Internacional de alta calidad. Por lo expuesto, el modelo se considera suficientemente validado. Es necesario destacar que un currículo es de actualización permanente debido a las cambiantes dinámicas sociales y las nuevas problemáticas que tales dinámicas generan en el campo de la educación superior. En este sentido, en 2014, la Universidad Libre realizó la actualización del Proyecto Educativo Institucional (PEI), incorporando el modelo Autoestructurante Cognoscente o Cognoscitivo (Acuerdo N° 04 de octubre de 2014, Honorable Consiliatura), cuyas teorías que lo integran y sustentan, ya venían siendo soporte epistemológico del modelo COF. Igualmente, en el año 2017, el Ministerio de Educación Nacional, siguiendo las recomendaciones de UNESCO, publicó los “Lineamientos para la educación de jóvenes y personas adultas”; de la misma manera, el Ministerio de Educación Nacional promulgó el decreto 1330 de 2019 con el fin de regular aspectos de calidad y aseguramiento de la información en el cual incorporó, en sendos artículos de este cuerpo normativo, entre otros, algunos conceptos que actualizan modelos curriculares, tales como estudiante (en lugar de alumno), planeación (en lugar asignatura), Resultados de aprendizaje, (en lugar de desarrollo de competencia), aprendizaje (en lugar de enseñanza). Estos conceptos vienen a fortalecer el marco conceptual del modelo COF, que los contiene desde el año 2007 y quizá por ello pudiera decirse que es un modelo postmoderno y prospectivo. Se espera que la presente actualización satisfaga algunas debilidades que se fueron generando en el transcurso del tiempo desde la publicación de la Segunda edición.</p>'),
(39, 'es_ES', 'copyrightHolder', 'U. Libre'),
(39, 'es_ES', 'coverImage', '{\"dateUploaded\":\"2023-05-18 00:16:43\",\"uploadName\":\"submission_39_39_coverImage_es_ES.png\",\"altText\":\"\"}'),
(39, 'es_ES', 'prefix', ''),
(39, 'es_ES', 'rights', ''),
(39, 'es_ES', 'subtitle', ''),
(39, 'es_ES', 'title', 'Estudio de la contabilidad por ciclos de operaciones financieras Modelo: Teórico, Pedagógico y Curricular'),
(40, '', 'categoryIds', '[3]'),
(40, '', 'citationsRaw', ''),
(40, '', 'copyrightYear', '2020'),
(40, 'es_ES', 'abstract', '<p>Este documento ofrece una reflexión enfocada en el acto de investigar, en el que, antes del mundo de las cosas, está lo humano, la subjetividad, la conciencia, lo social, lo cultural, porque a partir del sujeto se construye la objetividad de las cosas y del mundo. El libro surge tras la experiencia, en los últimos cinco años, de escuchar y observar a los estudiantes de la Maestría en Contabilidad, que en su mayoría son contadores públicos y tienen temor cuando piensan en investigar. Ellos manifiestan su falta de experiencia en este campo, y por eso mismo encuentran obstáculos para desarrollar un trabajo de investigación. Este texto busca que los estudiantes, como contadores públicos, se den cuenta de que sus miedos son normales, que no son solo de ellos, y que el sistema educativo sigue todavía un modelo conductista y poco crítico. De este modo, se procura demostrarles que ellos hacen un esfuerzo por cambiar en este campo la historia en la Contaduría Pública, por medio de aportes disciplinares y transdisciplinares en los cuales presentan alternativas de solución a problemáticas concretas de la realidad. El resultado de este escrito es una guía de investigación fundamentada en la experiencia de orientar a contadores públicos para vivir la investigación y no aprender investigación.</p>'),
(40, 'es_ES', 'copyrightHolder', 'U. Libre'),
(40, 'es_ES', 'coverImage', '{\"dateUploaded\":\"2023-05-18 00:22:16\",\"uploadName\":\"submission_40_40_coverImage_es_ES.jpg\",\"altText\":\"\"}'),
(40, 'es_ES', 'prefix', ''),
(40, 'es_ES', 'rights', ''),
(40, 'es_ES', 'subtitle', ''),
(40, 'es_ES', 'title', 'Una experiencia guía de la investigación en la Maestría en Contabilidad'),
(41, '', 'categoryIds', '[9]'),
(41, '', 'citationsRaw', ''),
(41, '', 'copyrightYear', '2020'),
(41, 'es_ES', 'abstract', '<p>Este trabajo es el resultado de siete años de investigación alrededor de la discapacidad. Es la culminación de una etapa de doctorado en Educación en la Universidad de Baja California, la cual se remonta a los inicios como investigador en formación de la Universidad Libre de Colombia. En este tiempo, el modelo autoestructurante unilibrista ha sido de gran relevancia para la consolidación del proceso investigativo, pues este, a lo largo de la formación como egresado de la Universidad Libre, ha fortalecido el perfil profesional del investigador frente a las necesidades de la sociedad. Asimismo, esta iniciativa hace parte del grupo de investigación IDEPI, liderado por la doctora Gloria Arce, el cual pertenece a la Facultad de Ingeniería, seccional Bogotá, y soportado desde la línea de investigación de educación para la ingeniería. En este, el desarrollo sostenible funge como pilar en el ámbito de la investigación y facilita la apropiación de propuestas en el marco de la generación de nuevos conocimientos y tecnologías, así como la educación de líderes a nivel mundial enfocados al mejoramiento de las condiciones de la sociedad. Es importante resaltar que en este libro la exploración de la discapacidad se llevó a cabo desde las dimensiones neurológica, psicológica y educativa. Jorge Hirsh, neurólogo y experto argentino en neurociencia, asesoró, guío y facilitó el entendimiento del fenómeno desde el descubrimiento del cerebro, la plasticidad cerebral, las funciones cerebrales, su fisionomía, las relaciones entre cerebro-acción-discapacidad y, por supuesto, el potencial de la intervención en el contexto médico de la discapacidad. Asimismo, Raquel García Flores, doctora en Psicología de nacionalidad mexicana e investigadora reconocida y categorizada por el Sistema Nacional de Investigadores en México fue esencial para el descubrimiento de la dimensión psicológica. La doctora Raquel fue anfitriona en la estancia doctoral que afianzó esta investigación, permitió desarrollar un plan de trabajo en la Facultad del posgrado en Psicología de la Universidad ITSON en México, facilitó la exploración de los avances frente a la modificación conductual en Estados Unidos y México del doctor Armendáriz, los avances en psicología educativa, psicología médica, investigaciones asociadas, procesamiento de la información y categorización desde el campo de la psicología para problemas comportamentales. La doctora María Lourdes Nares González, docente investigadora reconocida por el Sistema Nacional de Investigadores en México, fue la asesora de la tesis doctoral que obtuvo un reconocimiento summa cum laude; su dedicación y acompañamiento facilitaron el análisis de las categorías axiales obtenidas de la recolección de datos, así como la correlación de las dimensiones establecidas por el investigador. Por otro lado, se hace necesario reflexionar en torno al contenido de este proyecto y establecer un modelamiento explicativo de su conceptualización y del fenómeno abordado desde el campo de la educación. En este sentido, cabe mencionar que la educación es un derecho fundamental que el Estado está en la obligación de garantizar a todos los ciudadanos. Más aún, la Constitución Política de Colombia señala que la educación tiene que estar asegurada para todos los colombianos, en especial aquellos con algún tipo de discapacidad. Sin embargo, a pesar de la existencia de políticas educativas que regulan el proceso educativo de los ciudadanos, existen muchos factores que dificultan el acceso a la educación de personas en situación de discapacidad. Por otro lado, son falencias del sistema educativo colombiano la cobertura, infraestructura, capacitación docente, los recursos de las instituciones, entre otros; además, cuando se trata de niños que no son “funcionales”, capaces de procesar múltiples flujos de información a la vez (Hirsh, 2018), se evidencia que las instituciones tienen recelo de aceptarlos, aun cuando esta funcionalidad está siendo evaluada en distintas ocasiones por las mecánicas, protocolos y constructos institucionales. En este libro se analiza a profundidad el caso particular de un niño en condición de discapacidad que, para salvaguardar su identidad, será llamado “Santiago”. Este, a su corta infancia, ha pasado por diversas instituciones debido a su comportamiento o conductas. Es muy difícil que acepten en los colegios a casos como el de Santiago; en este sentido, de ser admitidos es bastante complicado que tengan éxito en el proceso académico. ¿Qué pasa con el sistema educativo?, ¿qué pasa con los docentes de las distintas instituciones?, ¿en dónde queda la inclusión y el aseguramiento de la educación de calidad? Ciertamente, la realidad de la educación va más allá de cualquier política educativa. En el último censo del DANE, la población con discapacidad equivalía al 7% de la población, esa cifra venía aumentado considerablemente desde el 2005. Sin embargo, el Registro de Localización y Caracterización de Personas con Discapacidad del 2018 señala que solo 2.6% de la población presenta algún tipo de discapacidad (uno de cada siete colombianos). Por ende, es necesario realizar proyectos de investigación en los que se exploren diferentes formas de ayudar a esos niños que no pueden desenvolverse en instituciones educativas, esos niños que por sus distintos cuadros patológicos necesitan de un acompañamiento personalizado que el Estado no puede garantizar. Se requiere, entonces, un seguimiento personalizado que sea real y no promesas de instituciones privadas que, en la mayoría de los casos, terminan por ser centros de exclusión o segregación. Es preciso que se realice un proceso de seguimiento detallado en el cual las políticas del Gobierno, como el plan individual de ajuste razonable (PIAR) del 2018, sean una garantía. No obstante, las mismas dinámicas de las instituciones educativas no permiten que se realice un proceso de acompañamiento con este tipo de niños. Para el caso de Santiago, así como para el de cientos de niños, la mayoría de instituciones privadas no permiten un acompañante terapéutico o sombra académica que los asista. En el caso de Santiago, quien tan solo con siete años ha estado en ocho instituciones educativas, la falta de preparación de los docentes y las pocas garantías de las políticas han evidenciado la imposibilidad de “lidiar con sus actitudes agresivas”, su “hiperactividad” y su nivel cognitivo inferior. Las instituciones educativas no solo no están preparadas para la inclusión o la diversidad, no están siquiera dispuestas a esta realidad. Por consiguiente, ¿será posible que la solución de este problema se vea en la obligatoriedad del PIAR que inician las instituciones educativas distritales, aun cuando en muchas no han podido garantizar el acompañamiento en espacios como el almuerzo o el receso escolar? ¿Cómo será posible desarrollar un PIAR con planes de estudio diseñados a idiosincrasia y una brecha más que inconmensurable con la investigación? Este estudio busca explorar la articulación de un esquema educativo fracturado por diversas variables como los maestros, los padres y los estudiantes. La participación de los tres ejes como pilares de la educación para todos dentro de una visión investigativa que facilite la generación de nuevo conocimiento. Para tal fin, es necesario adentrarse en la contextualización del fenómeno. El sujeto de estudio de esta investigación es un niño de siete años con antecedente de prematuridad, el cual, a raíz de una hipoxia cerebral prenatal, es diagnosticado con parálisis cerebral leve. Dicho diagnóstico se detecta mediante una Imagen de Resonancia Magnética (IRM), donde se evidencia una lesión malacica parietooccipital subcortical media izquierda Desde su nacimiento, Santiago presentó diversas dificultades motoras. Con tres años inicia un proceso escolar en el que sus limitaciones motoras lo hacían visible en su grupo de compañeros. Al cumplir cuatro años Santiago, inició con inconvenientes de convivencia; se mostraba poco tolerante a los demás, agresivo, desobediente, además de que su proceso académico siempre resaltaba por su deficiencia. A partir de esto, tiene lugar una transición de institución a institución hasta los siete años, edad en la que el cuadro se complica al evidenciar un aparente placer al herir a los demás, múltiples procesos fonológicos por reforzar, una sintaxis compleja, la persistencia de torpezas motoras, la desregulación del sistema inhibitorio y la aparición del trastorno negativista desafiante. En ese momento, se opta por realizar una investigación que se enriquecería del proceso de observación detallado, el cual se venía realizando por parte de personal médico y la familia. La siguiente investigación buscar explorar a profundidad el fenómeno de las conductas negativas que dificultan la capacidad de relacionarse con los demás de un niño en condición de discapacidad. Este estudio debería ser obligatorio en la labor de padres, educadores, psicólogos, neuroeducadores y científicos, tal como se establece en el Decreto 1421 frente a la labor de los docentes y la nueva instauración del PIAR. Este estudio de caso se desarrolló bajo la estructuración de cuatro segmentos. En el primero, se buscó establecer un filtro afectivo positivo mediante la lengua extranjera-inglés; en el segundo, se exploró el contraste al momento de emplear, o no, el estímulo afectivo positivo; en el tercero, se diseñó e implementó un esquema de relación entre actividades y rutinas que sirvieran para reforzar los estímulos afectivos positivos mediante la generación de conexiones neuronales. Finalmente, una vez se verifica el estado de las actitudes negativas y el posible impacto de estas en el ámbito del hogar, se busca contrastar los datos obtenidos con el contexto escolar. Para dar lugar a esto último, es necesario articular el proceso de observación desde la situación médica, la articulación pedagógica, la labor del investigador, la interacción en familia y las emergentes conductas negativas. De igual forma, es preciso tener en cuenta que, de acuerdo con los objetivos planteados en esta investigación, el reconocimiento, la intervención y el impacto de la propuesta, se buscará contrastar la efectividad de estímulos afectivos positivos mediante el análisis de los comportamientos del individuo en diferentes contextos. De igual forma, es necesario resaltar que el inglés como lengua extranjera es la herramienta seleccionada para mediar el filtro afectivo positivo1 (FAP) en esta propuesta,ello debido a la capacidad del estímulo que la escucha asocia al área de Broca (Cheung et al., 2018). Esta, en específico, se encuentra relacionada con la música en el hemisferio derecho del cerebro y en el caso concreto de Santiago ha sido una fortaleza a lo largo de su vida. Si bien es cierto que la funcionalidad de la segmentación del cerebro ha sido ampliamente discutida a lo largo de la historia, también es posible resaltar que las sinapsis que emergen en determinados contextos son muestra de la relación funcional que puede darse en distintas regiones del órgano principal del sistema nervioso central. Asimismo, la naturaleza de este estudio permite explorar los beneficios que distintas investigaciones han arrojado frente a la sensibilidad neuronal que pudiese ser beneficiosa con respecto a las actitudes identificadas en el caso de Santiago. De acuerdo con la recolección de datos, el análisis de las variables, los diagnósticos de especialistas y la categorización obtenida mediante la relación con los criterios del diagnóstico, es posible determinar el efecto de esta propuesta desde la afectación de las conductas que se manifiestan en el comportamiento del individuo. A su vez, la categorización por frecuencia y grado en términos de conductas negativas busca ser analizada para identificar el golpe que se genere a partir de su implementación. Esta propuesta analiza el impacto de un estímulo afectivo positivo mediante el uso del inglés como lengua extranjera para desarrollar las competencias interpersonales de un niño en condición de discapacidad, el cual presenta trastorno negativista desafiante.</p>'),
(41, 'es_ES', 'copyrightHolder', 'U. Libre'),
(41, 'es_ES', 'coverImage', '{\"dateUploaded\":\"2023-05-18 00:31:31\",\"uploadName\":\"submission_41_41_coverImage_es_ES.jpg\",\"altText\":\"\"}'),
(41, 'es_ES', 'prefix', ''),
(41, 'es_ES', 'rights', ''),
(41, 'es_ES', 'subtitle', ''),
(41, 'es_ES', 'title', 'El filtro afectivo positivo como estrategia de estimulación neurocognitiva para la modificación de conductas negativas en un niño en condición de discapacidad'),
(42, '', 'categoryIds', '[4]'),
(42, '', 'citationsRaw', ''),
(42, '', 'copyrightYear', '2020'),
(42, 'es_ES', 'abstract', '<p>El Secretario General de la ONU, Ban Ki-moon, destacó que los Objetivos de Desarrollo Sostenible (ODS) son un faro para el mundo con un mensaje en el cual las naciones se han comprometido a asegurar una vida digna para todos, así como la salud del planeta para las generaciones futuras. Es así que el mejoramiento del nivel y calidad de vida de la población discapacitada en el espacio geográfico local, regional y universal, ha motivado a la Organización Mundial de la Salud (OMS) a concertar con los gobiernos planes de desarrollo que garanticen la apropiación de los servicios de las TIC (tecnologías de la información y la comunicación) y las tecnologías emergentes, además de permitir la inclusión de esta población en el sector educativo, cultural y productivo. Colombia aceptó en el gobierno del presidente Santos las propuestas de la OMS y las incluyó en el conocido Plan Vive Digital, sobre el cual la universidad estructura un sólido trabajo investigativo que dimensiona la aceptación, apropiación y contextualización de las TIC en la población invidente, sordomuda y parapléjica. Es así como este libro pretende ser texto universitario y de consulta para todas aquellas personas que deseen tener pautas del proceso de educación inclusiva en Colombia. Este aborda el tema a través de cuatro capítulos detallados a continuación. En el análisis del índice de impacto de las TIC en la población con discapacidad, se estudiará el estado del arte de la educación inclusiva en Colombia y el uso de las herramientas TIC en las aulas de clases. Se analizarán las herramientas y metodologías que son utilizadas actualmente en la academia, las universidades y los colegios, y cómo ha sido la adaptación de estas personas con condiciones especiales a tales herramientas. También se abordará la normatividad que ha emitido el Ministerio de Educación Nacional buscando cubrir las necesidades de esta población en lo que respecta a la inclusión educativa. El estado actual de la inclusión educativa en Colombia y el uso de herramientas TIC se enmarca dentro de los ODS, ya que se habla de “Garantizar una educación inclusiva, equitativa y de calidad y promover oportunidades de aprendizaje durante toda la vida para todos” (ONU, s.f.), lo cual corresponde al objetivo de educación de calidad; al mismo tiempo, se tiene en cuenta la reducción de las desigualdades. En cuando al proyecto de investigación, se establece el “Diseño de un modelo de nuevas prácticas de aprendizaje para La educación inclusiva mediada por las TIC en la universidad colombiana para las personas con algún tipo de diversidad: Caso de estudio Universidad Libre, Sede Bosque Popular” (Universidad Libre de Colombia, 2018), el cual se presentó en la convocatoria 2018. En el desarrollo del software responsive de traducción de voz a texto E-APP, el eje central será la población con discapacidad auditiva; para ello, se ha desarrollado una solución tecnológica que permita la inclusión de dicha población dentro de las aulas de educación superior, lo cual da lugar a que las instituciones de educación superior puedan ofertarles todos sus programas académicos sin ninguna excepción. Esta solución de traducción de voz a texto incorpora nuevas técnicas de aprendizaje para la educación inclusiva mediada por las TIC en las instituciones educativas colombianas, ello para apoyar el ejercicio de los derechos de las personas con discapacidad a través de las TIC. Se indagará sobre la posibilidad de implementar un software para el apoyo del progreso cognitivo de niños diagnosticados con síndrome de Down, el cual se oriente a la educación especial que pueda servir de apoyo tanto a los educadores como a la población vulnerable. Gracias por el apoyo brindado invaluable en este proceso académico por parte de la Universidad Libre de Colombia, al Centro de Investigaciones (CIFI) como a las directivas de la Facultad de Ingeniería por su confianza. También a los investigadores del grupo DAVINCIS como a la colaboración del grupo IDEPI.</p>'),
(42, 'es_ES', 'copyrightHolder', 'U. Libre'),
(42, 'es_ES', 'coverImage', '{\"dateUploaded\":\"2023-05-18 00:38:36\",\"uploadName\":\"submission_42_42_coverImage_es_ES.jpg\",\"altText\":\"\"}'),
(42, 'es_ES', 'prefix', ''),
(42, 'es_ES', 'rights', ''),
(42, 'es_ES', 'subtitle', ''),
(42, 'es_ES', 'title', 'Estado actual de la educación inclusiva en Colombia y herramientas TIC de apoyo'),
(43, '', 'categoryIds', '[9]'),
(43, '', 'citationsRaw', ''),
(43, '', 'copyrightYear', '2020'),
(43, 'es_ES', 'abstract', '<p>Durante la última década, las redes académicas que abordan el área de la educación física vienen desarrollando estudios con el fin de encontrar aplicaciones pedagógicas dentro de propuestas contemporáneas, influidas por las ciencias, la tecnología y las posturas humanistas; que incidan en el desarrollo de un sujeto integral, con saberes fortalecidos para el buen vivir (SED, 2012), horizonte que implica “saber convivir” y “saber ser” (p. 11). El grupo de investigación “Educación Física y Desarrollo Humano”1, en esta misma línea, ha orientado su labor hacia el reforzamiento de aquellos conceptos que dan paso a una educación física decidida a cumplir con el objetivo magno que reza en la Ley General de Educación colombiana en su artículo 5: “el pleno desarrollo de la personalidad, sin más limitaciones que las que le imponen los derechos de los demás y el orden jurídico, dentro de un proceso de formación integral, física, psíquica, intelectual, moral, espiritual, social, afectiva, ética, cívica y demás valores humanos”. En este trayecto, ha realizado estudios en torno de temas centrales como cuerpo-subjetividad, cuerpo-emocionalidad-currículo, y cuerpo-creatividad. En este sentido, el presente texto muestra resultados de estudios pedagógicos realizados dentro de la línea “la educación física frente al desarrollo socio-emocional del sujeto”, que explora el papel del área básica y fundamental de la educación física, la recreación y el deporte formativo, en el fortalecimiento de las habilidades sociales y emocionales en los escolares colombianos. En primer lugar, hay una aproximación filosófica y pedagógica acerca del concepto “cuerpo” en el ámbito educativo, pues una concepción abarcadora del mismo resulta crucial en una dinámica humanista de la educación física. Efectivamente, la valoración del cuerpo implica un reconocimiento pleno de todas sus connotaciones y de manera integral, así, en términos generales, desde la antropología filosófica se afirma, que el entendimiento integral de lo humano debe darse desde y en la corporalidad, sin reducciones de ningún tipo a cualquiera de sus dimensiones, por tal razón, el cuerpo debe ser cuestión de atención especial y aprendizaje desde los primeros años de vida, igualmente factor esencial de experiencia y estudio en los centros educativos. Luego hay una necesidad perentoria de abordar lo relevante del cuerpo en la educación, y es por esta línea que se enrumba el primer capítulo, inicialmente, como una reflexión que va más allá de la educación física como área que responde directamente por el asunto corporal en la escuela. El segundo capítulo analiza los aspectos necesarios de una educación física que haga el tránsito de la utopía irrealizable a la heterotopía de un espacio otro, acudiendo a los planteamientos de Michel Foucault, que permita en sus dinámicas interpelar los fines y las dinámicas tradicionales de una clase. En esa línea, resalta el papel formador de las universidades y destaca, como ejemplo, cuatro experiencias pedagógicas investigativas desarrolladas por jóvenes investigadores, que exhiben una educación física potencialmente heterotópica, con propósitos descentrados del rendimiento motor convencional, y con múltiples mediaciones que conducen a la construcción de sentido. El tercer capítulo permite identificar las implicaciones pedagógicas que conlleva la implementación de estrategias que fortalezcan las competencias socio-afectivas desde el escenario de la clase de educación física.Busca aclarar y definir el verdadero sentido que adquieren las relaciones entre el desarrollo motor, la inteligencia emocional y la creatividad motriz en el acto educativo. Finalmente, en la lógica temática que ha pasado de lo filosófico a lo pedagógico, en el cuarto capítulo se concluye con un estudio documental que analiza los currículos de 20 países de América y Europa, poniendo el foco en los planteamientos de la educación física, como área del currículo, frente a su papel en la formación socioemocional de la población escolar.</p>'),
(43, 'es_ES', 'copyrightHolder', 'U. Libre'),
(43, 'es_ES', 'coverImage', '{\"dateUploaded\":\"2023-05-18 00:43:41\",\"uploadName\":\"submission_43_43_coverImage_es_ES.jpg\",\"altText\":\"\"}'),
(43, 'es_ES', 'prefix', ''),
(43, 'es_ES', 'rights', ''),
(43, 'es_ES', 'subtitle', ''),
(43, 'es_ES', 'title', 'Cuerpo, emocionalidad y creatividad'),
(44, '', 'categoryIds', '[7]'),
(44, '', 'citationsRaw', ''),
(44, '', 'copyrightYear', '2020');
