-- https://www.phpmyadmin.net/
--
-- Servidor: localhost:3306
-- Tiempo de generación: 07-07-2025 a las 08:58:08
-- Versión del servidor: 5.7.44
-- Versión de PHP: 8.1.32

START TRANSACTION;



--
-- Base de datos: `librosunapqdas_ompunilibre`
--

-- --------------------------------------------------------

--
-- Estructura de tabla para la tabla `access_keys`
--

CREATE TABLE `access_keys` (
  `access_key_id` bigint(20) NOT NULL,
  `context` varchar(40) NOT NULL,
  `key_hash` varchar(40) NOT NULL,
  `user_id` bigint(20) NOT NULL,
  `assoc_id` bigint(20) DEFAULT NULL,
  `expiry_date` datetime NOT NULL
) ENGINE=InnoDB DEFAULT CHARSET=utf8;

-- --------------------------------------------------------

--
-- Estructura de tabla para la tabla `announcements`
--

CREATE TABLE `announcements` (
  `announcement_id` bigint(20) NOT NULL,
  `assoc_type` smallint(6) DEFAULT NULL,
  `assoc_id` bigint(20) NOT NULL,
  `type_id` bigint(20) DEFAULT NULL,
  `date_expire` date DEFAULT NULL,
  `date_posted` datetime NOT NULL
) ENGINE=InnoDB DEFAULT CHARSET=utf8;

-- --------------------------------------------------------

--
-- Estructura de tabla para la tabla `announcement_settings`
--

CREATE TABLE `announcement_settings` (
  `announcement_id` bigint(20) NOT NULL,
  `locale` varchar(14) NOT NULL DEFAULT '',
  `setting_name` varchar(255) NOT NULL,
  `setting_value` text,
  `setting_type` varchar(6) DEFAULT NULL
) ENGINE=InnoDB DEFAULT CHARSET=utf8;

-- --------------------------------------------------------

--
-- Estructura de tabla para la tabla `announcement_types`
--

CREATE TABLE `announcement_types` (
  `type_id` bigint(20) NOT NULL,
  `assoc_type` smallint(6) NOT NULL,
  `assoc_id` bigint(20) NOT NULL
) ENGINE=InnoDB DEFAULT CHARSET=utf8;

-- --------------------------------------------------------

--
-- Estructura de tabla para la tabla `announcement_type_settings`
--

CREATE TABLE `announcement_type_settings` (
  `type_id` bigint(20) NOT NULL,
  `locale` varchar(14) NOT NULL DEFAULT '',
  `setting_name` varchar(255) NOT NULL,
  `setting_value` text,
  `setting_type` varchar(6) NOT NULL
) ENGINE=InnoDB DEFAULT CHARSET=utf8;

-- --------------------------------------------------------

--
-- Estructura de tabla para la tabla `authors`
--

CREATE TABLE `authors` (
  `author_id` bigint(20) NOT NULL,
  `email` varchar(90) NOT NULL,
  `include_in_browse` smallint(6) NOT NULL DEFAULT '1',
  `publication_id` bigint(20) NOT NULL,
  `seq` double(8,2) NOT NULL DEFAULT '0.00',
  `user_group_id` bigint(20) DEFAULT NULL
) ENGINE=InnoDB DEFAULT CHARSET=utf8;

--
-- Volcado de datos para la tabla `authors`
--

INSERT INTO `authors` (`author_id`, `email`, `include_in_browse`, `publication_id`, `seq`, `user_group_id`) VALUES
(21, 'sandra@autor.com', 1, 1, 1.00, 13),
(22, 'cristobal@autor.com', 1, 2, 1.00, 13),
(23, 'cristobal@autor.com', 1, 3, 1.00, 13),
(24, 'cristobal@autor.com', 1, 4, 1.00, 13),
(25, 'lilia@autor.com', 1, 11, 1.00, 13),
(26, 'miguel@autor.com', 1, 11, 2.00, 13),
(27, 'cristobal@autor.com', 1, 12, 1.00, 13),
(28, 'alexander@autor.com', 1, 5, 1.00, 13),
(29, 'roberto@autor.com', 1, 9, 1.00, 13),
(30, 'vera@autor.com', 1, 13, 1.00, 13),
(31, 'rafael@autor.com', 1, 10, 1.00, 13),
(32, 'raul@autor.com', 1, 14, 1.00, 13),
(33, 'alejandro@autor.com', 1, 14, 2.00, 13),
(34, 'diana@autor.com', 1, 15, 1.00, 13),
(35, 'claudia@autor.com', 1, 15, 2.00, 13),
(36, 'paula@autor.com', 1, 15, 3.00, 13),
(37, 'olga@autor.com', 1, 15, 4.00, 13),
(38, 'nubia@autor.com', 1, 15, 5.00, 13),
(39, 'aleyda@autor.com', 1, 15, 6.00, 13),
(40, 'joaquin@autor.com', 1, 16, 1.00, 13),
(41, 'diana.catalina@autor.com', 1, 16, 2.00, 13),
(42, 'melissa@autor.com', 1, 16, 3.00, 13),
(43, 'natalia@autor.com', 1, 16, 4.00, 13),
(44, 'angela@autor.com', 1, 16, 5.00, 13),
(45, 'claudia@autor.com', 1, 17, 1.00, 13),
(46, 'sandra.botero@autor.com', 1, 17, 2.00, 13),
(47, 'evelio@autor.com', 1, 6, 1.00, 13),
(48, 'giovanni@autor.com', 1, 6, 2.00, 13),
(49, 'paulo@autor.com', 1, 7, 1.00, 13),
(50, 'guillermo@autor.com', 1, 7, 2.00, 13),
(51, 'beatriz@autor.com', 1, 7, 3.00, 13),
(52, 'mercy@autor.com', 1, 7, 4.00, 13),
(53, 'juan@autro.com', 1, 18, 1.00, 13),
(54, 'diomedes@autor.com', 1, 18, 2.00, 13),
(56, 'claudia@autor.com', 1, 18, 4.00, 13),
(57, 'german@autor.com', 1, 18, 5.00, 13),
(58, 'olga@autor.com', 1, 18, 6.00, 13),
(59, 'david@autor.com', 1, 8, 1.00, 13),
(60, 'daniel@autor.com', 1, 8, 2.00, 13),
(61, 'marlen@autor.com', 1, 8, 3.00, 13),
(62, 'jairo@autor.com', 1, 8, 4.00, 13),
(63, 'cesar@autor.com', 1, 8, 5.00, 13),
(64, 'carlos@autor.com', 1, 8, 6.00, 13),
(65, 'andres@autor.com', 1, 8, 7.00, 13),
(66, 'pablo@autor.com', 1, 8, 8.00, 13),
(67, 'nathalia@autor.com', 1, 8, 9.00, 13),
(68, 'leydi@autor.com', 0, 19, 1.00, 13),
(69, 'mercy@autor.com', 1, 19, 2.00, 13),
(70, 'lilia.andrea@autor.com', 1, 19, 3.00, 13),
(71, 'tatiana@autor.com', 1, 19, 4.00, 13),
(72, 'lindy@autor.com', 1, 20, 1.00, 13),
(73, 'marlen@autor.com', 1, 20, 2.00, 13),
(74, 'juliana@autor.com', 1, 20, 3.00, 13),
(75, 'monica@autor.com', 1, 20, 4.00, 13),
(77, 'walter@autor.com', 1, 21, 1.00, 13),
(79, 'sonia@autor.com', 1, 22, 1.00, 13),
(83, 'alejandro.martinez@infotegra.com', 1, 26, 0.00, 2),
(86, 'autor@unilibre.edu.co', 1, 28, 1.00, 13),
(88, 'autor@unilibre.edu.co', 0, 29, 1.00, 13),
(89, 'autor@unilibre.edu.co', 0, 29, 2.00, 13),
(90, 'autor@unilibre.edu.co', 0, 29, 3.00, 13),
(91, 'autor@unilibre.edu.co', 1, 29, 4.00, 13),
(92, 'autor@unilibre.edu.co', 0, 29, 5.00, 13),
(93, 'autor@unilibre.edu.co', 0, 29, 6.00, 13),
(94, 'autor@unilibre.edu.co', 0, 29, 7.00, 13),
(95, 'alejandro.martinez@infotegra.com', 1, 30, 0.00, 2),
(96, 'autor@unilibre.edu.co', 0, 30, 1.00, 13),
(97, 'autor@unilibre.edu.co', 0, 30, 2.00, 13),
(98, 'autor@unilibre.edu.co', 0, 30, 3.00, 13),
(100, 'autor@unilibre.edu.co', 0, 31, 1.00, 13),
(101, 'alejandro.martinez@infotegra.com', 1, 32, 0.00, 2),
(102, 'autor@unilibre.edu.co', 0, 32, 1.00, 13),
(103, 'alejandro.martinez@infotegra.com', 1, 33, 0.00, 2),
(104, 'autor@unilibre.edu.co', 0, 33, 1.00, 13),
(105, 'alejandro.martinez@infotegra.com', 1, 34, 0.00, 2),
(106, 'autor@unilibre.edu.co', 0, 34, 1.00, 13),
(107, 'alejandro.martinez@infotegra.com', 1, 35, 0.00, 2),
(108, 'autor@unilibre.edu.co', 0, 35, 1.00, 13),
(109, 'autor@unilibre.edu.co', 0, 35, 2.00, 13),
(110, 'autor@unilibre.edu.co', 1, 35, 3.00, 13),
(111, 'autor@unilibre.edu.co', 0, 35, 4.00, 13),
(112, 'autor@unilibre.edu.co', 0, 35, 5.00, 13),
(113, 'autor@unilibre.edu.co', 0, 35, 6.00, 13),
(114, 'alejandro.martinez@infotegra.com', 1, 36, 0.00, 2),
(115, 'autor@unilibre.edu.co', 0, 36, 1.00, 13),
(116, 'alejandro.martinez@infotegra.com', 1, 37, 0.00, 2),
(117, 'autor@unilibre.edu.co', 0, 37, 1.00, 13),
(118, 'alejandro.martinez@infotegra.com', 1, 38, 0.00, 2),
(119, 'autor@unilibre.edu.co', 0, 38, 1.00, 13),
(120, 'autor@unilibre.edu.co', 0, 38, 2.00, 13),
(121, 'autor@unilibre.edu.co', 0, 38, 3.00, 13),
(122, 'alejandro.martinez@infotegra.com', 1, 39, 0.00, 2),
(123, 'autor@unilibre.edu.co', 0, 39, 1.00, 13),
(124, 'autor@unilibre.edu.co', 0, 39, 2.00, 13),
(125, 'autor@unilibre.edu.co', 0, 39, 3.00, 13),
(126, 'alejandro.martinez@infotegra.com', 1, 40, 0.00, 2),
(127, 'autor@unilibre.edu.co', 0, 40, 1.00, 13),
(128, 'alejandro.martinez@infotegra.com', 1, 41, 0.00, 2),
(129, 'autor@unilibre.edu.co', 0, 41, 1.00, 13),
(130, 'alejandro.martinez@infotegra.com', 1, 42, 0.00, 2),
(131, 'autor@unilibre.edu.co', 0, 42, 1.00, 13),
(132, 'autor@unilibre.edu.co', 0, 42, 2.00, 13),
(133, 'autor@unilibre.edu.co', 0, 42, 3.00, 13),
(134, 'autor@unilibre.edu.co', 0, 42, 4.00, 13),
(135, 'autor@unilibre.edu.co', 0, 42, 5.00, 13),
(136, 'autor@unilibre.edu.co', 0, 42, 6.00, 13),
(138, 'autor@unilibre.edu.co', 0, 43, 1.00, 13),
(139, 'autor@unilibre.edu.co', 0, 43, 2.00, 13),
(140, 'autor@unilibre.edu.co', 0, 43, 3.00, 13),
(141, 'alejandro.martinez@infotegra.com', 1, 44, 0.00, 2),
(142, 'autor@unilibre.edu.co', 0, 44, 1.00, 13),
(143, 'autor@unilibre.edu.co', 0, 44, 2.00, 13),
(144, 'autor@unilibre.edu.co', 0, 44, 3.00, 13),
(145, 'autor@unilibre.edu.co', 0, 44, 4.00, 13),
(146, 'autor@unilibre.edu.co', 0, 44, 5.00, 13),
(147, 'autor@unilibre.edu.co', 0, 44, 6.00, 13),
(148, 'autor@unilibre.edu.co', 0, 44, 7.00, 13),
(149, 'autor@unilibre.edu.co', 0, 44, 8.00, 13),
(150, 'autor@unilibre.edu.co', 0, 44, 9.00, 13),
(151, 'autor@unilibre.edu.co', 0, 44, 10.00, 13),
(152, 'autor@unilibre.edu.co', 0, 44, 11.00, 13),
(153, 'autor@unilibre.edu.co', 0, 44, 12.00, 13),
(154, 'autor@unilibre.edu.co', 0, 44, 13.00, 13),
(155, 'autor@unilibre.edu.co', 0, 44, 14.00, 13),
(156, 'autor@unilibre.edu.co', 0, 44, 15.00, 13),
(157, 'autor@unilibre.edu.co', 0, 44, 16.00, 13),
(158, 'autor@unilibre.edu.co', 0, 44, 17.00, 13),
(159, 'autor@unilibre.edu.co', 0, 44, 18.00, 13),
(160, 'autor@unilibre.edu.co', 0, 44, 19.00, 13),
(161, 'autor@unilibre.edu.co', 0, 44, 20.00, 13),
(162, 'autor@unilibre.edu.co', 0, 44, 21.00, 13),
(163, 'autor@unilibre.edu.co', 0, 44, 22.00, 13),
(164, 'autor@unilibre.edu.co', 0, 44, 23.00, 13),
(165, 'autor@unilibre.edu.co', 0, 44, 24.00, 13),
(166, 'autor@unilibre.edu.co', 0, 44, 25.00, 13),
(167, 'autor@unilibre.edu.co', 0, 44, 26.00, 13),
(168, 'alejandro.martinez@infotegra.com', 1, 45, 0.00, 2),
(169, 'autor@unilibre.edu.co', 0, 45, 1.00, 13),
(170, 'alejandro.martinez@infotegra.com', 1, 46, 0.00, 13),
(171, 'autor@unilibre.edu.co', 0, 46, 1.00, 13),
(172, 'alejandro.martinez@infotegra.com', 1, 47, 0.00, 2),
(173, 'autor@unilibre.edu.co', 0, 47, 1.00, 13),
(174, 'alejandro.martinez@infotegra.com', 1, 48, 0.00, 2),
(175, 'autor@unilibre.edu.co', 0, 48, 1.00, 13),
(176, 'alejandro.martinez@infotegra.com', 1, 49, 0.00, 2),
(177, 'autor@unilibre.edu.co', 0, 49, 1.00, 13),
(178, 'autor@unilibre.edu.co', 0, 49, 2.00, 13),
(179, 'alejandro.martinez@infotegra.com', 1, 50, 0.00, 2),
(180, 'autor@unilibre.edu.co', 0, 50, 1.00, 13),
(181, 'autor@unilibre.edu.co', 0, 50, 2.00, 13),
(182, 'alejandro.martinez@infotegra.com', 1, 51, 0.00, 2),
(183, 'autor@unilibre.edu.co', 0, 51, 1.00, 13),
(184, 'autor@unilibre.edu.co', 0, 51, 2.00, 13),
(185, 'autor@unilibre.edu.co', 0, 51, 3.00, 13),
(186, 'autor@unilibre.edu.co', 0, 51, 4.00, 13),
(187, 'autor@unilibre.edu.co', 0, 51, 5.00, 13),
(188, 'autor@unilibre.edu.co', 0, 51, 6.00, 13),
(189, 'autor@unilibre.edu.co', 0, 51, 7.00, 13),
(190, 'autor@unilibre.edu.co', 0, 51, 8.00, 13),
(191, 'autor@unilibre.edu.co', 1, 51, 9.00, 13),
(192, 'autor@unilibre.edu.co', 0, 51, 10.00, 13),
(193, 'autor@unilibre.edu.co', 0, 51, 11.00, 13),
(194, 'autor@unilibre.edu.co', 0, 51, 12.00, 13),
(195, 'autor@unilibre.edu.co', 0, 51, 13.00, 13),
(196, 'autor@unilibre.edu.co', 0, 51, 14.00, 13),
(197, 'autor@unilibre.edu.co', 0, 51, 15.00, 13),
(198, 'alejandro.martinez@infotegra.com', 1, 52, 0.00, 2),
(199, 'autor@unilibre.edu.co', 0, 52, 1.00, 13),
(200, 'autor@unilibre.edu.co', 0, 52, 2.00, 13),
(201, 'autor@unilibre.edu.co', 0, 52, 3.00, 13),
(202, 'autor@unilibre.edu.co', 0, 52, 4.00, 13),
(203, 'autor@unilibre.edu.co', 0, 52, 5.00, 13),
(204, 'autor@unilibre.edu.co', 0, 52, 6.00, 13),
(205, 'autor@unilibre.edu.co', 0, 52, 7.00, 13),
(206, 'alejandro.martinez@infotegra.com', 1, 53, 0.00, 2),
(207, 'autor@unilibre.edu.co', 0, 53, 1.00, 13),
(208, 'autor@unilibre.edu.co', 0, 53, 2.00, 13),
(209, 'alejandro.martinez@infotegra.com', 1, 54, 0.00, 2),
(210, 'autor@unilibre.edu.co', 0, 54, 1.00, 13),
(211, 'autor@unilibre.edu.co', 0, 54, 2.00, 13),
(212, 'autor@unilibre.edu.co', 0, 54, 3.00, 13),
(213, 'autor@unilibre.edu.co', 0, 54, 4.00, 13),
(214, 'autor@unilibre.edu.co', 0, 54, 5.00, 13),
(215, 'autor@unilibre.edu.co', 0, 54, 6.00, 13),
(216, 'autor@unilibre.edu.co', 0, 54, 7.00, 13),
(217, 'alejandro.martinez@infotegra.com', 1, 55, 0.00, 2),
(218, 'autor@unilibre.edu.co', 0, 55, 1.00, 13),
(219, 'autor@unilibre.edu.co', 0, 55, 2.00, 13),
(220, 'alejandro.martinez@infotegra.com', 1, 56, 0.00, 2),
(221, 'autor@unilibre.edu.co', 0, 56, 1.00, 13),
(222, 'alejandro.martinez@infotegra.com', 1, 57, 0.00, 2),
(223, 'autor@unilibre.edu.co', 0, 57, 1.00, 13),
(224, 'alejandro.martinez@infotegra.com', 1, 58, 0.00, 2),
(225, 'autor@unilibre.edu.co', 0, 58, 1.00, 13),
(227, 'autor@unilibre.edu.co', 0, 59, 1.00, 13),
(228, 'autor@unilibre.edu.co', 0, 59, 2.00, 13),
(229, 'autor@unilibre.edu.co', 0, 59, 3.00, 13),
(230, 'autor@unilibre.edu.co', 0, 59, 4.00, 13),
(231, 'autor@unilibre.edu.co', 0, 59, 5.00, 13),
(232, 'autor@unilibre.edu.co', 0, 59, 6.00, 13),
(233, 'autor@unilibre.edu.co', 0, 59, 7.00, 13),
(234, 'autor@unilibre.edu.co', 0, 59, 8.00, 13),
(235, 'autor@unilibre.edu.co', 0, 59, 9.00, 13),
(236, 'autor@unilibre.edu.co', 0, 59, 10.00, 13),
(237, 'autor@unilibre.edu.co', 0, 59, 11.00, 13),
(238, 'autor@unilibre.edu.co', 0, 59, 12.00, 13),
(239, 'autor@unilibre.edu.co', 0, 59, 13.00, 13),
(240, 'autor@unilibre.edu.co', 0, 59, 14.00, 13),
(241, 'autor@unilibre.edu.co', 0, 59, 15.00, 13),
(242, 'autor@unilibre.edu.co', 0, 59, 16.00, 13),
(243, 'autor@unilibre.edu.co', 0, 59, 17.00, 13),
(244, 'autor@unilibre.edu.co', 0, 59, 18.00, 13),
(245, 'autor@unilibre.edu.co', 0, 59, 19.00, 13),
(246, 'autor@unilibre.edu.co', 0, 59, 20.00, 13),
(247, 'alejandro.martinez@infotegra.com', 1, 60, 0.00, 2),
(248, 'autor@unilibre.edu.co', 0, 60, 1.00, 13),
(249, 'alejandro.martinez@infotegra.com', 1, 61, 0.00, 2),
(251, 'autor@unilibre.edu.co', 0, 62, 1.00, 13),
(252, 'autor@unilibre.edu.co', 0, 61, 1.00, 13),
(254, 'autor@unilibre.edu.co', 0, 63, 1.00, 13),
(255, 'autor@unilibre.edu.co', 0, 63, 2.00, 13),
(256, 'autor@unilibre.edu.co', 0, 63, 3.00, 13),
(257, 'autor@unilibre.edu.co', 0, 63, 4.00, 13),
(258, 'autor@unilibre.edu.co', 0, 63, 5.00, 13),
(259, 'autor@unilibre.edu.co', 0, 63, 6.00, 13),
(260, 'autor@unilibre.edu.co', 0, 63, 7.00, 13),
(261, 'autor@unilibre.edu.co', 0, 63, 8.00, 13),
(262, 'autor@unilibre.edu.co', 0, 63, 9.00, 13),
(263, 'autor@unilibre.edu.co', 0, 63, 10.00, 13),
(264, 'autor@unilibre.edu.co', 0, 63, 11.00, 13),
(265, 'autor@unilibre.edu.co', 0, 63, 12.00, 13),
(266, 'alejandro.martinez@infotegra.com', 1, 64, 0.00, 2),
(267, 'autor@unilibre.edu.co', 0, 64, 1.00, 13),
(269, 'autor@unilibre.edu.co', 0, 65, 1.00, 13),
(270, 'autor@unilibre.edu.co', 0, 65, 2.00, 13),
(272, 'autor@unilibre.edu.co', 0, 66, 1.00, 13),
(273, 'eduardo.geovo@gmail.com', 1, 23, 1.00, 13),
(274, 'fredys.simanca@gmail.com', 1, 24, 1.00, 13),
(275, 'fabian.blanco@gmail.com', 1, 24, 1.00, 13),
(276, 'pablo.carreño@gmail.com', 1, 24, 2.00, 13),
(277, 'jesus.torres@gmail.com', 1, 25, 1.00, 13),
(278, 'juan.aragón@gmail.com', 1, 25, 2.00, 13),
(279, 'gember.angarita@gmail.com', 1, 27, 1.00, 13),
(280, 'jose.gual@gmail.com', 1, 27, 1.00, 13),
(281, 'wilson.morgestein@gmail.com', 1, 27, 2.00, 13),
(282, 'ivan.taborda@gmail.com', 1, 27, 3.00, 13),
(283, 'marino.gutiérrez@gmail.com', 1, 27, 4.00, 13),
(284, 'rafael.fierro@gmail.com', 1, 27, 5.00, 13),
(285, 'laura.castellanos@gmail.com', 1, 27, 6.00, 13),
(286, 'juan.sarmiento@gmail.com', 1, 27, 7.00, 13),
(287, 'germán.cubillos@gmail.com', 1, 27, 8.00, 13),
(288, 'camilo.burbano@gmail.com', 1, 27, 9.00, 13),
(289, 'andrés.agudelo@gmail.com', 1, 27, 10.00, 13),
(290, 'yina.garcía@gmail.com', 1, 27, 11.00, 13),
(291, 'germán.garzón@gmail.com', 1, 27, 12.00, 13),
(293, 'regina.escalantee@unilibre.edu.co', 0, 67, 0.00, 13),
(294, 'fannym.lopezv@unilibre.edu.co', 0, 67, 1.00, 13),
(296, 'juanc.pachecog@unilibre.edu.co', 0, 68, 0.00, 13),
(298, 'pruebas@unilibre.edu.co', 0, 69, 0.00, 13),
(299, 'pruebas@unilibre.edu.co', 0, 69, 1.00, 13),
(300, 'pruebas@unilibre.edu.co', 0, 69, 2.00, 13),
(301, 'pruebas@unilibre.edu.co', 0, 69, 3.00, 13),
(302, 'pruebas@unilibre.edu.co', 0, 69, 4.00, 13),
(303, 'pruebas@unilibre.edu.co', 0, 69, 5.00, 13),
(304, 'pruebas@unilibre.edu.co', 0, 69, 6.00, 13),
(305, 'pruebas@unilibre.edu.co', 0, 69, 7.00, 13),
(306, 'pruebas@unilibre.edu.co', 0, 69, 8.00, 13),
(307, 'pruebas@unilibre.edu.co', 0, 69, 9.00, 13),
(308, 'pruebas@unilibre.edu.co', 0, 69, 10.00, 13),
(309, 'pruebas@unilibre.edu.co', 0, 69, 11.00, 13),
(310, 'pruebas@unilibre.edu.co', 0, 69, 12.00, 13),
(312, 'pruebas@unilibre.edu.co', 0, 70, 0.00, 13),
(313, 'pruebas@unilibre.edu.co', 0, 70, 1.00, 13),
(315, 'pruebas@unilibre.edu.co', 0, 71, 0.00, 13),
(316, 'pruebas@unilibre.edu.co', 0, 71, 1.00, 13),
(317, 'pruebas@unilibre.edu.co', 0, 71, 2.00, 13),
(318, 'pruebas@unilibre.edu.co', 0, 71, 3.00, 13),
(319, 'pruebas@unilibre.edu.co', 0, 71, 4.00, 13),
(320, 'pruebas@unilibre.edu.co', 0, 71, 5.00, 13),
(321, 'pruebas@unilibre.edu.co', 0, 71, 6.00, 13),
(323, 'pruebas@unilibre.edu.co', 0, 72, 0.00, 13),
(324, 'norman.rodriguez@unilibre.edu.co', 1, 73, 0.00, 2),
(325, 'norman.rodriguez@unilibre.edu.co', 1, 74, 0.00, 2),
(326, 'norman.rodriguez@unilibre.edu.co', 1, 75, 0.00, 13),
(328, 'l.arevalorobles@landcoalition.org', 1, 76, 1.00, 13),
(330, 'l.arevalorobles@landcoalition.org', 1, 77, 1.00, 13);

-- --------------------------------------------------------

--
-- Estructura de tabla para la tabla `author_settings`
--

CREATE TABLE `author_settings` (
  `author_id` bigint(20) NOT NULL,
  `locale` varchar(14) NOT NULL DEFAULT '',
  `setting_name` varchar(255) NOT NULL,
  `setting_value` text
) ENGINE=InnoDB DEFAULT CHARSET=utf8;

--
-- Volcado de datos para la tabla `author_settings`
--

INSERT INTO `author_settings` (`author_id`, `locale`, `setting_name`, `setting_value`) VALUES
(21, '', 'country', 'CO'),
(21, '', 'orcid', ''),
(21, '', 'url', ''),
(21, 'es_ES', 'affiliation', 'Universidad libre'),
(21, 'es_ES', 'biography', ''),
(21, 'es_ES', 'familyName', 'Villa Villa'),
(21, 'es_ES', 'givenName', 'Sandra'),
(21, 'es_ES', 'preferredPublicName', ''),
(22, '', 'country', 'CO'),
(22, '', 'orcid', ''),
(22, '', 'url', ''),
(22, 'es_ES', 'affiliation', 'Universidad libre'),
(22, 'es_ES', 'biography', ''),
(22, 'es_ES', 'familyName', 'Arteta Ripoll'),
(22, 'es_ES', 'givenName', 'Cristóbal Elpidio'),
(22, 'es_ES', 'preferredPublicName', ''),
(23, '', 'country', 'CO'),
(23, '', 'orcid', ''),
(23, '', 'url', ''),
(23, 'es_ES', 'affiliation', 'Universidad libre'),
(23, 'es_ES', 'biography', ''),
(23, 'es_ES', 'familyName', 'Arteta Ripoll'),
(23, 'es_ES', 'givenName', 'Cristóbal Elpidio'),
(23, 'es_ES', 'preferredPublicName', ''),
(24, '', 'country', 'CO'),
(24, '', 'orcid', ''),
(24, '', 'url', ''),
(24, 'es_ES', 'affiliation', 'Universidad libre'),
(24, 'es_ES', 'biography', ''),
(24, 'es_ES', 'familyName', 'Arteta Ripoll'),
(24, 'es_ES', 'givenName', 'Cristóbal Elpidio'),
(24, 'es_ES', 'preferredPublicName', ''),
(25, '', 'country', 'CO'),
(25, '', 'orcid', ''),
(25, '', 'url', ''),
(25, 'es_ES', 'affiliation', 'Universidad libre'),
(25, 'es_ES', 'biography', ''),
(25, 'es_ES', 'familyName', 'Mendoza Vega'),
(25, 'es_ES', 'givenName', 'Lilia'),
(25, 'es_ES', 'preferredPublicName', ''),
(26, '', 'country', 'CO'),
(26, '', 'orcid', ''),
(26, '', 'url', ''),
(26, 'es_ES', 'affiliation', 'Universidad libre'),
(26, 'es_ES', 'biography', ''),
(26, 'es_ES', 'familyName', 'Chajín Flórez'),
(26, 'es_ES', 'givenName', 'Miguel'),
(26, 'es_ES', 'preferredPublicName', ''),
(27, '', 'country', 'CO'),
(27, '', 'orcid', ''),
(27, '', 'url', ''),
(27, 'es_ES', 'affiliation', 'Universidad libre'),
(27, 'es_ES', 'biography', ''),
(27, 'es_ES', 'familyName', 'Arteta Ripoll'),
(27, 'es_ES', 'givenName', 'Cristóbal'),
(27, 'es_ES', 'preferredPublicName', ''),
(28, '', 'country', 'CO'),
(28, '', 'orcid', ''),
(28, '', 'url', ''),
(28, 'es_ES', 'affiliation', 'Universidad libre'),
(28, 'es_ES', 'biography', ''),
(28, 'es_ES', 'familyName', 'González García'),
(28, 'es_ES', 'givenName', 'Alexander'),
(28, 'es_ES', 'preferredPublicName', ''),
(29, '', 'country', 'CO'),
(29, '', 'orcid', ''),
(29, '', 'url', ''),
(29, 'es_ES', 'affiliation', 'Universidad libre'),
(29, 'es_ES', 'biography', ''),
(29, 'es_ES', 'familyName', 'Meisel Lanner'),
(29, 'es_ES', 'givenName', 'Roberto'),
(29, 'es_ES', 'preferredPublicName', ''),
(30, '', 'country', 'CO'),
(30, '', 'orcid', ''),
(30, '', 'url', ''),
(30, 'es_ES', 'affiliation', 'Universidad libre'),
(30, 'es_ES', 'biography', ''),
(30, 'es_ES', 'familyName', 'Santiago Martínez'),
(30, 'es_ES', 'givenName', 'Vera Judith'),
(30, 'es_ES', 'preferredPublicName', ''),
(31, '', 'country', 'CO'),
(31, '', 'orcid', ''),
(31, '', 'url', ''),
(31, 'es_ES', 'affiliation', 'Universidad libre'),
(31, 'es_ES', 'biography', ''),
(31, 'es_ES', 'familyName', 'Rodríguez Mesa'),
(31, 'es_ES', 'givenName', 'Rafael'),
(31, 'es_ES', 'preferredPublicName', ''),
(32, '', 'country', 'CO'),
(32, '', 'orcid', ''),
(32, '', 'url', ''),
(32, 'es_ES', 'affiliation', 'Universidad libre'),
(32, 'es_ES', 'biography', ''),
(32, 'es_ES', 'familyName', 'Gaviria Valencia'),
(32, 'es_ES', 'givenName', 'Raúl Alberto'),
(32, 'es_ES', 'preferredPublicName', ''),
(33, '', 'country', 'CO'),
(33, '', 'orcid', ''),
(33, '', 'url', ''),
(33, 'es_ES', 'affiliation', 'Universidad libre'),
(33, 'es_ES', 'biography', ''),
(33, 'es_ES', 'familyName', 'Alzate Buitrago'),
(33, 'es_ES', 'givenName', 'Alejandro'),
(33, 'es_ES', 'preferredPublicName', ''),
(34, '', 'country', 'CO'),
(34, '', 'orcid', ''),
(34, '', 'url', ''),
(34, 'es_ES', 'affiliation', 'Universidad Católica de Manizales'),
(34, 'es_ES', 'biography', ''),
(34, 'es_ES', 'familyName', 'Sánchez Giraldo'),
(34, 'es_ES', 'givenName', 'Diana Clemencia'),
(34, 'es_ES', 'preferredPublicName', ''),
(35, '', 'country', 'CO'),
(35, '', 'orcid', ''),
(35, '', 'url', ''),
(35, 'es_ES', 'affiliation', 'Universidad libre'),
(35, 'es_ES', 'biography', ''),
(35, 'es_ES', 'familyName', 'López Ortiz'),
(35, 'es_ES', 'givenName', 'Claudia María'),
(35, 'es_ES', 'preferredPublicName', ''),
(36, '', 'country', 'CO'),
(36, '', 'orcid', ''),
(36, '', 'url', ''),
(36, 'es_ES', 'affiliation', 'Universidad Católica de Manizales '),
(36, 'es_ES', 'biography', ''),
(36, 'es_ES', 'familyName', 'Duque'),
(36, 'es_ES', 'givenName', 'Paula Andrea'),
(36, 'es_ES', 'preferredPublicName', ''),
(37, '', 'country', 'CO'),
(37, '', 'orcid', ''),
(37, '', 'url', ''),
(37, 'es_ES', 'affiliation', 'Universidad libre'),
(37, 'es_ES', 'biography', ''),
(37, 'es_ES', 'familyName', 'Henao Trujillo'),
(37, 'es_ES', 'givenName', 'Olga María'),
(37, 'es_ES', 'preferredPublicName', ''),
(38, '', 'country', 'CO'),
(38, '', 'orcid', ''),
(38, '', 'url', ''),
(38, 'es_ES', 'affiliation', 'Colegio Sans Facón'),
(38, 'es_ES', 'biography', ''),
(38, 'es_ES', 'familyName', 'Palacios Manrique'),
(38, 'es_ES', 'givenName', 'Nubia Yaneth'),
(38, 'es_ES', 'preferredPublicName', ''),
(39, '', 'country', 'CO'),
(39, '', 'orcid', ''),
(39, '', 'url', ''),
(39, 'es_ES', 'affiliation', 'Universidad libre'),
(39, 'es_ES', 'biography', ''),
(39, 'es_ES', 'familyName', 'Vásquez'),
(39, 'es_ES', 'givenName', 'Aleyda Restrepo'),
(39, 'es_ES', 'preferredPublicName', ''),
(40, '', 'country', 'CO'),
(40, '', 'orcid', ''),
(40, '', 'url', ''),
(40, 'es_ES', 'affiliation', 'Universidad libre'),
(40, 'es_ES', 'biography', ''),
(40, 'es_ES', 'familyName', 'Gallego Marín'),
(40, 'es_ES', 'givenName', 'Joaquín Andrés'),
(40, 'es_ES', 'preferredPublicName', ''),
(41, '', 'country', 'CO'),
(41, '', 'orcid', ''),
(41, '', 'url', ''),
(41, 'es_ES', 'affiliation', 'Universidad libre'),
(41, 'es_ES', 'biography', ''),
(41, 'es_ES', 'familyName', 'Naranjo Tamayo'),
(41, 'es_ES', 'givenName', 'Diana Catalina'),
(41, 'es_ES', 'preferredPublicName', ''),
(42, '', 'country', 'CO'),
(42, '', 'orcid', ''),
(42, '', 'url', ''),
(42, 'es_ES', 'affiliation', 'Universidad libre'),
(42, 'es_ES', 'biography', ''),
(42, 'es_ES', 'familyName', 'Ríos Sarmiento'),
(42, 'es_ES', 'givenName', 'Melissa'),
(42, 'es_ES', 'preferredPublicName', ''),
(43, '', 'country', 'CO'),
(43, '', 'orcid', ''),
(43, '', 'url', ''),
(43, 'es_ES', 'affiliation', 'Universidad libre'),
(43, 'es_ES', 'biography', ''),
(43, 'es_ES', 'familyName', 'Escobar Escobar'),
(43, 'es_ES', 'givenName', 'Natalia'),
(43, 'es_ES', 'preferredPublicName', ''),
(44, '', 'country', 'CO'),
(44, '', 'orcid', ''),
(44, '', 'url', ''),
(44, 'es_ES', 'affiliation', 'Universidad libre'),
(44, 'es_ES', 'biography', ''),
(44, 'es_ES', 'familyName', 'Henao Mejía'),
(44, 'es_ES', 'givenName', 'Ángela María'),
(44, 'es_ES', 'preferredPublicName', ''),
(45, '', 'country', 'CO'),
(45, '', 'orcid', ''),
(45, '', 'url', ''),
(45, 'es_ES', 'affiliation', 'Universidad libre'),
(45, 'es_ES', 'biography', ''),
(45, 'es_ES', 'familyName', 'López Ortiz'),
(45, 'es_ES', 'givenName', 'Claudia María'),
(45, 'es_ES', 'preferredPublicName', ''),
(46, '', 'country', 'CO'),
(46, '', 'orcid', ''),
(46, '', 'url', ''),
(46, 'es_ES', 'affiliation', 'Universidad libre'),
(46, 'es_ES', 'biography', ''),
(46, 'es_ES', 'familyName', 'Botero Gaviria'),
(46, 'es_ES', 'givenName', 'Sandra'),
(46, 'es_ES', 'preferredPublicName', ''),
(47, '', 'country', 'CO'),
(47, '', 'orcid', ''),
(47, '', 'url', ''),
(47, 'es_ES', 'affiliation', 'Universidad libre'),
(47, 'es_ES', 'biography', ''),
(47, 'es_ES', 'familyName', 'Aristizábal Franco'),
(47, 'es_ES', 'givenName', 'Luis Evelio'),
(47, 'es_ES', 'preferredPublicName', ''),
(48, '', 'country', 'CO'),
(48, '', 'orcid', ''),
(48, '', 'url', ''),
(48, 'es_ES', 'affiliation', 'Universidad de Caldas'),
(48, 'es_ES', 'biography', ''),
(48, 'es_ES', 'familyName', 'Herrera Muñoz'),
(48, 'es_ES', 'givenName', 'Giovanni'),
(48, 'es_ES', 'preferredPublicName', ''),
(49, '', 'country', 'CO'),
(49, '', 'orcid', ''),
(49, '', 'url', ''),
(49, 'es_ES', 'affiliation', 'Universidad libre'),
(49, 'es_ES', 'biography', ''),
(49, 'es_ES', 'familyName', 'González-Sepúlveda'),
(49, 'es_ES', 'givenName', 'Paulo César'),
(49, 'es_ES', 'preferredPublicName', ''),
(50, '', 'country', 'CO'),
(50, '', 'orcid', ''),
(50, '', 'url', ''),
(50, 'es_ES', 'affiliation', 'Universidad libre'),
(50, 'es_ES', 'biography', ''),
(50, 'es_ES', 'familyName', 'Valencia Montoya'),
(50, 'es_ES', 'givenName', 'Guillermo'),
(50, 'es_ES', 'preferredPublicName', ''),
(51, '', 'country', 'CO'),
(51, '', 'orcid', ''),
(51, '', 'url', ''),
(51, 'es_ES', 'affiliation', 'Universidad libre'),
(51, 'es_ES', 'biography', ''),
(51, 'es_ES', 'familyName', 'García González'),
(51, 'es_ES', 'givenName', 'Beatriz'),
(51, 'es_ES', 'preferredPublicName', ''),
(52, '', 'country', 'CO'),
(52, '', 'orcid', ''),
(52, '', 'url', ''),
(52, 'es_ES', 'affiliation', 'Universidad libre'),
(52, 'es_ES', 'biography', ''),
(52, 'es_ES', 'familyName', 'Soto Chaquir'),
(52, 'es_ES', 'givenName', 'Mercy'),
(52, 'es_ES', 'preferredPublicName', ''),
(53, '', 'country', 'CO'),
(53, '', 'orcid', ''),
(53, '', 'url', ''),
(53, 'es_ES', 'affiliation', 'Comité Internacional de la Cruz Roja'),
(53, 'es_ES', 'biography', ''),
(53, 'es_ES', 'familyName', 'Marín Vallejo'),
(53, 'es_ES', 'givenName', 'Juan David'),
(53, 'es_ES', 'preferredPublicName', ''),
(54, '', 'country', 'CO'),
(54, '', 'orcid', ''),
(54, '', 'url', ''),
(54, 'es_ES', 'affiliation', 'Hospital Universitario San Jorge de Pereira'),
(54, 'es_ES', 'biography', ''),
(54, 'es_ES', 'familyName', 'Tabima'),
(54, 'es_ES', 'givenName', 'Diomedes'),
(54, 'es_ES', 'preferredPublicName', ''),
(56, '', 'country', 'CO'),
(56, '', 'orcid', ''),
(56, '', 'url', ''),
(56, 'es_ES', 'affiliation', 'Universidad Libre'),
(56, 'es_ES', 'biography', ''),
(56, 'es_ES', 'familyName', 'López Ortiz'),
(56, 'es_ES', 'givenName', 'Claudia María'),
(56, 'es_ES', 'preferredPublicName', ''),
(57, '', 'country', 'CO'),
(57, '', 'orcid', ''),
(57, '', 'url', ''),
(57, 'es_ES', 'affiliation', 'Universidad Tecnológica de Pereira'),
(57, 'es_ES', 'biography', ''),
(57, 'es_ES', 'familyName', 'Moreno Gómez'),
(57, 'es_ES', 'givenName', 'Germán Alberto'),
(57, 'es_ES', 'preferredPublicName', ''),
(58, '', 'country', 'CO'),
(58, '', 'orcid', ''),
(58, '', 'url', ''),
(58, 'es_ES', 'affiliation', 'Universidad libre'),
(58, 'es_ES', 'biography', ''),
(58, 'es_ES', 'familyName', 'Henao Trujillo'),
(58, 'es_ES', 'givenName', 'Olga María'),
(58, 'es_ES', 'preferredPublicName', ''),
(59, '', 'country', 'CO'),
(59, '', 'orcid', ''),
(59, '', 'url', ''),
(59, 'es_ES', 'affiliation', 'Universidad Autónoma de Manizales'),
(59, 'es_ES', 'biography', ''),
(59, 'es_ES', 'familyName', 'Cardona Arenas'),
(59, 'es_ES', 'givenName', 'Carlos David'),
(59, 'es_ES', 'preferredPublicName', ''),
(60, '', 'country', 'CO'),
(60, '', 'orcid', ''),
(60, '', 'url', ''),
(60, 'es_ES', 'affiliation', 'Universidad Autónoma de Manizales'),
(60, 'es_ES', 'biography', ''),
(60, 'es_ES', 'familyName', 'Osorio Barreto'),
(60, 'es_ES', 'givenName', 'Daniel'),
(60, 'es_ES', 'preferredPublicName', ''),
(61, '', 'country', 'CO'),
(61, '', 'orcid', ''),
(61, '', 'url', ''),
(61, 'es_ES', 'affiliation', 'Universidad libre'),
(61, 'es_ES', 'biography', ''),
(61, 'es_ES', 'familyName', 'Redondo Ramírez'),
(61, 'es_ES', 'givenName', 'Marlen Isabel'),
(61, 'es_ES', 'preferredPublicName', ''),
(62, '', 'country', 'CO'),
(62, '', 'orcid', ''),
(62, '', 'url', ''),
(62, 'es_ES', 'affiliation', 'Universidad Autónoma de Manizales'),
(62, 'es_ES', 'biography', ''),
(62, 'es_ES', 'familyName', 'Toro Díaz'),
(62, 'es_ES', 'givenName', 'Jairo'),
(62, 'es_ES', 'preferredPublicName', ''),
(63, '', 'country', 'CO'),
(63, '', 'orcid', ''),
(63, '', 'url', ''),
(63, 'es_ES', 'affiliation', 'University of Lima'),
(63, 'es_ES', 'biography', ''),
(63, 'es_ES', 'familyName', 'Terán Velazco'),
(63, 'es_ES', 'givenName', 'Cesar Alberto'),
(63, 'es_ES', 'preferredPublicName', ''),
(64, '', 'country', 'CO'),
(64, '', 'orcid', ''),
(64, '', 'url', ''),
(64, 'es_ES', 'affiliation', 'Universidad libre'),
(64, 'es_ES', 'biography', ''),
(64, 'es_ES', 'familyName', 'Díaz Restrepo'),
(64, 'es_ES', 'givenName', 'Carlos Andrés'),
(64, 'es_ES', 'preferredPublicName', ''),
(65, '', 'country', 'CO'),
(65, '', 'orcid', ''),
(65, '', 'url', ''),
(65, 'es_ES', 'affiliation', 'Universidad Autónoma de Manizales'),
(65, 'es_ES', 'biography', ''),
(65, 'es_ES', 'familyName', 'Bayer Agudelo'),
(65, 'es_ES', 'givenName', 'Andres'),
(65, 'es_ES', 'preferredPublicName', ''),
(66, '', 'country', 'CO'),
(66, '', 'orcid', ''),
(66, '', 'url', ''),
(66, 'es_ES', 'affiliation', 'Universidad Autónoma de Manizales'),
(66, 'es_ES', 'biography', ''),
(66, 'es_ES', 'familyName', 'Aristizábal Ocampo'),
(66, 'es_ES', 'givenName', 'Pablo'),
(66, 'es_ES', 'preferredPublicName', ''),
(67, '', 'country', 'CO'),
(67, '', 'orcid', ''),
(67, '', 'url', ''),
(67, 'es_ES', 'affiliation', 'Universidad Autónoma de Manizales'),
(67, 'es_ES', 'biography', ''),
(67, 'es_ES', 'familyName', 'Cuéllar'),
(67, 'es_ES', 'givenName', 'Nathalia'),
(67, 'es_ES', 'preferredPublicName', ''),
(68, '', 'country', 'CO'),
(68, '', 'orcid', ''),
(68, '', 'url', ''),
(68, 'es_ES', 'affiliation', 'Universidad libre'),
(68, 'es_ES', 'biography', ''),
(68, 'es_ES', 'familyName', 'Patiño Rivera'),
(68, 'es_ES', 'givenName', 'Leydi Johanna'),
(68, 'es_ES', 'preferredPublicName', ''),
(69, '', 'country', 'CO'),
(69, '', 'orcid', ''),
(69, '', 'url', ''),
(69, 'es_ES', 'affiliation', 'Universidad libre'),
(69, 'es_ES', 'biography', ''),
(69, 'es_ES', 'familyName', 'Soto Chaquir'),
(69, 'es_ES', 'givenName', 'Mercy'),
(69, 'es_ES', 'preferredPublicName', ''),
(70, '', 'country', 'CO'),
(70, '', 'orcid', ''),
(70, '', 'url', ''),
(70, 'es_ES', 'affiliation', 'Universidad libre'),
(70, 'es_ES', 'biography', ''),
(70, 'es_ES', 'familyName', 'Buitrago Malaver'),
(70, 'es_ES', 'givenName', 'Lilia Andrea'),
(70, 'es_ES', 'preferredPublicName', ''),
(71, '', 'country', 'CO'),
(71, '', 'orcid', ''),
(71, '', 'url', ''),
(71, 'es_ES', 'affiliation', 'Universidad libre'),
(71, 'es_ES', 'biography', ''),
(71, 'es_ES', 'familyName', 'Mejía Valencia'),
(71, 'es_ES', 'givenName', 'Tatiana'),
(71, 'es_ES', 'preferredPublicName', ''),
(72, '', 'country', 'CO'),
(72, '', 'orcid', ''),
(72, '', 'url', ''),
(72, 'es_ES', 'affiliation', 'Universidad libre'),
(72, 'es_ES', 'biography', ''),
(72, 'es_ES', 'familyName', 'Perea Mosquera'),
(72, 'es_ES', 'givenName', 'Lindy Neth'),
(72, 'es_ES', 'preferredPublicName', ''),
(73, '', 'country', 'CO'),
(73, '', 'orcid', ''),
(73, '', 'url', ''),
(73, 'es_ES', 'affiliation', 'Universidad libre'),
(73, 'es_ES', 'biography', ''),
(73, 'es_ES', 'familyName', 'Redondo Ramírez'),
(73, 'es_ES', 'givenName', 'Marlen Isabel'),
(73, 'es_ES', 'preferredPublicName', ''),
(74, '', 'country', 'CO'),
(74, '', 'orcid', ''),
(74, '', 'url', ''),
(74, 'es_ES', 'affiliation', 'Universidad libre'),
(74, 'es_ES', 'biography', ''),
(74, 'es_ES', 'familyName', 'Rodríguez Henao'),
(74, 'es_ES', 'givenName', 'Laura Juliana'),
(74, 'es_ES', 'preferredPublicName', ''),
(75, '', 'country', 'CO'),
(75, '', 'orcid', ''),
(75, '', 'url', ''),
(75, 'es_ES', 'affiliation', 'CorporaciónUniversitaria Minuto de Dios'),
(75, 'es_ES', 'biography', ''),
(75, 'es_ES', 'familyName', 'Aristizábal Henao'),
(75, 'es_ES', 'givenName', 'Mónica María'),
(75, 'es_ES', 'preferredPublicName', ''),
(77, '', 'country', 'CO'),
(77, '', 'orcid', ''),
(77, '', 'url', ''),
(77, 'es_ES', 'affiliation', 'Universidad libre'),
(77, 'es_ES', 'biography', ''),
(77, 'es_ES', 'familyName', 'Cadena Afanador'),
(77, 'es_ES', 'givenName', 'Walter René'),
(77, 'es_ES', 'preferredPublicName', ''),
(79, '', 'country', 'CO'),
(79, '', 'orcid', ''),
(79, '', 'url', ''),
(79, 'es_ES', 'affiliation', 'Universidad libre'),
(79, 'es_ES', 'biography', ''),
(79, 'es_ES', 'familyName', 'Meneses Velosa'),
(79, 'es_ES', 'givenName', 'Sonia Lucila'),
(79, 'es_ES', 'preferredPublicName', ''),
(83, '', 'country', ''),
(83, '', 'orcid', ''),
(83, '', 'url', ''),
(83, 'es_ES', 'affiliation', ''),
(83, 'es_ES', 'biography', ''),
(83, 'es_ES', 'familyName', 'admin'),
(83, 'es_ES', 'givenName', 'admin'),
(86, '', 'country', 'CO'),
(86, '', 'orcid', ''),
(86, '', 'url', ''),
(86, 'es_ES', 'affiliation', ''),
(86, 'es_ES', 'biography', ''),
(86, 'es_ES', 'familyName', 'Fandiño Bohórquez'),
(86, 'es_ES', 'givenName', 'Andrés'),
(86, 'es_ES', 'preferredPublicName', ''),
(88, '', 'country', 'CO'),
(88, '', 'orcid', ''),
(88, '', 'url', ''),
(88, 'es_ES', 'affiliation', ''),
(88, 'es_ES', 'biography', ''),
(88, 'es_ES', 'familyName', 'Meneses Quintana'),
(88, 'es_ES', 'givenName', 'Orlando'),
(88, 'es_ES', 'preferredPublicName', ''),
(89, '', 'country', 'CO'),
(89, '', 'orcid', ''),
(89, '', 'url', ''),
(89, 'es_ES', 'affiliation', ''),
(89, 'es_ES', 'biography', ''),
(89, 'es_ES', 'familyName', 'Blanco Alvarado'),
(89, 'es_ES', 'givenName', 'Carolina'),
(89, 'es_ES', 'preferredPublicName', ''),
(90, '', 'country', 'CO'),
(90, '', 'orcid', ''),
(90, '', 'url', ''),
(90, 'es_ES', 'affiliation', ''),
(90, 'es_ES', 'biography', ''),
(90, 'es_ES', 'familyName', 'Buitrago González'),
(90, 'es_ES', 'givenName', 'Víctor Manuel'),
(90, 'es_ES', 'preferredPublicName', ''),
(91, '', 'country', 'CO'),
(91, '', 'orcid', ''),
(91, '', 'url', ''),
(91, 'es_ES', 'affiliation', ''),
(91, 'es_ES', 'biography', ''),
(91, 'es_ES', 'familyName', 'Hernández Díaz'),
(91, 'es_ES', 'givenName', 'Carlos Arturo'),
(91, 'es_ES', 'preferredPublicName', ''),
(92, '', 'country', 'CO'),
(92, '', 'orcid', ''),
(92, '', 'url', ''),
(92, 'es_ES', 'affiliation', ''),
(92, 'es_ES', 'biography', ''),
(92, 'es_ES', 'familyName', 'Ramírez Arenas'),
(92, 'es_ES', 'givenName', 'Oduber Alexis'),
(92, 'es_ES', 'preferredPublicName', ''),
(93, '', 'country', 'CO'),
(93, '', 'orcid', ''),
(93, '', 'url', ''),
(93, 'es_ES', 'affiliation', ''),
(93, 'es_ES', 'biography', ''),
(93, 'es_ES', 'familyName', 'Rodríguez Martínez'),
(93, 'es_ES', 'givenName', 'José Eduardo'),
(93, 'es_ES', 'preferredPublicName', ''),
(94, '', 'country', 'CO'),
(94, '', 'orcid', ''),
(94, '', 'url', ''),
(94, 'es_ES', 'affiliation', ''),
(94, 'es_ES', 'biography', ''),
(94, 'es_ES', 'familyName', 'Zeballosf Cuathin'),
(94, 'es_ES', 'givenName', 'Adrian Alexander'),
(94, 'es_ES', 'preferredPublicName', ''),
(95, '', 'country', ''),
(95, '', 'orcid', ''),
(95, '', 'url', ''),
(95, 'es_ES', 'affiliation', ''),
(95, 'es_ES', 'biography', ''),
(95, 'es_ES', 'familyName', 'admin'),
(95, 'es_ES', 'givenName', 'admin'),
(96, '', 'country', 'CO'),
(96, '', 'orcid', ''),
(96, '', 'url', ''),
(96, 'es_ES', 'affiliation', ''),
(96, 'es_ES', 'biography', ''),
(96, 'es_ES', 'familyName', 'Rey Cantor'),
(96, 'es_ES', 'givenName', 'Ernesto'),
(96, 'es_ES', 'preferredPublicName', ''),
(97, '', 'country', 'CO'),
(97, '', 'orcid', ''),
(97, '', 'url', ''),
(97, 'es_ES', 'affiliation', ''),
(97, 'es_ES', 'biography', ''),
(97, 'es_ES', 'familyName', 'Rey Anaya'),
(97, 'es_ES', 'givenName', 'Giovanna Alejandra'),
(97, 'es_ES', 'preferredPublicName', ''),
(98, '', 'country', 'CO'),
(98, '', 'orcid', ''),
(98, '', 'url', ''),
(98, 'es_ES', 'affiliation', ''),
(98, 'es_ES', 'biography', ''),
(98, 'es_ES', 'familyName', 'Rey Anaya'),
(98, 'es_ES', 'givenName', 'Ángela Margarita'),
(98, 'es_ES', 'preferredPublicName', ''),
(100, '', 'country', 'CO'),
(100, '', 'orcid', ''),
(100, '', 'url', ''),
(100, 'es_ES', 'affiliation', ''),
(100, 'es_ES', 'biography', ''),
(100, 'es_ES', 'familyName', 'Peláez Mejía'),
(100, 'es_ES', 'givenName', 'José María'),
(100, 'es_ES', 'preferredPublicName', ''),
(101, '', 'country', ''),
(101, '', 'orcid', ''),
(101, '', 'url', ''),
(101, 'es_ES', 'affiliation', ''),
(101, 'es_ES', 'biography', ''),
(101, 'es_ES', 'familyName', 'admin'),
(101, 'es_ES', 'givenName', 'admin'),
(102, '', 'country', 'CO'),
(102, '', 'orcid', ''),
(102, '', 'url', ''),
(102, 'es_ES', 'affiliation', ''),
(102, 'es_ES', 'biography', ''),
(102, 'es_ES', 'familyName', 'Ramírez Rincón'),
(102, 'es_ES', 'givenName', 'Eliseo'),
(102, 'es_ES', 'preferredPublicName', ''),
(103, '', 'country', ''),
(103, '', 'orcid', ''),
(103, '', 'url', ''),
(103, 'es_ES', 'affiliation', ''),
(103, 'es_ES', 'biography', ''),
(103, 'es_ES', 'familyName', 'admin'),
(103, 'es_ES', 'givenName', 'admin'),
(104, '', 'country', 'CO'),
(104, '', 'orcid', ''),
(104, '', 'url', ''),
(104, 'es_ES', 'affiliation', ''),
(104, 'es_ES', 'biography', ''),
(104, 'es_ES', 'familyName', 'Ortiz Bojacá'),
(104, 'es_ES', 'givenName', 'José Joaquín'),
(104, 'es_ES', 'preferredPublicName', ''),
(105, '', 'country', ''),
(105, '', 'orcid', ''),
(105, '', 'url', ''),
(105, 'es_ES', 'affiliation', ''),
(105, 'es_ES', 'biography', ''),
(105, 'es_ES', 'familyName', 'admin'),
(105, 'es_ES', 'givenName', 'admin'),
(106, '', 'country', 'CO'),
(106, '', 'orcid', ''),
(106, '', 'url', ''),
(106, 'es_ES', 'affiliation', ''),
(106, 'es_ES', 'biography', ''),
(106, 'es_ES', 'familyName', 'Beltrán Galvis'),
(106, 'es_ES', 'givenName', 'Luis Humberto'),
(106, 'es_ES', 'preferredPublicName', ''),
(107, '', 'country', ''),
(107, '', 'orcid', ''),
(107, '', 'url', ''),
(107, 'es_ES', 'affiliation', ''),
(107, 'es_ES', 'biography', ''),
(107, 'es_ES', 'familyName', 'admin'),
(107, 'es_ES', 'givenName', 'admin'),
(108, '', 'country', 'CO'),
(108, '', 'orcid', ''),
(108, '', 'url', ''),
(108, 'es_ES', 'affiliation', ''),
(108, 'es_ES', 'biography', ''),
(108, 'es_ES', 'familyName', 'Barón Rocha'),
(108, 'es_ES', 'givenName', 'Nelson Rodrigo'),
(108, 'es_ES', 'preferredPublicName', ''),
(109, '', 'country', 'CO'),
(109, '', 'orcid', ''),
(109, '', 'url', ''),
(109, 'es_ES', 'affiliation', ''),
(109, 'es_ES', 'biography', ''),
(109, 'es_ES', 'familyName', 'Cruz Gutiérrez'),
(109, 'es_ES', 'givenName', 'Efraín'),
(109, 'es_ES', 'preferredPublicName', ''),
(110, '', 'country', 'CO'),
(110, '', 'orcid', ''),
(110, '', 'url', ''),
(110, 'es_ES', 'affiliation', ''),
(110, 'es_ES', 'biography', ''),
(110, 'es_ES', 'familyName', 'Guzmán Rincón'),
(110, 'es_ES', 'givenName', 'Andrés Mauricio'),
(110, 'es_ES', 'preferredPublicName', ''),
(111, '', 'country', 'CO'),
(111, '', 'orcid', ''),
(111, '', 'url', ''),
(111, 'es_ES', 'affiliation', ''),
(111, 'es_ES', 'biography', ''),
(111, 'es_ES', 'familyName', 'Jiménez Amorocho'),
(111, 'es_ES', 'givenName', 'Mónica Alexandra'),
(111, 'es_ES', 'preferredPublicName', ''),
(112, '', 'country', 'CO'),
(112, '', 'orcid', ''),
(112, '', 'url', ''),
(112, 'es_ES', 'affiliation', ''),
(112, 'es_ES', 'biography', ''),
(112, 'es_ES', 'familyName', 'Rojas Páez'),
(112, 'es_ES', 'givenName', 'Gustavo José'),
(112, 'es_ES', 'preferredPublicName', ''),
(113, '', 'country', 'CO'),
(113, '', 'orcid', ''),
(113, '', 'url', ''),
(113, 'es_ES', 'affiliation', ''),
(113, 'es_ES', 'biography', ''),
(113, 'es_ES', 'familyName', 'Carrillo Ballesteros'),
(113, 'es_ES', 'givenName', 'José Guillermo'),
(113, 'es_ES', 'preferredPublicName', ''),
(114, '', 'country', ''),
(114, '', 'orcid', ''),
(114, '', 'url', ''),
(114, 'es_ES', 'affiliation', ''),
(114, 'es_ES', 'biography', ''),
(114, 'es_ES', 'familyName', 'admin'),
(114, 'es_ES', 'givenName', 'admin'),
(115, '', 'country', 'CO'),
(115, '', 'orcid', ''),
(115, '', 'url', ''),
(115, 'es_ES', 'affiliation', ''),
(115, 'es_ES', 'biography', ''),
(115, 'es_ES', 'familyName', 'Prieto Bernal'),
(115, 'es_ES', 'givenName', 'Hernán Felipe'),
(115, 'es_ES', 'preferredPublicName', ''),
(116, '', 'country', ''),
(116, '', 'orcid', ''),
(116, '', 'url', ''),
(116, 'es_ES', 'affiliation', ''),
(116, 'es_ES', 'biography', ''),
(116, 'es_ES', 'familyName', 'admin'),
(116, 'es_ES', 'givenName', 'admin'),
(117, '', 'country', 'CO'),
(117, '', 'orcid', ''),
(117, '', 'url', ''),
(117, 'es_ES', 'affiliation', ''),
(117, 'es_ES', 'biography', ''),
(117, 'es_ES', 'familyName', 'Castro Blanco'),
(117, 'es_ES', 'givenName', 'Elías'),
(117, 'es_ES', 'preferredPublicName', ''),
(118, '', 'country', ''),
(118, '', 'orcid', ''),
(118, '', 'url', ''),
(118, 'es_ES', 'affiliation', ''),
(118, 'es_ES', 'biography', ''),
(118, 'es_ES', 'familyName', 'admin'),
(118, 'es_ES', 'givenName', 'admin'),
(119, '', 'country', 'CO'),
(119, '', 'orcid', ''),
(119, '', 'url', ''),
(119, 'es_ES', 'affiliation', ''),
(119, 'es_ES', 'biography', ''),
(119, 'es_ES', 'familyName', 'Gutiérrez Simbaqueva'),
(119, 'es_ES', 'givenName', 'Andrea'),
(119, 'es_ES', 'preferredPublicName', ''),
(120, '', 'country', 'CO'),
(120, '', 'orcid', ''),
(120, '', 'url', ''),
(120, 'es_ES', 'affiliation', ''),
(120, 'es_ES', 'biography', ''),
(120, 'es_ES', 'familyName', 'González Caro'),
(120, 'es_ES', 'givenName', 'Tania Michelle'),
(120, 'es_ES', 'preferredPublicName', ''),
(121, '', 'country', 'CO'),
(121, '', 'orcid', ''),
(121, '', 'url', ''),
(121, 'es_ES', 'affiliation', ''),
(121, 'es_ES', 'biography', ''),
(121, 'es_ES', 'familyName', 'Reyes Pinilla'),
(121, 'es_ES', 'givenName', 'Nathaly Stephanie'),
(121, 'es_ES', 'preferredPublicName', ''),
(122, '', 'country', ''),
(122, '', 'orcid', ''),
(122, '', 'url', ''),
(122, 'es_ES', 'affiliation', ''),
(122, 'es_ES', 'biography', ''),
(122, 'es_ES', 'familyName', 'admin'),
(122, 'es_ES', 'givenName', 'admin'),
(123, '', 'country', 'CO'),
(123, '', 'orcid', ''),
(123, '', 'url', ''),
(123, 'es_ES', 'affiliation', ''),
(123, 'es_ES', 'biography', ''),
(123, 'es_ES', 'familyName', 'Avellaneda Bautista'),
(123, 'es_ES', 'givenName', 'Campo Alcides'),
(123, 'es_ES', 'preferredPublicName', ''),
(124, '', 'country', 'CO'),
(124, '', 'orcid', ''),
(124, '', 'url', ''),
(124, 'es_ES', 'affiliation', ''),
(124, 'es_ES', 'biography', ''),
(124, 'es_ES', 'familyName', 'Avellaneda Rojas'),
(124, 'es_ES', 'givenName', 'Sara Beatriz'),
(124, 'es_ES', 'preferredPublicName', ''),
(125, '', 'country', 'CO'),
(125, '', 'orcid', ''),
(125, '', 'url', ''),
(125, 'es_ES', 'affiliation', ''),
(125, 'es_ES', 'biography', ''),
(125, 'es_ES', 'familyName', 'Bermúdez Gómez'),
(125, 'es_ES', 'givenName', 'José Vicente'),
(125, 'es_ES', 'preferredPublicName', ''),
(126, '', 'country', ''),
(126, '', 'orcid', ''),
(126, '', 'url', ''),
(126, 'es_ES', 'affiliation', ''),
(126, 'es_ES', 'biography', ''),
(126, 'es_ES', 'familyName', 'admin'),
(126, 'es_ES', 'givenName', 'admin'),
(127, '', 'country', 'CO'),
(127, '', 'orcid', ''),
(127, '', 'url', ''),
(127, 'es_ES', 'affiliation', ''),
(127, 'es_ES', 'biography', ''),
(127, 'es_ES', 'familyName', 'Manrique Ramírez'),
(127, 'es_ES', 'givenName', 'Faustina'),
(127, 'es_ES', 'preferredPublicName', ''),
(128, '', 'country', ''),
(128, '', 'orcid', ''),
(128, '', 'url', ''),
(128, 'es_ES', 'affiliation', ''),
(128, 'es_ES', 'biography', ''),
(128, 'es_ES', 'familyName', 'admin'),
(128, 'es_ES', 'givenName', 'admin'),
(129, '', 'country', 'CO'),
(129, '', 'orcid', ''),
(129, '', 'url', ''),
(129, 'es_ES', 'affiliation', ''),
(129, 'es_ES', 'biography', ''),
(129, 'es_ES', 'familyName', 'Carrillo Cruz'),
(129, 'es_ES', 'givenName', 'Carlos Enrique'),
(129, 'es_ES', 'preferredPublicName', ''),
(130, '', 'country', ''),
(130, '', 'orcid', ''),
(130, '', 'url', ''),
(130, 'es_ES', 'affiliation', ''),
(130, 'es_ES', 'biography', ''),
(130, 'es_ES', 'familyName', 'admin'),
(130, 'es_ES', 'givenName', 'admin'),
(131, '', 'country', 'CO'),
(131, '', 'orcid', ''),
(131, '', 'url', ''),
(131, 'es_ES', 'affiliation', ''),
(131, 'es_ES', 'biography', ''),
(131, 'es_ES', 'familyName', 'Blanco G'),
(131, 'es_ES', 'givenName', 'Fabián'),
(131, 'es_ES', 'preferredPublicName', ''),
(132, '', 'country', 'CO'),
(132, '', 'orcid', ''),
(132, '', 'url', ''),
(132, 'es_ES', 'affiliation', ''),
(132, 'es_ES', 'biography', ''),
(132, 'es_ES', 'familyName', 'Carreño H'),
(132, 'es_ES', 'givenName', 'Pablo E.'),
(132, 'es_ES', 'preferredPublicName', ''),
(133, '', 'country', 'CO'),
(133, '', 'orcid', ''),
(133, '', 'url', ''),
(133, 'es_ES', 'affiliation', ''),
(133, 'es_ES', 'biography', ''),
(133, 'es_ES', 'familyName', 'Arce N'),
(133, 'es_ES', 'givenName', 'Gloria C'),
(133, 'es_ES', 'preferredPublicName', ''),
(134, '', 'country', 'CO'),
(134, '', 'orcid', ''),
(134, '', 'url', ''),
(134, 'es_ES', 'affiliation', ''),
(134, 'es_ES', 'biography', ''),
(134, 'es_ES', 'familyName', 'Gaviria V'),
(134, 'es_ES', 'givenName', 'Raúl A'),
(134, 'es_ES', 'preferredPublicName', ''),
(135, '', 'country', 'CO'),
(135, '', 'orcid', ''),
(135, '', 'url', ''),
(135, 'es_ES', 'affiliation', ''),
(135, 'es_ES', 'biography', ''),
(135, 'es_ES', 'familyName', 'Álzate B'),
(135, 'es_ES', 'givenName', 'Alejandro'),
(135, 'es_ES', 'preferredPublicName', ''),
(136, '', 'country', 'CO'),
(136, '', 'orcid', ''),
(136, '', 'url', ''),
(136, 'es_ES', 'affiliation', ''),
(136, 'es_ES', 'biography', ''),
(136, 'es_ES', 'familyName', 'Simanca Herrera'),
(136, 'es_ES', 'givenName', 'Fredys Alberto'),
(136, 'es_ES', 'preferredPublicName', ''),
(138, '', 'country', 'CO'),
(138, '', 'orcid', ''),
(138, '', 'url', ''),
(138, 'es_ES', 'affiliation', ''),
(138, 'es_ES', 'biography', ''),
(138, 'es_ES', 'familyName', 'Galvis Leal'),
(138, 'es_ES', 'givenName', 'Pedro'),
(138, 'es_ES', 'preferredPublicName', ''),
(139, '', 'country', 'CO'),
(139, '', 'orcid', ''),
(139, '', 'url', ''),
(139, 'es_ES', 'affiliation', ''),
(139, 'es_ES', 'biography', ''),
(139, 'es_ES', 'familyName', 'Ospina Lozano'),
(139, 'es_ES', 'givenName', 'Luis Eduardo'),
(139, 'es_ES', 'preferredPublicName', ''),
(140, '', 'country', 'CO'),
(140, '', 'orcid', ''),
(140, '', 'url', ''),
(140, 'es_ES', 'affiliation', ''),
(140, 'es_ES', 'biography', ''),
(140, 'es_ES', 'familyName', 'Rubio Ortiz'),
(140, 'es_ES', 'givenName', 'Evaldo Rafael'),
(140, 'es_ES', 'preferredPublicName', ''),
(141, '', 'country', ''),
(141, '', 'orcid', ''),
(141, '', 'url', ''),
(141, 'es_ES', 'affiliation', ''),
(141, 'es_ES', 'biography', ''),
(141, 'es_ES', 'familyName', 'admin'),
(141, 'es_ES', 'givenName', 'admin'),
(142, '', 'country', 'CO'),
(142, '', 'orcid', ''),
(142, '', 'url', ''),
(142, 'es_ES', 'affiliation', ''),
(142, 'es_ES', 'biography', ''),
(142, 'es_ES', 'familyName', 'López Cortés'),
(142, 'es_ES', 'givenName', 'Óscar Andrés'),
(142, 'es_ES', 'preferredPublicName', ''),
(143, '', 'country', 'CO'),
(143, '', 'orcid', ''),
(143, '', 'url', ''),
(143, 'es_ES', 'affiliation', ''),
(143, 'es_ES', 'biography', ''),
(143, 'es_ES', 'familyName', 'Fajardo'),
(143, 'es_ES', 'givenName', 'Luis Alfonso'),
(143, 'es_ES', 'preferredPublicName', ''),
(144, '', 'country', 'CO'),
(144, '', 'orcid', ''),
(144, '', 'url', ''),
(144, 'es_ES', 'affiliation', ''),
(144, 'es_ES', 'biography', ''),
(144, 'es_ES', 'familyName', 'Fortich Navarro'),
(144, 'es_ES', 'givenName', 'Mónica Patricia'),
(144, 'es_ES', 'preferredPublicName', ''),
(145, '', 'country', 'CO'),
(145, '', 'orcid', ''),
(145, '', 'url', ''),
(145, 'es_ES', 'affiliation', ''),
(145, 'es_ES', 'biography', ''),
(145, 'es_ES', 'familyName', 'Meneses Quintana'),
(145, 'es_ES', 'givenName', 'Orlando'),
(145, 'es_ES', 'preferredPublicName', ''),
(146, '', 'country', 'CO'),
(146, '', 'orcid', ''),
(146, '', 'url', ''),
(146, 'es_ES', 'affiliation', ''),
(146, 'es_ES', 'biography', ''),
(146, 'es_ES', 'familyName', 'Jiménez'),
(146, 'es_ES', 'givenName', 'William Guillermo'),
(146, 'es_ES', 'preferredPublicName', ''),
(147, '', 'country', 'CO'),
(147, '', 'orcid', ''),
(147, '', 'url', ''),
(147, 'es_ES', 'affiliation', ''),
(147, 'es_ES', 'biography', ''),
(147, 'es_ES', 'familyName', 'Tobón'),
(147, 'es_ES', 'givenName', 'Mary Luz'),
(147, 'es_ES', 'preferredPublicName', ''),
(148, '', 'country', 'CO'),
(148, '', 'orcid', ''),
(148, '', 'url', ''),
(148, 'es_ES', 'affiliation', ''),
(148, 'es_ES', 'biography', ''),
(148, 'es_ES', 'familyName', 'Burbano'),
(148, 'es_ES', 'givenName', 'Kenneth'),
(148, 'es_ES', 'preferredPublicName', ''),
(149, '', 'country', 'CO'),
(149, '', 'orcid', ''),
(149, '', 'url', ''),
(149, 'es_ES', 'affiliation', ''),
(149, 'es_ES', 'biography', ''),
(149, 'es_ES', 'familyName', 'Santander'),
(149, 'es_ES', 'givenName', 'Javier'),
(149, 'es_ES', 'preferredPublicName', ''),
(150, '', 'country', 'CO'),
(150, '', 'orcid', ''),
(150, '', 'url', ''),
(150, 'es_ES', 'affiliation', ''),
(150, 'es_ES', 'biography', ''),
(150, 'es_ES', 'familyName', 'Martínez Vargas'),
(150, 'es_ES', 'givenName', 'John Fitzgerald'),
(150, 'es_ES', 'preferredPublicName', ''),
(151, '', 'country', 'CO'),
(151, '', 'orcid', ''),
(151, '', 'url', ''),
(151, 'es_ES', 'affiliation', ''),
(151, 'es_ES', 'biography', ''),
(151, 'es_ES', 'familyName', 'Méndez Torres'),
(151, 'es_ES', 'givenName', 'Michael Andrés'),
(151, 'es_ES', 'preferredPublicName', ''),
(152, '', 'country', 'CO'),
(152, '', 'orcid', ''),
(152, '', 'url', ''),
(152, 'es_ES', 'affiliation', ''),
(152, 'es_ES', 'biography', ''),
(152, 'es_ES', 'familyName', 'Velásquez'),
(152, 'es_ES', 'givenName', 'Daniel'),
(152, 'es_ES', 'preferredPublicName', ''),
(153, '', 'country', 'CO'),
(153, '', 'orcid', ''),
(153, '', 'url', ''),
(153, 'es_ES', 'affiliation', ''),
(153, 'es_ES', 'biography', ''),
(153, 'es_ES', 'familyName', 'Duarte'),
(153, 'es_ES', 'givenName', 'Carlos'),
(153, 'es_ES', 'preferredPublicName', ''),
(154, '', 'country', 'CO'),
(154, '', 'orcid', ''),
(154, '', 'url', ''),
(154, 'es_ES', 'affiliation', ''),
(154, 'es_ES', 'biography', ''),
(154, 'es_ES', 'familyName', 'Bonilla'),
(154, 'es_ES', 'givenName', 'Mabel'),
(154, 'es_ES', 'preferredPublicName', ''),
(155, '', 'country', 'CO'),
(155, '', 'orcid', ''),
(155, '', 'url', ''),
(155, 'es_ES', 'affiliation', ''),
(155, 'es_ES', 'biography', ''),
(155, 'es_ES', 'familyName', 'Alarcón'),
(155, 'es_ES', 'givenName', 'Carlos'),
(155, 'es_ES', 'preferredPublicName', ''),
(156, '', 'country', 'CO'),
(156, '', 'orcid', ''),
(156, '', 'url', ''),
(156, 'es_ES', 'affiliation', ''),
(156, 'es_ES', 'biography', ''),
(156, 'es_ES', 'familyName', 'Pérez Niño'),
(156, 'es_ES', 'givenName', 'Walter Fernando'),
(156, 'es_ES', 'preferredPublicName', ''),
(157, '', 'country', 'CO'),
(157, '', 'orcid', ''),
(157, '', 'url', ''),
(157, 'es_ES', 'affiliation', ''),
(157, 'es_ES', 'biography', ''),
(157, 'es_ES', 'familyName', 'Leiva Ramírez'),
(157, 'es_ES', 'givenName', 'Eric'),
(157, 'es_ES', 'preferredPublicName', ''),
(158, '', 'country', 'CO'),
(158, '', 'orcid', ''),
(158, '', 'url', ''),
(158, 'es_ES', 'affiliation', ''),
(158, 'es_ES', 'biography', ''),
(158, 'es_ES', 'familyName', 'Ostau De Lafond'),
(158, 'es_ES', 'givenName', 'Francisco Rafael'),
(158, 'es_ES', 'preferredPublicName', ''),
(159, '', 'country', 'CO'),
(159, '', 'orcid', ''),
(159, '', 'url', ''),
(159, 'es_ES', 'affiliation', ''),
(159, 'es_ES', 'biography', ''),
(159, 'es_ES', 'familyName', 'Niño Chavarro'),
(159, 'es_ES', 'givenName', 'Angela'),
(159, 'es_ES', 'preferredPublicName', ''),
(160, '', 'country', 'CO'),
(160, '', 'orcid', ''),
(160, '', 'url', ''),
(160, 'es_ES', 'affiliation', ''),
(160, 'es_ES', 'biography', ''),
(160, 'es_ES', 'familyName', 'Otálora'),
(160, 'es_ES', 'givenName', 'Rosalvina'),
(160, 'es_ES', 'preferredPublicName', ''),
(161, '', 'country', 'CO'),
(161, '', 'orcid', ''),
(161, '', 'url', ''),
(161, 'es_ES', 'affiliation', ''),
(161, 'es_ES', 'biography', ''),
(161, 'es_ES', 'familyName', 'Martín'),
(161, 'es_ES', 'givenName', 'Cristhian'),
(161, 'es_ES', 'preferredPublicName', ''),
(162, '', 'country', 'CO'),
(162, '', 'orcid', ''),
(162, '', 'url', ''),
(162, 'es_ES', 'affiliation', ''),
(162, 'es_ES', 'biography', ''),
(162, 'es_ES', 'familyName', 'Caballero Culma'),
(162, 'es_ES', 'givenName', 'Rocío'),
(162, 'es_ES', 'preferredPublicName', ''),
(163, '', 'country', 'CO'),
(163, '', 'orcid', ''),
(163, '', 'url', ''),
(163, 'es_ES', 'affiliation', ''),
(163, 'es_ES', 'biography', ''),
(163, 'es_ES', 'familyName', 'Herrera'),
(163, 'es_ES', 'givenName', 'Fernando'),
(163, 'es_ES', 'preferredPublicName', ''),
(164, '', 'country', 'CO'),
(164, '', 'orcid', ''),
(164, '', 'url', ''),
(164, 'es_ES', 'affiliation', ''),
(164, 'es_ES', 'biography', ''),
(164, 'es_ES', 'familyName', 'Rodríguez'),
(164, 'es_ES', 'givenName', 'Carolina'),
(164, 'es_ES', 'preferredPublicName', ''),
(165, '', 'country', 'CO'),
(165, '', 'orcid', ''),
(165, '', 'url', ''),
(165, 'es_ES', 'affiliation', ''),
(165, 'es_ES', 'biography', ''),
(165, 'es_ES', 'familyName', 'Bonilla'),
(165, 'es_ES', 'givenName', 'Julián'),
(165, 'es_ES', 'preferredPublicName', ''),
(166, '', 'country', 'CO'),
(166, '', 'orcid', ''),
(166, '', 'url', ''),
(166, 'es_ES', 'affiliation', ''),
(166, 'es_ES', 'biography', ''),
(166, 'es_ES', 'familyName', 'Guarín'),
(166, 'es_ES', 'givenName', 'Yudi'),
(166, 'es_ES', 'preferredPublicName', ''),
(167, '', 'country', 'CO'),
(167, '', 'orcid', ''),
(167, '', 'url', ''),
(167, 'es_ES', 'affiliation', ''),
(167, 'es_ES', 'biography', ''),
(167, 'es_ES', 'familyName', 'Forero Salcedo'),
(167, 'es_ES', 'givenName', 'José Rory'),
(167, 'es_ES', 'preferredPublicName', ''),
(168, '', 'country', ''),
(168, '', 'orcid', ''),
(168, '', 'url', ''),
(168, 'es_ES', 'affiliation', ''),
(168, 'es_ES', 'biography', ''),
(168, 'es_ES', 'familyName', 'admin'),
(168, 'es_ES', 'givenName', 'admin'),
(169, '', 'country', 'CO'),
(169, '', 'orcid', ''),
(169, '', 'url', ''),
(169, 'es_ES', 'affiliation', ''),
(169, 'es_ES', 'biography', ''),
(169, 'es_ES', 'familyName', 'Mayorga Sánchez, '),
(169, 'es_ES', 'givenName', 'José Zacarías'),
(169, 'es_ES', 'preferredPublicName', ''),
(170, '', 'country', ''),
(170, '', 'orcid', ''),
(170, '', 'url', ''),
(170, 'es_ES', 'affiliation', ''),
(170, 'es_ES', 'biography', ''),
(170, 'es_ES', 'familyName', 'admin'),
(170, 'es_ES', 'givenName', 'admin'),
(171, '', 'country', 'CO'),
(171, '', 'orcid', ''),
(171, '', 'url', ''),
(171, 'es_ES', 'affiliation', ''),
(171, 'es_ES', 'biography', ''),
(171, 'es_ES', 'familyName', 'Fajardo Sánchez'),
(171, 'es_ES', 'givenName', 'Luis Alfonso'),
(171, 'es_ES', 'preferredPublicName', ''),
(172, '', 'country', ''),
(172, '', 'orcid', ''),
(172, '', 'url', ''),
(172, 'es_ES', 'affiliation', ''),
(172, 'es_ES', 'biography', ''),
(172, 'es_ES', 'familyName', 'admin'),
(172, 'es_ES', 'givenName', 'admin'),
(173, '', 'country', 'CO'),
(173, '', 'orcid', ''),
(173, '', 'url', ''),
(173, 'es_ES', 'affiliation', ''),
(173, 'es_ES', 'biography', ''),
(173, 'es_ES', 'familyName', 'Fajardo Sánchez'),
(173, 'es_ES', 'givenName', 'Luis Alfonso'),
(173, 'es_ES', 'preferredPublicName', ''),
(174, '', 'country', ''),
(174, '', 'orcid', ''),
(174, '', 'url', ''),
(174, 'es_ES', 'affiliation', ''),
(174, 'es_ES', 'biography', ''),
(174, 'es_ES', 'familyName', 'admin'),
(174, 'es_ES', 'givenName', 'admin'),
(175, '', 'country', 'CO'),
(175, '', 'orcid', ''),
(175, '', 'url', ''),
(175, 'es_ES', 'affiliation', ''),
(175, 'es_ES', 'biography', ''),
(175, 'es_ES', 'familyName', 'Vila Casado'),
(175, 'es_ES', 'givenName', 'Iván'),
(175, 'es_ES', 'preferredPublicName', ''),
(176, '', 'country', ''),
(176, '', 'orcid', ''),
(176, '', 'url', ''),
(176, 'es_ES', 'affiliation', ''),
(176, 'es_ES', 'biography', ''),
(176, 'es_ES', 'familyName', 'admin'),
(176, 'es_ES', 'givenName', 'admin'),
(177, '', 'country', 'CO'),
(177, '', 'orcid', ''),
(177, '', 'url', ''),
(177, 'es_ES', 'affiliation', ''),
(177, 'es_ES', 'biography', ''),
(177, 'es_ES', 'familyName', 'Ibarra Sánchez'),
(177, 'es_ES', 'givenName', 'Cristian David'),
(177, 'es_ES', 'preferredPublicName', ''),
(178, '', 'country', 'CO'),
(178, '', 'orcid', ''),
(178, '', 'url', ''),
(178, 'es_ES', 'affiliation', ''),
(178, 'es_ES', 'biography', ''),
(178, 'es_ES', 'familyName', 'Duarte Cuadros'),
(178, 'es_ES', 'givenName', 'Rubén Alberto'),
(178, 'es_ES', 'preferredPublicName', ''),
(179, '', 'country', ''),
(179, '', 'orcid', ''),
(179, '', 'url', ''),
(179, 'es_ES', 'affiliation', ''),
(179, 'es_ES', 'biography', ''),
(179, 'es_ES', 'familyName', 'admin'),
(179, 'es_ES', 'givenName', 'admin'),
(180, '', 'country', 'CO'),
(180, '', 'orcid', ''),
(180, '', 'url', ''),
(180, 'es_ES', 'affiliation', ''),
(180, 'es_ES', 'biography', ''),
(180, 'es_ES', 'familyName', 'Torres Tarazona'),
(180, 'es_ES', 'givenName', 'Luis Alberto'),
(180, 'es_ES', 'preferredPublicName', ''),
(181, '', 'country', 'CO'),
(181, '', 'orcid', ''),
(181, '', 'url', ''),
(181, 'es_ES', 'affiliation', ''),
(181, 'es_ES', 'biography', ''),
(181, 'es_ES', 'familyName', 'Guevara Ramírez'),
(181, 'es_ES', 'givenName', 'Lydia'),
(181, 'es_ES', 'preferredPublicName', ''),
(182, '', 'country', ''),
(182, '', 'orcid', ''),
(182, '', 'url', ''),
(182, 'es_ES', 'affiliation', ''),
(182, 'es_ES', 'biography', ''),
(182, 'es_ES', 'familyName', 'admin'),
(182, 'es_ES', 'givenName', 'admin'),
(183, '', 'country', 'CO'),
(183, '', 'orcid', ''),
(183, '', 'url', ''),
(183, 'es_ES', 'affiliation', ''),
(183, 'es_ES', 'biography', ''),
(183, 'es_ES', 'familyName', 'Álvarez Barreto'),
(183, 'es_ES', 'givenName', 'Mónica Andrea'),
(183, 'es_ES', 'preferredPublicName', ''),
(184, '', 'country', 'CO'),
(184, '', 'orcid', ''),
(184, '', 'url', ''),
(184, 'es_ES', 'affiliation', ''),
(184, 'es_ES', 'biography', ''),
(184, 'es_ES', 'familyName', 'Angarita Ortiz'),
(184, 'es_ES', 'givenName', 'Nicolás'),
(184, 'es_ES', 'preferredPublicName', ''),
(185, '', 'country', 'CO'),
(185, '', 'orcid', ''),
(185, '', 'url', ''),
(185, 'es_ES', 'affiliation', ''),
(185, 'es_ES', 'biography', ''),
(185, 'es_ES', 'familyName', 'Arango Ramírez'),
(185, 'es_ES', 'givenName', 'Lucy'),
(185, 'es_ES', 'preferredPublicName', ''),
(186, '', 'country', 'CO'),
(186, '', 'orcid', ''),
(186, '', 'url', ''),
(186, 'es_ES', 'affiliation', ''),
(186, 'es_ES', 'biography', ''),
(186, 'es_ES', 'familyName', 'Carrillo Cruz'),
(186, 'es_ES', 'givenName', 'Carlos Enrique'),
(186, 'es_ES', 'preferredPublicName', ''),
(187, '', 'country', 'CO'),
(187, '', 'orcid', ''),
(187, '', 'url', ''),
(187, 'es_ES', 'affiliation', ''),
(187, 'es_ES', 'biography', ''),
(187, 'es_ES', 'familyName', 'Cespedes Roncancio, '),
(187, 'es_ES', 'givenName', 'Derly Meliza'),
(187, 'es_ES', 'preferredPublicName', ''),
(188, '', 'country', 'CO'),
(188, '', 'orcid', ''),
(188, '', 'url', ''),
(188, 'es_ES', 'affiliation', ''),
(188, 'es_ES', 'biography', ''),
(188, 'es_ES', 'familyName', 'Cuesta Alfaro'),
(188, 'es_ES', 'givenName', 'Jonathan'),
(188, 'es_ES', 'preferredPublicName', ''),
(189, '', 'country', 'CO'),
(189, '', 'orcid', ''),
(189, '', 'url', ''),
(189, 'es_ES', 'affiliation', ''),
(189, 'es_ES', 'biography', ''),
(189, 'es_ES', 'familyName', 'Dávila Rubio'),
(189, 'es_ES', 'givenName', 'Alejandro Mauricio'),
(189, 'es_ES', 'preferredPublicName', ''),
(190, '', 'country', 'CO'),
(190, '', 'orcid', ''),
(190, '', 'url', ''),
(190, 'es_ES', 'affiliation', ''),
(190, 'es_ES', 'biography', ''),
(190, 'es_ES', 'familyName', 'García Contreras'),
(190, 'es_ES', 'givenName', 'Andrea Carolina'),
(190, 'es_ES', 'preferredPublicName', ''),
(191, '', 'country', 'CO'),
(191, '', 'orcid', ''),
(191, '', 'url', ''),
(191, 'es_ES', 'affiliation', ''),
(191, 'es_ES', 'biography', ''),
(191, 'es_ES', 'familyName', 'Merrill'),
(191, 'es_ES', 'givenName', 'Diana'),
(191, 'es_ES', 'preferredPublicName', ''),
(192, '', 'country', 'CO'),
(192, '', 'orcid', ''),
(192, '', 'url', ''),
(192, 'es_ES', 'affiliation', ''),
(192, 'es_ES', 'biography', ''),
(192, 'es_ES', 'familyName', 'Moreno Bojacá'),
(192, 'es_ES', 'givenName', 'Héctor'),
(192, 'es_ES', 'preferredPublicName', ''),
(193, '', 'country', 'CO'),
(193, '', 'orcid', ''),
(193, '', 'url', ''),
(193, 'es_ES', 'affiliation', ''),
(193, 'es_ES', 'biography', ''),
(193, 'es_ES', 'familyName', 'Montero Londoño'),
(193, 'es_ES', 'givenName', 'Yanneth Cristina'),
(193, 'es_ES', 'preferredPublicName', ''),
(194, '', 'country', 'CO'),
(194, '', 'orcid', ''),
(194, '', 'url', ''),
(194, 'es_ES', 'affiliation', ''),
(194, 'es_ES', 'biography', ''),
(194, 'es_ES', 'familyName', 'Onatra Chaparro'),
(194, 'es_ES', 'givenName', 'Clara Isabel'),
(194, 'es_ES', 'preferredPublicName', ''),
(195, '', 'country', 'CO'),
(195, '', 'orcid', ''),
(195, '', 'url', ''),
(195, 'es_ES', 'affiliation', ''),
(195, 'es_ES', 'biography', ''),
(195, 'es_ES', 'familyName', 'Palencia González'),
(195, 'es_ES', 'givenName', 'Sandra Marina'),
(195, 'es_ES', 'preferredPublicName', ''),
(196, '', 'country', 'CO'),
(196, '', 'orcid', ''),
(196, '', 'url', ''),
(196, 'es_ES', 'affiliation', ''),
(196, 'es_ES', 'biography', ''),
(196, 'es_ES', 'familyName', 'Ruiz'),
(196, 'es_ES', 'givenName', 'David Leonardo'),
(196, 'es_ES', 'preferredPublicName', ''),
(197, '', 'country', 'CO'),
(197, '', 'orcid', ''),
(197, '', 'url', ''),
(197, 'es_ES', 'affiliation', ''),
(197, 'es_ES', 'biography', ''),
(197, 'es_ES', 'familyName', 'Simanca Herrera'),
(197, 'es_ES', 'givenName', 'Fredys'),
(197, 'es_ES', 'preferredPublicName', ''),
(198, '', 'country', ''),
(198, '', 'orcid', ''),
(198, '', 'url', ''),
(198, 'es_ES', 'affiliation', ''),
(198, 'es_ES', 'biography', ''),
(198, 'es_ES', 'familyName', 'admin'),
(198, 'es_ES', 'givenName', 'admin'),
(199, '', 'country', 'CO'),
(199, '', 'orcid', ''),
(199, '', 'url', ''),
(199, 'es_ES', 'affiliation', ''),
(199, 'es_ES', 'biography', ''),
(199, 'es_ES', 'familyName', 'Arce Narváez'),
(199, 'es_ES', 'givenName', 'Gloria Cristina'),
(199, 'es_ES', 'preferredPublicName', ''),
(200, '', 'country', 'CO'),
(200, '', 'orcid', ''),
(200, '', 'url', ''),
(200, 'es_ES', 'affiliation', ''),
(200, 'es_ES', 'biography', ''),
(200, 'es_ES', 'familyName', 'Restrepo Betancur'),
(200, 'es_ES', 'givenName', 'María Ruby'),
(200, 'es_ES', 'preferredPublicName', ''),
(201, '', 'country', 'CO'),
(201, '', 'orcid', ''),
(201, '', 'url', ''),
(201, 'es_ES', 'affiliation', ''),
(201, 'es_ES', 'biography', ''),
(201, 'es_ES', 'familyName', 'Guevara Chacón'),
(201, 'es_ES', 'givenName', 'Luz Mery'),
(201, 'es_ES', 'preferredPublicName', ''),
(202, '', 'country', 'CO'),
(202, '', 'orcid', ''),
(202, '', 'url', ''),
(202, 'es_ES', 'affiliation', ''),
(202, 'es_ES', 'biography', ''),
(202, 'es_ES', 'familyName', 'Carrillo Cruz'),
(202, 'es_ES', 'givenName', 'Carlos Enrique'),
(202, 'es_ES', 'preferredPublicName', ''),
(203, '', 'country', 'CO'),
(203, '', 'orcid', ''),
(203, '', 'url', ''),
(203, 'es_ES', 'affiliation', ''),
(203, 'es_ES', 'biography', ''),
(203, 'es_ES', 'familyName', 'Sanabria Rodríguez'),
(203, 'es_ES', 'givenName', 'Mateo'),
(203, 'es_ES', 'preferredPublicName', ''),
(204, '', 'country', 'CO'),
(204, '', 'orcid', ''),
(204, '', 'url', ''),
(204, 'es_ES', 'affiliation', ''),
(204, 'es_ES', 'biography', ''),
(204, 'es_ES', 'familyName', 'Simanca Herrera'),
(204, 'es_ES', 'givenName', 'Fredys'),
(204, 'es_ES', 'preferredPublicName', ''),
(205, '', 'country', 'CO'),
(205, '', 'orcid', ''),
(205, '', 'url', ''),
(205, 'es_ES', 'affiliation', ''),
(205, 'es_ES', 'biography', ''),
(205, 'es_ES', 'familyName', 'Rojas Molano'),
(205, 'es_ES', 'givenName', 'Héctor Fernando'),
(205, 'es_ES', 'preferredPublicName', ''),
(206, '', 'country', ''),
(206, '', 'orcid', ''),
(206, '', 'url', ''),
(206, 'es_ES', 'affiliation', ''),
(206, 'es_ES', 'biography', ''),
(206, 'es_ES', 'familyName', 'admin'),
(206, 'es_ES', 'givenName', 'admin'),
(207, '', 'country', 'CO'),
(207, '', 'orcid', ''),
(207, '', 'url', ''),
(207, 'es_ES', 'affiliation', ''),
(207, 'es_ES', 'biography', ''),
(207, 'es_ES', 'familyName', 'Galvis Leal'),
(207, 'es_ES', 'givenName', 'Pedro'),
(207, 'es_ES', 'preferredPublicName', ''),
(208, '', 'country', 'CO'),
(208, '', 'orcid', ''),
(208, '', 'url', ''),
(208, 'es_ES', 'affiliation', ''),
(208, 'es_ES', 'biography', ''),
(208, 'es_ES', 'familyName', 'Ospina Lozano'),
(208, 'es_ES', 'givenName', 'Luis Eduardo'),
(208, 'es_ES', 'preferredPublicName', ''),
(209, '', 'country', ''),
(209, '', 'orcid', ''),
(209, '', 'url', ''),
(209, 'es_ES', 'affiliation', ''),
(209, 'es_ES', 'biography', ''),
(209, 'es_ES', 'familyName', 'admin'),
(209, 'es_ES', 'givenName', 'admin'),
(210, '', 'country', 'CO'),
(210, '', 'orcid', ''),
(210, '', 'url', ''),
(210, 'es_ES', 'affiliation', ''),
(210, 'es_ES', 'biography', ''),
(210, 'es_ES', 'familyName', 'Arce Narváez'),
(210, 'es_ES', 'givenName', 'Gloria Cristina'),
(210, 'es_ES', 'preferredPublicName', ''),
(211, '', 'country', 'CO'),
(211, '', 'orcid', ''),
(211, '', 'url', ''),
(211, 'es_ES', 'affiliation', ''),
(211, 'es_ES', 'biography', ''),
(211, 'es_ES', 'familyName', 'Restrepo Betancur'),
(211, 'es_ES', 'givenName', 'María Ruby'),
(211, 'es_ES', 'preferredPublicName', ''),
(212, '', 'country', 'CO'),
(212, '', 'orcid', ''),
(212, '', 'url', ''),
(212, 'es_ES', 'affiliation', ''),
(212, 'es_ES', 'biography', ''),
(212, 'es_ES', 'familyName', 'Guevara Chacón'),
(212, 'es_ES', 'givenName', 'Luz Mery'),
(212, 'es_ES', 'preferredPublicName', ''),
(213, '', 'country', 'CO'),
(213, '', 'orcid', ''),
(213, '', 'url', ''),
(213, 'es_ES', 'affiliation', ''),
(213, 'es_ES', 'biography', ''),
(213, 'es_ES', 'familyName', 'Carrillo Cruz'),
(213, 'es_ES', 'givenName', 'Carlos Enrique'),
(213, 'es_ES', 'preferredPublicName', ''),
(214, '', 'country', 'CO'),
(214, '', 'orcid', ''),
(214, '', 'url', ''),
(214, 'es_ES', 'affiliation', ''),
(214, 'es_ES', 'biography', ''),
(214, 'es_ES', 'familyName', 'Sanabria Rodríguez'),
(214, 'es_ES', 'givenName', 'Mateo'),
(214, 'es_ES', 'preferredPublicName', ''),
(215, '', 'country', 'CO'),
(215, '', 'orcid', ''),
(215, '', 'url', ''),
(215, 'es_ES', 'affiliation', ''),
(215, 'es_ES', 'biography', ''),
(215, 'es_ES', 'familyName', 'Simanca Herrera'),
(215, 'es_ES', 'givenName', 'Fredys'),
(215, 'es_ES', 'preferredPublicName', ''),
(216, '', 'country', 'CO'),
(216, '', 'orcid', ''),
(216, '', 'url', ''),
(216, 'es_ES', 'affiliation', ''),
(216, 'es_ES', 'biography', ''),
(216, 'es_ES', 'familyName', 'Rojas Molano'),
(216, 'es_ES', 'givenName', 'Héctor Fernando'),
(216, 'es_ES', 'preferredPublicName', ''),
(217, '', 'country', ''),
(217, '', 'orcid', ''),
(217, '', 'url', ''),
(217, 'es_ES', 'affiliation', ''),
(217, 'es_ES', 'biography', ''),
(217, 'es_ES', 'familyName', 'admin'),
(217, 'es_ES', 'givenName', 'admin'),
(218, '', 'country', 'CO'),
(218, '', 'orcid', ''),
(218, '', 'url', ''),
(218, 'es_ES', 'affiliation', ''),
(218, 'es_ES', 'biography', ''),
(218, 'es_ES', 'familyName', 'Onatra Chavarro'),
(218, 'es_ES', 'givenName', 'Clara Isabel'),
(218, 'es_ES', 'preferredPublicName', ''),
(219, '', 'country', 'CO'),
(219, '', 'orcid', ''),
(219, '', 'url', ''),
(219, 'es_ES', 'affiliation', ''),
(219, 'es_ES', 'biography', ''),
(219, 'es_ES', 'familyName', 'Palencia González'),
(219, 'es_ES', 'givenName', 'Sandra Marina'),
(219, 'es_ES', 'preferredPublicName', ''),
(220, '', 'country', ''),
(220, '', 'orcid', ''),
(220, '', 'url', ''),
(220, 'es_ES', 'affiliation', ''),
(220, 'es_ES', 'biography', ''),
(220, 'es_ES', 'familyName', 'admin'),
(220, 'es_ES', 'givenName', 'admin'),
(221, '', 'country', 'CO'),
(221, '', 'orcid', ''),
(221, '', 'url', ''),
(221, 'es_ES', 'affiliation', ''),
(221, 'es_ES', 'biography', ''),
(221, 'es_ES', 'familyName', 'Prieto Bernal'),
(221, 'es_ES', 'givenName', 'Hernán Felipe'),
(221, 'es_ES', 'preferredPublicName', ''),
(222, '', 'country', ''),
(222, '', 'orcid', ''),
(222, '', 'url', ''),
(222, 'es_ES', 'affiliation', ''),
(222, 'es_ES', 'biography', ''),
(222, 'es_ES', 'familyName', 'admin'),
(222, 'es_ES', 'givenName', 'admin'),
(223, '', 'country', 'CO'),
(223, '', 'orcid', ''),
(223, '', 'url', ''),
(223, 'es_ES', 'affiliation', ''),
(223, 'es_ES', 'biography', ''),
(223, 'es_ES', 'familyName', 'Fortich Navarro'),
(223, 'es_ES', 'givenName', 'Mónica Patricia'),
(223, 'es_ES', 'preferredPublicName', ''),
(224, '', 'country', ''),
(224, '', 'orcid', ''),
(224, '', 'url', ''),
(224, 'es_ES', 'affiliation', ''),
(224, 'es_ES', 'biography', ''),
(224, 'es_ES', 'familyName', 'admin'),
(224, 'es_ES', 'givenName', 'admin'),
(225, '', 'country', 'CO'),
(225, '', 'orcid', ''),
(225, '', 'url', ''),
(225, 'es_ES', 'affiliation', ''),
(225, 'es_ES', 'biography', ''),
(225, 'es_ES', 'familyName', 'Fortich Navarro'),
(225, 'es_ES', 'givenName', 'Mónica Patricia'),
(225, 'es_ES', 'preferredPublicName', ''),
(227, '', 'country', 'CO'),
(227, '', 'orcid', ''),
(227, '', 'url', ''),
(227, 'es_ES', 'affiliation', ''),
(227, 'es_ES', 'biography', ''),
(227, 'es_ES', 'familyName', 'Estupiñán- Achury'),
(227, 'es_ES', 'givenName', 'Liliana'),
(227, 'es_ES', 'preferredPublicName', ''),
(228, '', 'country', 'CO'),
(228, '', 'orcid', ''),
(228, '', 'url', ''),
(228, 'es_ES', 'affiliation', ''),
(228, 'es_ES', 'biography', ''),
(228, 'es_ES', 'familyName', 'Balmant Emerique'),
(228, 'es_ES', 'givenName', 'Lilia'),
(228, 'es_ES', 'preferredPublicName', '');
INSERT INTO `author_settings` (`author_id`, `locale`, `setting_name`, `setting_value`) VALUES
(229, '', 'country', 'CO'),
(229, '', 'orcid', ''),
(229, '', 'url', ''),
(229, 'es_ES', 'affiliation', ''),
(229, 'es_ES', 'biography', ''),
(229, 'es_ES', 'familyName', 'Sampaio Rossi'),
(229, 'es_ES', 'givenName', 'Amélia'),
(229, 'es_ES', 'preferredPublicName', ''),
(230, '', 'country', 'CO'),
(230, '', 'orcid', ''),
(230, '', 'url', ''),
(230, 'es_ES', 'affiliation', ''),
(230, 'es_ES', 'biography', ''),
(230, 'es_ES', 'familyName', 'Garcia Tabuchi'),
(230, 'es_ES', 'givenName', 'Mariana'),
(230, 'es_ES', 'preferredPublicName', ''),
(231, '', 'country', 'CO'),
(231, '', 'orcid', ''),
(231, '', 'url', ''),
(231, 'es_ES', 'affiliation', ''),
(231, 'es_ES', 'biography', ''),
(231, 'es_ES', 'familyName', 'Rosso-Gauta'),
(231, 'es_ES', 'givenName', 'María Camila'),
(231, 'es_ES', 'preferredPublicName', ''),
(232, '', 'country', 'CO'),
(232, '', 'orcid', ''),
(232, '', 'url', ''),
(232, 'es_ES', 'affiliation', ''),
(232, 'es_ES', 'biography', ''),
(232, 'es_ES', 'familyName', 'Wolkmer'),
(232, 'es_ES', 'givenName', 'Antonio Carlos'),
(232, 'es_ES', 'preferredPublicName', ''),
(233, '', 'country', 'CO'),
(233, '', 'orcid', ''),
(233, '', 'url', ''),
(233, 'es_ES', 'affiliation', ''),
(233, 'es_ES', 'biography', ''),
(233, 'es_ES', 'familyName', 'Pabón Mantilla'),
(233, 'es_ES', 'givenName', 'Ana Patricia'),
(233, 'es_ES', 'preferredPublicName', ''),
(234, '', 'country', 'CO'),
(234, '', 'orcid', ''),
(234, '', 'url', ''),
(234, 'es_ES', 'affiliation', ''),
(234, 'es_ES', 'biography', ''),
(234, 'es_ES', 'familyName', 'Aguirre Román'),
(234, 'es_ES', 'givenName', 'Javier Orlando'),
(234, 'es_ES', 'preferredPublicName', ''),
(235, '', 'country', 'CO'),
(235, '', 'orcid', ''),
(235, '', 'url', ''),
(235, 'es_ES', 'affiliation', ''),
(235, 'es_ES', 'biography', ''),
(235, 'es_ES', 'familyName', 'Siwan'),
(235, 'es_ES', 'givenName', 'Ixkik’ Chajal'),
(235, 'es_ES', 'preferredPublicName', ''),
(236, '', 'country', 'CO'),
(236, '', 'orcid', ''),
(236, '', 'url', ''),
(236, 'es_ES', 'affiliation', ''),
(236, 'es_ES', 'biography', ''),
(236, 'es_ES', 'familyName', 'Herrera Larios'),
(236, 'es_ES', 'givenName', 'Alicia Catalina'),
(236, 'es_ES', 'preferredPublicName', ''),
(237, '', 'country', 'CO'),
(237, '', 'orcid', ''),
(237, '', 'url', ''),
(237, 'es_ES', 'affiliation', ''),
(237, 'es_ES', 'biography', ''),
(237, 'es_ES', 'familyName', 'Gamboa Saavedra'),
(237, 'es_ES', 'givenName', 'Edith'),
(237, 'es_ES', 'preferredPublicName', ''),
(238, '', 'country', 'CO'),
(238, '', 'orcid', ''),
(238, '', 'url', ''),
(238, 'es_ES', 'affiliation', ''),
(238, 'es_ES', 'biography', ''),
(238, 'es_ES', 'familyName', 'Pernía Rea'),
(238, 'es_ES', 'givenName', 'Heraclio José'),
(238, 'es_ES', 'preferredPublicName', ''),
(239, '', 'country', 'CO'),
(239, '', 'orcid', ''),
(239, '', 'url', ''),
(239, 'es_ES', 'affiliation', ''),
(239, 'es_ES', 'biography', ''),
(239, 'es_ES', 'familyName', 'Tusseau'),
(239, 'es_ES', 'givenName', 'Guillaume'),
(239, 'es_ES', 'preferredPublicName', ''),
(240, '', 'country', 'CO'),
(240, '', 'orcid', ''),
(240, '', 'url', ''),
(240, 'es_ES', 'affiliation', ''),
(240, 'es_ES', 'biography', ''),
(240, 'es_ES', 'familyName', 'Attard Bellido'),
(240, 'es_ES', 'givenName', 'María Elena'),
(240, 'es_ES', 'preferredPublicName', ''),
(241, '', 'country', 'CO'),
(241, '', 'orcid', ''),
(241, '', 'url', ''),
(241, 'es_ES', 'affiliation', ''),
(241, 'es_ES', 'biography', ''),
(241, 'es_ES', 'familyName', 'Carnero Arroyo'),
(241, 'es_ES', 'givenName', 'Ena Rocío'),
(241, 'es_ES', 'preferredPublicName', ''),
(242, '', 'country', 'CO'),
(242, '', 'orcid', ''),
(242, '', 'url', ''),
(242, 'es_ES', 'affiliation', ''),
(242, 'es_ES', 'biography', ''),
(242, 'es_ES', 'familyName', 'Lopes Sparemberger'),
(242, 'es_ES', 'givenName', 'Raquel Fabiana'),
(242, 'es_ES', 'preferredPublicName', ''),
(243, '', 'country', 'CO'),
(243, '', 'orcid', ''),
(243, '', 'url', ''),
(243, 'es_ES', 'affiliation', ''),
(243, 'es_ES', 'biography', ''),
(243, 'es_ES', 'familyName', 'Allain Teixeira'),
(243, 'es_ES', 'givenName', 'João Paulo'),
(243, 'es_ES', 'preferredPublicName', ''),
(244, '', 'country', 'CO'),
(244, '', 'orcid', ''),
(244, '', 'url', ''),
(244, 'es_ES', 'affiliation', ''),
(244, 'es_ES', 'biography', ''),
(244, 'es_ES', 'familyName', 'Gallegos Pazmiño'),
(244, 'es_ES', 'givenName', 'César Francisco'),
(244, 'es_ES', 'preferredPublicName', ''),
(245, '', 'country', 'CO'),
(245, '', 'orcid', ''),
(245, '', 'url', ''),
(245, 'es_ES', 'affiliation', ''),
(245, 'es_ES', 'biography', ''),
(245, 'es_ES', 'familyName', 'Gnecco Quintero'),
(245, 'es_ES', 'givenName', 'Carlos Alberto'),
(245, 'es_ES', 'preferredPublicName', ''),
(246, '', 'country', 'CO'),
(246, '', 'orcid', ''),
(246, '', 'url', ''),
(246, 'es_ES', 'affiliation', ''),
(246, 'es_ES', 'biography', ''),
(246, 'es_ES', 'familyName', 'Fernandes Gonçalves'),
(246, 'es_ES', 'givenName', 'Juliana Alice'),
(246, 'es_ES', 'preferredPublicName', ''),
(247, '', 'country', ''),
(247, '', 'orcid', ''),
(247, '', 'url', ''),
(247, 'es_ES', 'affiliation', ''),
(247, 'es_ES', 'biography', ''),
(247, 'es_ES', 'familyName', 'admin'),
(247, 'es_ES', 'givenName', 'admin'),
(248, '', 'country', 'CO'),
(248, '', 'orcid', ''),
(248, '', 'url', ''),
(248, 'es_ES', 'affiliation', ''),
(248, 'es_ES', 'biography', ''),
(248, 'es_ES', 'familyName', 'Dueñas Ruiz'),
(248, 'es_ES', 'givenName', 'Oscar José'),
(248, 'es_ES', 'preferredPublicName', ''),
(249, '', 'country', ''),
(249, '', 'orcid', ''),
(249, '', 'url', ''),
(249, 'es_ES', 'affiliation', ''),
(249, 'es_ES', 'biography', ''),
(249, 'es_ES', 'familyName', 'admin'),
(249, 'es_ES', 'givenName', 'admin'),
(251, '', 'country', 'CO'),
(251, '', 'orcid', ''),
(251, '', 'url', ''),
(251, 'es_ES', 'affiliation', ''),
(251, 'es_ES', 'biography', ''),
(251, 'es_ES', 'familyName', 'Caro Espitia'),
(251, 'es_ES', 'givenName', 'Néstor Raúl'),
(251, 'es_ES', 'preferredPublicName', ''),
(252, '', 'country', 'CO'),
(252, '', 'orcid', ''),
(252, '', 'url', ''),
(252, 'es_ES', 'affiliation', ''),
(252, 'es_ES', 'biography', ''),
(252, 'es_ES', 'familyName', 'Galindo Hoyos,'),
(252, 'es_ES', 'givenName', 'Julio Roberto'),
(252, 'es_ES', 'preferredPublicName', ''),
(254, '', 'country', 'CO'),
(254, '', 'orcid', ''),
(254, '', 'url', ''),
(254, 'es_ES', 'affiliation', ''),
(254, 'es_ES', 'biography', ''),
(254, 'es_ES', 'familyName', 'Tobar Torres'),
(254, 'es_ES', 'givenName', 'Jenner Alonso'),
(254, 'es_ES', 'preferredPublicName', ''),
(255, '', 'country', 'CO'),
(255, '', 'orcid', ''),
(255, '', 'url', ''),
(255, 'es_ES', 'affiliation', ''),
(255, 'es_ES', 'biography', ''),
(255, 'es_ES', 'familyName', 'Velandia Canosa'),
(255, 'es_ES', 'givenName', 'Eduardo Andrés'),
(255, 'es_ES', 'preferredPublicName', ''),
(256, '', 'country', 'CO'),
(256, '', 'orcid', ''),
(256, '', 'url', ''),
(256, 'es_ES', 'affiliation', ''),
(256, 'es_ES', 'biography', ''),
(256, 'es_ES', 'familyName', 'Chávez'),
(256, 'es_ES', 'givenName', 'Fredy Alexnder'),
(256, 'es_ES', 'preferredPublicName', ''),
(257, '', 'country', 'CO'),
(257, '', 'orcid', ''),
(257, '', 'url', ''),
(257, 'es_ES', 'affiliation', ''),
(257, 'es_ES', 'biography', ''),
(257, 'es_ES', 'familyName', 'Ayala'),
(257, 'es_ES', 'givenName', 'Christian'),
(257, 'es_ES', 'preferredPublicName', ''),
(258, '', 'country', 'CO'),
(258, '', 'orcid', ''),
(258, '', 'url', ''),
(258, 'es_ES', 'affiliation', ''),
(258, 'es_ES', 'biography', ''),
(258, 'es_ES', 'familyName', 'Correa'),
(258, 'es_ES', 'givenName', 'Giannela'),
(258, 'es_ES', 'preferredPublicName', ''),
(259, '', 'country', 'CO'),
(259, '', 'orcid', ''),
(259, '', 'url', ''),
(259, 'es_ES', 'affiliation', ''),
(259, 'es_ES', 'biography', ''),
(259, 'es_ES', 'familyName', 'Sandoval'),
(259, 'es_ES', 'givenName', 'Margarita Rosa'),
(259, 'es_ES', 'preferredPublicName', ''),
(260, '', 'country', 'CO'),
(260, '', 'orcid', ''),
(260, '', 'url', ''),
(260, 'es_ES', 'affiliation', ''),
(260, 'es_ES', 'biography', ''),
(260, 'es_ES', 'familyName', 'Pedraza'),
(260, 'es_ES', 'givenName', 'Sergio'),
(260, 'es_ES', 'preferredPublicName', ''),
(261, '', 'country', 'CO'),
(261, '', 'orcid', ''),
(261, '', 'url', ''),
(261, 'es_ES', 'affiliation', ''),
(261, 'es_ES', 'biography', ''),
(261, 'es_ES', 'familyName', 'Rico'),
(261, 'es_ES', 'givenName', 'Deccy'),
(261, 'es_ES', 'preferredPublicName', ''),
(262, '', 'country', 'CO'),
(262, '', 'orcid', ''),
(262, '', 'url', ''),
(262, 'es_ES', 'affiliation', ''),
(262, 'es_ES', 'biography', ''),
(262, 'es_ES', 'familyName', 'Rojas'),
(262, 'es_ES', 'givenName', 'Diana'),
(262, 'es_ES', 'preferredPublicName', ''),
(263, '', 'country', 'CO'),
(263, '', 'orcid', ''),
(263, '', 'url', ''),
(263, 'es_ES', 'affiliation', ''),
(263, 'es_ES', 'biography', ''),
(263, 'es_ES', 'familyName', 'Rosso'),
(263, 'es_ES', 'givenName', 'Devid'),
(263, 'es_ES', 'preferredPublicName', ''),
(264, '', 'country', 'CO'),
(264, '', 'orcid', ''),
(264, '', 'url', ''),
(264, 'es_ES', 'affiliation', ''),
(264, 'es_ES', 'biography', ''),
(264, 'es_ES', 'familyName', 'Vivas'),
(264, 'es_ES', 'givenName', 'Angie'),
(264, 'es_ES', 'preferredPublicName', ''),
(265, '', 'country', 'CO'),
(265, '', 'orcid', ''),
(265, '', 'url', ''),
(265, 'es_ES', 'affiliation', ''),
(265, 'es_ES', 'biography', ''),
(265, 'es_ES', 'familyName', 'Sánchez'),
(265, 'es_ES', 'givenName', 'Johanna Marcela'),
(265, 'es_ES', 'preferredPublicName', ''),
(266, '', 'country', ''),
(266, '', 'orcid', ''),
(266, '', 'url', ''),
(266, 'es_ES', 'affiliation', ''),
(266, 'es_ES', 'biography', ''),
(266, 'es_ES', 'familyName', 'admin'),
(266, 'es_ES', 'givenName', 'admin'),
(267, '', 'country', 'CO'),
(267, '', 'orcid', ''),
(267, '', 'url', ''),
(267, 'es_ES', 'affiliation', ''),
(267, 'es_ES', 'biography', ''),
(267, 'es_ES', 'familyName', 'Lezaca Sánchez'),
(267, 'es_ES', 'givenName', 'Juan Antonio'),
(267, 'es_ES', 'preferredPublicName', ''),
(269, '', 'country', 'CO'),
(269, '', 'orcid', ''),
(269, '', 'url', ''),
(269, 'es_ES', 'affiliation', ''),
(269, 'es_ES', 'biography', ''),
(269, 'es_ES', 'familyName', 'Panqueba Cifuentes'),
(269, 'es_ES', 'givenName', 'Jairzinho Francisco'),
(269, 'es_ES', 'preferredPublicName', ''),
(270, '', 'country', 'CO'),
(270, '', 'orcid', ''),
(270, '', 'url', ''),
(270, 'es_ES', 'affiliation', ''),
(270, 'es_ES', 'biography', ''),
(270, 'es_ES', 'familyName', 'Carreón Blaine'),
(270, 'es_ES', 'givenName', 'Emilie Ana'),
(270, 'es_ES', 'preferredPublicName', ''),
(272, '', 'country', 'CO'),
(272, '', 'orcid', ''),
(272, '', 'url', ''),
(272, 'es_ES', 'affiliation', ''),
(272, 'es_ES', 'biography', ''),
(272, 'es_ES', 'familyName', 'Morales Zapata'),
(272, 'es_ES', 'givenName', 'Daniel Alfonso'),
(272, 'es_ES', 'preferredPublicName', ''),
(273, '', 'country', 'CO'),
(273, '', 'orcid', ''),
(273, '', 'url', ''),
(273, 'es_ES', 'affiliation', ''),
(273, 'es_ES', 'biography', ''),
(273, 'es_ES', 'familyName', 'Geovo Almanza'),
(273, 'es_ES', 'givenName', 'Eduardo'),
(273, 'es_ES', 'preferredPublicName', ''),
(274, '', 'country', 'CO'),
(274, '', 'orcid', ''),
(274, '', 'url', ''),
(274, 'es_ES', 'affiliation', ''),
(274, 'es_ES', 'biography', ''),
(274, 'es_ES', 'familyName', 'Simanca'),
(274, 'es_ES', 'givenName', 'Fredys'),
(274, 'es_ES', 'preferredPublicName', ''),
(275, '', 'country', 'CO'),
(275, '', 'orcid', ''),
(275, '', 'url', ''),
(275, 'es_ES', 'affiliation', ''),
(275, 'es_ES', 'biography', ''),
(275, 'es_ES', 'familyName', 'Blanco Garrido'),
(275, 'es_ES', 'givenName', 'Fabián'),
(275, 'es_ES', 'preferredPublicName', ''),
(276, '', 'country', 'CO'),
(276, '', 'orcid', ''),
(276, '', 'url', ''),
(276, 'es_ES', 'affiliation', ''),
(276, 'es_ES', 'biography', ''),
(276, 'es_ES', 'familyName', 'Carreño Hernández'),
(276, 'es_ES', 'givenName', 'Pablo'),
(276, 'es_ES', 'preferredPublicName', ''),
(277, '', 'country', 'CO'),
(277, '', 'orcid', ''),
(277, '', 'url', ''),
(277, 'es_ES', 'affiliation', ''),
(277, 'es_ES', 'biography', ''),
(277, 'es_ES', 'familyName', 'Torres'),
(277, 'es_ES', 'givenName', 'Jesús Ernesto'),
(277, 'es_ES', 'preferredPublicName', ''),
(278, '', 'country', 'CO'),
(278, '', 'orcid', ''),
(278, '', 'url', ''),
(278, 'es_ES', 'affiliation', ''),
(278, 'es_ES', 'biography', ''),
(278, 'es_ES', 'familyName', 'Aragón'),
(278, 'es_ES', 'givenName', 'Juan Antonio'),
(278, 'es_ES', 'preferredPublicName', ''),
(279, '', 'country', 'CO'),
(279, '', 'orcid', ''),
(279, '', 'url', ''),
(279, 'es_ES', 'affiliation', ''),
(279, 'es_ES', 'biography', ''),
(279, 'es_ES', 'familyName', 'Angarita Palma'),
(279, 'es_ES', 'givenName', 'Gember'),
(279, 'es_ES', 'preferredPublicName', ''),
(280, '', 'country', 'CO'),
(280, '', 'orcid', ''),
(280, '', 'url', ''),
(280, 'es_ES', 'affiliation', ''),
(280, 'es_ES', 'biography', ''),
(280, 'es_ES', 'familyName', 'Gual Acosta'),
(280, 'es_ES', 'givenName', 'José Manuel'),
(280, 'es_ES', 'preferredPublicName', ''),
(281, '', 'country', 'CO'),
(281, '', 'orcid', ''),
(281, '', 'url', ''),
(281, 'es_ES', 'affiliation', ''),
(281, 'es_ES', 'biography', ''),
(281, 'es_ES', 'familyName', 'Morgestein Sánchez'),
(281, 'es_ES', 'givenName', 'Wilson Iván'),
(281, 'es_ES', 'preferredPublicName', ''),
(282, '', 'country', 'CO'),
(282, '', 'orcid', ''),
(282, '', 'url', ''),
(282, 'es_ES', 'affiliation', ''),
(282, 'es_ES', 'biography', ''),
(282, 'es_ES', 'familyName', 'Taborda León'),
(282, 'es_ES', 'givenName', 'Iván Darío'),
(282, 'es_ES', 'preferredPublicName', ''),
(283, '', 'country', 'CO'),
(283, '', 'orcid', ''),
(283, '', 'url', ''),
(283, 'es_ES', 'affiliation', ''),
(283, 'es_ES', 'biography', ''),
(283, 'es_ES', 'familyName', 'Gutiérrez Valencia'),
(283, 'es_ES', 'givenName', 'Marino Andrés'),
(283, 'es_ES', 'preferredPublicName', ''),
(284, '', 'country', 'CO'),
(284, '', 'orcid', ''),
(284, '', 'url', ''),
(284, 'es_ES', 'affiliation', ''),
(284, 'es_ES', 'biography', ''),
(284, 'es_ES', 'familyName', 'Fierro Méndez'),
(284, 'es_ES', 'givenName', 'Rafael E.'),
(284, 'es_ES', 'preferredPublicName', ''),
(285, '', 'country', 'CO'),
(285, '', 'orcid', ''),
(285, '', 'url', ''),
(285, 'es_ES', 'affiliation', ''),
(285, 'es_ES', 'biography', ''),
(285, 'es_ES', 'familyName', 'Castellanos Hernández'),
(285, 'es_ES', 'givenName', 'Laura Victoria'),
(285, 'es_ES', 'preferredPublicName', ''),
(286, '', 'country', 'CO'),
(286, '', 'orcid', ''),
(286, '', 'url', ''),
(286, 'es_ES', 'affiliation', ''),
(286, 'es_ES', 'biography', ''),
(286, 'es_ES', 'familyName', 'Sarmiento Espinel'),
(286, 'es_ES', 'givenName', 'Juan Carlos'),
(286, 'es_ES', 'preferredPublicName', ''),
(287, '', 'country', 'CO'),
(287, '', 'orcid', ''),
(287, '', 'url', ''),
(287, 'es_ES', 'affiliation', ''),
(287, 'es_ES', 'biography', ''),
(287, 'es_ES', 'familyName', 'Cubillos Guzmán'),
(287, 'es_ES', 'givenName', 'Germán Alberto'),
(287, 'es_ES', 'preferredPublicName', ''),
(288, '', 'country', 'CO'),
(288, '', 'orcid', ''),
(288, '', 'url', ''),
(288, 'es_ES', 'affiliation', ''),
(288, 'es_ES', 'biography', ''),
(288, 'es_ES', 'familyName', 'Burbano Ochoa'),
(288, 'es_ES', 'givenName', 'Camilo Augusto'),
(288, 'es_ES', 'preferredPublicName', ''),
(289, '', 'country', 'CO'),
(289, '', 'orcid', ''),
(289, '', 'url', ''),
(289, 'es_ES', 'affiliation', ''),
(289, 'es_ES', 'biography', ''),
(289, 'es_ES', 'familyName', 'Agudelo'),
(289, 'es_ES', 'givenName', 'Andrés'),
(289, 'es_ES', 'preferredPublicName', ''),
(290, '', 'country', 'CO'),
(290, '', 'orcid', ''),
(290, '', 'url', ''),
(290, 'es_ES', 'affiliation', ''),
(290, 'es_ES', 'biography', ''),
(290, 'es_ES', 'familyName', 'García Pino'),
(290, 'es_ES', 'givenName', 'Yina Marcela'),
(290, 'es_ES', 'preferredPublicName', ''),
(291, '', 'country', 'CO'),
(291, '', 'orcid', ''),
(291, '', 'url', ''),
(291, 'es_ES', 'affiliation', ''),
(291, 'es_ES', 'biography', ''),
(291, 'es_ES', 'familyName', 'Garzón Monzón'),
(291, 'es_ES', 'givenName', 'Germán Alfredo'),
(291, 'es_ES', 'preferredPublicName', ''),
(293, '', 'country', 'CO'),
(293, '', 'orcid', ''),
(293, '', 'url', ''),
(293, 'es_ES', 'affiliation', 'Universidad libre'),
(293, 'es_ES', 'biography', ''),
(293, 'es_ES', 'familyName', 'Escalante Escalante'),
(293, 'es_ES', 'givenName', 'Regina'),
(293, 'es_ES', 'preferredPublicName', ''),
(294, '', 'country', 'CO'),
(294, '', 'orcid', ''),
(294, '', 'url', ''),
(294, 'es_ES', 'affiliation', 'Universidad libre'),
(294, 'es_ES', 'biography', ''),
(294, 'es_ES', 'familyName', 'López Valek'),
(294, 'es_ES', 'givenName', 'Fanny Margarita'),
(294, 'es_ES', 'preferredPublicName', ''),
(296, '', 'country', 'CO'),
(296, '', 'orcid', ''),
(296, '', 'url', ''),
(296, 'es_ES', 'affiliation', 'Universidad libre'),
(296, 'es_ES', 'biography', ''),
(296, 'es_ES', 'familyName', 'Pacheco Giraldo'),
(296, 'es_ES', 'givenName', 'Juan Carlos'),
(296, 'es_ES', 'preferredPublicName', ''),
(298, '', 'country', 'CO'),
(298, '', 'orcid', ''),
(298, '', 'url', ''),
(298, 'es_ES', 'affiliation', 'Universidad libre'),
(298, 'es_ES', 'biography', ''),
(298, 'es_ES', 'familyName', 'Barrera Rodríguez'),
(298, 'es_ES', 'givenName', 'Ana María'),
(298, 'es_ES', 'preferredPublicName', ''),
(299, '', 'country', 'CO'),
(299, '', 'orcid', ''),
(299, '', 'url', ''),
(299, 'es_ES', 'affiliation', 'Universidad libre'),
(299, 'es_ES', 'biography', ''),
(299, 'es_ES', 'familyName', 'Echeverri Gutiérrez'),
(299, 'es_ES', 'givenName', 'Paola Andrea'),
(299, 'es_ES', 'preferredPublicName', ''),
(300, '', 'country', 'CO'),
(300, '', 'orcid', ''),
(300, '', 'url', ''),
(300, 'es_ES', 'affiliation', 'Universidad libre'),
(300, 'es_ES', 'biography', ''),
(300, 'es_ES', 'familyName', 'Perea Mosquera'),
(300, 'es_ES', 'givenName', 'Lindy Neth'),
(300, 'es_ES', 'preferredPublicName', ''),
(301, '', 'country', 'CO'),
(301, '', 'orcid', ''),
(301, '', 'url', ''),
(301, 'es_ES', 'affiliation', 'Universidad libre'),
(301, 'es_ES', 'biography', ''),
(301, 'es_ES', 'familyName', 'Redondo Ramírez'),
(301, 'es_ES', 'givenName', 'Marlen Isabel'),
(301, 'es_ES', 'preferredPublicName', ''),
(302, '', 'country', 'CO'),
(302, '', 'orcid', ''),
(302, '', 'url', ''),
(302, 'es_ES', 'affiliation', 'Universidad libre'),
(302, 'es_ES', 'biography', ''),
(302, 'es_ES', 'familyName', 'Álvarez Aldana'),
(302, 'es_ES', 'givenName', 'Adalucy'),
(302, 'es_ES', 'preferredPublicName', ''),
(303, '', 'country', 'CO'),
(303, '', 'orcid', ''),
(303, '', 'url', ''),
(303, 'es_ES', 'affiliation', 'Universidad libre'),
(303, 'es_ES', 'biography', ''),
(303, 'es_ES', 'familyName', 'Gaviria Arias'),
(303, 'es_ES', 'givenName', 'Duverney'),
(303, 'es_ES', 'preferredPublicName', ''),
(304, '', 'country', 'CO'),
(304, '', 'orcid', ''),
(304, '', 'url', ''),
(304, 'es_ES', 'affiliation', 'Universidad libre'),
(304, 'es_ES', 'biography', ''),
(304, 'es_ES', 'familyName', 'Cañaveral Sanches'),
(304, 'es_ES', 'givenName', 'lsabella'),
(304, 'es_ES', 'preferredPublicName', ''),
(305, '', 'country', 'CO'),
(305, '', 'orcid', ''),
(305, '', 'url', ''),
(305, 'es_ES', 'affiliation', 'Universidad libre'),
(305, 'es_ES', 'biography', ''),
(305, 'es_ES', 'familyName', 'Chalarca Vélez'),
(305, 'es_ES', 'givenName', 'Julia Rosa'),
(305, 'es_ES', 'preferredPublicName', ''),
(306, '', 'country', 'CO'),
(306, '', 'orcid', ''),
(306, '', 'url', ''),
(306, 'es_ES', 'affiliation', 'Universidad libre'),
(306, 'es_ES', 'biography', ''),
(306, 'es_ES', 'familyName', 'Peñuela Meneses'),
(306, 'es_ES', 'givenName', 'Cesar Augusto'),
(306, 'es_ES', 'preferredPublicName', ''),
(307, '', 'country', 'CO'),
(307, '', 'orcid', ''),
(307, '', 'url', ''),
(307, 'es_ES', 'affiliation', 'Universidad libre'),
(307, 'es_ES', 'biography', ''),
(307, 'es_ES', 'familyName', 'Aristizábal Torres'),
(307, 'es_ES', 'givenName', 'Daniel'),
(307, 'es_ES', 'preferredPublicName', ''),
(308, '', 'country', 'CO'),
(308, '', 'orcid', ''),
(308, '', 'url', ''),
(308, 'es_ES', 'affiliation', 'Universidad libre'),
(308, 'es_ES', 'biography', ''),
(308, 'es_ES', 'familyName', 'Alzate Buitrago'),
(308, 'es_ES', 'givenName', 'Alejandro'),
(308, 'es_ES', 'preferredPublicName', ''),
(309, '', 'country', 'CO'),
(309, '', 'orcid', ''),
(309, '', 'url', ''),
(309, 'es_ES', 'affiliation', 'Universidad libre'),
(309, 'es_ES', 'biography', ''),
(309, 'es_ES', 'familyName', 'Gaviria Valencia'),
(309, 'es_ES', 'givenName', 'Raúl'),
(309, 'es_ES', 'preferredPublicName', ''),
(310, '', 'country', 'CO'),
(310, '', 'orcid', ''),
(310, '', 'url', ''),
(310, 'es_ES', 'affiliation', 'Universidad libre'),
(310, 'es_ES', 'biography', ''),
(310, 'es_ES', 'familyName', 'Bueno López'),
(310, 'es_ES', 'givenName', 'Liliana'),
(310, 'es_ES', 'preferredPublicName', ''),
(312, '', 'country', 'CO'),
(312, '', 'orcid', ''),
(312, '', 'url', ''),
(312, 'es_ES', 'affiliation', 'Universidad libre'),
(312, 'es_ES', 'biography', ''),
(312, 'es_ES', 'familyName', 'Franco Gaviria'),
(312, 'es_ES', 'givenName', 'Luis Horacio'),
(312, 'es_ES', 'preferredPublicName', ''),
(313, '', 'country', 'CO'),
(313, '', 'orcid', ''),
(313, '', 'url', ''),
(313, 'es_ES', 'affiliation', 'Universidad libre'),
(313, 'es_ES', 'biography', ''),
(313, 'es_ES', 'familyName', 'Carrasco Zambrano'),
(313, 'es_ES', 'givenName', 'Sonia'),
(313, 'es_ES', 'preferredPublicName', ''),
(315, '', 'country', 'CO'),
(315, '', 'orcid', ''),
(315, '', 'url', ''),
(315, 'es_ES', 'affiliation', 'Universidad libre'),
(315, 'es_ES', 'biography', ''),
(315, 'es_ES', 'familyName', 'Sánchez Jiménez'),
(315, 'es_ES', 'givenName', 'Wilson'),
(315, 'es_ES', 'preferredPublicName', ''),
(316, '', 'country', 'CO'),
(316, '', 'orcid', ''),
(316, '', 'url', ''),
(316, 'es_ES', 'affiliation', 'Universidad libre'),
(316, 'es_ES', 'biography', ''),
(316, 'es_ES', 'familyName', 'Victoria Russi'),
(316, 'es_ES', 'givenName', 'Ángelo Mauricio'),
(316, 'es_ES', 'preferredPublicName', ''),
(317, '', 'country', 'CO'),
(317, '', 'orcid', ''),
(317, '', 'url', ''),
(317, 'es_ES', 'affiliation', 'Universidad libre'),
(317, 'es_ES', 'biography', ''),
(317, 'es_ES', 'familyName', 'Passos Blanco'),
(317, 'es_ES', 'givenName', 'Milena'),
(317, 'es_ES', 'preferredPublicName', ''),
(318, '', 'country', 'CO'),
(318, '', 'orcid', ''),
(318, '', 'url', ''),
(318, 'es_ES', 'affiliation', 'Universidad libre'),
(318, 'es_ES', 'biography', ''),
(318, 'es_ES', 'familyName', 'Rivas Guzmán'),
(318, 'es_ES', 'givenName', 'Alvaro'),
(318, 'es_ES', 'preferredPublicName', ''),
(319, '', 'country', 'CO'),
(319, '', 'orcid', ''),
(319, '', 'url', ''),
(319, 'es_ES', 'affiliation', 'Universidad libre'),
(319, 'es_ES', 'biography', ''),
(319, 'es_ES', 'familyName', 'Giraldo Alzate'),
(319, 'es_ES', 'givenName', 'Orfa Margarita'),
(319, 'es_ES', 'preferredPublicName', ''),
(320, '', 'country', 'CO'),
(320, '', 'orcid', ''),
(320, '', 'url', ''),
(320, 'es_ES', 'affiliation', 'Universidad libre'),
(320, 'es_ES', 'biography', ''),
(320, 'es_ES', 'familyName', 'Giraldo Diaz'),
(320, 'es_ES', 'givenName', 'Reinaldo'),
(320, 'es_ES', 'preferredPublicName', ''),
(321, '', 'country', 'CO'),
(321, '', 'orcid', ''),
(321, '', 'url', ''),
(321, 'es_ES', 'affiliation', 'Universidad libre'),
(321, 'es_ES', 'biography', ''),
(321, 'es_ES', 'familyName', 'Ramírez Galvis'),
(321, 'es_ES', 'givenName', 'Maria Alejandra'),
(321, 'es_ES', 'preferredPublicName', ''),
(323, '', 'country', 'CO'),
(323, '', 'orcid', ''),
(323, '', 'url', ''),
(323, 'es_ES', 'affiliation', 'Universidad libre'),
(323, 'es_ES', 'biography', ''),
(323, 'es_ES', 'familyName', 'Fajardo Sánchez'),
(323, 'es_ES', 'givenName', 'Luis Alfonso'),
(323, 'es_ES', 'preferredPublicName', ''),
(324, '', 'country', 'CO'),
(324, '', 'orcid', ''),
(324, '', 'url', ''),
(324, 'es_ES', 'affiliation', ''),
(324, 'es_ES', 'biography', ''),
(324, 'es_ES', 'familyName', 'Rodriguez'),
(324, 'es_ES', 'givenName', 'Norman'),
(325, '', 'country', 'CO'),
(325, '', 'orcid', ''),
(325, '', 'url', ''),
(325, 'es_ES', 'affiliation', ''),
(325, 'es_ES', 'biography', ''),
(325, 'es_ES', 'familyName', 'Rodriguez'),
(325, 'es_ES', 'givenName', 'Norman'),
(326, '', 'country', 'CO'),
(326, '', 'orcid', ''),
(326, '', 'url', ''),
(326, 'es_ES', 'affiliation', ''),
(326, 'es_ES', 'biography', ''),
(326, 'es_ES', 'familyName', 'Rodriguez'),
(326, 'es_ES', 'givenName', 'Norman'),
(328, '', 'country', 'CO'),
(328, '', 'orcid', ''),
(328, '', 'url', ''),
(328, 'es_ES', 'affiliation', ''),
(328, 'es_ES', 'biography', ''),
(328, 'es_ES', 'familyName', 'Arévalo Robles'),
(328, 'es_ES', 'givenName', 'Luz Ángela'),
(328, 'es_ES', 'preferredPublicName', 'Luz Ángela Arévalo Robles'),
(330, '', 'country', 'CD'),
(330, '', 'orcid', ''),
(330, '', 'url', ''),
(330, 'es_ES', 'affiliation', ''),
(330, 'es_ES', 'biography', ''),
(330, 'es_ES', 'familyName', 'Arévalo Robles'),
(330, 'es_ES', 'givenName', 'Luz Ángela'),
(330, 'es_ES', 'preferredPublicName', 'Luz Ángela Arévalo Robles');

-- --------------------------------------------------------

--
-- Estructura de tabla para la tabla `auth_sources`
--

CREATE TABLE `auth_sources` (
  `auth_id` bigint(20) NOT NULL,
  `title` varchar(60) NOT NULL,
  `plugin` varchar(32) NOT NULL,
  `auth_default` smallint(6) NOT NULL DEFAULT '0',
  `settings` text
) ENGINE=InnoDB DEFAULT CHARSET=utf8;

-- --------------------------------------------------------

--
-- Estructura de tabla para la tabla `categories`
--

CREATE TABLE `categories` (
  `category_id` bigint(20) NOT NULL,
  `context_id` bigint(20) NOT NULL,
  `parent_id` bigint(20) NOT NULL,
  `seq` bigint(20) DEFAULT NULL,
  `path` varchar(255) NOT NULL,
  `image` text
) ENGINE=InnoDB DEFAULT CHARSET=utf8;

--
-- Volcado de datos para la tabla `categories`
--

INSERT INTO `categories` (`category_id`, `context_id`, `parent_id`, `seq`, `path`, `image`) VALUES
(3, 1, 0, 1, 'economia', 'a:0:{}'),
(4, 1, 0, 2, 'ingenieria', 'a:0:{}'),
(5, 1, 0, 3, 'salud', 'a:0:{}'),
(6, 1, 0, 4, 'sociales', 'a:0:{}'),
(7, 1, 0, 10000, 'derecho', 'a:0:{}'),
(8, 1, 0, 6, 'filosofia', 'a:0:{}'),
(9, 1, 0, 7, 'educacion', 'a:0:{}');

-- --------------------------------------------------------

--
-- Estructura de tabla para la tabla `category_settings`
--

CREATE TABLE `category_settings` (
  `category_id` bigint(20) NOT NULL,
  `locale` varchar(14) NOT NULL DEFAULT '',
  `setting_name` varchar(255) NOT NULL,
  `setting_value` text,
  `setting_type` varchar(6) NOT NULL COMMENT '(bool|int|float|string|object)'
) ENGINE=InnoDB DEFAULT CHARSET=utf8;

--
-- Volcado de datos para la tabla `category_settings`
--

INSERT INTO `category_settings` (`category_id`, `locale`, `setting_name`, `setting_value`, `setting_type`) VALUES
(3, '', 'sortOption', 'title-1', 'string'),
(3, 'es_ES', 'description', '', 'string'),
(3, 'es_ES', 'title', 'Economía, Administración, Contaduría y Afines', 'string'),
(4, '', 'sortOption', 'title-1', 'string'),
(4, 'es_ES', 'description', '', 'string'),
(4, 'es_ES', 'title', 'Ingeniería, Arquitectura, Urbanismo y Afines', 'string'),
(5, '', 'sortOption', 'title-1', 'string'),
(5, 'es_ES', 'description', '', 'string'),
(5, 'es_ES', 'title', 'Ciencias de Salud', 'string'),
(6, '', 'sortOption', 'title-1', 'string'),
(6, 'es_ES', 'description', '', 'string'),
(6, 'es_ES', 'title', 'Ciencias Sociales y Humanas', 'string'),
(7, '', 'sortOption', 'title-1', 'string'),
(7, 'es_ES', 'description', '', 'string'),
(7, 'es_ES', 'title', 'Derecho', 'string'),
(8, '', 'sortOption', 'title-1', 'string'),
(8, 'es_ES', 'description', '', 'string'),
(8, 'es_ES', 'title', 'Filosofía', 'string'),
(9, '', 'sortOption', 'title-1', 'string'),
(9, 'es_ES', 'description', '', 'string'),
(9, 'es_ES', 'title', 'Ciencias de la Educación', 'string');

-- --------------------------------------------------------

--
-- Estructura de tabla para la tabla `citations`
--

CREATE TABLE `citations` (
  `citation_id` bigint(20) NOT NULL,
  `publication_id` bigint(20) NOT NULL DEFAULT '0',
  `raw_citation` text NOT NULL,
  `seq` bigint(20) NOT NULL DEFAULT '0'
) ENGINE=InnoDB DEFAULT CHARSET=utf8;

--
-- Volcado de datos para la tabla `citations`
--

INSERT INTO `citations` (`citation_id`, `publication_id`, `raw_citation`, `seq`) VALUES
(1, 68, 'Acosta, A., & Torres, A. (2018). Percepción de la identidad en las dimensiones', 1),
(2, 68, 'emocional, profesional y de género en las maestras en formación', 2),
(3, 68, 'para la Primera Infancia. Un análisis desde la perspectiva decolonial', 3),
(4, 68, '(Aymara). Tesis de LIcenciatura, Universidad Libre, Bogotá. Obtenido', 4),
(5, 68, 'de https://repository.unilibre.edu.co/bitstream/handle/10901/15751/', 5),
(6, 68, 'Proyecto%20Tesis%20Amanda%20Acosta%20y%20Angie%20Torres.', 6),
(7, 68, 'pdf?sequence=1&isAllowed=y', 7),
(8, 68, 'Barrett, L. (2018). La vida secreta del cerebro. Barcelona: Paidós.', 8),
(9, 68, 'Botstein, L. (1998). What Role for the Arts? En A. William, & J. Miller (Edits.),', 9),
(10, 68, 'A Light in Dark Times: Maxine Greene and the Unfinished Conversation', 10),
(11, 68, '(págs. 62-70). New York: Teacher College Press (Columbia University).', 11),
(12, 68, 'Brun, G., & Kuenzle, D. (2001). Introduction: A New Role for Emotions in', 12),
(13, 68, 'Epistemology? En G. Brun, U. Doguoglu, & D. Kuenzle (Edits.), Epistemology', 13),
(14, 68, 'and Emotions (págs. 1-32). England: Ashgate Publishing Limited.', 14),
(15, 68, 'Carretié, L. (2016). Anatomía de la mente. Emoción, cognición y cerebro', 15),
(16, 68, '(Segunda ed.). Madrid: Ediciones Pirámide.', 16),
(17, 68, 'Foucault, M. (1994). Hermenéutica del sujeto. Madrid: Ediciones de la', 17),
(18, 68, 'Piqueta.', 18),
(19, 68, 'Fuster, J. (2013). The Neuroscience of Freedom and Creativity. Our', 19),
(20, 68, 'Predictive Brain. Cambridge: Cambridge University Press.', 20),
(21, 68, 'Gross, J. (2014). Emotion Regulation: Conceptual and Empirical', 21),
(22, 68, 'Foundations. En J. Gross (Ed.), Handbook of Emotion Regulation (Segunda', 22),
(23, 68, 'ed., págs. 3-20). New York: The Guilford Press.', 23),
(24, 68, 'Gutiérrez Sanmartín, M., Escartí Carbonell, A., & Pascual Baños, C. (2011).', 24),
(25, 68, 'Relaciones entre empatía, conducta prosocial, agresividad, autoeficacia', 25),
(26, 68, 'y responsabilidad personal y social de los escolares. Psicothema, 23(1),', 26),
(27, 68, '-19. Recuperado el 14 de Julio de 2019, de https://www.redalyc.org/', 27),
(28, 68, 'pdf/727/72717207003.pdf.', 28),
(29, 68, 'Instituto Nacional de Medicina Legal y Ciencias Forenses. (2019).', 29),
(30, 68, 'Forensis 2018. Bogotá: Instituto Nacional de Medicina Legal y', 30),
(31, 68, 'Ciencias Forenses. Obtenido de http://www.medicinalegal.gov.co/', 31),
(32, 68, 'documents/20143/386932/Forensis+2018.pdf/be4816a4-3da3-1ff0-', 32),
(33, 68, '-e7b5e3962d60', 33),
(34, 68, 'Jules, J. (24 de Mayo de 2019). El 95 % de casos de violencia sexual', 34),
(35, 68, 'podrían quedar en la impunidad. Recuperado el 22 de Junio de 2019, de', 35),
(36, 68, 'RCN Radio: https://www.rcnradio.com/recomendado-del-editor/el-95-', 36),
(37, 68, 'de-casos-de-violencia-sexual-podrian-quedar-en-la-impunidad', 37),
(38, 68, 'Lindquist, K., Wager, T., Kober, H., Bliss-Moreau, E., & Barret, L. (2012).', 38),
(39, 68, 'The brain basis of emotion: A meta-analytic review. BEHAVIORAL AND', 39),
(40, 68, 'BRAIN SCIENCES(35), 121-202. Recuperado el 15 de Marzo de 2019', 40),
(41, 68, 'Mesquita, B., De Leersnyder, J., & Dustin, A. (2014). The Cultural Regulation', 41),
(42, 68, 'of Emotions. En J. Gross (Ed.), Handbook of Emotion Regulation (págs.', 42),
(43, 68, '-301). New York: The Gilford Press.', 43),
(44, 68, 'Mignolo, W. (2015). Habitar la frontera: sentir y pensar la descolonialidad', 44),
(45, 68, '(Antología, 1999-2014). Barcelona: Barcelona Centre for International', 45),
(46, 68, 'Affairs (CIDOB) y Universidad Autónoma de Ciudad Juárez (UACJ).', 46),
(47, 68, 'Morris, C. L. (2018). Analysis of Teacher Job Satisfaction in West Tennessee', 47),
(48, 68, 'Public Schools. Doctoral Dissertation. Tennessee: Union University.', 48),
(49, 68, 'Obtenido de https://search.proquest.com/openview/9ded8a046f60300e', 49),
(50, 68, 'd8f05c62a0e/1?pq-origsite=gscholar&cbl=18750&diss=y', 50),
(51, 68, 'Muñoz, A. M., & Chaves, L. (Julio-Diciembre de 2013). La empatía: ¿un', 51),
(52, 68, 'concepto unívoco? Katharsis, 123-143.', 52),
(53, 68, 'Nobre, A., & Coull, J. (2010). Space and Time. Oxford: Oxford University', 53),
(54, 68, 'Press. doi:10.1093/acprof:oso/9780199563456.001.0001', 54),
(55, 68, 'Nossa, L., Pulido, J. M., & Acosta, N. P. (Enero-Junio de 2018). La práctica', 55),
(56, 68, 'pedagógica en la Licenciatura en Pedagogía Infantil de la Universidad', 56),
(57, 68, 'Libre: una mirada desde la sistematización de experiencias. Hojas y Hablas', 57),
(58, 68, '(15), 116-131. doi:10.29151/hojasyhablasn.15a7', 58),
(59, 68, 'Orjuela, L., & Rodríguez, V. (2012). Violencia sexual contra los niños y', 59),
(60, 68, 'las niñas. Abuso y explotación sexual infantil. Guía de material básico', 60),
(61, 68, 'para la formación de profesionales. España: Save the Children España.', 61),
(62, 68, 'Obtenido de https://www.savethechildren.es/sites/default/files/imce/', 62),
(63, 68, 'docs/violencia_sexual_contra_losninosylasninas.pdf', 63),
(64, 68, 'Oxley, J. (2011). The Moral Dimensions of Empathy. Limits and Applications', 64),
(65, 68, 'in Ethical Theory and Practice. London: Palgrave MacMillan.', 65),
(66, 68, 'Pacheco, J. C. (2013). Control social de las emociones en el preescolar.', 66),
(67, 68, 'Interacción, 12, 45-72. Recuperado el 15 de Octubre de 2018, de http://', 67),
(68, 68, 'www.unilibre.edu.co/revista interaccion/volumen12/art3.pdf', 68),
(69, 68, 'Pacheco, J. C. (2019a). Formación emocional de docentes para la primera', 69),
(70, 68, 'infancia en la universidad. Bogotá: Universidad Libre.', 70),
(71, 68, 'Pacheco, J. C. (2019b). Epistemología, Emociones y Educación. Bogotá:', 71),
(72, 68, 'Asociación de Profesores de la Universidad Libre ASPROUL.', 72),
(73, 68, 'Pacheco, J. C., & Ángel, S. (2010). Disposiciones normativas para la', 73),
(74, 68, 'formación emocional en la educación preescolar. Papeles, 2(4), 37-54.', 74),
(75, 68, 'Recuperado el 21 de Julio de 2108, de http://csifesvr.uan.edu.co/index.', 75),
(76, 68, 'php/papeles/article/view/69/50', 76),
(77, 68, 'Yo Soy Mujer. (8 de Marzo de 2018). Sanar las heridas por abuso sexual.', 77),
(78, 68, 'Recuperado el 22 de Junio de 2019, de https://yosoymujer.es/sanar-lasheridas-', 78),
(79, 68, 'abuso-sexual/', 79);

-- --------------------------------------------------------

--
-- Estructura de tabla para la tabla `citation_settings`
--

CREATE TABLE `citation_settings` (
  `citation_id` bigint(20) NOT NULL,
  `locale` varchar(14) NOT NULL DEFAULT '',
  `setting_name` varchar(255) NOT NULL,
  `setting_value` text,
  `setting_type` varchar(6) NOT NULL
) ENGINE=InnoDB DEFAULT CHARSET=utf8;

-- --------------------------------------------------------

--
-- Estructura de tabla para la tabla `completed_payments`
--

CREATE TABLE `completed_payments` (
  `completed_payment_id` bigint(20) NOT NULL,
  `timestamp` datetime NOT NULL,
  `payment_type` bigint(20) NOT NULL,
  `context_id` bigint(20) NOT NULL,
  `user_id` bigint(20) DEFAULT NULL,
  `assoc_id` varchar(16) DEFAULT NULL,
  `amount` double(8,2) NOT NULL,
  `currency_code_alpha` varchar(3) DEFAULT NULL,
  `payment_method_plugin_name` varchar(80) DEFAULT NULL
) ENGINE=InnoDB DEFAULT CHARSET=utf8;

-- --------------------------------------------------------

--
-- Estructura de tabla para la tabla `controlled_vocabs`
--

CREATE TABLE `controlled_vocabs` (
  `controlled_vocab_id` bigint(20) NOT NULL,
  `symbolic` varchar(64) NOT NULL,
  `assoc_type` bigint(20) NOT NULL DEFAULT '0',
  `assoc_id` bigint(20) NOT NULL DEFAULT '0'
) ENGINE=InnoDB DEFAULT CHARSET=utf8;

--
-- Volcado de datos para la tabla `controlled_vocabs`
--

INSERT INTO `controlled_vocabs` (`controlled_vocab_id`, `symbolic`, `assoc_type`, `assoc_id`) VALUES
(1, 'interest', 0, 0),
(6, 'submissionAgency', 1048588, 1),
(11, 'submissionAgency', 1048588, 2),
(16, 'submissionAgency', 1048588, 3),
(21, 'submissionAgency', 1048588, 4),
(26, 'submissionAgency', 1048588, 5),
(31, 'submissionAgency', 1048588, 6),
(36, 'submissionAgency', 1048588, 7),
(41, 'submissionAgency', 1048588, 8),
(46, 'submissionAgency', 1048588, 9),
(51, 'submissionAgency', 1048588, 10),
(56, 'submissionAgency', 1048588, 11),
(61, 'submissionAgency', 1048588, 12),
(66, 'submissionAgency', 1048588, 13),
(71, 'submissionAgency', 1048588, 14),
(76, 'submissionAgency', 1048588, 15),
(81, 'submissionAgency', 1048588, 16),
(86, 'submissionAgency', 1048588, 17),
(91, 'submissionAgency', 1048588, 18),
(96, 'submissionAgency', 1048588, 19),
(101, 'submissionAgency', 1048588, 20),
(106, 'submissionAgency', 1048588, 21),
(111, 'submissionAgency', 1048588, 22),
(116, 'submissionAgency', 1048588, 23),
(121, 'submissionAgency', 1048588, 24),
(126, 'submissionAgency', 1048588, 25),
(131, 'submissionAgency', 1048588, 26),
(136, 'submissionAgency', 1048588, 27),
(141, 'submissionAgency', 1048588, 28),
(146, 'submissionAgency', 1048588, 29),
(151, 'submissionAgency', 1048588, 30),
(156, 'submissionAgency', 1048588, 31),
(161, 'submissionAgency', 1048588, 32),
(166, 'submissionAgency', 1048588, 33),
(171, 'submissionAgency', 1048588, 34),
(176, 'submissionAgency', 1048588, 35),
(181, 'submissionAgency', 1048588, 36),
(186, 'submissionAgency', 1048588, 37),
(191, 'submissionAgency', 1048588, 38),
(196, 'submissionAgency', 1048588, 39),
(201, 'submissionAgency', 1048588, 40),
(206, 'submissionAgency', 1048588, 41),
(211, 'submissionAgency', 1048588, 42),
(216, 'submissionAgency', 1048588, 43),
(221, 'submissionAgency', 1048588, 44),
(226, 'submissionAgency', 1048588, 45),
(231, 'submissionAgency', 1048588, 46),
(236, 'submissionAgency', 1048588, 47),
(241, 'submissionAgency', 1048588, 48),
(246, 'submissionAgency', 1048588, 49),
(251, 'submissionAgency', 1048588, 50),
(256, 'submissionAgency', 1048588, 51),
(261, 'submissionAgency', 1048588, 52),
(266, 'submissionAgency', 1048588, 53),
(271, 'submissionAgency', 1048588, 54),
(276, 'submissionAgency', 1048588, 55),
(281, 'submissionAgency', 1048588, 56),
(286, 'submissionAgency', 1048588, 57),
(291, 'submissionAgency', 1048588, 58),
(296, 'submissionAgency', 1048588, 59),
(301, 'submissionAgency', 1048588, 60),
(306, 'submissionAgency', 1048588, 61),
(311, 'submissionAgency', 1048588, 62),
(316, 'submissionAgency', 1048588, 63),
(321, 'submissionAgency', 1048588, 64),
(326, 'submissionAgency', 1048588, 65),
(331, 'submissionAgency', 1048588, 66),
(336, 'submissionAgency', 1048588, 67),
(341, 'submissionAgency', 1048588, 68),
(346, 'submissionAgency', 1048588, 69),
(351, 'submissionAgency', 1048588, 70),
(356, 'submissionAgency', 1048588, 71),
(361, 'submissionAgency', 1048588, 72),
(366, 'submissionAgency', 1048588, 73),
(371, 'submissionAgency', 1048588, 74),
(376, 'submissionAgency', 1048588, 75),
(381, 'submissionAgency', 1048588, 76),
(386, 'submissionAgency', 1048588, 77),
(4, 'submissionDiscipline', 1048588, 1),
(9, 'submissionDiscipline', 1048588, 2),
(14, 'submissionDiscipline', 1048588, 3),
(19, 'submissionDiscipline', 1048588, 4),
(24, 'submissionDiscipline', 1048588, 5),
(29, 'submissionDiscipline', 1048588, 6),
(34, 'submissionDiscipline', 1048588, 7),
(39, 'submissionDiscipline', 1048588, 8),
(44, 'submissionDiscipline', 1048588, 9),
(49, 'submissionDiscipline', 1048588, 10),
(54, 'submissionDiscipline', 1048588, 11),
(59, 'submissionDiscipline', 1048588, 12),
(64, 'submissionDiscipline', 1048588, 13),
(69, 'submissionDiscipline', 1048588, 14),
(74, 'submissionDiscipline', 1048588, 15),
(79, 'submissionDiscipline', 1048588, 16),
(84, 'submissionDiscipline', 1048588, 17),
(89, 'submissionDiscipline', 1048588, 18),
(94, 'submissionDiscipline', 1048588, 19),
(99, 'submissionDiscipline', 1048588, 20),
(104, 'submissionDiscipline', 1048588, 21),
(109, 'submissionDiscipline', 1048588, 22),
(114, 'submissionDiscipline', 1048588, 23),
(119, 'submissionDiscipline', 1048588, 24),
(124, 'submissionDiscipline', 1048588, 25),
(129, 'submissionDiscipline', 1048588, 26),
(134, 'submissionDiscipline', 1048588, 27),
(139, 'submissionDiscipline', 1048588, 28),
(144, 'submissionDiscipline', 1048588, 29),
(149, 'submissionDiscipline', 1048588, 30),
(154, 'submissionDiscipline', 1048588, 31),
(159, 'submissionDiscipline', 1048588, 32),
(164, 'submissionDiscipline', 1048588, 33),
(169, 'submissionDiscipline', 1048588, 34),
(174, 'submissionDiscipline', 1048588, 35),
(179, 'submissionDiscipline', 1048588, 36),
(184, 'submissionDiscipline', 1048588, 37),
(189, 'submissionDiscipline', 1048588, 38),
(194, 'submissionDiscipline', 1048588, 39),
(199, 'submissionDiscipline', 1048588, 40),
(204, 'submissionDiscipline', 1048588, 41),
(209, 'submissionDiscipline', 1048588, 42),
(214, 'submissionDiscipline', 1048588, 43),
(219, 'submissionDiscipline', 1048588, 44),
(224, 'submissionDiscipline', 1048588, 45),
(229, 'submissionDiscipline', 1048588, 46),
(234, 'submissionDiscipline', 1048588, 47),
(239, 'submissionDiscipline', 1048588, 48),
(244, 'submissionDiscipline', 1048588, 49),
(249, 'submissionDiscipline', 1048588, 50),
(254, 'submissionDiscipline', 1048588, 51),
(259, 'submissionDiscipline', 1048588, 52),
(264, 'submissionDiscipline', 1048588, 53),
(269, 'submissionDiscipline', 1048588, 54),
(274, 'submissionDiscipline', 1048588, 55),
(279, 'submissionDiscipline', 1048588, 56),
(284, 'submissionDiscipline', 1048588, 57),
(289, 'submissionDiscipline', 1048588, 58),
(294, 'submissionDiscipline', 1048588, 59),
(299, 'submissionDiscipline', 1048588, 60),
(304, 'submissionDiscipline', 1048588, 61),
(309, 'submissionDiscipline', 1048588, 62),
(314, 'submissionDiscipline', 1048588, 63),
(319, 'submissionDiscipline', 1048588, 64),
(324, 'submissionDiscipline', 1048588, 65),
(329, 'submissionDiscipline', 1048588, 66),
(334, 'submissionDiscipline', 1048588, 67),
(339, 'submissionDiscipline', 1048588, 68),
(344, 'submissionDiscipline', 1048588, 69),
(349, 'submissionDiscipline', 1048588, 70),
(354, 'submissionDiscipline', 1048588, 71),
(359, 'submissionDiscipline', 1048588, 72),
(364, 'submissionDiscipline', 1048588, 73),
(369, 'submissionDiscipline', 1048588, 74),
(374, 'submissionDiscipline', 1048588, 75),
(379, 'submissionDiscipline', 1048588, 76),
(384, 'submissionDiscipline', 1048588, 77),
(2, 'submissionKeyword', 1048588, 1),
(7, 'submissionKeyword', 1048588, 2),
(12, 'submissionKeyword', 1048588, 3),
(17, 'submissionKeyword', 1048588, 4),
(22, 'submissionKeyword', 1048588, 5),
(27, 'submissionKeyword', 1048588, 6),
(32, 'submissionKeyword', 1048588, 7),
(37, 'submissionKeyword', 1048588, 8),
(42, 'submissionKeyword', 1048588, 9),
(47, 'submissionKeyword', 1048588, 10),
(52, 'submissionKeyword', 1048588, 11),
(57, 'submissionKeyword', 1048588, 12),
(62, 'submissionKeyword', 1048588, 13),
(67, 'submissionKeyword', 1048588, 14),
(72, 'submissionKeyword', 1048588, 15),
(77, 'submissionKeyword', 1048588, 16),
(82, 'submissionKeyword', 1048588, 17),
(87, 'submissionKeyword', 1048588, 18),
(92, 'submissionKeyword', 1048588, 19),
(97, 'submissionKeyword', 1048588, 20),
(102, 'submissionKeyword', 1048588, 21),
(107, 'submissionKeyword', 1048588, 22),
(112, 'submissionKeyword', 1048588, 23),
(117, 'submissionKeyword', 1048588, 24),
(122, 'submissionKeyword', 1048588, 25),
(127, 'submissionKeyword', 1048588, 26),
(132, 'submissionKeyword', 1048588, 27),
(137, 'submissionKeyword', 1048588, 28),
(142, 'submissionKeyword', 1048588, 29),
(147, 'submissionKeyword', 1048588, 30),
(152, 'submissionKeyword', 1048588, 31),
(157, 'submissionKeyword', 1048588, 32),
(162, 'submissionKeyword', 1048588, 33),
(167, 'submissionKeyword', 1048588, 34),
(172, 'submissionKeyword', 1048588, 35),
(177, 'submissionKeyword', 1048588, 36),
(182, 'submissionKeyword', 1048588, 37),
(187, 'submissionKeyword', 1048588, 38),
(192, 'submissionKeyword', 1048588, 39),
(197, 'submissionKeyword', 1048588, 40),
(202, 'submissionKeyword', 1048588, 41),
(207, 'submissionKeyword', 1048588, 42),
(212, 'submissionKeyword', 1048588, 43),
(217, 'submissionKeyword', 1048588, 44),
(222, 'submissionKeyword', 1048588, 45),
(227, 'submissionKeyword', 1048588, 46),
(232, 'submissionKeyword', 1048588, 47),
(237, 'submissionKeyword', 1048588, 48),
(242, 'submissionKeyword', 1048588, 49),
(247, 'submissionKeyword', 1048588, 50),
(252, 'submissionKeyword', 1048588, 51),
(257, 'submissionKeyword', 1048588, 52),
(262, 'submissionKeyword', 1048588, 53),
(267, 'submissionKeyword', 1048588, 54),
(272, 'submissionKeyword', 1048588, 55),
(277, 'submissionKeyword', 1048588, 56),
(282, 'submissionKeyword', 1048588, 57),
(287, 'submissionKeyword', 1048588, 58),
(292, 'submissionKeyword', 1048588, 59),
(297, 'submissionKeyword', 1048588, 60),
(302, 'submissionKeyword', 1048588, 61),
(307, 'submissionKeyword', 1048588, 62),
(312, 'submissionKeyword', 1048588, 63),
(317, 'submissionKeyword', 1048588, 64),
(322, 'submissionKeyword', 1048588, 65),
(327, 'submissionKeyword', 1048588, 66),
(332, 'submissionKeyword', 1048588, 67),
(337, 'submissionKeyword', 1048588, 68),
(342, 'submissionKeyword', 1048588, 69),
(347, 'submissionKeyword', 1048588, 70),
(352, 'submissionKeyword', 1048588, 71),
(357, 'submissionKeyword', 1048588, 72),
(362, 'submissionKeyword', 1048588, 73),
(367, 'submissionKeyword', 1048588, 74),
(372, 'submissionKeyword', 1048588, 75),
(377, 'submissionKeyword', 1048588, 76),
(382, 'submissionKeyword', 1048588, 77),
(5, 'submissionLanguage', 1048588, 1),
(10, 'submissionLanguage', 1048588, 2),
(15, 'submissionLanguage', 1048588, 3),
(20, 'submissionLanguage', 1048588, 4),
(25, 'submissionLanguage', 1048588, 5),
(30, 'submissionLanguage', 1048588, 6),
(35, 'submissionLanguage', 1048588, 7),
(40, 'submissionLanguage', 1048588, 8),
(45, 'submissionLanguage', 1048588, 9),
(50, 'submissionLanguage', 1048588, 10),
(55, 'submissionLanguage', 1048588, 11),
(60, 'submissionLanguage', 1048588, 12),
(65, 'submissionLanguage', 1048588, 13),
(70, 'submissionLanguage', 1048588, 14),
(75, 'submissionLanguage', 1048588, 15),
(80, 'submissionLanguage', 1048588, 16),
(85, 'submissionLanguage', 1048588, 17),
(90, 'submissionLanguage', 1048588, 18),
(95, 'submissionLanguage', 1048588, 19),
(100, 'submissionLanguage', 1048588, 20),
(105, 'submissionLanguage', 1048588, 21),
(110, 'submissionLanguage', 1048588, 22),
(115, 'submissionLanguage', 1048588, 23),
(120, 'submissionLanguage', 1048588, 24),
(125, 'submissionLanguage', 1048588, 25),
(130, 'submissionLanguage', 1048588, 26),
(135, 'submissionLanguage', 1048588, 27),
(140, 'submissionLanguage', 1048588, 28),
(145, 'submissionLanguage', 1048588, 29),
(150, 'submissionLanguage', 1048588, 30),
(155, 'submissionLanguage', 1048588, 31),
(160, 'submissionLanguage', 1048588, 32),
(165, 'submissionLanguage', 1048588, 33),
(170, 'submissionLanguage', 1048588, 34),
(175, 'submissionLanguage', 1048588, 35),
(180, 'submissionLanguage', 1048588, 36),
(185, 'submissionLanguage', 1048588, 37),
(190, 'submissionLanguage', 1048588, 38),
(195, 'submissionLanguage', 1048588, 39),
(200, 'submissionLanguage', 1048588, 40),
(205, 'submissionLanguage', 1048588, 41),
(210, 'submissionLanguage', 1048588, 42),
(215, 'submissionLanguage', 1048588, 43),
(220, 'submissionLanguage', 1048588, 44),
(225, 'submissionLanguage', 1048588, 45),
(230, 'submissionLanguage', 1048588, 46),
(235, 'submissionLanguage', 1048588, 47),
(240, 'submissionLanguage', 1048588, 48),
(245, 'submissionLanguage', 1048588, 49),
(250, 'submissionLanguage', 1048588, 50),
(255, 'submissionLanguage', 1048588, 51),
(260, 'submissionLanguage', 1048588, 52),
(265, 'submissionLanguage', 1048588, 53),
(270, 'submissionLanguage', 1048588, 54),
(275, 'submissionLanguage', 1048588, 55),
(280, 'submissionLanguage', 1048588, 56),
(285, 'submissionLanguage', 1048588, 57),
(290, 'submissionLanguage', 1048588, 58),
(295, 'submissionLanguage', 1048588, 59),
(300, 'submissionLanguage', 1048588, 60),
(305, 'submissionLanguage', 1048588, 61),
(310, 'submissionLanguage', 1048588, 62),
(315, 'submissionLanguage', 1048588, 63),
(320, 'submissionLanguage', 1048588, 64),
(325, 'submissionLanguage', 1048588, 65),
(330, 'submissionLanguage', 1048588, 66),
(335, 'submissionLanguage', 1048588, 67),
(340, 'submissionLanguage', 1048588, 68),
(345, 'submissionLanguage', 1048588, 69),
(350, 'submissionLanguage', 1048588, 70),
(355, 'submissionLanguage', 1048588, 71),
(360, 'submissionLanguage', 1048588, 72),
(365, 'submissionLanguage', 1048588, 73),
(370, 'submissionLanguage', 1048588, 74),
(375, 'submissionLanguage', 1048588, 75),
(380, 'submissionLanguage', 1048588, 76),
(385, 'submissionLanguage', 1048588, 77),
(3, 'submissionSubject', 1048588, 1),
(8, 'submissionSubject', 1048588, 2),
(13, 'submissionSubject', 1048588, 3),
(18, 'submissionSubject', 1048588, 4),
(23, 'submissionSubject', 1048588, 5),
(28, 'submissionSubject', 1048588, 6),
(33, 'submissionSubject', 1048588, 7),
(38, 'submissionSubject', 1048588, 8),
(43, 'submissionSubject', 1048588, 9),
(48, 'submissionSubject', 1048588, 10),
(53, 'submissionSubject', 1048588, 11),
(58, 'submissionSubject', 1048588, 12),
(63, 'submissionSubject', 1048588, 13),
(68, 'submissionSubject', 1048588, 14),
(73, 'submissionSubject', 1048588, 15),
(78, 'submissionSubject', 1048588, 16),
(83, 'submissionSubject', 1048588, 17),
(88, 'submissionSubject', 1048588, 18),
(93, 'submissionSubject', 1048588, 19),
(98, 'submissionSubject', 1048588, 20),
(103, 'submissionSubject', 1048588, 21),
(108, 'submissionSubject', 1048588, 22),
(113, 'submissionSubject', 1048588, 23),
(118, 'submissionSubject', 1048588, 24),
(123, 'submissionSubject', 1048588, 25),
(128, 'submissionSubject', 1048588, 26),
(133, 'submissionSubject', 1048588, 27),
(138, 'submissionSubject', 1048588, 28),
(143, 'submissionSubject', 1048588, 29),
(148, 'submissionSubject', 1048588, 30),
(153, 'submissionSubject', 1048588, 31),
(158, 'submissionSubject', 1048588, 32),
(163, 'submissionSubject', 1048588, 33),
(168, 'submissionSubject', 1048588, 34),
(173, 'submissionSubject', 1048588, 35),
(178, 'submissionSubject', 1048588, 36),
(183, 'submissionSubject', 1048588, 37),
(188, 'submissionSubject', 1048588, 38),
(193, 'submissionSubject', 1048588, 39),
(198, 'submissionSubject', 1048588, 40),
(203, 'submissionSubject', 1048588, 41),
(208, 'submissionSubject', 1048588, 42),
(213, 'submissionSubject', 1048588, 43),
(218, 'submissionSubject', 1048588, 44),
(223, 'submissionSubject', 1048588, 45),
(228, 'submissionSubject', 1048588, 46),
(233, 'submissionSubject', 1048588, 47),
(238, 'submissionSubject', 1048588, 48),
(243, 'submissionSubject', 1048588, 49),
(248, 'submissionSubject', 1048588, 50),
(253, 'submissionSubject', 1048588, 51),
(258, 'submissionSubject', 1048588, 52),
(263, 'submissionSubject', 1048588, 53),
(268, 'submissionSubject', 1048588, 54),
(273, 'submissionSubject', 1048588, 55),
(278, 'submissionSubject', 1048588, 56),
(283, 'submissionSubject', 1048588, 57),
(288, 'submissionSubject', 1048588, 58),
(293, 'submissionSubject', 1048588, 59),
(298, 'submissionSubject', 1048588, 60),
(303, 'submissionSubject', 1048588, 61),
(308, 'submissionSubject', 1048588, 62),
(313, 'submissionSubject', 1048588, 63),
(318, 'submissionSubject', 1048588, 64),
(323, 'submissionSubject', 1048588, 65),
(328, 'submissionSubject', 1048588, 66),
(333, 'submissionSubject', 1048588, 67),
(338, 'submissionSubject', 1048588, 68),
(343, 'submissionSubject', 1048588, 69),
(348, 'submissionSubject', 1048588, 70),
(353, 'submissionSubject', 1048588, 71),
(358, 'submissionSubject', 1048588, 72),
(363, 'submissionSubject', 1048588, 73),
(368, 'submissionSubject', 1048588, 74),
(373, 'submissionSubject', 1048588, 75),
(378, 'submissionSubject', 1048588, 76),
(383, 'submissionSubject', 1048588, 77);

-- --------------------------------------------------------

--
-- Estructura de tabla para la tabla `controlled_vocab_entries`
--

CREATE TABLE `controlled_vocab_entries` (
  `controlled_vocab_entry_id` bigint(20) NOT NULL,
  `controlled_vocab_id` bigint(20) NOT NULL,
  `seq` double(8,2) DEFAULT NULL
) ENGINE=InnoDB DEFAULT CHARSET=utf8;

--
-- Volcado de datos para la tabla `controlled_vocab_entries`
--

INSERT INTO `controlled_vocab_entries` (`controlled_vocab_entry_id`, `controlled_vocab_id`, `seq`) VALUES
(177, 377, 1.00),
(178, 377, 2.00),
(179, 377, 3.00),
(180, 377, 4.00),
(181, 380, 1.00),
(171, 382, 1.00),
(172, 382, 2.00),
(173, 382, 3.00),
(174, 382, 4.00),
(175, 382, 5.00),
(176, 385, 1.00);

-- --------------------------------------------------------

--
-- Estructura de tabla para la tabla `controlled_vocab_entry_settings`
--

CREATE TABLE `controlled_vocab_entry_settings` (
  `controlled_vocab_entry_id` bigint(20) NOT NULL,
  `locale` varchar(14) NOT NULL DEFAULT '',
  `setting_name` varchar(255) NOT NULL,
  `setting_value` text,
  `setting_type` varchar(6) NOT NULL
) ENGINE=InnoDB DEFAULT CHARSET=utf8;

--
-- Volcado de datos para la tabla `controlled_vocab_entry_settings`
--

INSERT INTO `controlled_vocab_entry_settings` (`controlled_vocab_entry_id`, `locale`, `setting_name`, `setting_value`, `setting_type`) VALUES
(171, 'es_ES', 'submissionKeyword', 'Discriminación de género', 'string'),
(172, 'es_ES', 'submissionKeyword', 'Jurisprudencia Corte Interamericana', 'string'),
(173, 'es_ES', 'submissionKeyword', 'Violencia contra mujeres', 'string'),
(174, 'es_ES', 'submissionKeyword', 'Derechos humanos', 'string'),
(175, 'es_ES', 'submissionKeyword', 'Interseccionalidad', 'string'),
(176, 'es_ES', 'submissionLanguage', 'Español', 'string'),
(177, 'es_ES', 'submissionKeyword', 'Derechos Humanos', 'string'),
(178, 'es_ES', 'submissionKeyword', 'Control de Convencionalidad', 'string'),
(179, 'es_ES', 'submissionKeyword', 'Sistema Interamericano de Derechos Humanos', 'string'),
(180, 'es_ES', 'submissionKeyword', 'Jurisprudencia Corte Interamericana', 'string'),
(181, 'es_ES', 'submissionLanguage', 'Español', 'string');

-- --------------------------------------------------------

--
-- Estructura de tabla para la tabla `data_object_tombstones`
--

CREATE TABLE `data_object_tombstones` (
  `tombstone_id` bigint(20) NOT NULL,
  `data_object_id` bigint(20) NOT NULL,
  `date_deleted` datetime NOT NULL,
  `set_spec` varchar(255) NOT NULL,
  `set_name` varchar(255) NOT NULL,
  `oai_identifier` varchar(255) NOT NULL
) ENGINE=InnoDB DEFAULT CHARSET=utf8;

--
-- Volcado de datos para la tabla `data_object_tombstones`
--

INSERT INTO `data_object_tombstones` (`tombstone_id`, `data_object_id`, `date_deleted`, `set_spec`, `set_name`, `oai_identifier`) VALUES
(48, 36, '2023-05-18 13:54:21', 'unilibre:bogota', ' Bogotá', 'oai:omp.unilibre-omp.repositoriodigital.com:publicationFormat/36'),
(75, 77, '2023-07-24 21:15:21', 'unilibre:bogota', ' Bogotá', 'oai:libros.unilibre.edu.co:publicationFormat/77');

-- --------------------------------------------------------

--
-- Estructura de tabla para la tabla `data_object_tombstone_oai_set_objects`
--

CREATE TABLE `data_object_tombstone_oai_set_objects` (
  `object_id` bigint(20) NOT NULL,
  `tombstone_id` bigint(20) NOT NULL,
  `assoc_type` bigint(20) NOT NULL,
  `assoc_id` bigint(20) NOT NULL
) ENGINE=InnoDB DEFAULT CHARSET=utf8;

--
-- Volcado de datos para la tabla `data_object_tombstone_oai_set_objects`
--

INSERT INTO `data_object_tombstone_oai_set_objects` (`object_id`, `tombstone_id`, `assoc_type`, `assoc_id`) VALUES
(95, 48, 512, 1),
(96, 48, 530, 3),
(149, 75, 512, 1),
(150, 75, 530, 3);

-- --------------------------------------------------------

--
-- Estructura de tabla para la tabla `data_object_tombstone_settings`
--

CREATE TABLE `data_object_tombstone_settings` (
  `tombstone_id` bigint(20) NOT NULL,
  `locale` varchar(14) NOT NULL DEFAULT '',
  `setting_name` varchar(255) NOT NULL,
  `setting_value` text,
  `setting_type` varchar(6) NOT NULL COMMENT '(bool|int|float|string|object)'
) ENGINE=InnoDB DEFAULT CHARSET=utf8;

-- --------------------------------------------------------

--
-- Estructura de tabla para la tabla `edit_decisions`
--

CREATE TABLE `edit_decisions` (
  `edit_decision_id` bigint(20) NOT NULL,
  `submission_id` bigint(20) NOT NULL,
  `review_round_id` bigint(20) NOT NULL,
  `stage_id` bigint(20) DEFAULT NULL,
  `round` smallint(6) NOT NULL,
  `editor_id` bigint(20) NOT NULL,
  `decision` smallint(6) NOT NULL,
  `date_decided` datetime NOT NULL
) ENGINE=InnoDB DEFAULT CHARSET=utf8;

--
-- Volcado de datos para la tabla `edit_decisions`
--

INSERT INTO `edit_decisions` (`edit_decision_id`, `submission_id`, `review_round_id`, `stage_id`, `round`, `editor_id`, `decision`, `date_decided`) VALUES
(1, 1, 0, 1, 0, 1, 2, '2023-03-09 11:50:42'),
(2, 1, 0, 4, 0, 1, 7, '2023-03-09 11:50:57'),
(3, 2, 0, 1, 0, 1, 2, '2023-03-09 12:16:31'),
(4, 2, 0, 4, 0, 1, 7, '2023-03-09 12:16:41'),
(5, 3, 0, 1, 0, 1, 2, '2023-03-09 12:21:16'),
(6, 3, 0, 4, 0, 1, 7, '2023-03-09 12:21:27'),
(7, 4, 0, 1, 0, 1, 2, '2023-03-09 12:23:46'),
(8, 4, 0, 4, 0, 1, 7, '2023-03-09 12:23:56'),
(9, 5, 0, 1, 0, 1, 2, '2023-03-09 12:30:22'),
(10, 5, 0, 4, 0, 1, 7, '2023-03-09 12:30:32'),
(11, 6, 0, 1, 0, 1, 2, '2023-03-09 12:36:06'),
(12, 6, 0, 4, 0, 1, 7, '2023-03-09 12:36:18'),
(13, 7, 0, 1, 0, 1, 2, '2023-03-09 12:39:07'),
(14, 7, 0, 4, 0, 1, 7, '2023-03-09 12:39:20'),
(15, 8, 0, 1, 0, 1, 2, '2023-03-09 12:41:49'),
(16, 8, 0, 4, 0, 1, 7, '2023-03-09 12:41:59'),
(17, 9, 0, 1, 0, 1, 2, '2023-03-09 12:45:03'),
(18, 9, 0, 4, 0, 1, 7, '2023-03-09 12:45:15'),
(19, 10, 0, 1, 0, 1, 2, '2023-03-10 22:40:24'),
(20, 10, 0, 4, 0, 1, 7, '2023-03-10 22:41:14'),
(21, 11, 0, 1, 0, 1, 2, '2023-03-16 15:30:37'),
(22, 11, 0, 4, 0, 1, 7, '2023-03-16 15:30:50'),
(23, 12, 0, 1, 0, 1, 2, '2023-03-16 15:34:40'),
(24, 12, 0, 4, 0, 1, 7, '2023-03-16 15:34:54'),
(25, 13, 0, 1, 0, 1, 2, '2023-03-16 15:38:19'),
(26, 13, 0, 4, 0, 1, 7, '2023-03-16 15:38:31'),
(27, 14, 0, 1, 0, 1, 2, '2023-03-16 15:44:57'),
(28, 14, 0, 4, 0, 1, 7, '2023-03-16 15:45:09'),
(29, 15, 0, 1, 0, 1, 2, '2023-03-16 15:48:22'),
(30, 15, 0, 4, 0, 1, 7, '2023-03-16 15:48:35'),
(31, 16, 0, 1, 0, 1, 2, '2023-03-16 15:51:14'),
(32, 16, 0, 4, 0, 1, 7, '2023-03-16 15:51:26'),
(33, 17, 0, 1, 0, 1, 2, '2023-03-16 15:57:19'),
(34, 17, 0, 4, 0, 1, 7, '2023-03-16 15:57:29'),
(35, 18, 0, 1, 0, 1, 2, '2023-03-16 16:00:49'),
(36, 18, 0, 4, 0, 1, 7, '2023-03-16 16:01:02'),
(37, 19, 0, 1, 0, 1, 2, '2023-03-16 16:05:17'),
(38, 19, 0, 4, 0, 1, 7, '2023-03-16 16:05:32'),
(39, 20, 0, 1, 0, 1, 2, '2023-03-16 16:09:22'),
(40, 20, 0, 4, 0, 1, 7, '2023-03-16 16:09:48'),
(41, 21, 0, 1, 0, 1, 2, '2023-04-20 20:36:16'),
(42, 21, 0, 4, 0, 1, 7, '2023-04-20 20:36:28'),
(43, 22, 0, 1, 0, 1, 2, '2023-04-20 21:48:55'),
(44, 22, 0, 4, 0, 1, 7, '2023-04-20 21:49:13'),
(45, 23, 0, 1, 0, 1, 2, '2023-05-17 16:28:37'),
(46, 23, 0, 4, 0, 1, 7, '2023-05-17 16:28:49'),
(47, 24, 0, 1, 0, 1, 2, '2023-05-17 16:34:54'),
(48, 24, 0, 4, 0, 1, 7, '2023-05-17 16:35:08'),
(49, 25, 0, 1, 0, 1, 2, '2023-05-17 16:43:51'),
(50, 25, 0, 4, 0, 1, 7, '2023-05-17 16:44:05'),
(51, 26, 0, 1, 0, 1, 2, '2023-05-17 16:48:54'),
(52, 26, 0, 4, 0, 1, 7, '2023-05-17 16:49:59'),
(53, 27, 0, 1, 0, 1, 2, '2023-05-17 19:14:57'),
(54, 27, 0, 4, 0, 1, 7, '2023-05-17 19:15:10'),
(55, 28, 0, 1, 0, 1, 2, '2023-05-17 19:41:55'),
(56, 28, 0, 4, 0, 1, 7, '2023-05-17 19:42:15'),
(57, 29, 0, 1, 0, 1, 2, '2023-05-17 19:54:54'),
(58, 29, 0, 4, 0, 1, 7, '2023-05-17 19:55:06'),
(59, 30, 0, 1, 0, 1, 2, '2023-05-17 20:05:46'),
(60, 30, 0, 4, 0, 1, 7, '2023-05-17 20:05:59'),
(61, 31, 0, 1, 0, 1, 2, '2023-05-17 22:11:02'),
(62, 31, 0, 4, 0, 1, 7, '2023-05-17 22:11:53'),
(63, 32, 0, 1, 0, 1, 2, '2023-05-17 23:28:31'),
(64, 32, 0, 4, 0, 1, 7, '2023-05-17 23:28:46'),
(65, 33, 0, 1, 0, 1, 2, '2023-05-17 23:34:15'),
(66, 33, 0, 4, 0, 1, 7, '2023-05-17 23:34:32'),
(67, 34, 0, 1, 0, 1, 2, '2023-05-17 23:38:47'),
(68, 34, 0, 4, 0, 1, 7, '2023-05-17 23:39:19'),
(69, 35, 0, 1, 0, 1, 2, '2023-05-17 23:49:12'),
(70, 35, 0, 4, 0, 1, 7, '2023-05-17 23:49:30'),
(71, 36, 0, 1, 0, 1, 2, '2023-05-17 23:55:28'),
(72, 36, 0, 4, 0, 1, 7, '2023-05-17 23:55:45'),
(73, 37, 0, 1, 0, 1, 2, '2023-05-18 00:02:26'),
(74, 37, 0, 4, 0, 1, 7, '2023-05-18 00:02:45'),
(75, 38, 0, 1, 0, 1, 2, '2023-05-18 00:08:49'),
(76, 38, 0, 4, 0, 1, 7, '2023-05-18 00:09:06'),
(77, 39, 0, 1, 0, 1, 2, '2023-05-18 00:15:03'),
(78, 39, 0, 4, 0, 1, 7, '2023-05-18 00:15:17'),
(79, 40, 0, 1, 0, 1, 2, '2023-05-18 00:20:41'),
(80, 40, 0, 4, 0, 1, 7, '2023-05-18 00:20:57'),
(81, 41, 0, 1, 0, 1, 2, '2023-05-18 00:27:01'),
(82, 41, 0, 4, 0, 1, 7, '2023-05-18 00:27:18'),
(83, 42, 0, 1, 0, 1, 2, '2023-05-18 00:37:06'),
(84, 42, 0, 4, 0, 1, 7, '2023-05-18 00:37:24'),
(85, 43, 0, 1, 0, 1, 2, '2023-05-18 00:42:10'),
(86, 43, 0, 4, 0, 1, 7, '2023-05-18 00:42:25'),
(87, 44, 0, 1, 0, 1, 2, '2023-05-18 00:55:46'),
(88, 44, 0, 4, 0, 1, 7, '2023-05-18 00:56:06'),
(89, 45, 0, 1, 0, 1, 2, '2023-05-18 01:01:23'),
(90, 45, 0, 4, 0, 1, 7, '2023-05-18 01:01:43'),
(91, 47, 0, 1, 0, 1, 2, '2023-05-18 01:15:24'),
(92, 47, 0, 4, 0, 1, 7, '2023-05-18 01:15:39'),
(93, 48, 0, 1, 0, 1, 2, '2023-05-18 01:23:05'),
(94, 48, 0, 4, 0, 1, 7, '2023-05-18 01:23:21'),
(95, 49, 0, 1, 0, 1, 2, '2023-05-18 01:28:42'),
(96, 49, 0, 4, 0, 1, 7, '2023-05-18 01:29:01'),
(97, 50, 0, 1, 0, 1, 2, '2023-05-18 01:33:42'),
(98, 50, 0, 4, 0, 1, 7, '2023-05-18 01:33:57'),
(99, 51, 0, 1, 0, 1, 2, '2023-05-18 01:44:02'),
(100, 51, 0, 4, 0, 1, 7, '2023-05-18 01:44:24'),
(101, 52, 0, 1, 0, 1, 2, '2023-05-18 01:51:07'),
(102, 52, 0, 4, 0, 1, 7, '2023-05-18 01:51:21'),
(103, 53, 0, 1, 0, 1, 2, '2023-05-18 01:56:06'),
(104, 53, 0, 4, 0, 1, 7, '2023-05-18 01:56:26'),
(105, 54, 0, 1, 0, 1, 2, '2023-05-18 02:03:01'),
(106, 54, 0, 4, 0, 1, 7, '2023-05-18 02:03:17'),
(107, 55, 0, 1, 0, 1, 2, '2023-05-18 02:07:45'),
(108, 55, 0, 4, 0, 1, 7, '2023-05-18 02:08:01'),
(109, 56, 0, 1, 0, 1, 2, '2023-05-18 02:14:41'),
(110, 56, 0, 4, 0, 1, 7, '2023-05-18 02:15:00'),
(111, 57, 0, 1, 0, 1, 2, '2023-05-18 02:19:12'),
(112, 57, 0, 4, 0, 1, 7, '2023-05-18 02:19:33'),
(113, 58, 0, 1, 0, 1, 2, '2023-05-18 02:23:59'),
(114, 58, 0, 4, 0, 1, 7, '2023-05-18 02:24:14'),
(115, 59, 0, 1, 0, 1, 2, '2023-05-18 02:37:20'),
(116, 59, 0, 4, 0, 1, 7, '2023-05-18 02:37:36'),
(117, 60, 0, 1, 0, 1, 2, '2023-05-18 02:42:10'),
(118, 60, 0, 4, 0, 1, 7, '2023-05-18 02:42:24'),
(119, 62, 0, 1, 0, 1, 2, '2023-05-18 02:54:07'),
(120, 62, 0, 4, 0, 1, 7, '2023-05-18 02:54:25'),
(121, 61, 0, 1, 0, 1, 2, '2023-05-18 02:57:22'),
(122, 61, 0, 4, 0, 1, 7, '2023-05-18 02:57:37'),
(123, 63, 0, 1, 0, 1, 2, '2023-05-18 03:05:41'),
(124, 63, 0, 4, 0, 1, 7, '2023-05-18 03:05:59'),
(125, 64, 0, 1, 0, 1, 2, '2023-05-18 03:09:53'),
(126, 64, 0, 4, 0, 1, 7, '2023-05-18 03:10:10'),
(127, 65, 0, 1, 0, 1, 2, '2023-05-18 03:14:42'),
(128, 65, 0, 4, 0, 1, 7, '2023-05-18 03:15:04'),
(129, 66, 0, 1, 0, 1, 2, '2023-05-18 03:18:45'),
(130, 66, 0, 4, 0, 1, 7, '2023-05-18 03:19:01'),
(131, 67, 0, 1, 0, 2, 2, '2024-05-02 16:29:48'),
(132, 67, 0, 4, 0, 2, 7, '2024-05-02 16:30:09'),
(133, 68, 0, 1, 0, 2, 2, '2024-05-02 17:07:34'),
(134, 68, 0, 4, 0, 2, 7, '2024-05-02 17:08:05'),
(135, 69, 0, 1, 0, 2, 2, '2024-05-02 17:41:44'),
(136, 69, 0, 4, 0, 2, 7, '2024-05-02 17:42:06'),
(137, 70, 0, 1, 0, 2, 2, '2024-05-08 15:00:00'),
(138, 70, 0, 4, 0, 2, 7, '2024-05-08 15:00:26'),
(139, 71, 0, 1, 0, 2, 2, '2024-05-08 15:21:33'),
(140, 71, 0, 4, 0, 2, 7, '2024-05-08 15:22:05'),
(141, 72, 0, 1, 0, 2, 2, '2024-05-08 15:37:56'),
(142, 72, 0, 4, 0, 2, 7, '2024-05-08 15:38:12'),
(143, 76, 0, 1, 0, 2, 2, '2024-06-17 20:44:32'),
(144, 76, 0, 4, 0, 2, 7, '2024-06-17 20:44:55'),
(145, 77, 0, 1, 0, 2, 2, '2024-06-17 21:14:22'),
(146, 77, 0, 4, 0, 2, 7, '2024-06-17 21:14:43');

-- --------------------------------------------------------

--
-- Estructura de tabla para la tabla `email_log`
--

CREATE TABLE `email_log` (
  `log_id` bigint(20) NOT NULL,
  `assoc_type` bigint(20) NOT NULL,
  `assoc_id` bigint(20) NOT NULL,
  `sender_id` bigint(20) NOT NULL,
  `date_sent` datetime NOT NULL,
  `event_type` bigint(20) DEFAULT NULL,
  `from_address` varchar(255) DEFAULT NULL,
  `recipients` text,
  `cc_recipients` text,
  `bcc_recipients` text,
  `subject` varchar(255) DEFAULT NULL,
  `body` text
) ENGINE=InnoDB DEFAULT CHARSET=utf8;

-- --------------------------------------------------------

--
-- Estructura de tabla para la tabla `email_log_users`
--

CREATE TABLE `email_log_users` (
  `email_log_id` bigint(20) NOT NULL,
  `user_id` bigint(20) NOT NULL
) ENGINE=InnoDB DEFAULT CHARSET=utf8;

-- --------------------------------------------------------

--
-- Estructura de tabla para la tabla `email_templates`
--

CREATE TABLE `email_templates` (
  `email_id` bigint(20) NOT NULL,
  `email_key` varchar(64) NOT NULL COMMENT 'Unique identifier for this email.',
  `context_id` bigint(20) NOT NULL,
  `enabled` smallint(6) NOT NULL DEFAULT '1'
) ENGINE=InnoDB DEFAULT CHARSET=utf8;

-- --------------------------------------------------------

--
-- Estructura de tabla para la tabla `email_templates_default`
--

CREATE TABLE `email_templates_default` (
  `email_id` bigint(20) NOT NULL,
  `email_key` varchar(64) NOT NULL COMMENT 'Unique identifier for this email.',
  `can_disable` smallint(6) NOT NULL DEFAULT '0',
  `can_edit` smallint(6) NOT NULL DEFAULT '0',
  `from_role_id` bigint(20) DEFAULT NULL,
  `to_role_id` bigint(20) DEFAULT NULL,
  `stage_id` bigint(20) DEFAULT NULL
) ENGINE=InnoDB DEFAULT CHARSET=utf8;

--
-- Volcado de datos para la tabla `email_templates_default`
--

INSERT INTO `email_templates_default` (`email_id`, `email_key`, `can_disable`, `can_edit`, `from_role_id`, `to_role_id`, `stage_id`) VALUES
(1, 'NOTIFICATION', 0, 1, NULL, NULL, NULL),
(2, 'NOTIFICATION_CENTER_DEFAULT', 0, 1, NULL, NULL, NULL),
(3, 'PASSWORD_RESET_CONFIRM', 0, 1, NULL, NULL, NULL),
(4, 'PASSWORD_RESET', 0, 1, NULL, NULL, NULL),
(5, 'USER_REGISTER', 0, 1, NULL, NULL, NULL),
(6, 'USER_VALIDATE', 0, 1, NULL, NULL, NULL),
(7, 'REVIEWER_REGISTER', 0, 1, NULL, NULL, NULL),
(8, 'PUBLISH_NOTIFY', 0, 1, NULL, NULL, NULL),
(9, 'SUBMISSION_ACK', 1, 1, NULL, 65536, 1),
(10, 'SUBMISSION_ACK_NOT_USER', 1, 1, NULL, 65536, 1),
(11, 'EDITOR_ASSIGN', 1, 1, 16, 16, 1),
(12, 'REVIEW_CANCEL', 1, 1, 16, 4096, 3),
(13, 'REVIEW_REINSTATE', 1, 1, 16, 4096, 3),
(14, 'REVIEW_REQUEST', 1, 1, 16, 4096, 3),
(15, 'REVIEW_REQUEST_ONECLICK', 1, 1, 16, 4096, 3),
(16, 'REVIEW_REQUEST_REMIND_AUTO', 0, 1, NULL, 4096, 3),
(17, 'REVIEW_REQUEST_REMIND_AUTO_ONECLICK', 0, 1, NULL, 4096, 3),
(18, 'REVIEW_REQUEST_ATTACHED', 0, 1, 16, 4096, 3),
(19, 'REVIEW_CONFIRM', 1, 1, 4096, 16, 3),
(20, 'REVIEW_DECLINE', 1, 1, 4096, 16, 3),
(21, 'REVIEW_ACK', 1, 1, 16, 4096, 3),
(22, 'REVIEW_REMIND', 0, 1, 16, 4096, 3),
(23, 'REVIEW_REMIND_AUTO', 0, 1, NULL, 4096, 3),
(24, 'REVIEW_REMIND_ONECLICK', 0, 1, 16, 4096, 3),
(25, 'REVIEW_REMIND_AUTO_ONECLICK', 0, 1, NULL, 4096, 3),
(26, 'EDITOR_DECISION_ACCEPT', 0, 1, 16, 65536, 3),
(27, 'EDITOR_DECISION_SEND_TO_EXTERNAL', 0, 1, 16, 65536, 3),
(28, 'EDITOR_DECISION_SEND_TO_PRODUCTION', 0, 1, 16, 65536, 5),
(29, 'EDITOR_DECISION_REVISIONS', 0, 1, 16, 65536, 3),
(30, 'EDITOR_DECISION_RESUBMIT', 0, 1, 16, 65536, 3),
(31, 'EDITOR_DECISION_DECLINE', 0, 1, 16, 65536, 3),
(32, 'EDITOR_DECISION_INITIAL_DECLINE', 0, 1, 16, 65536, 1),
(33, 'EDITOR_RECOMMENDATION', 0, 1, 16, 16, 3),
(34, 'COPYEDIT_REQUEST', 1, 1, 16, 4097, 4),
(35, 'LAYOUT_REQUEST', 1, 1, 16, 4097, 5),
(36, 'LAYOUT_COMPLETE', 1, 1, 4097, 16, 5),
(37, 'INDEX_REQUEST', 1, 1, 16, 4097, 5),
(38, 'INDEX_COMPLETE', 1, 1, 4097, 16, 5),
(39, 'EMAIL_LINK', 0, 1, 1048576, NULL, NULL),
(40, 'STATISTICS_REPORT_NOTIFICATION', 1, 1, 16, 17, NULL),
(41, 'ANNOUNCEMENT', 0, 1, 16, 1048576, NULL),
(42, 'PAYPAL_INVESTIGATE_PAYMENT', 0, 1, NULL, NULL, NULL),
(43, 'MANUAL_PAYMENT_NOTIFICATION', 0, 1, NULL, NULL, NULL);

-- --------------------------------------------------------

--
-- Estructura de tabla para la tabla `email_templates_default_data`
--

CREATE TABLE `email_templates_default_data` (
  `email_key` varchar(64) NOT NULL COMMENT 'Unique identifier for this email.',
  `locale` varchar(14) NOT NULL DEFAULT 'en_US',
  `subject` varchar(120) NOT NULL,
  `body` text,
  `description` text
) ENGINE=InnoDB DEFAULT CHARSET=utf8;


INSERT INTO `email_templates_default_data` (`email_key`, `locale`, `subject`, `body`, `description`) VALUES
('REVIEW_REQUEST_REMIND_AUTO_ONECLICK', 'en_US', 'Manuscript Review Request', '{$reviewerName}:<br />\nJust a gentle reminder of our request for your review of the submission, &quot;{$submissionTitle},&quot; for {$contextName}. We were hoping to have your response by {$responseDueDate}, and this email has been automatically generated and sent with the passing of that date.\n<br />\nI believe that you would serve as an excellent reviewer of the manuscript. The submission\'s abstract is inserted below, and I hope that you will consider undertaking this important task for us.<br />\n<br />\nPlease log into the press web site to indicate whether you will undertake the review or not, as well as to access the submission and to record your review and recommendation.<br />\n<br />\nThe review itself is due {$reviewDueDate}.<br />\n<br />\nSubmission URL: {$submissionReviewUrl}<br />\n<br />\nThank you for considering this request.<br />\n<br />\n{$editorialContactSignature}<br />\n<br />\n<br />\n<br />\n&quot;{$submissionTitle}&quot;<br />\n<br />\n{$abstractTermIfEnabled}<br />\n{$submissionAbstract}', 'This email is automatically sent when a reviewer\'s confirmation due date elapses (see Review Options under Settings > Workflow > Review) and one-click reviewer access is enabled. Scheduled tasks must be enabled and configured (see the site configuration file).'),
('REVIEW_REQUEST_REMIND_AUTO_ONECLICK', 'es_ES', 'Solicitud de revisión del manuscrito', '{$reviewerName}:<br />\nLe recordamos nuestra petición acerca de la revisión del envío &quot;{$submissionTitle},&quot; para {$contextName}. Esperamos tener esta revisión como muy tarde para el {$responseDueDate}, por lo cual este correo electrónico se ha generado automáticamente y se ha enviado una vez pasada dicha fecha.\n<br />\nEl resumen del envío se ha insertado a continuación. Creemos que sería un excelente revisor para este artículo, por lo que esperamos que reconsidere llevar a cabo esta importante tarea para nosotros.<br />\n<br />\nPor favor, ingrese en la página web de la publicación para indicar si realizará o no la revisión; y en caso afirmativo, para acceder al envío y registrar su revisión y su recomendación.<br />\n<br />\nLa fecha límite para la revisión es el {$reviewDueDate}.<br />\n<br />\nURL de la propuesta: {$submissionReviewUrl}<br />\n<br />\nGracias por considerar esta propuesta.<br />\n<br />\n{$editorialContactSignature}<br />\n<br />\n<br />\n<br />\n&quot;{$submissionTitle}&quot;<br />\n<br />\n{$abstractTermIfEnabled}<br />\n{$submissionAbstract}', 'Este correo electrónico se envía automáticamente cuando transcurre la fecha de vencimiento de la confirmación de un revisor (consulte Opciones de revisión en Configuración > Flujo de trabajo > Revisión) y se habilita el acceso de revisor con un solo clic. Las tareas programadas deben estar habilitadas y configuradas (consulte el archivo de configuración del sitio).'),
('STATISTICS_REPORT_NOTIFICATION', 'en_US', 'Editorial activity for {$month}, {$year}', '\n{$name}, <br />\n<br />\nYour press health report for {$month}, {$year} is now available. Your key stats for this month are below.<br />\n<ul>\n	<li>New submissions this month: {$newSubmissions}</li>\n	<li>Declined submissions this month: {$declinedSubmissions}</li>\n	<li>Accepted submissions this month: {$acceptedSubmissions}</li>\n	<li>Total submissions in the system: {$totalSubmissions}</li>\n</ul>\nLogin to the the press to view more detailed <a href=\"{$editorialStatsLink}\">editorial trends</a> and <a href=\"{$publicationStatsLink}\">published article stats</a>. A full copy of this month\'s editorial trends is attached.<br />\n<br />\nSincerely,<br />\n{$principalContactSignature}', 'This email is automatically sent monthly to editors and journal managers to provide them a system health overview.'),
('STATISTICS_REPORT_NOTIFICATION', 'es_ES', 'Actividad editorial del {$month}, {$year}', '\n{$name}, <br />\n<br />\nEl informe editorial al {$month}, {$year} ya está disponible. Las estadísticas fundamentales del mes son las siguientes.<br />\n<ul>\n	<li>Nuevas contribuciones del mes: {$newSubmissions}</li>\n	<li>Contribuciones rechazadas del mes: {$declinedSubmissions}</li>\n	<li>Contribuciones aceptadas del mes: {$acceptedSubmissions}</li>\n	<li>Contribuciones totales al sistema: {$totalSubmissions}</li>\n</ul>\nInicie sesión para obtener mayores detalles de sus <a href=\"{$editorialStatsLink}\">tendencias editoriales</a> y <a href=\"{$publicationStatsLink}\">estadísticas de artículos publicados</a>.  Se adjunta una copia completa de este informe correspondiente a este mes.<br />\n<br />\nSinceramente,<br />\n{$principalContactSignature}', 'Este correo electrónico se envía automáticamente cada mes a los editores/as y gestores/as de revistas para proporcionarles una visión general del estado de salud del sistema.'),
('SUBMISSION_ACK', 'en_US', 'Submission Acknowledgement', '{$authorName}:<br />\n<br />\nThank you for submitting the manuscript, &quot;{$submissionTitle}&quot; to {$contextName}. With the online press management system that we are using, you will be able to track its progress through the editorial process by logging in to the press web site:<br />\n<br />\nManuscript URL: {$submissionUrl}<br />\nUsername: {$authorUsername}<br />\n<br />\nIf you have any questions, please contact me. Thank you for considering this press as a venue for your work.<br />\n<br />\n{$editorialContactSignature}', 'This email, when enabled, is automatically sent to an author when he or she completes the process of submitting a manuscript to the press. It provides information about tracking the submission through the process and thanks the author for the submission.'),
('SUBMISSION_ACK', 'es_ES', 'Acuse de recibo del envío', '{$authorName}:<br />\n<br />\nGracias por enviar el manuscrito &quot;{$submissionTitle}&quot; a {$contextName}. Con el sistema de gestión de publicaciones en línea que utilizamos podrá seguir el progreso a través del proceso editorial tras iniciar sesión en el sitio web de la publicación:<br />\n<br />\nURL del manuscrito: {$submissionUrl}<br />\nNombre de usuario/a: {$authorUsername}<br />\n<br />\nSi tiene alguna duda puede ponerse en contacto conmigo. Gracias por elegir esta editorial para mostrar su trabajo.<br />\n<br />\n{$editorialContactSignature}', 'Este correo electrónico, si está activado, se envía automáticamente a un autor/a cuando completa el proceso de envío de un manuscrito a la editorial. Proporciona información sobre el seguimiento del envío en el proceso y agradece al autor/a el envío.'),
('SUBMISSION_ACK_NOT_USER', 'en_US', 'Submission Acknowledgement', 'Hello,<br />\n<br />\n{$submitterName} has submitted the manuscript, &quot;{$submissionTitle}&quot; to {$contextName}. <br />\n<br />\nIf you have any questions, please contact me. Thank you for considering this press as a venue for your work.<br />\n<br />\n{$editorialContactSignature}', 'This email, when enabled, is automatically sent to the other authors who are not users within OMP specified during the submission process.'),
('SUBMISSION_ACK_NOT_USER', 'es_ES', 'Acuse de recibo del envío', 'Hola:<br />\n<br />\n{$submitterName} envió el manuscrito &quot;{$submissionTitle}&quot; a {$contextName}. <br />\n<br />\nSi tiene alguna duda, puede ponerse en contacto conmigo. Gracias por elegir esta editorial para mostrar su trabajo.<br />\n<br />\n{$editorialContactSignature}', 'Este correo electrónico, si está activado, se envía automáticamente a otros autores/as que no son usuarios/as de OMP según lo especificado en el proceso de envío.'),
('USER_REGISTER', 'en_US', 'Press Registration', '{$userFullName}<br />\n<br />\nYou have now been registered as a user with {$contextName}. We have included your username and password in this email, which are needed for all work with this press through its website. At any point, you can ask to be removed from the list of users by contacting me.<br />\n<br />\nUsername: {$username}<br />\nPassword: {$password}<br />\n<br />\nThank you,<br />\n{$principalContactSignature}', 'This email is sent to a newly registered user to welcome them to the system and provide them with a record of their username and password.'),
('USER_REGISTER', 'es_ES', 'Registro en la publicación', '{$userFullName}<br />\n<br />\nSe registró como usuario/a con {$contextName}. En este correo electrónico hemos incluido el nombre de usuario/a y contraseña que necesitará para trabajar con esta publicación a través de su página web. En cualquier momento puede contactarse conmigo para pedir que se le elimine de la lista de usuarios/as.<br />\n<br />\nNombre de usuario/a: {$username}<br />\nContraseña: {$password}<br />\n<br />\nGracias,<br />\n{$principalContactSignature}', 'Este correo electrónico se envía a un nuevo usuario/a registrado para darle la bienvenida al sistema y proporcionarle un documento con su nombre de usuario/a y contraseña.'),
('USER_VALIDATE', 'en_US', 'Validate Your Account', '{$userFullName}<br />\n<br />\nYou have created an account with {$contextName}, but before you can start using it, you need to validate your email account. To do this, simply follow the link below:<br />\n<br />\n{$activateUrl}<br />\n<br />\nThank you,<br />\n{$principalContactSignature}', 'This email is sent to a newly registered user to welcome them to the system and provide them with a record of their username and password.'),
('USER_VALIDATE', 'es_ES', 'Validar la cuenta', '{$userFullName}<br />\n<br />\nCreó una cuenta con {$contextName}, pero antes de empezar a utilizarla es necesario que valide su cuenta de correo electrónico. Para hacerlo, haga clic en el enlace que aparece debajo:<br />\n<br />\n{$activateUrl}<br />\n<br />\nGracias,<br />\n{$principalContactSignature}', 'Este correo electrónico se envía a un nuevo usuario/a registrado para darle la bienvenida al sistema y proporcionarle un documento con su nombre de usuario/a y contraseña.');

-- --------------------------------------------------------

--
-- Estructura de tabla para la tabla `email_templates_settings`
--

CREATE TABLE `email_templates_settings` (
  `email_id` bigint(20) NOT NULL,
  `locale` varchar(14) NOT NULL DEFAULT '',
  `setting_name` varchar(255) NOT NULL,
  `setting_value` text
) ENGINE=InnoDB DEFAULT CHARSET=utf8;

-- --------------------------------------------------------

--
-- Estructura de tabla para la tabla `event_log`
--

CREATE TABLE `event_log` (
  `log_id` bigint(20) NOT NULL,
  `assoc_type` bigint(20) NOT NULL,
  `assoc_id` bigint(20) NOT NULL,
  `user_id` bigint(20) NOT NULL,
  `date_logged` datetime NOT NULL,
  `event_type` bigint(20) DEFAULT NULL,
  `message` text,
  `is_translated` smallint(6) DEFAULT NULL
) ENGINE=InnoDB DEFAULT CHARSET=utf8;

--
-- Volcado de datos para la tabla `event_log`
--

INSERT INTO `event_log` (`log_id`, `assoc_type`, `assoc_id`, `user_id`, `date_logged`, `event_type`, `message`, `is_translated`) VALUES
(1, 1048585, 1, 1, '2023-03-09 11:49:09', 268435458, 'submission.event.general.metadataUpdated', 0),
(2, 1048585, 1, 1, '2023-03-09 11:49:09', 268435458, 'submission.event.general.metadataUpdated', 0),
(3, 515, 1, 1, '2023-03-09 11:49:39', 1342177281, 'submission.event.fileUploaded', 0),
(4, 1048585, 1, 1, '2023-03-09 11:49:39', 1342177288, 'submission.event.fileRevised', 0),
(5, 515, 1, 1, '2023-03-09 11:49:42', 1342177296, 'submission.event.fileEdited', 0),
(6, 1048585, 1, 1, '2023-03-09 11:49:42', 1342177296, 'submission.event.fileEdited', 0),
(7, 1048585, 1, 1, '2023-03-09 11:50:08', 268435458, 'submission.event.general.metadataUpdated', 0),
(8, 1048585, 1, 1, '2023-03-09 11:50:11', 268435457, 'submission.event.submissionSubmitted', 0),
(9, 1048585, 1, 1, '2023-03-09 11:50:42', 805306371, 'log.editor.decision', 0),
(10, 515, 2, 1, '2023-03-09 11:50:42', 1342177281, 'submission.event.fileUploaded', 0),
(11, 1048585, 1, 1, '2023-03-09 11:50:42', 1342177288, 'submission.event.fileRevised', 0),
(12, 1048585, 1, 1, '2023-03-09 11:50:57', 805306371, 'log.editor.decision', 0),
(13, 515, 3, 1, '2023-03-09 11:50:57', 1342177281, 'submission.event.fileUploaded', 0),
(14, 1048585, 1, 1, '2023-03-09 11:50:57', 1342177288, 'submission.event.fileRevised', 0),
(15, 1048585, 1, 1, '2023-03-09 11:51:15', 268435474, 'submission.event.publicationFormatCreated', 0),
(16, 515, 4, 1, '2023-03-09 11:51:23', 1342177281, 'submission.event.fileUploaded', 0),
(17, 1048585, 1, 1, '2023-03-09 11:51:23', 1342177288, 'submission.event.fileRevised', 0),
(18, 515, 4, 1, '2023-03-09 11:51:28', 1342177296, 'submission.event.fileEdited', 0),
(19, 1048585, 1, 1, '2023-03-09 11:51:28', 1342177296, 'submission.event.fileEdited', 0),
(20, 515, 4, 1, '2023-03-09 11:51:28', 1342177287, 'submission.event.signoffSignoff', 0),
(21, 1048585, 1, 1, '2023-03-09 11:51:31', 268435464, 'submission.event.publicationFormatPublished', 0),
(22, 1048585, 1, 1, '2023-03-09 11:51:39', 268435458, 'submission.event.general.metadataUpdated', 0),
(23, 1048585, 1, 1, '2023-03-09 11:51:53', 268435458, 'submission.event.general.metadataUpdated', 0),
(24, 1048585, 1, 1, '2023-03-09 11:52:01', 268435462, 'publication.event.published', 0),
(25, 1048585, 1, 1, '2023-03-09 11:52:24', 268435463, 'publication.event.unpublished', 0),
(26, 1048585, 1, 1, '2023-03-09 11:53:08', 268435462, 'publication.event.published', 0),
(27, 1048585, 1, 1, '2023-03-09 11:53:18', 268435463, 'publication.event.unpublished', 0),
(28, 1048585, 1, 1, '2023-03-09 11:54:45', 268435462, 'publication.event.published', 0),
(29, 1048585, 1, 1, '2023-03-09 11:55:50', 268435463, 'publication.event.unpublished', 0),
(30, 1048585, 1, 1, '2023-03-09 11:58:13', 268435462, 'publication.event.published', 0),
(31, 1048585, 1, 1, '2023-03-09 12:02:55', 268435463, 'publication.event.unpublished', 0),
(32, 1048585, 1, 1, '2023-03-09 12:04:18', 268435462, 'publication.event.published', 0),
(33, 1048585, 1, 1, '2023-03-09 12:04:43', 268435463, 'publication.event.unpublished', 0),
(34, 1048585, 1, 1, '2023-03-09 12:05:00', 268435474, 'submission.event.publicationFormatCreated', 0),
(35, 515, 5, 1, '2023-03-09 12:05:06', 1342177281, 'submission.event.fileUploaded', 0),
(36, 1048585, 1, 1, '2023-03-09 12:05:06', 1342177288, 'submission.event.fileRevised', 0),
(37, 1048585, 1, 1, '2023-03-09 12:05:11', 268435464, 'submission.event.publicationFormatPublished', 0),
(38, 515, 5, 1, '2023-03-09 12:05:13', 1342177296, 'submission.event.fileEdited', 0),
(39, 1048585, 1, 1, '2023-03-09 12:05:13', 1342177296, 'submission.event.fileEdited', 0),
(40, 515, 5, 1, '2023-03-09 12:05:13', 1342177287, 'submission.event.signoffSignoff', 0),
(41, 1048585, 1, 1, '2023-03-09 12:05:29', 268435476, 'submission.event.publicationFormatMadeAvailable', 0),
(42, 1048585, 1, 1, '2023-03-09 12:05:32', 268435462, 'publication.event.published', 0),
(43, 1048585, 1, 1, '2023-03-09 12:05:42', 268435463, 'publication.event.unpublished', 0),
(44, 515, 5, 1, '2023-03-09 12:05:47', 1342177282, 'submission.event.fileDeleted', 0),
(45, 1048585, 1, 1, '2023-03-09 12:05:47', 268435475, 'submission.event.publicationFormatRemoved', 0),
(46, 1048585, 1, 1, '2023-03-09 12:05:55', 268435462, 'publication.event.published', 0),
(47, 1048585, 2, 1, '2023-03-09 12:15:20', 268435458, 'submission.event.general.metadataUpdated', 0),
(48, 1048585, 2, 1, '2023-03-09 12:15:20', 268435458, 'submission.event.general.metadataUpdated', 0),
(49, 515, 6, 1, '2023-03-09 12:15:33', 1342177281, 'submission.event.fileUploaded', 0),
(50, 1048585, 2, 1, '2023-03-09 12:15:33', 1342177288, 'submission.event.fileRevised', 0),
(51, 515, 6, 1, '2023-03-09 12:15:35', 1342177296, 'submission.event.fileEdited', 0),
(52, 1048585, 2, 1, '2023-03-09 12:15:35', 1342177296, 'submission.event.fileEdited', 0),
(53, 1048585, 2, 1, '2023-03-09 12:16:10', 268435458, 'submission.event.general.metadataUpdated', 0),
(54, 1048585, 2, 1, '2023-03-09 12:16:14', 268435457, 'submission.event.submissionSubmitted', 0),
(55, 1048585, 2, 1, '2023-03-09 12:16:31', 805306371, 'log.editor.decision', 0),
(56, 515, 7, 1, '2023-03-09 12:16:31', 1342177281, 'submission.event.fileUploaded', 0),
(57, 1048585, 2, 1, '2023-03-09 12:16:31', 1342177288, 'submission.event.fileRevised', 0),
(58, 1048585, 2, 1, '2023-03-09 12:16:41', 805306371, 'log.editor.decision', 0),
(59, 515, 8, 1, '2023-03-09 12:16:42', 1342177281, 'submission.event.fileUploaded', 0),
(60, 1048585, 2, 1, '2023-03-09 12:16:42', 1342177288, 'submission.event.fileRevised', 0),
(61, 1048585, 2, 1, '2023-03-09 12:16:57', 268435474, 'submission.event.publicationFormatCreated', 0),
(62, 515, 9, 1, '2023-03-09 12:17:03', 1342177281, 'submission.event.fileUploaded', 0),
(63, 1048585, 2, 1, '2023-03-09 12:17:03', 1342177288, 'submission.event.fileRevised', 0),
(64, 1048585, 2, 1, '2023-03-09 12:17:06', 268435476, 'submission.event.publicationFormatMadeAvailable', 0),
(65, 1048585, 2, 1, '2023-03-09 12:17:09', 268435464, 'submission.event.publicationFormatPublished', 0),
(66, 515, 9, 1, '2023-03-09 12:17:12', 1342177296, 'submission.event.fileEdited', 0),
(67, 1048585, 2, 1, '2023-03-09 12:17:12', 1342177296, 'submission.event.fileEdited', 0),
(68, 515, 9, 1, '2023-03-09 12:17:12', 1342177287, 'submission.event.signoffSignoff', 0),
(69, 1048585, 2, 1, '2023-03-09 12:17:20', 268435462, 'publication.event.published', 0),
(70, 1048585, 2, 1, '2023-03-09 12:17:45', 268435463, 'publication.event.unpublished', 0),
(71, 1048585, 2, 1, '2023-03-09 12:17:59', 268435458, 'submission.event.general.metadataUpdated', 0),
(72, 1048585, 2, 1, '2023-03-09 12:18:03', 268435462, 'publication.event.published', 0),
(73, 1048585, 3, 1, '2023-03-09 12:19:51', 268435458, 'submission.event.general.metadataUpdated', 0),
(74, 1048585, 3, 1, '2023-03-09 12:19:51', 268435458, 'submission.event.general.metadataUpdated', 0),
(75, 515, 10, 1, '2023-03-09 12:20:22', 1342177281, 'submission.event.fileUploaded', 0),
(76, 1048585, 3, 1, '2023-03-09 12:20:22', 1342177288, 'submission.event.fileRevised', 0),
(77, 515, 10, 1, '2023-03-09 12:20:38', 1342177296, 'submission.event.fileEdited', 0),
(78, 1048585, 3, 1, '2023-03-09 12:20:38', 1342177296, 'submission.event.fileEdited', 0),
(79, 1048585, 3, 1, '2023-03-09 12:21:00', 268435458, 'submission.event.general.metadataUpdated', 0),
(80, 1048585, 3, 1, '2023-03-09 12:21:05', 268435457, 'submission.event.submissionSubmitted', 0),
(81, 1048585, 3, 1, '2023-03-09 12:21:16', 805306371, 'log.editor.decision', 0),
(82, 515, 11, 1, '2023-03-09 12:21:16', 1342177281, 'submission.event.fileUploaded', 0),
(83, 1048585, 3, 1, '2023-03-09 12:21:16', 1342177288, 'submission.event.fileRevised', 0),
(84, 1048585, 3, 1, '2023-03-09 12:21:27', 805306371, 'log.editor.decision', 0),
(85, 515, 12, 1, '2023-03-09 12:21:27', 1342177281, 'submission.event.fileUploaded', 0),
(86, 1048585, 3, 1, '2023-03-09 12:21:27', 1342177288, 'submission.event.fileRevised', 0),
(87, 1048585, 3, 1, '2023-03-09 12:21:55', 268435458, 'submission.event.general.metadataUpdated', 0),
(88, 1048585, 3, 1, '2023-03-09 12:21:59', 268435462, 'publication.event.published', 0),
(89, 1048585, 4, 1, '2023-03-09 12:22:50', 268435458, 'submission.event.general.metadataUpdated', 0),
(90, 1048585, 4, 1, '2023-03-09 12:22:50', 268435458, 'submission.event.general.metadataUpdated', 0),
(91, 515, 13, 1, '2023-03-09 12:23:07', 1342177281, 'submission.event.fileUploaded', 0),
(92, 1048585, 4, 1, '2023-03-09 12:23:07', 1342177288, 'submission.event.fileRevised', 0),
(93, 515, 13, 1, '2023-03-09 12:23:09', 1342177296, 'submission.event.fileEdited', 0),
(94, 1048585, 4, 1, '2023-03-09 12:23:09', 1342177296, 'submission.event.fileEdited', 0),
(95, 1048585, 4, 1, '2023-03-09 12:23:30', 268435458, 'submission.event.general.metadataUpdated', 0),
(96, 1048585, 4, 1, '2023-03-09 12:23:34', 268435457, 'submission.event.submissionSubmitted', 0),
(97, 1048585, 4, 1, '2023-03-09 12:23:46', 805306371, 'log.editor.decision', 0),
(98, 515, 14, 1, '2023-03-09 12:23:46', 1342177281, 'submission.event.fileUploaded', 0),
(99, 1048585, 4, 1, '2023-03-09 12:23:46', 1342177288, 'submission.event.fileRevised', 0),
(100, 1048585, 4, 1, '2023-03-09 12:23:56', 805306371, 'log.editor.decision', 0),
(101, 515, 15, 1, '2023-03-09 12:23:56', 1342177281, 'submission.event.fileUploaded', 0),
(102, 1048585, 4, 1, '2023-03-09 12:23:56', 1342177288, 'submission.event.fileRevised', 0),
(103, 1048585, 4, 1, '2023-03-09 12:24:28', 268435474, 'submission.event.publicationFormatCreated', 0),
(104, 515, 16, 1, '2023-03-09 12:24:34', 1342177281, 'submission.event.fileUploaded', 0),
(105, 1048585, 4, 1, '2023-03-09 12:24:34', 1342177288, 'submission.event.fileRevised', 0),
(106, 1048585, 4, 1, '2023-03-09 12:24:37', 268435476, 'submission.event.publicationFormatMadeAvailable', 0),
(107, 1048585, 4, 1, '2023-03-09 12:24:39', 268435464, 'submission.event.publicationFormatPublished', 0),
(108, 515, 16, 1, '2023-03-09 12:24:42', 1342177296, 'submission.event.fileEdited', 0),
(109, 1048585, 4, 1, '2023-03-09 12:24:42', 1342177296, 'submission.event.fileEdited', 0),
(110, 515, 16, 1, '2023-03-09 12:24:42', 1342177287, 'submission.event.signoffSignoff', 0),
(111, 1048585, 4, 1, '2023-03-09 12:24:56', 268435458, 'submission.event.general.metadataUpdated', 0),
(112, 1048585, 4, 1, '2023-03-09 12:25:03', 268435462, 'publication.event.published', 0),
(113, 1048585, 3, 1, '2023-03-09 12:25:16', 268435463, 'publication.event.unpublished', 0),
(114, 1048585, 3, 1, '2023-03-09 12:25:24', 268435474, 'submission.event.publicationFormatCreated', 0),
(115, 515, 17, 1, '2023-03-09 12:25:30', 1342177281, 'submission.event.fileUploaded', 0),
(116, 1048585, 3, 1, '2023-03-09 12:25:30', 1342177288, 'submission.event.fileRevised', 0),
(117, 1048585, 3, 1, '2023-03-09 12:25:33', 268435464, 'submission.event.publicationFormatPublished', 0),
(118, 515, 17, 1, '2023-03-09 12:25:36', 1342177296, 'submission.event.fileEdited', 0),
(119, 1048585, 3, 1, '2023-03-09 12:25:36', 1342177296, 'submission.event.fileEdited', 0),
(120, 515, 17, 1, '2023-03-09 12:25:36', 1342177287, 'submission.event.signoffSignoff', 0),
(121, 1048585, 3, 1, '2023-03-09 12:25:38', 268435476, 'submission.event.publicationFormatMadeAvailable', 0),
(122, 1048585, 3, 1, '2023-03-09 12:25:45', 268435462, 'publication.event.published', 0),
(123, 1048585, 5, 1, '2023-03-09 12:26:39', 268435458, 'submission.event.general.metadataUpdated', 0),
(124, 1048585, 5, 1, '2023-03-09 12:26:39', 268435458, 'submission.event.general.metadataUpdated', 0),
(125, 515, 18, 1, '2023-03-09 12:29:10', 1342177281, 'submission.event.fileUploaded', 0),
(126, 1048585, 5, 1, '2023-03-09 12:29:10', 1342177288, 'submission.event.fileRevised', 0),
(127, 515, 18, 1, '2023-03-09 12:29:13', 1342177296, 'submission.event.fileEdited', 0),
(128, 1048585, 5, 1, '2023-03-09 12:29:13', 1342177296, 'submission.event.fileEdited', 0),
(129, 1048585, 5, 1, '2023-03-09 12:29:37', 268435458, 'submission.event.general.metadataUpdated', 0),
(130, 1048585, 5, 1, '2023-03-09 12:29:41', 268435457, 'submission.event.submissionSubmitted', 0),
(131, 1048585, 5, 1, '2023-03-09 12:30:03', 268435474, 'submission.event.publicationFormatCreated', 0),
(132, 515, 19, 1, '2023-03-09 12:30:13', 1342177281, 'submission.event.fileUploaded', 0),
(133, 1048585, 5, 1, '2023-03-09 12:30:13', 1342177288, 'submission.event.fileRevised', 0),
(134, 1048585, 5, 1, '2023-03-09 12:30:22', 805306371, 'log.editor.decision', 0),
(135, 515, 20, 1, '2023-03-09 12:30:22', 1342177281, 'submission.event.fileUploaded', 0),
(136, 1048585, 5, 1, '2023-03-09 12:30:22', 1342177288, 'submission.event.fileRevised', 0),
(137, 1048585, 5, 1, '2023-03-09 12:30:32', 805306371, 'log.editor.decision', 0),
(138, 515, 21, 1, '2023-03-09 12:30:32', 1342177281, 'submission.event.fileUploaded', 0),
(139, 1048585, 5, 1, '2023-03-09 12:30:32', 1342177288, 'submission.event.fileRevised', 0),
(140, 515, 22, 1, '2023-03-09 12:30:46', 1342177281, 'submission.event.fileUploaded', 0),
(141, 1048585, 5, 1, '2023-03-09 12:30:46', 1342177288, 'submission.event.fileRevised', 0),
(142, 515, 19, 1, '2023-03-09 12:30:51', 1342177282, 'submission.event.fileDeleted', 0),
(143, 1048585, 5, 1, '2023-03-09 12:30:55', 268435464, 'submission.event.publicationFormatPublished', 0),
(144, 1048585, 5, 1, '2023-03-09 12:30:58', 268435476, 'submission.event.publicationFormatMadeAvailable', 0),
(145, 515, 22, 1, '2023-03-09 12:31:01', 1342177296, 'submission.event.fileEdited', 0),
(146, 1048585, 5, 1, '2023-03-09 12:31:01', 1342177296, 'submission.event.fileEdited', 0),
(147, 515, 22, 1, '2023-03-09 12:31:01', 1342177287, 'submission.event.signoffSignoff', 0),
(148, 1048585, 5, 1, '2023-03-09 12:31:17', 268435458, 'submission.event.general.metadataUpdated', 0),
(149, 1048585, 5, 1, '2023-03-09 12:31:30', 268435462, 'publication.event.published', 0),
(150, 1048585, 6, 1, '2023-03-09 12:35:12', 268435458, 'submission.event.general.metadataUpdated', 0),
(151, 1048585, 6, 1, '2023-03-09 12:35:12', 268435458, 'submission.event.general.metadataUpdated', 0),
(152, 515, 23, 1, '2023-03-09 12:35:28', 1342177281, 'submission.event.fileUploaded', 0),
(153, 1048585, 6, 1, '2023-03-09 12:35:28', 1342177288, 'submission.event.fileRevised', 0),
(154, 515, 23, 1, '2023-03-09 12:35:30', 1342177296, 'submission.event.fileEdited', 0),
(155, 1048585, 6, 1, '2023-03-09 12:35:30', 1342177296, 'submission.event.fileEdited', 0),
(156, 1048585, 6, 1, '2023-03-09 12:35:52', 268435458, 'submission.event.general.metadataUpdated', 0),
(157, 1048585, 6, 1, '2023-03-09 12:35:55', 268435457, 'submission.event.submissionSubmitted', 0),
(158, 1048585, 6, 1, '2023-03-09 12:36:06', 805306371, 'log.editor.decision', 0),
(159, 515, 24, 1, '2023-03-09 12:36:07', 1342177281, 'submission.event.fileUploaded', 0),
(160, 1048585, 6, 1, '2023-03-09 12:36:07', 1342177288, 'submission.event.fileRevised', 0),
(161, 1048585, 6, 1, '2023-03-09 12:36:18', 805306371, 'log.editor.decision', 0),
(162, 515, 25, 1, '2023-03-09 12:36:18', 1342177281, 'submission.event.fileUploaded', 0),
(163, 1048585, 6, 1, '2023-03-09 12:36:18', 1342177288, 'submission.event.fileRevised', 0),
(164, 1048585, 6, 1, '2023-03-09 12:36:30', 268435474, 'submission.event.publicationFormatCreated', 0),
(165, 1048585, 6, 1, '2023-03-09 12:36:34', 268435464, 'submission.event.publicationFormatPublished', 0),
(166, 1048585, 6, 1, '2023-03-09 12:36:37', 268435476, 'submission.event.publicationFormatMadeAvailable', 0),
(167, 515, 26, 1, '2023-03-09 12:36:40', 1342177281, 'submission.event.fileUploaded', 0),
(168, 1048585, 6, 1, '2023-03-09 12:36:40', 1342177288, 'submission.event.fileRevised', 0),
(169, 515, 26, 1, '2023-03-09 12:36:44', 1342177296, 'submission.event.fileEdited', 0),
(170, 1048585, 6, 1, '2023-03-09 12:36:44', 1342177296, 'submission.event.fileEdited', 0),
(171, 515, 26, 1, '2023-03-09 12:36:44', 1342177287, 'submission.event.signoffSignoff', 0),
(172, 1048585, 6, 1, '2023-03-09 12:37:03', 268435458, 'submission.event.general.metadataUpdated', 0),
(173, 1048585, 6, 1, '2023-03-09 12:37:08', 268435462, 'publication.event.published', 0),
(174, 1048585, 7, 1, '2023-03-09 12:38:03', 268435458, 'submission.event.general.metadataUpdated', 0),
(175, 1048585, 7, 1, '2023-03-09 12:38:03', 268435458, 'submission.event.general.metadataUpdated', 0),
(176, 515, 27, 1, '2023-03-09 12:38:16', 1342177281, 'submission.event.fileUploaded', 0),
(177, 1048585, 7, 1, '2023-03-09 12:38:16', 1342177288, 'submission.event.fileRevised', 0),
(178, 515, 27, 1, '2023-03-09 12:38:18', 1342177296, 'submission.event.fileEdited', 0),
(179, 1048585, 7, 1, '2023-03-09 12:38:18', 1342177296, 'submission.event.fileEdited', 0),
(180, 1048585, 7, 1, '2023-03-09 12:38:48', 268435458, 'submission.event.general.metadataUpdated', 0),
(181, 1048585, 7, 1, '2023-03-09 12:38:53', 268435457, 'submission.event.submissionSubmitted', 0),
(182, 1048585, 7, 1, '2023-03-09 12:39:07', 805306371, 'log.editor.decision', 0),
(183, 515, 28, 1, '2023-03-09 12:39:07', 1342177281, 'submission.event.fileUploaded', 0),
(184, 1048585, 7, 1, '2023-03-09 12:39:07', 1342177288, 'submission.event.fileRevised', 0),
(185, 1048585, 7, 1, '2023-03-09 12:39:20', 805306371, 'log.editor.decision', 0),
(186, 515, 29, 1, '2023-03-09 12:39:21', 1342177281, 'submission.event.fileUploaded', 0),
(187, 1048585, 7, 1, '2023-03-09 12:39:21', 1342177288, 'submission.event.fileRevised', 0),
(188, 1048585, 7, 1, '2023-03-09 12:39:32', 268435474, 'submission.event.publicationFormatCreated', 0),
(189, 515, 30, 1, '2023-03-09 12:39:38', 1342177281, 'submission.event.fileUploaded', 0),
(190, 1048585, 7, 1, '2023-03-09 12:39:38', 1342177288, 'submission.event.fileRevised', 0),
(191, 1048585, 7, 1, '2023-03-09 12:39:42', 268435464, 'submission.event.publicationFormatPublished', 0),
(192, 515, 30, 1, '2023-03-09 12:39:45', 1342177296, 'submission.event.fileEdited', 0),
(193, 1048585, 7, 1, '2023-03-09 12:39:45', 1342177296, 'submission.event.fileEdited', 0),
(194, 515, 30, 1, '2023-03-09 12:39:45', 1342177287, 'submission.event.signoffSignoff', 0),
(195, 1048585, 7, 1, '2023-03-09 12:39:48', 268435476, 'submission.event.publicationFormatMadeAvailable', 0),
(196, 1048585, 7, 1, '2023-03-09 12:40:01', 268435458, 'submission.event.general.metadataUpdated', 0),
(197, 1048585, 7, 1, '2023-03-09 12:40:08', 268435462, 'publication.event.published', 0),
(198, 1048585, 8, 1, '2023-03-09 12:41:08', 268435458, 'submission.event.general.metadataUpdated', 0),
(199, 1048585, 8, 1, '2023-03-09 12:41:08', 268435458, 'submission.event.general.metadataUpdated', 0),
(200, 515, 31, 1, '2023-03-09 12:41:15', 1342177281, 'submission.event.fileUploaded', 0),
(201, 1048585, 8, 1, '2023-03-09 12:41:15', 1342177288, 'submission.event.fileRevised', 0),
(202, 515, 31, 1, '2023-03-09 12:41:17', 1342177296, 'submission.event.fileEdited', 0),
(203, 1048585, 8, 1, '2023-03-09 12:41:17', 1342177296, 'submission.event.fileEdited', 0),
(204, 1048585, 8, 1, '2023-03-09 12:41:34', 268435458, 'submission.event.general.metadataUpdated', 0),
(205, 1048585, 8, 1, '2023-03-09 12:41:37', 268435457, 'submission.event.submissionSubmitted', 0),
(206, 1048585, 8, 1, '2023-03-09 12:41:49', 805306371, 'log.editor.decision', 0),
(207, 515, 32, 1, '2023-03-09 12:41:49', 1342177281, 'submission.event.fileUploaded', 0),
(208, 1048585, 8, 1, '2023-03-09 12:41:49', 1342177288, 'submission.event.fileRevised', 0),
(209, 1048585, 8, 1, '2023-03-09 12:41:59', 805306371, 'log.editor.decision', 0),
(210, 515, 33, 1, '2023-03-09 12:41:59', 1342177281, 'submission.event.fileUploaded', 0),
(211, 1048585, 8, 1, '2023-03-09 12:41:59', 1342177288, 'submission.event.fileRevised', 0),
(212, 1048585, 8, 1, '2023-03-09 12:42:11', 268435474, 'submission.event.publicationFormatCreated', 0),
(213, 515, 34, 1, '2023-03-09 12:42:16', 1342177281, 'submission.event.fileUploaded', 0),
(214, 1048585, 8, 1, '2023-03-09 12:42:16', 1342177288, 'submission.event.fileRevised', 0),
(215, 1048585, 8, 1, '2023-03-09 12:42:20', 268435464, 'submission.event.publicationFormatPublished', 0),
(216, 1048585, 8, 1, '2023-03-09 12:42:23', 268435476, 'submission.event.publicationFormatMadeAvailable', 0),
(217, 515, 34, 1, '2023-03-09 12:42:26', 1342177296, 'submission.event.fileEdited', 0),
(218, 1048585, 8, 1, '2023-03-09 12:42:26', 1342177296, 'submission.event.fileEdited', 0),
(219, 515, 34, 1, '2023-03-09 12:42:26', 1342177287, 'submission.event.signoffSignoff', 0),
(220, 1048585, 8, 1, '2023-03-09 12:42:43', 268435458, 'submission.event.general.metadataUpdated', 0),
(221, 1048585, 8, 1, '2023-03-09 12:42:48', 268435462, 'publication.event.published', 0),
(222, 1048585, 9, 1, '2023-03-09 12:44:20', 268435458, 'submission.event.general.metadataUpdated', 0),
(223, 1048585, 9, 1, '2023-03-09 12:44:20', 268435458, 'submission.event.general.metadataUpdated', 0),
(224, 515, 35, 1, '2023-03-09 12:44:28', 1342177281, 'submission.event.fileUploaded', 0),
(225, 1048585, 9, 1, '2023-03-09 12:44:28', 1342177288, 'submission.event.fileRevised', 0),
(226, 515, 35, 1, '2023-03-09 12:44:29', 1342177296, 'submission.event.fileEdited', 0),
(227, 1048585, 9, 1, '2023-03-09 12:44:29', 1342177296, 'submission.event.fileEdited', 0),
(228, 1048585, 9, 1, '2023-03-09 12:44:44', 268435458, 'submission.event.general.metadataUpdated', 0),
(229, 1048585, 9, 1, '2023-03-09 12:44:47', 268435457, 'submission.event.submissionSubmitted', 0),
(230, 1048585, 9, 1, '2023-03-09 12:45:03', 805306371, 'log.editor.decision', 0),
(231, 515, 36, 1, '2023-03-09 12:45:04', 1342177281, 'submission.event.fileUploaded', 0),
(232, 1048585, 9, 1, '2023-03-09 12:45:04', 1342177288, 'submission.event.fileRevised', 0),
(233, 1048585, 9, 1, '2023-03-09 12:45:15', 805306371, 'log.editor.decision', 0),
(234, 515, 37, 1, '2023-03-09 12:45:15', 1342177281, 'submission.event.fileUploaded', 0),
(235, 1048585, 9, 1, '2023-03-09 12:45:15', 1342177288, 'submission.event.fileRevised', 0),
(236, 1048585, 9, 1, '2023-03-09 12:45:25', 268435474, 'submission.event.publicationFormatCreated', 0),
(237, 515, 38, 1, '2023-03-09 12:45:31', 1342177281, 'submission.event.fileUploaded', 0),
(238, 1048585, 9, 1, '2023-03-09 12:45:31', 1342177288, 'submission.event.fileRevised', 0),
(239, 1048585, 9, 1, '2023-03-09 12:45:34', 268435464, 'submission.event.publicationFormatPublished', 0),
(240, 1048585, 9, 1, '2023-03-09 12:45:37', 268435476, 'submission.event.publicationFormatMadeAvailable', 0),
(241, 515, 38, 1, '2023-03-09 12:45:40', 1342177296, 'submission.event.fileEdited', 0),
(242, 1048585, 9, 1, '2023-03-09 12:45:40', 1342177296, 'submission.event.fileEdited', 0),
(243, 515, 38, 1, '2023-03-09 12:45:40', 1342177287, 'submission.event.signoffSignoff', 0),
(244, 1048585, 9, 1, '2023-03-09 12:45:55', 268435458, 'submission.event.general.metadataUpdated', 0),
(245, 1048585, 9, 1, '2023-03-09 12:46:00', 268435462, 'publication.event.published', 0),
(246, 1048585, 10, 1, '2023-03-10 22:10:18', 268435458, 'submission.event.general.metadataUpdated', 0),
(247, 1048585, 10, 1, '2023-03-10 22:10:18', 268435458, 'submission.event.general.metadataUpdated', 0),
(248, 515, 39, 1, '2023-03-10 22:10:41', 1342177281, 'submission.event.fileUploaded', 0),
(249, 1048585, 10, 1, '2023-03-10 22:10:41', 1342177288, 'submission.event.fileRevised', 0),
(250, 515, 39, 1, '2023-03-10 22:10:44', 1342177296, 'submission.event.fileEdited', 0),
(251, 1048585, 10, 1, '2023-03-10 22:10:44', 1342177296, 'submission.event.fileEdited', 0),
(252, 1048585, 10, 1, '2023-03-10 22:11:10', 268435458, 'submission.event.general.metadataUpdated', 0),
(253, 1048585, 10, 1, '2023-03-10 22:11:13', 268435457, 'submission.event.submissionSubmitted', 0),
(254, 1048585, 10, 1, '2023-03-10 22:11:29', 268435459, 'submission.event.participantAdded', 0),
(255, 1048585, 10, 1, '2023-03-10 22:11:40', 268435460, 'submission.event.participantRemoved', 0),
(256, 1048585, 10, 1, '2023-03-10 22:14:15', 268435459, 'submission.event.participantAdded', 0),
(257, 1048585, 10, 1, '2023-03-10 22:40:24', 805306371, 'log.editor.decision', 0),
(258, 515, 40, 1, '2023-03-10 22:40:24', 1342177281, 'submission.event.fileUploaded', 0),
(259, 1048585, 10, 1, '2023-03-10 22:40:24', 1342177288, 'submission.event.fileRevised', 0),
(260, 1048585, 10, 1, '2023-03-10 22:41:14', 805306371, 'log.editor.decision', 0),
(261, 515, 41, 1, '2023-03-10 22:41:14', 1342177281, 'submission.event.fileUploaded', 0),
(262, 1048585, 10, 1, '2023-03-10 22:41:14', 1342177288, 'submission.event.fileRevised', 0),
(263, 1048585, 10, 1, '2023-03-10 23:14:31', 268435474, 'submission.event.publicationFormatCreated', 0),
(264, 515, 42, 1, '2023-03-10 23:14:37', 1342177281, 'submission.event.fileUploaded', 0),
(265, 1048585, 10, 1, '2023-03-10 23:14:37', 1342177288, 'submission.event.fileRevised', 0),
(266, 1048585, 10, 1, '2023-03-10 23:14:44', 268435464, 'submission.event.publicationFormatPublished', 0),
(267, 1048585, 10, 1, '2023-03-10 23:14:47', 268435476, 'submission.event.publicationFormatMadeAvailable', 0),
(268, 515, 42, 1, '2023-03-10 23:14:54', 1342177296, 'submission.event.fileEdited', 0),
(269, 1048585, 10, 1, '2023-03-10 23:14:54', 1342177296, 'submission.event.fileEdited', 0),
(270, 515, 42, 1, '2023-03-10 23:14:54', 1342177287, 'submission.event.signoffSignoff', 0),
(271, 1048585, 10, 1, '2023-03-10 23:17:40', 268435458, 'submission.event.general.metadataUpdated', 0),
(272, 1048585, 10, 1, '2023-03-10 23:20:24', 268435462, 'publication.event.published', 0),
(273, 1048585, 11, 1, '2023-03-16 15:28:15', 268435458, 'submission.event.general.metadataUpdated', 0),
(274, 1048585, 11, 1, '2023-03-16 15:28:15', 268435458, 'submission.event.general.metadataUpdated', 0),
(275, 515, 43, 1, '2023-03-16 15:29:04', 1342177281, 'submission.event.fileUploaded', 0),
(276, 1048585, 11, 1, '2023-03-16 15:29:04', 1342177288, 'submission.event.fileRevised', 0),
(277, 515, 43, 1, '2023-03-16 15:29:08', 1342177296, 'submission.event.fileEdited', 0),
(278, 1048585, 11, 1, '2023-03-16 15:29:08', 1342177296, 'submission.event.fileEdited', 0),
(279, 1048585, 11, 1, '2023-03-16 15:30:03', 268435458, 'submission.event.general.metadataUpdated', 0),
(280, 1048585, 11, 1, '2023-03-16 15:30:09', 268435457, 'submission.event.submissionSubmitted', 0),
(281, 1048585, 11, 1, '2023-03-16 15:30:24', 268435459, 'submission.event.participantAdded', 0),
(282, 1048585, 11, 1, '2023-03-16 15:30:37', 805306371, 'log.editor.decision', 0),
(283, 515, 44, 1, '2023-03-16 15:30:37', 1342177281, 'submission.event.fileUploaded', 0),
(284, 1048585, 11, 1, '2023-03-16 15:30:37', 1342177288, 'submission.event.fileRevised', 0),
(285, 1048585, 11, 1, '2023-03-16 15:30:50', 805306371, 'log.editor.decision', 0),
(286, 515, 45, 1, '2023-03-16 15:30:50', 1342177281, 'submission.event.fileUploaded', 0),
(287, 1048585, 11, 1, '2023-03-16 15:30:50', 1342177288, 'submission.event.fileRevised', 0),
(288, 1048585, 11, 1, '2023-03-16 15:31:08', 268435474, 'submission.event.publicationFormatCreated', 0),
(289, 515, 46, 1, '2023-03-16 15:31:16', 1342177281, 'submission.event.fileUploaded', 0),
(290, 1048585, 11, 1, '2023-03-16 15:31:16', 1342177288, 'submission.event.fileRevised', 0),
(291, 1048585, 11, 1, '2023-03-16 15:31:19', 268435464, 'submission.event.publicationFormatPublished', 0),
(292, 1048585, 11, 1, '2023-03-16 15:31:22', 268435476, 'submission.event.publicationFormatMadeAvailable', 0),
(293, 515, 46, 1, '2023-03-16 15:31:25', 1342177296, 'submission.event.fileEdited', 0),
(294, 1048585, 11, 1, '2023-03-16 15:31:25', 1342177296, 'submission.event.fileEdited', 0),
(295, 515, 46, 1, '2023-03-16 15:31:25', 1342177287, 'submission.event.signoffSignoff', 0),
(296, 1048585, 11, 1, '2023-03-16 15:31:53', 268435458, 'submission.event.general.metadataUpdated', 0),
(297, 1048585, 11, 1, '2023-03-16 15:32:03', 268435462, 'publication.event.published', 0),
(298, 1048585, 12, 1, '2023-03-16 15:33:42', 268435458, 'submission.event.general.metadataUpdated', 0),
(299, 1048585, 12, 1, '2023-03-16 15:33:42', 268435458, 'submission.event.general.metadataUpdated', 0),
(300, 515, 47, 1, '2023-03-16 15:33:55', 1342177281, 'submission.event.fileUploaded', 0),
(301, 1048585, 12, 1, '2023-03-16 15:33:55', 1342177288, 'submission.event.fileRevised', 0),
(302, 515, 47, 1, '2023-03-16 15:33:57', 1342177296, 'submission.event.fileEdited', 0),
(303, 1048585, 12, 1, '2023-03-16 15:33:57', 1342177296, 'submission.event.fileEdited', 0),
(304, 1048585, 12, 1, '2023-03-16 15:34:17', 268435458, 'submission.event.general.metadataUpdated', 0),
(305, 1048585, 12, 1, '2023-03-16 15:34:21', 268435457, 'submission.event.submissionSubmitted', 0),
(306, 1048585, 12, 1, '2023-03-16 15:34:33', 268435459, 'submission.event.participantAdded', 0),
(307, 1048585, 12, 1, '2023-03-16 15:34:40', 805306371, 'log.editor.decision', 0),
(308, 515, 48, 1, '2023-03-16 15:34:41', 1342177281, 'submission.event.fileUploaded', 0),
(309, 1048585, 12, 1, '2023-03-16 15:34:41', 1342177288, 'submission.event.fileRevised', 0),
(310, 1048585, 12, 1, '2023-03-16 15:34:54', 805306371, 'log.editor.decision', 0),
(311, 515, 49, 1, '2023-03-16 15:34:54', 1342177281, 'submission.event.fileUploaded', 0),
(312, 1048585, 12, 1, '2023-03-16 15:34:54', 1342177288, 'submission.event.fileRevised', 0),
(313, 1048585, 12, 1, '2023-03-16 15:35:11', 268435474, 'submission.event.publicationFormatCreated', 0),
(314, 515, 50, 1, '2023-03-16 15:35:23', 1342177281, 'submission.event.fileUploaded', 0),
(315, 1048585, 12, 1, '2023-03-16 15:35:23', 1342177288, 'submission.event.fileRevised', 0),
(316, 1048585, 12, 1, '2023-03-16 15:35:27', 268435464, 'submission.event.publicationFormatPublished', 0),
(317, 515, 50, 1, '2023-03-16 15:35:31', 1342177296, 'submission.event.fileEdited', 0),
(318, 1048585, 12, 1, '2023-03-16 15:35:31', 1342177296, 'submission.event.fileEdited', 0),
(319, 515, 50, 1, '2023-03-16 15:35:31', 1342177287, 'submission.event.signoffSignoff', 0),
(320, 1048585, 12, 1, '2023-03-16 15:35:33', 268435476, 'submission.event.publicationFormatMadeAvailable', 0),
(321, 1048585, 12, 1, '2023-03-16 15:35:59', 268435458, 'submission.event.general.metadataUpdated', 0),
(322, 1048585, 12, 1, '2023-03-16 15:36:03', 268435462, 'publication.event.published', 0),
(323, 1048585, 13, 1, '2023-03-16 15:37:16', 268435458, 'submission.event.general.metadataUpdated', 0),
(324, 1048585, 13, 1, '2023-03-16 15:37:16', 268435458, 'submission.event.general.metadataUpdated', 0),
(325, 515, 51, 1, '2023-03-16 15:37:35', 1342177281, 'submission.event.fileUploaded', 0),
(326, 1048585, 13, 1, '2023-03-16 15:37:35', 1342177288, 'submission.event.fileRevised', 0),
(327, 515, 51, 1, '2023-03-16 15:37:36', 1342177296, 'submission.event.fileEdited', 0),
(328, 1048585, 13, 1, '2023-03-16 15:37:37', 1342177296, 'submission.event.fileEdited', 0),
(329, 1048585, 13, 1, '2023-03-16 15:37:58', 268435458, 'submission.event.general.metadataUpdated', 0),
(330, 1048585, 13, 1, '2023-03-16 15:38:01', 268435457, 'submission.event.submissionSubmitted', 0),
(331, 1048585, 13, 1, '2023-03-16 15:38:12', 268435459, 'submission.event.participantAdded', 0),
(332, 1048585, 13, 1, '2023-03-16 15:38:19', 805306371, 'log.editor.decision', 0),
(333, 515, 52, 1, '2023-03-16 15:38:19', 1342177281, 'submission.event.fileUploaded', 0),
(334, 1048585, 13, 1, '2023-03-16 15:38:19', 1342177288, 'submission.event.fileRevised', 0),
(335, 1048585, 13, 1, '2023-03-16 15:38:31', 805306371, 'log.editor.decision', 0),
(336, 515, 53, 1, '2023-03-16 15:38:31', 1342177281, 'submission.event.fileUploaded', 0),
(337, 1048585, 13, 1, '2023-03-16 15:38:31', 1342177288, 'submission.event.fileRevised', 0),
(338, 1048585, 13, 1, '2023-03-16 15:38:49', 268435474, 'submission.event.publicationFormatCreated', 0),
(339, 1048585, 13, 1, '2023-03-16 15:38:53', 268435464, 'submission.event.publicationFormatPublished', 0),
(340, 515, 54, 1, '2023-03-16 15:38:58', 1342177281, 'submission.event.fileUploaded', 0),
(341, 1048585, 13, 1, '2023-03-16 15:38:58', 1342177288, 'submission.event.fileRevised', 0),
(342, 1048585, 13, 1, '2023-03-16 15:39:02', 268435476, 'submission.event.publicationFormatMadeAvailable', 0),
(343, 515, 54, 1, '2023-03-16 15:39:05', 1342177296, 'submission.event.fileEdited', 0),
(344, 1048585, 13, 1, '2023-03-16 15:39:05', 1342177296, 'submission.event.fileEdited', 0),
(345, 515, 54, 1, '2023-03-16 15:39:05', 1342177287, 'submission.event.signoffSignoff', 0),
(346, 1048585, 13, 1, '2023-03-16 15:39:38', 268435458, 'submission.event.general.metadataUpdated', 0),
(347, 1048585, 13, 1, '2023-03-16 15:39:44', 268435462, 'publication.event.published', 0),
(348, 1048585, 13, 1, '2023-03-16 15:42:07', 268435463, 'publication.event.unpublished', 0),
(349, 1048585, 13, 1, '2023-03-16 15:43:12', 268435462, 'publication.event.published', 0),
(350, 1048585, 14, 1, '2023-03-16 15:43:39', 268435458, 'submission.event.general.metadataUpdated', 0),
(351, 1048585, 14, 1, '2023-03-16 15:43:39', 268435458, 'submission.event.general.metadataUpdated', 0),
(352, 515, 55, 1, '2023-03-16 15:44:16', 1342177281, 'submission.event.fileUploaded', 0),
(353, 1048585, 14, 1, '2023-03-16 15:44:16', 1342177288, 'submission.event.fileRevised', 0),
(354, 515, 55, 1, '2023-03-16 15:44:18', 1342177296, 'submission.event.fileEdited', 0),
(355, 1048585, 14, 1, '2023-03-16 15:44:18', 1342177296, 'submission.event.fileEdited', 0),
(356, 1048585, 14, 1, '2023-03-16 15:44:36', 268435458, 'submission.event.general.metadataUpdated', 0),
(357, 1048585, 14, 1, '2023-03-16 15:44:40', 268435457, 'submission.event.submissionSubmitted', 0),
(358, 1048585, 14, 1, '2023-03-16 15:44:50', 268435459, 'submission.event.participantAdded', 0),
(359, 1048585, 14, 1, '2023-03-16 15:44:57', 805306371, 'log.editor.decision', 0),
(360, 515, 56, 1, '2023-03-16 15:44:57', 1342177281, 'submission.event.fileUploaded', 0),
(361, 1048585, 14, 1, '2023-03-16 15:44:57', 1342177288, 'submission.event.fileRevised', 0),
(362, 1048585, 14, 1, '2023-03-16 15:45:09', 805306371, 'log.editor.decision', 0),
(363, 515, 57, 1, '2023-03-16 15:45:09', 1342177281, 'submission.event.fileUploaded', 0),
(364, 1048585, 14, 1, '2023-03-16 15:45:09', 1342177288, 'submission.event.fileRevised', 0),
(365, 1048585, 14, 1, '2023-03-16 15:45:27', 268435474, 'submission.event.publicationFormatCreated', 0),
(366, 515, 58, 1, '2023-03-16 15:45:32', 1342177281, 'submission.event.fileUploaded', 0),
(367, 1048585, 14, 1, '2023-03-16 15:45:32', 1342177288, 'submission.event.fileRevised', 0),
(368, 1048585, 14, 1, '2023-03-16 15:45:42', 268435464, 'submission.event.publicationFormatPublished', 0),
(369, 1048585, 14, 1, '2023-03-16 15:45:45', 268435476, 'submission.event.publicationFormatMadeAvailable', 0),
(370, 515, 58, 1, '2023-03-16 15:45:48', 1342177296, 'submission.event.fileEdited', 0),
(371, 1048585, 14, 1, '2023-03-16 15:45:48', 1342177296, 'submission.event.fileEdited', 0),
(372, 515, 58, 1, '2023-03-16 15:45:48', 1342177287, 'submission.event.signoffSignoff', 0),
(373, 1048585, 14, 1, '2023-03-16 15:46:31', 268435458, 'submission.event.general.metadataUpdated', 0),
(374, 1048585, 14, 1, '2023-03-16 15:46:36', 268435462, 'publication.event.published', 0),
(375, 1048585, 15, 1, '2023-03-16 15:47:19', 268435458, 'submission.event.general.metadataUpdated', 0),
(376, 1048585, 15, 1, '2023-03-16 15:47:19', 268435458, 'submission.event.general.metadataUpdated', 0),
(377, 515, 59, 1, '2023-03-16 15:47:36', 1342177281, 'submission.event.fileUploaded', 0),
(378, 1048585, 15, 1, '2023-03-16 15:47:36', 1342177288, 'submission.event.fileRevised', 0),
(379, 515, 59, 1, '2023-03-16 15:47:38', 1342177296, 'submission.event.fileEdited', 0),
(380, 1048585, 15, 1, '2023-03-16 15:47:38', 1342177296, 'submission.event.fileEdited', 0),
(381, 1048585, 15, 1, '2023-03-16 15:47:59', 268435458, 'submission.event.general.metadataUpdated', 0),
(382, 1048585, 15, 1, '2023-03-16 15:48:02', 268435457, 'submission.event.submissionSubmitted', 0),
(383, 1048585, 15, 1, '2023-03-16 15:48:15', 268435459, 'submission.event.participantAdded', 0),
(384, 1048585, 15, 1, '2023-03-16 15:48:22', 805306371, 'log.editor.decision', 0),
(385, 515, 60, 1, '2023-03-16 15:48:22', 1342177281, 'submission.event.fileUploaded', 0),
(386, 1048585, 15, 1, '2023-03-16 15:48:22', 1342177288, 'submission.event.fileRevised', 0),
(387, 1048585, 15, 1, '2023-03-16 15:48:35', 805306371, 'log.editor.decision', 0),
(388, 515, 61, 1, '2023-03-16 15:48:35', 1342177281, 'submission.event.fileUploaded', 0),
(389, 1048585, 15, 1, '2023-03-16 15:48:35', 1342177288, 'submission.event.fileRevised', 0),
(390, 1048585, 15, 1, '2023-03-16 15:48:49', 268435474, 'submission.event.publicationFormatCreated', 0),
(391, 515, 62, 1, '2023-03-16 15:48:57', 1342177281, 'submission.event.fileUploaded', 0),
(392, 1048585, 15, 1, '2023-03-16 15:48:57', 1342177288, 'submission.event.fileRevised', 0),
(393, 1048585, 15, 1, '2023-03-16 15:49:00', 268435464, 'submission.event.publicationFormatPublished', 0),
(394, 1048585, 15, 1, '2023-03-16 15:49:03', 268435476, 'submission.event.publicationFormatMadeAvailable', 0),
(395, 515, 62, 1, '2023-03-16 15:49:05', 1342177296, 'submission.event.fileEdited', 0),
(396, 1048585, 15, 1, '2023-03-16 15:49:05', 1342177296, 'submission.event.fileEdited', 0),
(397, 515, 62, 1, '2023-03-16 15:49:05', 1342177287, 'submission.event.signoffSignoff', 0),
(398, 1048585, 15, 1, '2023-03-16 15:49:31', 268435458, 'submission.event.general.metadataUpdated', 0),
(399, 1048585, 15, 1, '2023-03-16 15:49:35', 268435462, 'publication.event.published', 0),
(400, 1048585, 16, 1, '2023-03-16 15:50:08', 268435458, 'submission.event.general.metadataUpdated', 0),
(401, 1048585, 16, 1, '2023-03-16 15:50:08', 268435458, 'submission.event.general.metadataUpdated', 0),
(402, 515, 63, 1, '2023-03-16 15:50:32', 1342177281, 'submission.event.fileUploaded', 0),
(403, 1048585, 16, 1, '2023-03-16 15:50:32', 1342177288, 'submission.event.fileRevised', 0),
(404, 515, 63, 1, '2023-03-16 15:50:36', 1342177296, 'submission.event.fileEdited', 0),
(405, 1048585, 16, 1, '2023-03-16 15:50:36', 1342177296, 'submission.event.fileEdited', 0),
(406, 1048585, 16, 1, '2023-03-16 15:50:51', 268435458, 'submission.event.general.metadataUpdated', 0),
(407, 1048585, 16, 1, '2023-03-16 15:50:54', 268435457, 'submission.event.submissionSubmitted', 0),
(408, 1048585, 16, 1, '2023-03-16 15:51:08', 268435459, 'submission.event.participantAdded', 0),
(409, 1048585, 16, 1, '2023-03-16 15:51:14', 805306371, 'log.editor.decision', 0),
(410, 515, 64, 1, '2023-03-16 15:51:14', 1342177281, 'submission.event.fileUploaded', 0),
(411, 1048585, 16, 1, '2023-03-16 15:51:14', 1342177288, 'submission.event.fileRevised', 0),
(412, 1048585, 16, 1, '2023-03-16 15:51:26', 805306371, 'log.editor.decision', 0),
(413, 515, 65, 1, '2023-03-16 15:51:26', 1342177281, 'submission.event.fileUploaded', 0),
(414, 1048585, 16, 1, '2023-03-16 15:51:26', 1342177288, 'submission.event.fileRevised', 0),
(415, 1048585, 16, 1, '2023-03-16 15:51:46', 268435474, 'submission.event.publicationFormatCreated', 0),
(416, 515, 66, 1, '2023-03-16 15:51:52', 1342177281, 'submission.event.fileUploaded', 0),
(417, 1048585, 16, 1, '2023-03-16 15:51:52', 1342177288, 'submission.event.fileRevised', 0),
(418, 1048585, 16, 1, '2023-03-16 15:51:55', 268435464, 'submission.event.publicationFormatPublished', 0),
(419, 1048585, 16, 1, '2023-03-16 15:51:58', 268435476, 'submission.event.publicationFormatMadeAvailable', 0),
(420, 515, 66, 1, '2023-03-16 15:52:01', 1342177296, 'submission.event.fileEdited', 0),
(421, 1048585, 16, 1, '2023-03-16 15:52:01', 1342177296, 'submission.event.fileEdited', 0),
(422, 515, 66, 1, '2023-03-16 15:52:01', 1342177287, 'submission.event.signoffSignoff', 0),
(423, 1048585, 16, 1, '2023-03-16 15:52:09', 268435462, 'publication.event.published', 0),
(424, 1048585, 16, 1, '2023-03-16 15:52:18', 268435463, 'publication.event.unpublished', 0),
(425, 1048585, 16, 1, '2023-03-16 15:52:33', 268435458, 'submission.event.general.metadataUpdated', 0),
(426, 1048585, 16, 1, '2023-03-16 15:52:38', 268435458, 'submission.event.general.metadataUpdated', 0),
(427, 1048585, 16, 1, '2023-03-16 15:52:42', 268435462, 'publication.event.published', 0),
(428, 1048585, 17, 1, '2023-03-16 15:56:02', 268435458, 'submission.event.general.metadataUpdated', 0),
(429, 1048585, 17, 1, '2023-03-16 15:56:02', 268435458, 'submission.event.general.metadataUpdated', 0),
(430, 515, 67, 1, '2023-03-16 15:56:16', 1342177281, 'submission.event.fileUploaded', 0),
(431, 1048585, 17, 1, '2023-03-16 15:56:16', 1342177288, 'submission.event.fileRevised', 0),
(432, 515, 67, 1, '2023-03-16 15:56:30', 1342177296, 'submission.event.fileEdited', 0),
(433, 1048585, 17, 1, '2023-03-16 15:56:30', 1342177296, 'submission.event.fileEdited', 0),
(434, 1048585, 17, 1, '2023-03-16 15:56:58', 268435458, 'submission.event.general.metadataUpdated', 0),
(435, 1048585, 17, 1, '2023-03-16 15:57:02', 268435457, 'submission.event.submissionSubmitted', 0),
(436, 1048585, 17, 1, '2023-03-16 15:57:12', 268435459, 'submission.event.participantAdded', 0),
(437, 1048585, 17, 1, '2023-03-16 15:57:19', 805306371, 'log.editor.decision', 0),
(438, 515, 68, 1, '2023-03-16 15:57:19', 1342177281, 'submission.event.fileUploaded', 0),
(439, 1048585, 17, 1, '2023-03-16 15:57:19', 1342177288, 'submission.event.fileRevised', 0),
(440, 1048585, 17, 1, '2023-03-16 15:57:29', 805306371, 'log.editor.decision', 0),
(441, 515, 69, 1, '2023-03-16 15:57:29', 1342177281, 'submission.event.fileUploaded', 0),
(442, 1048585, 17, 1, '2023-03-16 15:57:29', 1342177288, 'submission.event.fileRevised', 0),
(443, 1048585, 17, 1, '2023-03-16 15:57:46', 268435474, 'submission.event.publicationFormatCreated', 0),
(444, 515, 70, 1, '2023-03-16 15:57:51', 1342177281, 'submission.event.fileUploaded', 0),
(445, 1048585, 17, 1, '2023-03-16 15:57:51', 1342177288, 'submission.event.fileRevised', 0),
(446, 1048585, 17, 1, '2023-03-16 15:57:55', 268435464, 'submission.event.publicationFormatPublished', 0),
(447, 1048585, 17, 1, '2023-03-16 15:57:57', 268435476, 'submission.event.publicationFormatMadeAvailable', 0),
(448, 515, 70, 1, '2023-03-16 15:57:59', 1342177296, 'submission.event.fileEdited', 0),
(449, 1048585, 17, 1, '2023-03-16 15:58:00', 1342177296, 'submission.event.fileEdited', 0),
(450, 515, 70, 1, '2023-03-16 15:58:00', 1342177287, 'submission.event.signoffSignoff', 0),
(451, 1048585, 17, 1, '2023-03-16 15:58:20', 268435458, 'submission.event.general.metadataUpdated', 0),
(452, 1048585, 17, 1, '2023-03-16 15:58:25', 268435462, 'publication.event.published', 0),
(453, 1048585, 18, 1, '2023-03-16 15:59:27', 268435458, 'submission.event.general.metadataUpdated', 0),
(454, 1048585, 18, 1, '2023-03-16 15:59:27', 268435458, 'submission.event.general.metadataUpdated', 0),
(455, 515, 71, 1, '2023-03-16 15:59:53', 1342177281, 'submission.event.fileUploaded', 0),
(456, 1048585, 18, 1, '2023-03-16 15:59:53', 1342177288, 'submission.event.fileRevised', 0),
(457, 515, 71, 1, '2023-03-16 15:59:55', 1342177296, 'submission.event.fileEdited', 0),
(458, 1048585, 18, 1, '2023-03-16 15:59:55', 1342177296, 'submission.event.fileEdited', 0),
(459, 1048585, 18, 1, '2023-03-16 16:00:20', 268435458, 'submission.event.general.metadataUpdated', 0),
(460, 1048585, 18, 1, '2023-03-16 16:00:23', 268435457, 'submission.event.submissionSubmitted', 0),
(461, 1048585, 18, 1, '2023-03-16 16:00:42', 268435459, 'submission.event.participantAdded', 0),
(462, 1048585, 18, 1, '2023-03-16 16:00:49', 805306371, 'log.editor.decision', 0),
(463, 515, 72, 1, '2023-03-16 16:00:49', 1342177281, 'submission.event.fileUploaded', 0),
(464, 1048585, 18, 1, '2023-03-16 16:00:49', 1342177288, 'submission.event.fileRevised', 0),
(465, 1048585, 18, 1, '2023-03-16 16:01:02', 805306371, 'log.editor.decision', 0),
(466, 515, 73, 1, '2023-03-16 16:01:02', 1342177281, 'submission.event.fileUploaded', 0),
(467, 1048585, 18, 1, '2023-03-16 16:01:02', 1342177288, 'submission.event.fileRevised', 0),
(468, 1048585, 18, 1, '2023-03-16 16:01:19', 268435474, 'submission.event.publicationFormatCreated', 0),
(469, 515, 74, 1, '2023-03-16 16:01:25', 1342177281, 'submission.event.fileUploaded', 0),
(470, 1048585, 18, 1, '2023-03-16 16:01:25', 1342177288, 'submission.event.fileRevised', 0),
(471, 1048585, 18, 1, '2023-03-16 16:01:29', 268435464, 'submission.event.publicationFormatPublished', 0),
(472, 1048585, 18, 1, '2023-03-16 16:01:32', 268435476, 'submission.event.publicationFormatMadeAvailable', 0),
(473, 515, 74, 1, '2023-03-16 16:01:34', 1342177296, 'submission.event.fileEdited', 0),
(474, 1048585, 18, 1, '2023-03-16 16:01:34', 1342177296, 'submission.event.fileEdited', 0),
(475, 515, 74, 1, '2023-03-16 16:01:34', 1342177287, 'submission.event.signoffSignoff', 0),
(476, 1048585, 18, 1, '2023-03-16 16:02:02', 268435458, 'submission.event.general.metadataUpdated', 0),
(477, 1048585, 18, 1, '2023-03-16 16:02:06', 268435462, 'publication.event.published', 0),
(478, 1048585, 19, 1, '2023-03-16 16:04:21', 268435458, 'submission.event.general.metadataUpdated', 0),
(479, 1048585, 19, 1, '2023-03-16 16:04:21', 268435458, 'submission.event.general.metadataUpdated', 0),
(480, 515, 75, 1, '2023-03-16 16:04:37', 1342177281, 'submission.event.fileUploaded', 0),
(481, 1048585, 19, 1, '2023-03-16 16:04:38', 1342177288, 'submission.event.fileRevised', 0),
(482, 515, 75, 1, '2023-03-16 16:04:39', 1342177296, 'submission.event.fileEdited', 0),
(483, 1048585, 19, 1, '2023-03-16 16:04:39', 1342177296, 'submission.event.fileEdited', 0),
(484, 1048585, 19, 1, '2023-03-16 16:04:56', 268435458, 'submission.event.general.metadataUpdated', 0),
(485, 1048585, 19, 1, '2023-03-16 16:05:00', 268435457, 'submission.event.submissionSubmitted', 0),
(486, 1048585, 19, 1, '2023-03-16 16:05:11', 268435459, 'submission.event.participantAdded', 0),
(487, 1048585, 19, 1, '2023-03-16 16:05:17', 805306371, 'log.editor.decision', 0),
(488, 515, 76, 1, '2023-03-16 16:05:17', 1342177281, 'submission.event.fileUploaded', 0),
(489, 1048585, 19, 1, '2023-03-16 16:05:17', 1342177288, 'submission.event.fileRevised', 0),
(490, 1048585, 19, 1, '2023-03-16 16:05:32', 805306371, 'log.editor.decision', 0),
(491, 515, 77, 1, '2023-03-16 16:05:32', 1342177281, 'submission.event.fileUploaded', 0),
(492, 1048585, 19, 1, '2023-03-16 16:05:32', 1342177288, 'submission.event.fileRevised', 0),
(493, 1048585, 19, 1, '2023-03-16 16:05:51', 268435474, 'submission.event.publicationFormatCreated', 0),
(494, 515, 78, 1, '2023-03-16 16:05:57', 1342177281, 'submission.event.fileUploaded', 0),
(495, 1048585, 19, 1, '2023-03-16 16:05:57', 1342177288, 'submission.event.fileRevised', 0),
(496, 1048585, 19, 1, '2023-03-16 16:06:00', 268435464, 'submission.event.publicationFormatPublished', 0),
(497, 1048585, 19, 1, '2023-03-16 16:06:03', 268435476, 'submission.event.publicationFormatMadeAvailable', 0),
(498, 515, 78, 1, '2023-03-16 16:06:05', 1342177296, 'submission.event.fileEdited', 0),
(499, 1048585, 19, 1, '2023-03-16 16:06:05', 1342177296, 'submission.event.fileEdited', 0),
(500, 515, 78, 1, '2023-03-16 16:06:05', 1342177287, 'submission.event.signoffSignoff', 0),
(501, 1048585, 19, 1, '2023-03-16 16:06:52', 268435458, 'submission.event.general.metadataUpdated', 0),
(502, 1048585, 19, 1, '2023-03-16 16:07:00', 268435462, 'publication.event.published', 0),
(503, 1048585, 20, 1, '2023-03-16 16:08:18', 268435458, 'submission.event.general.metadataUpdated', 0),
(504, 1048585, 20, 1, '2023-03-16 16:08:18', 268435458, 'submission.event.general.metadataUpdated', 0),
(505, 515, 79, 1, '2023-03-16 16:08:38', 1342177281, 'submission.event.fileUploaded', 0),
(506, 1048585, 20, 1, '2023-03-16 16:08:38', 1342177288, 'submission.event.fileRevised', 0),
(507, 515, 79, 1, '2023-03-16 16:08:40', 1342177296, 'submission.event.fileEdited', 0),
(508, 1048585, 20, 1, '2023-03-16 16:08:40', 1342177296, 'submission.event.fileEdited', 0),
(509, 1048585, 20, 1, '2023-03-16 16:09:00', 268435458, 'submission.event.general.metadataUpdated', 0),
(510, 1048585, 20, 1, '2023-03-16 16:09:04', 268435457, 'submission.event.submissionSubmitted', 0),
(511, 1048585, 20, 1, '2023-03-16 16:09:15', 268435459, 'submission.event.participantAdded', 0),
(512, 1048585, 20, 1, '2023-03-16 16:09:22', 805306371, 'log.editor.decision', 0),
(513, 515, 80, 1, '2023-03-16 16:09:22', 1342177281, 'submission.event.fileUploaded', 0),
(514, 1048585, 20, 1, '2023-03-16 16:09:22', 1342177288, 'submission.event.fileRevised', 0),
(515, 1048585, 20, 1, '2023-03-16 16:09:48', 805306371, 'log.editor.decision', 0),
(516, 515, 81, 1, '2023-03-16 16:09:48', 1342177281, 'submission.event.fileUploaded', 0),
(517, 1048585, 20, 1, '2023-03-16 16:09:48', 1342177288, 'submission.event.fileRevised', 0),
(518, 1048585, 20, 1, '2023-03-16 16:10:17', 268435458, 'submission.event.general.metadataUpdated', 0),
(519, 1048585, 20, 1, '2023-03-16 16:10:23', 268435474, 'submission.event.publicationFormatCreated', 0),
(520, 515, 82, 1, '2023-03-16 16:10:30', 1342177281, 'submission.event.fileUploaded', 0),
(521, 1048585, 20, 1, '2023-03-16 16:10:30', 1342177288, 'submission.event.fileRevised', 0),
(522, 1048585, 20, 1, '2023-03-16 16:10:33', 268435464, 'submission.event.publicationFormatPublished', 0),
(523, 1048585, 20, 1, '2023-03-16 16:10:37', 268435476, 'submission.event.publicationFormatMadeAvailable', 0),
(524, 515, 82, 1, '2023-03-16 16:10:39', 1342177296, 'submission.event.fileEdited', 0),
(525, 1048585, 20, 1, '2023-03-16 16:10:39', 1342177296, 'submission.event.fileEdited', 0),
(526, 515, 82, 1, '2023-03-16 16:10:39', 1342177287, 'submission.event.signoffSignoff', 0),
(527, 1048585, 20, 1, '2023-03-16 16:10:46', 268435462, 'publication.event.published', 0),
(528, 1048585, 19, 1, '2023-03-16 16:22:43', 268435463, 'publication.event.unpublished', 0),
(529, 1048585, 19, 1, '2023-03-16 16:23:06', 268435474, 'submission.event.publicationFormatCreated', 0),
(530, 515, 83, 1, '2023-03-16 16:23:26', 1342177281, 'submission.event.fileUploaded', 0),
(531, 1048585, 19, 1, '2023-03-16 16:23:26', 1342177288, 'submission.event.fileRevised', 0),
(532, 515, 83, 1, '2023-03-16 16:23:29', 1342177296, 'submission.event.fileEdited', 0),
(533, 1048585, 19, 1, '2023-03-16 16:23:29', 1342177296, 'submission.event.fileEdited', 0),
(534, 1048585, 19, 1, '2023-03-16 16:23:34', 268435464, 'submission.event.publicationFormatPublished', 0),
(535, 515, 83, 1, '2023-03-16 16:23:37', 1342177296, 'submission.event.fileEdited', 0),
(536, 1048585, 19, 1, '2023-03-16 16:23:37', 1342177296, 'submission.event.fileEdited', 0),
(537, 515, 83, 1, '2023-03-16 16:23:37', 1342177287, 'submission.event.signoffSignoff', 0),
(538, 1048585, 19, 1, '2023-03-16 16:23:47', 268435476, 'submission.event.publicationFormatMadeAvailable', 0),
(539, 1048585, 19, 1, '2023-03-16 16:23:51', 268435462, 'publication.event.published', 0);
INSERT INTO `event_log` (`log_id`, `assoc_type`, `assoc_id`, `user_id`, `date_logged`, `event_type`, `message`, `is_translated`) VALUES
(540, 1048585, 19, 1, '2023-03-16 16:24:01', 268435463, 'publication.event.unpublished', 0),
(541, 1048585, 19, 1, '2023-03-16 16:24:15', 268435462, 'publication.event.published', 0),
(542, 1048585, 19, 1, '2023-03-16 16:24:38', 268435463, 'publication.event.unpublished', 0),
(543, 1048585, 19, 1, '2023-03-16 16:24:56', 268435462, 'publication.event.published', 0),
(544, 1048585, 19, 1, '2023-03-16 16:26:43', 268435463, 'publication.event.unpublished', 0),
(545, 1048585, 19, 1, '2023-03-16 16:28:08', 268435462, 'publication.event.published', 0),
(546, 1048585, 6, 1, '2023-03-16 16:29:11', 268435463, 'publication.event.unpublished', 0),
(547, 1048585, 6, 1, '2023-03-16 16:29:47', 268435474, 'submission.event.publicationFormatCreated', 0),
(548, 515, 84, 1, '2023-03-16 16:30:08', 1342177281, 'submission.event.fileUploaded', 0),
(549, 1048585, 6, 1, '2023-03-16 16:30:08', 1342177288, 'submission.event.fileRevised', 0),
(550, 515, 84, 1, '2023-03-16 16:30:11', 1342177296, 'submission.event.fileEdited', 0),
(551, 1048585, 6, 1, '2023-03-16 16:30:11', 1342177296, 'submission.event.fileEdited', 0),
(552, 515, 84, 1, '2023-03-16 16:31:37', 1342177282, 'submission.event.fileDeleted', 0),
(553, 515, 85, 1, '2023-03-16 16:31:52', 1342177281, 'submission.event.fileUploaded', 0),
(554, 1048585, 6, 1, '2023-03-16 16:31:52', 1342177288, 'submission.event.fileRevised', 0),
(555, 515, 85, 1, '2023-03-16 16:31:54', 1342177296, 'submission.event.fileEdited', 0),
(556, 1048585, 6, 1, '2023-03-16 16:31:54', 1342177296, 'submission.event.fileEdited', 0),
(557, 1048585, 6, 1, '2023-03-16 16:32:02', 268435464, 'submission.event.publicationFormatPublished', 0),
(558, 1048585, 6, 1, '2023-03-16 16:32:05', 268435476, 'submission.event.publicationFormatMadeAvailable', 0),
(559, 515, 85, 1, '2023-03-16 16:32:08', 1342177296, 'submission.event.fileEdited', 0),
(560, 1048585, 6, 1, '2023-03-16 16:32:08', 1342177296, 'submission.event.fileEdited', 0),
(561, 515, 85, 1, '2023-03-16 16:32:08', 1342177287, 'submission.event.signoffSignoff', 0),
(562, 1048585, 6, 1, '2023-03-16 16:32:16', 268435462, 'publication.event.published', 0),
(563, 1048585, 20, 1, '2023-03-17 14:06:43', 268435463, 'publication.event.unpublished', 0),
(564, 1048585, 20, 1, '2023-03-17 14:07:01', 268435474, 'submission.event.publicationFormatCreated', 0),
(565, 515, 86, 1, '2023-03-17 14:07:12', 1342177281, 'submission.event.fileUploaded', 0),
(566, 1048585, 20, 1, '2023-03-17 14:07:12', 1342177288, 'submission.event.fileRevised', 0),
(567, 515, 86, 1, '2023-03-17 14:07:14', 1342177296, 'submission.event.fileEdited', 0),
(568, 1048585, 20, 1, '2023-03-17 14:07:14', 1342177296, 'submission.event.fileEdited', 0),
(569, 1048585, 20, 1, '2023-03-17 14:07:18', 268435464, 'submission.event.publicationFormatPublished', 0),
(570, 1048585, 20, 1, '2023-03-17 14:07:21', 268435476, 'submission.event.publicationFormatMadeAvailable', 0),
(571, 515, 86, 1, '2023-03-17 14:07:23', 1342177296, 'submission.event.fileEdited', 0),
(572, 1048585, 20, 1, '2023-03-17 14:07:23', 1342177296, 'submission.event.fileEdited', 0),
(573, 515, 86, 1, '2023-03-17 14:07:23', 1342177287, 'submission.event.signoffSignoff', 0),
(574, 1048585, 20, 1, '2023-03-17 14:07:30', 268435462, 'publication.event.published', 0),
(575, 1048585, 18, 1, '2023-03-17 14:11:44', 268435463, 'publication.event.unpublished', 0),
(576, 1048585, 18, 1, '2023-03-17 14:12:01', 268435474, 'submission.event.publicationFormatCreated', 0),
(577, 515, 87, 1, '2023-03-17 14:12:10', 1342177281, 'submission.event.fileUploaded', 0),
(578, 1048585, 18, 1, '2023-03-17 14:12:10', 1342177288, 'submission.event.fileRevised', 0),
(579, 515, 87, 1, '2023-03-17 14:12:12', 1342177296, 'submission.event.fileEdited', 0),
(580, 1048585, 18, 1, '2023-03-17 14:12:12', 1342177296, 'submission.event.fileEdited', 0),
(581, 1048585, 18, 1, '2023-03-17 14:12:17', 268435464, 'submission.event.publicationFormatPublished', 0),
(582, 515, 87, 1, '2023-03-17 14:12:20', 1342177296, 'submission.event.fileEdited', 0),
(583, 1048585, 18, 1, '2023-03-17 14:12:20', 1342177296, 'submission.event.fileEdited', 0),
(584, 515, 87, 1, '2023-03-17 14:12:20', 1342177287, 'submission.event.signoffSignoff', 0),
(585, 1048585, 18, 1, '2023-03-17 14:12:23', 268435476, 'submission.event.publicationFormatMadeAvailable', 0),
(586, 1048585, 18, 1, '2023-03-17 14:12:30', 268435462, 'publication.event.published', 0),
(587, 1048585, 8, 1, '2023-03-17 14:13:19', 268435463, 'publication.event.unpublished', 0),
(588, 1048585, 8, 1, '2023-03-17 14:13:31', 268435474, 'submission.event.publicationFormatCreated', 0),
(589, 1048585, 8, 1, '2023-03-17 14:13:35', 268435464, 'submission.event.publicationFormatPublished', 0),
(590, 1048585, 8, 1, '2023-03-17 14:13:37', 268435476, 'submission.event.publicationFormatMadeAvailable', 0),
(591, 515, 88, 1, '2023-03-17 14:13:46', 1342177281, 'submission.event.fileUploaded', 0),
(592, 1048585, 8, 1, '2023-03-17 14:13:46', 1342177288, 'submission.event.fileRevised', 0),
(593, 515, 88, 1, '2023-03-17 14:13:48', 1342177296, 'submission.event.fileEdited', 0),
(594, 1048585, 8, 1, '2023-03-17 14:13:48', 1342177296, 'submission.event.fileEdited', 0),
(595, 515, 88, 1, '2023-03-17 14:13:53', 1342177296, 'submission.event.fileEdited', 0),
(596, 1048585, 8, 1, '2023-03-17 14:13:53', 1342177296, 'submission.event.fileEdited', 0),
(597, 515, 88, 1, '2023-03-17 14:13:53', 1342177287, 'submission.event.signoffSignoff', 0),
(598, 1048585, 8, 1, '2023-03-17 14:14:01', 268435462, 'publication.event.published', 0),
(599, 1048585, 16, 1, '2023-03-17 14:14:51', 268435463, 'publication.event.unpublished', 0),
(600, 1048585, 16, 1, '2023-03-17 14:15:03', 268435474, 'submission.event.publicationFormatCreated', 0),
(601, 1048585, 16, 1, '2023-03-17 14:15:05', 268435474, 'submission.event.publicationFormatCreated', 0),
(602, 515, 89, 1, '2023-03-17 14:15:13', 1342177281, 'submission.event.fileUploaded', 0),
(603, 1048585, 16, 1, '2023-03-17 14:15:13', 1342177288, 'submission.event.fileRevised', 0),
(604, 515, 89, 1, '2023-03-17 14:15:15', 1342177296, 'submission.event.fileEdited', 0),
(605, 1048585, 16, 1, '2023-03-17 14:15:15', 1342177296, 'submission.event.fileEdited', 0),
(606, 1048585, 16, 1, '2023-03-17 14:15:24', 268435475, 'submission.event.publicationFormatRemoved', 0),
(607, 1048585, 16, 1, '2023-03-17 14:15:28', 268435464, 'submission.event.publicationFormatPublished', 0),
(608, 1048585, 16, 1, '2023-03-17 14:15:31', 268435476, 'submission.event.publicationFormatMadeAvailable', 0),
(609, 515, 89, 1, '2023-03-17 14:15:34', 1342177296, 'submission.event.fileEdited', 0),
(610, 1048585, 16, 1, '2023-03-17 14:15:34', 1342177296, 'submission.event.fileEdited', 0),
(611, 515, 89, 1, '2023-03-17 14:15:34', 1342177287, 'submission.event.signoffSignoff', 0),
(612, 1048585, 16, 1, '2023-03-17 14:15:45', 268435462, 'publication.event.published', 0),
(613, 1048585, 15, 1, '2023-03-17 14:18:36', 268435463, 'publication.event.unpublished', 0),
(614, 1048585, 15, 1, '2023-03-17 14:18:49', 268435474, 'submission.event.publicationFormatCreated', 0),
(615, 515, 90, 1, '2023-03-17 14:18:59', 1342177281, 'submission.event.fileUploaded', 0),
(616, 1048585, 15, 1, '2023-03-17 14:18:59', 1342177288, 'submission.event.fileRevised', 0),
(617, 515, 90, 1, '2023-03-17 14:19:02', 1342177296, 'submission.event.fileEdited', 0),
(618, 1048585, 15, 1, '2023-03-17 14:19:02', 1342177296, 'submission.event.fileEdited', 0),
(619, 1048585, 15, 1, '2023-03-17 14:19:06', 268435464, 'submission.event.publicationFormatPublished', 0),
(620, 1048585, 15, 1, '2023-03-17 14:19:09', 268435476, 'submission.event.publicationFormatMadeAvailable', 0),
(621, 515, 90, 1, '2023-03-17 14:19:11', 1342177296, 'submission.event.fileEdited', 0),
(622, 1048585, 15, 1, '2023-03-17 14:19:11', 1342177296, 'submission.event.fileEdited', 0),
(623, 515, 90, 1, '2023-03-17 14:19:11', 1342177287, 'submission.event.signoffSignoff', 0),
(624, 1048585, 15, 1, '2023-03-17 14:19:21', 268435462, 'publication.event.published', 0),
(625, 1048585, 7, 1, '2023-03-17 14:20:17', 268435463, 'publication.event.unpublished', 0),
(626, 1048585, 7, 1, '2023-03-17 14:32:43', 268435474, 'submission.event.publicationFormatCreated', 0),
(627, 515, 91, 1, '2023-03-17 14:33:02', 1342177281, 'submission.event.fileUploaded', 0),
(628, 1048585, 7, 1, '2023-03-17 14:33:02', 1342177288, 'submission.event.fileRevised', 0),
(629, 515, 91, 1, '2023-03-17 14:33:04', 1342177296, 'submission.event.fileEdited', 0),
(630, 1048585, 7, 1, '2023-03-17 14:33:04', 1342177296, 'submission.event.fileEdited', 0),
(631, 515, 91, 1, '2023-03-17 14:33:09', 1342177296, 'submission.event.fileEdited', 0),
(632, 1048585, 7, 1, '2023-03-17 14:33:09', 1342177296, 'submission.event.fileEdited', 0),
(633, 515, 91, 1, '2023-03-17 14:33:09', 1342177287, 'submission.event.signoffSignoff', 0),
(634, 1048585, 7, 1, '2023-03-17 14:33:15', 268435476, 'submission.event.publicationFormatMadeAvailable', 0),
(635, 1048585, 7, 1, '2023-03-17 14:33:18', 268435464, 'submission.event.publicationFormatPublished', 0),
(636, 1048585, 7, 1, '2023-03-17 14:33:22', 268435462, 'publication.event.published', 0),
(637, 1048585, 1, 1, '2023-03-29 13:26:23', 268435463, 'publication.event.unpublished', 0),
(638, 1048585, 1, 1, '2023-03-29 13:26:29', 268435458, 'submission.event.general.metadataUpdated', 0),
(639, 1048585, 1, 1, '2023-03-29 13:26:32', 268435462, 'publication.event.published', 0),
(640, 1048585, 2, 1, '2023-03-29 13:27:44', 268435463, 'publication.event.unpublished', 0),
(641, 1048585, 2, 1, '2023-03-29 13:27:49', 268435458, 'submission.event.general.metadataUpdated', 0),
(642, 1048585, 2, 1, '2023-03-29 13:27:53', 268435462, 'publication.event.published', 0),
(643, 1048585, 3, 1, '2023-03-29 13:28:50', 268435463, 'publication.event.unpublished', 0),
(644, 1048585, 3, 1, '2023-03-29 13:29:10', 268435458, 'submission.event.general.metadataUpdated', 0),
(645, 1048585, 3, 1, '2023-03-29 13:29:14', 268435462, 'publication.event.published', 0),
(646, 1048585, 4, 1, '2023-03-29 13:29:40', 268435463, 'publication.event.unpublished', 0),
(647, 1048585, 4, 1, '2023-03-29 13:29:49', 268435458, 'submission.event.general.metadataUpdated', 0),
(648, 1048585, 4, 1, '2023-03-29 13:29:52', 268435462, 'publication.event.published', 0),
(649, 1048585, 11, 1, '2023-03-29 13:30:15', 268435463, 'publication.event.unpublished', 0),
(650, 1048585, 11, 1, '2023-03-29 13:30:22', 268435458, 'submission.event.general.metadataUpdated', 0),
(651, 1048585, 11, 1, '2023-03-29 13:30:25', 268435462, 'publication.event.published', 0),
(652, 1048585, 12, 1, '2023-03-29 13:31:07', 268435463, 'publication.event.unpublished', 0),
(653, 1048585, 12, 1, '2023-03-29 13:31:31', 268435458, 'submission.event.general.metadataUpdated', 0),
(654, 1048585, 12, 1, '2023-03-29 13:31:34', 268435462, 'publication.event.published', 0),
(655, 1048585, 5, 1, '2023-03-29 13:31:59', 268435463, 'publication.event.unpublished', 0),
(656, 1048585, 5, 1, '2023-03-29 13:32:09', 268435458, 'submission.event.general.metadataUpdated', 0),
(657, 1048585, 5, 1, '2023-03-29 13:32:14', 268435462, 'publication.event.published', 0),
(658, 1048585, 9, 1, '2023-03-29 13:32:33', 268435463, 'publication.event.unpublished', 0),
(659, 1048585, 9, 1, '2023-03-29 13:32:43', 268435458, 'submission.event.general.metadataUpdated', 0),
(660, 1048585, 9, 1, '2023-03-29 13:32:46', 268435462, 'publication.event.published', 0),
(661, 1048585, 13, 1, '2023-03-29 13:33:07', 268435463, 'publication.event.unpublished', 0),
(662, 1048585, 13, 1, '2023-03-29 13:33:20', 268435458, 'submission.event.general.metadataUpdated', 0),
(663, 1048585, 13, 1, '2023-03-29 13:33:23', 268435462, 'publication.event.published', 0),
(664, 1048585, 10, 1, '2023-03-29 13:33:47', 268435463, 'publication.event.unpublished', 0),
(665, 1048585, 10, 1, '2023-03-29 13:33:53', 268435458, 'submission.event.general.metadataUpdated', 0),
(666, 1048585, 10, 1, '2023-03-29 13:33:56', 268435462, 'publication.event.published', 0),
(667, 1048585, 14, 1, '2023-03-29 13:37:51', 268435463, 'publication.event.unpublished', 0),
(668, 1048585, 14, 1, '2023-03-29 13:37:56', 268435458, 'submission.event.general.metadataUpdated', 0),
(669, 1048585, 14, 1, '2023-03-29 13:37:59', 268435462, 'publication.event.published', 0),
(670, 1048585, 16, 1, '2023-03-29 13:39:16', 268435463, 'publication.event.unpublished', 0),
(671, 1048585, 16, 1, '2023-03-29 13:39:27', 268435458, 'submission.event.general.metadataUpdated', 0),
(672, 1048585, 16, 1, '2023-03-29 13:39:38', 268435462, 'publication.event.published', 0),
(673, 1048585, 17, 1, '2023-03-29 13:45:20', 268435463, 'publication.event.unpublished', 0),
(674, 1048585, 17, 1, '2023-03-29 13:45:25', 268435458, 'submission.event.general.metadataUpdated', 0),
(675, 1048585, 17, 1, '2023-03-29 13:45:30', 268435462, 'publication.event.published', 0),
(676, 1048585, 6, 1, '2023-03-29 13:45:54', 268435463, 'publication.event.unpublished', 0),
(677, 1048585, 6, 1, '2023-03-29 13:46:01', 268435458, 'submission.event.general.metadataUpdated', 0),
(678, 1048585, 6, 1, '2023-03-29 13:46:05', 268435462, 'publication.event.published', 0),
(679, 1048585, 15, 1, '2023-03-29 13:47:14', 268435463, 'publication.event.unpublished', 0),
(680, 1048585, 15, 1, '2023-03-29 13:47:17', 268435458, 'submission.event.general.metadataUpdated', 0),
(681, 1048585, 15, 1, '2023-03-29 13:47:20', 268435462, 'publication.event.published', 0),
(682, 1048585, 7, 1, '2023-03-29 13:47:40', 268435463, 'publication.event.unpublished', 0),
(683, 1048585, 7, 1, '2023-03-29 13:47:44', 268435458, 'submission.event.general.metadataUpdated', 0),
(684, 1048585, 7, 1, '2023-03-29 13:47:47', 268435462, 'publication.event.published', 0),
(685, 1048585, 18, 1, '2023-03-29 13:48:09', 268435463, 'publication.event.unpublished', 0),
(686, 1048585, 18, 1, '2023-03-29 13:48:14', 268435458, 'submission.event.general.metadataUpdated', 0),
(687, 1048585, 18, 1, '2023-03-29 13:48:17', 268435462, 'publication.event.published', 0),
(688, 1048585, 8, 1, '2023-03-29 13:48:45', 268435463, 'publication.event.unpublished', 0),
(689, 1048585, 8, 1, '2023-03-29 13:49:05', 268435458, 'submission.event.general.metadataUpdated', 0),
(690, 1048585, 8, 1, '2023-03-29 13:49:13', 268435462, 'publication.event.published', 0),
(691, 1048585, 19, 1, '2023-03-29 14:03:48', 268435463, 'publication.event.unpublished', 0),
(692, 1048585, 19, 1, '2023-03-29 14:03:54', 268435462, 'publication.event.published', 0),
(693, 1048585, 19, 1, '2023-03-29 14:04:18', 268435463, 'publication.event.unpublished', 0),
(694, 1048585, 19, 1, '2023-03-29 14:04:22', 268435458, 'submission.event.general.metadataUpdated', 0),
(695, 1048585, 19, 1, '2023-03-29 14:04:24', 268435462, 'publication.event.published', 0),
(696, 1048585, 20, 1, '2023-03-29 14:06:19', 268435463, 'publication.event.unpublished', 0),
(697, 1048585, 20, 1, '2023-03-29 14:06:24', 268435458, 'submission.event.general.metadataUpdated', 0),
(698, 1048585, 20, 1, '2023-03-29 14:06:27', 268435462, 'publication.event.published', 0),
(699, 1048585, 3, 1, '2023-04-20 16:58:01', 268435463, 'publication.event.unpublished', 0),
(700, 1048585, 3, 1, '2023-04-20 16:58:18', 268435462, 'publication.event.published', 0),
(701, 1048585, 1, 1, '2023-04-20 16:58:49', 268435463, 'publication.event.unpublished', 0),
(702, 1048585, 1, 1, '2023-04-20 17:00:56', 268435458, 'submission.event.general.metadataUpdated', 0),
(703, 1048585, 1, 1, '2023-04-20 17:01:10', 268435462, 'publication.event.published', 0),
(704, 1048585, 2, 1, '2023-04-20 17:30:16', 268435463, 'publication.event.unpublished', 0),
(705, 1048585, 2, 1, '2023-04-20 17:30:45', 268435458, 'submission.event.general.metadataUpdated', 0),
(706, 1048585, 2, 1, '2023-04-20 17:31:02', 268435462, 'publication.event.published', 0),
(707, 1048585, 3, 1, '2023-04-20 17:31:26', 268435463, 'publication.event.unpublished', 0),
(708, 1048585, 3, 1, '2023-04-20 17:32:03', 268435458, 'submission.event.general.metadataUpdated', 0),
(709, 1048585, 3, 1, '2023-04-20 17:32:11', 268435462, 'publication.event.published', 0),
(710, 1048585, 3, 1, '2023-04-20 17:32:29', 268435463, 'publication.event.unpublished', 0),
(711, 1048585, 3, 1, '2023-04-20 17:32:44', 268435462, 'publication.event.published', 0),
(712, 1048585, 4, 1, '2023-04-20 17:32:57', 268435463, 'publication.event.unpublished', 0),
(713, 1048585, 4, 1, '2023-04-20 17:33:25', 268435458, 'submission.event.general.metadataUpdated', 0),
(714, 1048585, 4, 1, '2023-04-20 17:33:34', 268435462, 'publication.event.published', 0),
(715, 1048585, 11, 1, '2023-04-20 17:33:56', 268435463, 'publication.event.unpublished', 0),
(716, 1048585, 11, 1, '2023-04-20 17:34:39', 268435458, 'submission.event.general.metadataUpdated', 0),
(717, 1048585, 11, 1, '2023-04-20 17:35:14', 268435462, 'publication.event.published', 0),
(718, 1048585, 12, 1, '2023-04-20 17:35:51', 268435463, 'publication.event.unpublished', 0),
(719, 1048585, 12, 1, '2023-04-20 17:36:18', 268435458, 'submission.event.general.metadataUpdated', 0),
(720, 1048585, 12, 1, '2023-04-20 17:36:25', 268435462, 'publication.event.published', 0),
(721, 1048585, 5, 1, '2023-04-20 17:37:03', 268435463, 'publication.event.unpublished', 0),
(722, 1048585, 5, 1, '2023-04-20 17:37:34', 268435458, 'submission.event.general.metadataUpdated', 0),
(723, 1048585, 5, 1, '2023-04-20 17:37:42', 268435462, 'publication.event.published', 0),
(724, 1048585, 9, 1, '2023-04-20 17:38:03', 268435463, 'publication.event.unpublished', 0),
(725, 1048585, 9, 1, '2023-04-20 17:38:26', 268435458, 'submission.event.general.metadataUpdated', 0),
(726, 1048585, 9, 1, '2023-04-20 17:38:33', 268435462, 'publication.event.published', 0),
(727, 1048585, 13, 1, '2023-04-20 17:39:04', 268435463, 'publication.event.unpublished', 0),
(728, 1048585, 13, 1, '2023-04-20 17:39:39', 268435458, 'submission.event.general.metadataUpdated', 0),
(729, 1048585, 13, 1, '2023-04-20 17:39:59', 268435462, 'publication.event.published', 0),
(730, 1048585, 10, 1, '2023-04-20 17:40:17', 268435463, 'publication.event.unpublished', 0),
(731, 1048585, 10, 1, '2023-04-20 17:40:42', 268435458, 'submission.event.general.metadataUpdated', 0),
(732, 1048585, 10, 1, '2023-04-20 17:40:51', 268435462, 'publication.event.published', 0),
(733, 1048585, 14, 1, '2023-04-20 17:42:14', 268435463, 'publication.event.unpublished', 0),
(734, 1048585, 14, 1, '2023-04-20 17:42:57', 268435458, 'submission.event.general.metadataUpdated', 0),
(735, 1048585, 14, 1, '2023-04-20 17:43:25', 268435458, 'submission.event.general.metadataUpdated', 0),
(736, 1048585, 14, 1, '2023-04-20 17:43:36', 268435462, 'publication.event.published', 0),
(737, 1048585, 15, 1, '2023-04-20 17:44:02', 268435463, 'publication.event.unpublished', 0),
(738, 1048585, 15, 1, '2023-04-20 17:44:27', 268435458, 'submission.event.general.metadataUpdated', 0),
(739, 1048585, 15, 1, '2023-04-20 17:47:38', 268435462, 'publication.event.published', 0),
(740, 1048585, 16, 1, '2023-04-20 17:48:13', 268435463, 'publication.event.unpublished', 0),
(741, 1048585, 16, 1, '2023-04-20 17:48:46', 268435458, 'submission.event.general.metadataUpdated', 0),
(742, 1048585, 16, 1, '2023-04-20 17:49:20', 268435458, 'submission.event.general.metadataUpdated', 0),
(743, 1048585, 16, 1, '2023-04-20 17:49:54', 268435458, 'submission.event.general.metadataUpdated', 0),
(744, 1048585, 16, 1, '2023-04-20 17:50:59', 268435462, 'publication.event.published', 0),
(745, 1048585, 17, 1, '2023-04-20 17:51:28', 268435463, 'publication.event.unpublished', 0),
(746, 1048585, 17, 1, '2023-04-20 17:52:02', 268435458, 'submission.event.general.metadataUpdated', 0),
(747, 1048585, 17, 1, '2023-04-20 17:52:43', 268435462, 'publication.event.published', 0),
(748, 1048585, 6, 1, '2023-04-20 17:53:02', 268435463, 'publication.event.unpublished', 0),
(749, 1048585, 6, 1, '2023-04-20 17:53:42', 268435458, 'submission.event.general.metadataUpdated', 0),
(750, 1048585, 6, 1, '2023-04-20 17:54:37', 268435462, 'publication.event.published', 0),
(751, 1048585, 7, 1, '2023-04-20 17:54:59', 268435463, 'publication.event.unpublished', 0),
(752, 1048585, 7, 1, '2023-04-20 17:55:31', 268435458, 'submission.event.general.metadataUpdated', 0),
(753, 1048585, 7, 1, '2023-04-20 17:57:01', 268435462, 'publication.event.published', 0),
(754, 1048585, 18, 1, '2023-04-20 17:57:45', 268435463, 'publication.event.unpublished', 0),
(755, 1048585, 18, 1, '2023-04-20 17:58:07', 268435458, 'submission.event.general.metadataUpdated', 0),
(756, 1048585, 18, 1, '2023-04-20 18:02:57', 268435462, 'publication.event.published', 0),
(757, 1048585, 8, 1, '2023-04-20 18:03:18', 268435463, 'publication.event.unpublished', 0),
(758, 1048585, 8, 1, '2023-04-20 18:04:06', 268435458, 'submission.event.general.metadataUpdated', 0),
(759, 1048585, 8, 1, '2023-04-20 18:07:41', 268435458, 'submission.event.general.metadataUpdated', 0),
(760, 1048585, 8, 1, '2023-04-20 18:07:59', 268435462, 'publication.event.published', 0),
(761, 1048585, 19, 1, '2023-04-20 18:08:24', 268435463, 'publication.event.unpublished', 0),
(762, 1048585, 19, 1, '2023-04-20 18:09:39', 268435458, 'submission.event.general.metadataUpdated', 0),
(763, 1048585, 19, 1, '2023-04-20 18:11:24', 268435462, 'publication.event.published', 0),
(764, 1048585, 20, 1, '2023-04-20 18:11:40', 268435463, 'publication.event.unpublished', 0),
(765, 1048585, 20, 1, '2023-04-20 18:12:16', 268435458, 'submission.event.general.metadataUpdated', 0),
(766, 1048585, 20, 1, '2023-04-20 18:13:16', 268435458, 'submission.event.general.metadataUpdated', 0),
(767, 1048585, 20, 1, '2023-04-20 18:13:54', 268435462, 'publication.event.published', 0),
(768, 1048585, 21, 1, '2023-04-20 20:33:31', 268435458, 'submission.event.general.metadataUpdated', 0),
(769, 1048585, 21, 1, '2023-04-20 20:33:31', 268435458, 'submission.event.general.metadataUpdated', 0),
(770, 515, 92, 1, '2023-04-20 20:33:57', 1342177281, 'submission.event.fileUploaded', 0),
(771, 1048585, 21, 1, '2023-04-20 20:33:58', 1342177288, 'submission.event.fileRevised', 0),
(772, 515, 92, 1, '2023-04-20 20:34:00', 1342177296, 'submission.event.fileEdited', 0),
(773, 1048585, 21, 1, '2023-04-20 20:34:00', 1342177296, 'submission.event.fileEdited', 0),
(774, 1048585, 21, 1, '2023-04-20 20:35:17', 268435458, 'submission.event.general.metadataUpdated', 0),
(775, 1048585, 21, 1, '2023-04-20 20:35:47', 268435458, 'submission.event.general.metadataUpdated', 0),
(776, 1048585, 21, 1, '2023-04-20 20:35:51', 268435457, 'submission.event.submissionSubmitted', 0),
(777, 1048585, 21, 1, '2023-04-20 20:36:05', 268435459, 'submission.event.participantAdded', 0),
(778, 1048585, 21, 1, '2023-04-20 20:36:17', 805306371, 'log.editor.decision', 0),
(779, 515, 93, 1, '2023-04-20 20:36:17', 1342177281, 'submission.event.fileUploaded', 0),
(780, 1048585, 21, 1, '2023-04-20 20:36:17', 1342177288, 'submission.event.fileRevised', 0),
(781, 1048585, 21, 1, '2023-04-20 20:36:28', 805306371, 'log.editor.decision', 0),
(782, 515, 94, 1, '2023-04-20 20:36:28', 1342177281, 'submission.event.fileUploaded', 0),
(783, 1048585, 21, 1, '2023-04-20 20:36:28', 1342177288, 'submission.event.fileRevised', 0),
(784, 1048585, 21, 1, '2023-04-20 20:36:46', 268435474, 'submission.event.publicationFormatCreated', 0),
(785, 515, 95, 1, '2023-04-20 20:36:55', 1342177281, 'submission.event.fileUploaded', 0),
(786, 1048585, 21, 1, '2023-04-20 20:36:55', 1342177288, 'submission.event.fileRevised', 0),
(787, 515, 95, 1, '2023-04-20 20:37:00', 1342177296, 'submission.event.fileEdited', 0),
(788, 1048585, 21, 1, '2023-04-20 20:37:00', 1342177296, 'submission.event.fileEdited', 0),
(789, 515, 95, 1, '2023-04-20 20:37:00', 1342177287, 'submission.event.signoffSignoff', 0),
(790, 1048585, 21, 1, '2023-04-20 20:37:03', 268435464, 'submission.event.publicationFormatPublished', 0),
(791, 1048585, 21, 1, '2023-04-20 20:37:07', 268435476, 'submission.event.publicationFormatMadeAvailable', 0),
(792, 1048585, 21, 1, '2023-04-20 20:38:54', 268435458, 'submission.event.general.metadataUpdated', 0),
(793, 1048585, 21, 1, '2023-04-20 20:39:00', 268435462, 'publication.event.published', 0),
(794, 1048585, 22, 1, '2023-04-20 21:44:15', 268435458, 'submission.event.general.metadataUpdated', 0),
(795, 1048585, 22, 1, '2023-04-20 21:44:15', 268435458, 'submission.event.general.metadataUpdated', 0),
(796, 515, 96, 1, '2023-04-20 21:45:31', 1342177281, 'submission.event.fileUploaded', 0),
(797, 1048585, 22, 1, '2023-04-20 21:45:31', 1342177288, 'submission.event.fileRevised', 0),
(798, 515, 96, 1, '2023-04-20 21:45:34', 1342177296, 'submission.event.fileEdited', 0),
(799, 1048585, 22, 1, '2023-04-20 21:45:34', 1342177296, 'submission.event.fileEdited', 0),
(800, 1048585, 22, 1, '2023-04-20 21:47:15', 268435458, 'submission.event.general.metadataUpdated', 0),
(801, 1048585, 22, 1, '2023-04-20 21:47:37', 268435458, 'submission.event.general.metadataUpdated', 0),
(802, 1048585, 22, 1, '2023-04-20 21:47:46', 268435457, 'submission.event.submissionSubmitted', 0),
(803, 1048585, 22, 1, '2023-04-20 21:48:21', 268435459, 'submission.event.participantAdded', 0),
(804, 1048585, 22, 1, '2023-04-20 21:48:55', 805306371, 'log.editor.decision', 0),
(805, 515, 97, 1, '2023-04-20 21:48:55', 1342177281, 'submission.event.fileUploaded', 0),
(806, 1048585, 22, 1, '2023-04-20 21:48:55', 1342177288, 'submission.event.fileRevised', 0),
(807, 1048585, 22, 1, '2023-04-20 21:49:13', 805306371, 'log.editor.decision', 0),
(808, 515, 98, 1, '2023-04-20 21:49:13', 1342177281, 'submission.event.fileUploaded', 0),
(809, 1048585, 22, 1, '2023-04-20 21:49:13', 1342177288, 'submission.event.fileRevised', 0),
(810, 1048585, 22, 1, '2023-04-20 21:49:30', 268435474, 'submission.event.publicationFormatCreated', 0),
(811, 515, 99, 1, '2023-04-20 21:49:35', 1342177281, 'submission.event.fileUploaded', 0),
(812, 1048585, 22, 1, '2023-04-20 21:49:35', 1342177288, 'submission.event.fileRevised', 0),
(813, 1048585, 22, 1, '2023-04-20 21:49:40', 268435464, 'submission.event.publicationFormatPublished', 0),
(814, 1048585, 22, 1, '2023-04-20 21:49:43', 268435476, 'submission.event.publicationFormatMadeAvailable', 0),
(815, 515, 99, 1, '2023-04-20 21:49:51', 1342177296, 'submission.event.fileEdited', 0),
(816, 1048585, 22, 1, '2023-04-20 21:49:51', 1342177296, 'submission.event.fileEdited', 0),
(817, 515, 99, 1, '2023-04-20 21:49:51', 1342177287, 'submission.event.signoffSignoff', 0),
(818, 1048585, 22, 1, '2023-04-20 21:50:41', 268435458, 'submission.event.general.metadataUpdated', 0),
(819, 1048585, 22, 1, '2023-04-20 21:51:22', 268435462, 'publication.event.published', 0),
(820, 1048585, 18, 1, '2023-04-21 17:34:28', 268435463, 'publication.event.unpublished', 0),
(821, 1048585, 18, 1, '2023-04-21 17:34:33', 268435477, 'submission.event.publicationFormatMadeUnavailable', 0),
(822, 1048585, 18, 1, '2023-04-21 17:34:41', 268435462, 'publication.event.published', 0),
(823, 1048585, 20, 1, '2023-04-21 17:36:16', 268435463, 'publication.event.unpublished', 0),
(824, 1048585, 20, 1, '2023-04-21 17:36:19', 268435477, 'submission.event.publicationFormatMadeUnavailable', 0),
(825, 1048585, 20, 1, '2023-04-21 17:36:26', 268435462, 'publication.event.published', 0),
(826, 1048585, 19, 1, '2023-04-21 17:43:34', 268435463, 'publication.event.unpublished', 0),
(827, 1048585, 19, 1, '2023-04-21 17:43:39', 268435477, 'submission.event.publicationFormatMadeUnavailable', 0),
(828, 1048585, 19, 1, '2023-04-21 17:43:47', 268435462, 'publication.event.published', 0),
(829, 1048585, 18, 1, '2023-04-21 17:44:14', 268435463, 'publication.event.unpublished', 0),
(830, 1048585, 18, 1, '2023-04-21 17:44:23', 268435462, 'publication.event.published', 0),
(831, 1048585, 17, 1, '2023-04-21 17:44:37', 268435463, 'publication.event.unpublished', 0),
(832, 1048585, 17, 1, '2023-04-21 17:44:42', 268435462, 'publication.event.published', 0),
(833, 1048585, 16, 1, '2023-04-21 17:44:53', 268435463, 'publication.event.unpublished', 0),
(834, 1048585, 16, 1, '2023-04-21 17:44:57', 268435477, 'submission.event.publicationFormatMadeUnavailable', 0),
(835, 1048585, 16, 1, '2023-04-21 17:45:03', 268435462, 'publication.event.published', 0),
(836, 1048585, 15, 1, '2023-04-21 17:45:14', 268435463, 'publication.event.unpublished', 0),
(837, 1048585, 15, 1, '2023-04-21 17:45:18', 268435477, 'submission.event.publicationFormatMadeUnavailable', 0),
(838, 1048585, 15, 1, '2023-04-21 17:45:25', 268435462, 'publication.event.published', 0),
(839, 1048585, 8, 1, '2023-04-21 17:46:38', 268435463, 'publication.event.unpublished', 0),
(840, 1048585, 8, 1, '2023-04-21 17:46:41', 268435477, 'submission.event.publicationFormatMadeUnavailable', 0),
(841, 1048585, 8, 1, '2023-04-21 17:46:49', 268435462, 'publication.event.published', 0),
(842, 1048585, 7, 1, '2023-04-21 17:47:15', 268435463, 'publication.event.unpublished', 0),
(843, 1048585, 7, 1, '2023-04-21 17:47:19', 268435477, 'submission.event.publicationFormatMadeUnavailable', 0),
(844, 1048585, 7, 1, '2023-04-21 17:47:26', 268435462, 'publication.event.published', 0),
(845, 1048585, 6, 1, '2023-04-21 17:49:38', 268435463, 'publication.event.unpublished', 0),
(846, 1048585, 6, 1, '2023-04-21 17:49:42', 268435477, 'submission.event.publicationFormatMadeUnavailable', 0),
(847, 1048585, 6, 1, '2023-04-21 17:49:50', 268435462, 'publication.event.published', 0),
(848, 1048585, 19, 2, '2023-04-21 19:50:52', 268435463, 'publication.event.unpublished', 0),
(849, 1048585, 19, 2, '2023-04-21 19:51:12', 268435462, 'publication.event.published', 0),
(850, 1048585, 19, 2, '2023-04-21 20:30:46', 268435463, 'publication.event.unpublished', 0),
(851, 1048585, 19, 2, '2023-04-21 20:31:51', 268435462, 'publication.event.published', 0),
(852, 1048585, 19, 2, '2023-04-21 20:32:10', 268435463, 'publication.event.unpublished', 0),
(853, 1048585, 19, 2, '2023-04-21 20:32:22', 268435462, 'publication.event.published', 0),
(854, 1048585, 10, 2, '2023-04-21 20:33:34', 268435463, 'publication.event.unpublished', 0),
(855, 1048585, 10, 2, '2023-04-21 20:33:43', 268435458, 'submission.event.general.metadataUpdated', 0),
(856, 1048585, 10, 2, '2023-04-21 20:33:46', 268435462, 'publication.event.published', 0),
(857, 1048585, 6, 2, '2023-04-21 20:34:23', 268435463, 'publication.event.unpublished', 0),
(858, 1048585, 6, 2, '2023-04-21 20:34:52', 268435458, 'submission.event.general.metadataUpdated', 0),
(859, 1048585, 6, 2, '2023-04-21 20:35:17', 268435462, 'publication.event.published', 0),
(860, 1048585, 1, 2, '2023-04-21 20:37:02', 268435463, 'publication.event.unpublished', 0),
(861, 1048585, 1, 2, '2023-04-21 20:37:09', 268435458, 'submission.event.general.metadataUpdated', 0),
(862, 1048585, 1, 2, '2023-04-21 20:37:12', 268435462, 'publication.event.published', 0),
(863, 1048585, 16, 2, '2023-04-21 20:56:10', 268435463, 'publication.event.unpublished', 0),
(864, 1048585, 16, 2, '2023-04-21 20:56:31', 268435462, 'publication.event.published', 0),
(865, 1048585, 16, 2, '2023-04-21 20:56:45', 268435463, 'publication.event.unpublished', 0),
(866, 1048585, 16, 2, '2023-04-21 20:58:33', 268435458, 'submission.event.general.metadataUpdated', 0),
(867, 1048585, 16, 2, '2023-04-21 20:58:57', 268435462, 'publication.event.published', 0),
(868, 1048585, 2, 2, '2023-04-21 20:59:50', 268435463, 'publication.event.unpublished', 0),
(869, 1048585, 2, 2, '2023-04-21 21:00:00', 268435458, 'submission.event.general.metadataUpdated', 0),
(870, 1048585, 2, 2, '2023-04-21 21:00:03', 268435462, 'publication.event.published', 0),
(871, 1048585, 20, 2, '2023-04-21 21:02:43', 268435463, 'publication.event.unpublished', 0),
(872, 1048585, 20, 2, '2023-04-21 21:03:13', 268435458, 'submission.event.general.metadataUpdated', 0),
(873, 1048585, 20, 2, '2023-04-21 21:03:42', 268435462, 'publication.event.published', 0),
(874, 1048585, 22, 2, '2023-04-21 21:04:26', 268435463, 'publication.event.unpublished', 0),
(875, 1048585, 22, 2, '2023-04-21 21:04:34', 268435458, 'submission.event.general.metadataUpdated', 0),
(876, 1048585, 22, 2, '2023-04-21 21:04:39', 268435462, 'publication.event.published', 0),
(877, 1048585, 18, 2, '2023-04-21 21:06:23', 268435463, 'publication.event.unpublished', 0),
(878, 1048585, 18, 2, '2023-04-21 21:08:51', 268435458, 'submission.event.general.metadataUpdated', 0),
(879, 1048585, 18, 2, '2023-04-21 21:10:13', 268435462, 'publication.event.published', 0),
(880, 1048585, 3, 2, '2023-04-21 21:10:54', 268435463, 'publication.event.unpublished', 0),
(881, 1048585, 3, 2, '2023-04-21 21:11:02', 268435458, 'submission.event.general.metadataUpdated', 0),
(882, 1048585, 3, 2, '2023-04-21 21:11:06', 268435462, 'publication.event.published', 0),
(883, 1048585, 8, 2, '2023-04-21 21:13:39', 268435463, 'publication.event.unpublished', 0),
(884, 1048585, 8, 2, '2023-04-21 21:16:35', 268435458, 'submission.event.general.metadataUpdated', 0),
(885, 1048585, 8, 2, '2023-04-21 21:16:39', 268435462, 'publication.event.published', 0),
(886, 1048585, 21, 2, '2023-04-21 21:17:30', 268435463, 'publication.event.unpublished', 0),
(887, 1048585, 21, 2, '2023-04-21 21:17:43', 268435458, 'submission.event.general.metadataUpdated', 0),
(888, 1048585, 21, 2, '2023-04-21 21:17:48', 268435462, 'publication.event.published', 0),
(889, 1048585, 4, 2, '2023-04-21 21:18:08', 268435463, 'publication.event.unpublished', 0),
(890, 1048585, 4, 2, '2023-04-21 21:18:16', 268435458, 'submission.event.general.metadataUpdated', 0),
(891, 1048585, 4, 2, '2023-04-21 21:18:20', 268435462, 'publication.event.published', 0),
(892, 1048585, 14, 2, '2023-04-21 21:19:29', 268435463, 'publication.event.unpublished', 0),
(893, 1048585, 14, 2, '2023-04-21 21:19:43', 268435458, 'submission.event.general.metadataUpdated', 0),
(894, 1048585, 14, 2, '2023-04-21 21:19:46', 268435462, 'publication.event.published', 0),
(895, 1048585, 5, 2, '2023-04-21 21:20:27', 268435463, 'publication.event.unpublished', 0),
(896, 1048585, 5, 2, '2023-04-21 21:20:34', 268435458, 'submission.event.general.metadataUpdated', 0),
(897, 1048585, 5, 2, '2023-04-21 21:20:37', 268435462, 'publication.event.published', 0),
(898, 1048585, 17, 2, '2023-04-21 21:21:43', 268435463, 'publication.event.unpublished', 0),
(899, 1048585, 17, 2, '2023-04-21 21:21:57', 268435458, 'submission.event.general.metadataUpdated', 0),
(900, 1048585, 17, 2, '2023-04-21 21:22:08', 268435462, 'publication.event.published', 0),
(901, 1048585, 9, 2, '2023-04-21 21:22:51', 268435463, 'publication.event.unpublished', 0),
(902, 1048585, 9, 2, '2023-04-21 21:22:59', 268435458, 'submission.event.general.metadataUpdated', 0),
(903, 1048585, 9, 2, '2023-04-21 21:23:03', 268435462, 'publication.event.published', 0),
(904, 1048585, 13, 2, '2023-04-21 21:23:35', 268435463, 'publication.event.unpublished', 0),
(905, 1048585, 13, 2, '2023-04-21 21:23:44', 268435458, 'submission.event.general.metadataUpdated', 0),
(906, 1048585, 13, 2, '2023-04-21 21:23:48', 268435462, 'publication.event.published', 0),
(907, 1048585, 12, 2, '2023-04-21 21:24:00', 268435463, 'publication.event.unpublished', 0),
(908, 1048585, 12, 2, '2023-04-21 21:24:27', 268435458, 'submission.event.general.metadataUpdated', 0),
(909, 1048585, 12, 2, '2023-04-21 21:24:37', 268435462, 'publication.event.published', 0),
(910, 1048585, 11, 2, '2023-04-21 21:25:07', 268435463, 'publication.event.unpublished', 0),
(911, 1048585, 11, 2, '2023-04-21 21:25:17', 268435458, 'submission.event.general.metadataUpdated', 0),
(912, 1048585, 11, 2, '2023-04-21 21:25:29', 268435462, 'publication.event.published', 0),
(913, 1048585, 15, 2, '2023-04-21 21:27:41', 268435463, 'publication.event.unpublished', 0),
(914, 1048585, 15, 2, '2023-04-21 21:28:03', 268435458, 'submission.event.general.metadataUpdated', 0),
(915, 1048585, 15, 2, '2023-04-21 21:29:03', 268435462, 'publication.event.published', 0),
(916, 1048585, 7, 2, '2023-04-21 21:29:39', 268435463, 'publication.event.unpublished', 0),
(917, 1048585, 7, 2, '2023-04-21 21:30:41', 268435458, 'submission.event.general.metadataUpdated', 0),
(918, 1048585, 22, 1, '2023-04-21 21:30:58', 268435463, 'publication.event.unpublished', 0),
(919, 1048585, 7, 2, '2023-04-21 21:31:06', 268435462, 'publication.event.published', 0),
(920, 1048585, 22, 1, '2023-04-21 21:31:10', 268435462, 'publication.event.published', 0),
(921, 1048585, 23, 1, '2023-05-17 15:59:20', 268435458, 'submission.event.general.metadataUpdated', 0),
(922, 1048585, 23, 1, '2023-05-17 15:59:20', 268435458, 'submission.event.general.metadataUpdated', 0),
(923, 515, 100, 1, '2023-05-17 16:00:37', 1342177281, 'submission.event.fileUploaded', 0),
(924, 1048585, 23, 1, '2023-05-17 16:00:37', 1342177288, 'submission.event.fileRevised', 0),
(925, 515, 100, 1, '2023-05-17 16:22:15', 1342177296, 'submission.event.fileEdited', 0),
(926, 1048585, 23, 1, '2023-05-17 16:22:15', 1342177296, 'submission.event.fileEdited', 0),
(927, 1048585, 23, 1, '2023-05-17 16:22:56', 268435458, 'submission.event.general.metadataUpdated', 0),
(928, 1048585, 23, 1, '2023-05-17 16:23:00', 268435457, 'submission.event.submissionSubmitted', 0),
(929, 1048585, 23, 1, '2023-05-17 16:27:58', 268435459, 'submission.event.participantAdded', 0),
(930, 1048585, 23, 1, '2023-05-17 16:28:37', 805306371, 'log.editor.decision', 0),
(931, 515, 101, 1, '2023-05-17 16:28:37', 1342177281, 'submission.event.fileUploaded', 0),
(932, 1048585, 23, 1, '2023-05-17 16:28:37', 1342177288, 'submission.event.fileRevised', 0),
(933, 1048585, 23, 1, '2023-05-17 16:28:49', 805306371, 'log.editor.decision', 0),
(934, 515, 102, 1, '2023-05-17 16:28:49', 1342177281, 'submission.event.fileUploaded', 0),
(935, 1048585, 23, 1, '2023-05-17 16:28:49', 1342177288, 'submission.event.fileRevised', 0),
(936, 1048585, 23, 1, '2023-05-17 16:29:11', 268435474, 'submission.event.publicationFormatCreated', 0),
(937, 515, 103, 1, '2023-05-17 16:29:18', 1342177281, 'submission.event.fileUploaded', 0),
(938, 1048585, 23, 1, '2023-05-17 16:29:18', 1342177288, 'submission.event.fileRevised', 0),
(939, 1048585, 23, 1, '2023-05-17 16:29:23', 268435464, 'submission.event.publicationFormatPublished', 0),
(940, 1048585, 23, 1, '2023-05-17 16:29:27', 268435476, 'submission.event.publicationFormatMadeAvailable', 0),
(941, 515, 103, 1, '2023-05-17 16:29:29', 1342177296, 'submission.event.fileEdited', 0),
(942, 1048585, 23, 1, '2023-05-17 16:29:29', 1342177296, 'submission.event.fileEdited', 0),
(943, 515, 103, 1, '2023-05-17 16:29:29', 1342177287, 'submission.event.signoffSignoff', 0),
(944, 1048585, 23, 1, '2023-05-17 16:30:23', 268435458, 'submission.event.general.metadataUpdated', 0),
(945, 1048585, 23, 1, '2023-05-17 16:30:31', 268435462, 'publication.event.published', 0),
(946, 1048585, 24, 1, '2023-05-17 16:33:37', 268435458, 'submission.event.general.metadataUpdated', 0),
(947, 1048585, 24, 1, '2023-05-17 16:33:37', 268435458, 'submission.event.general.metadataUpdated', 0),
(948, 515, 104, 1, '2023-05-17 16:34:00', 1342177281, 'submission.event.fileUploaded', 0),
(949, 1048585, 24, 1, '2023-05-17 16:34:00', 1342177288, 'submission.event.fileRevised', 0),
(950, 515, 104, 1, '2023-05-17 16:34:03', 1342177296, 'submission.event.fileEdited', 0),
(951, 1048585, 24, 1, '2023-05-17 16:34:03', 1342177296, 'submission.event.fileEdited', 0),
(952, 1048585, 24, 1, '2023-05-17 16:34:25', 268435458, 'submission.event.general.metadataUpdated', 0),
(953, 1048585, 24, 1, '2023-05-17 16:34:28', 268435457, 'submission.event.submissionSubmitted', 0),
(954, 1048585, 24, 1, '2023-05-17 16:34:41', 268435459, 'submission.event.participantAdded', 0),
(955, 1048585, 24, 1, '2023-05-17 16:34:54', 805306371, 'log.editor.decision', 0),
(956, 515, 105, 1, '2023-05-17 16:34:54', 1342177281, 'submission.event.fileUploaded', 0),
(957, 1048585, 24, 1, '2023-05-17 16:34:54', 1342177288, 'submission.event.fileRevised', 0),
(958, 1048585, 24, 1, '2023-05-17 16:35:08', 805306371, 'log.editor.decision', 0),
(959, 515, 106, 1, '2023-05-17 16:35:08', 1342177281, 'submission.event.fileUploaded', 0),
(960, 1048585, 24, 1, '2023-05-17 16:35:08', 1342177288, 'submission.event.fileRevised', 0),
(961, 1048585, 24, 1, '2023-05-17 16:35:20', 268435474, 'submission.event.publicationFormatCreated', 0),
(962, 515, 107, 1, '2023-05-17 16:35:25', 1342177281, 'submission.event.fileUploaded', 0),
(963, 1048585, 24, 1, '2023-05-17 16:35:25', 1342177288, 'submission.event.fileRevised', 0),
(964, 1048585, 24, 1, '2023-05-17 16:35:28', 268435464, 'submission.event.publicationFormatPublished', 0),
(965, 1048585, 24, 1, '2023-05-17 16:35:30', 268435476, 'submission.event.publicationFormatMadeAvailable', 0),
(966, 515, 107, 1, '2023-05-17 16:35:32', 1342177296, 'submission.event.fileEdited', 0),
(967, 1048585, 24, 1, '2023-05-17 16:35:32', 1342177296, 'submission.event.fileEdited', 0),
(968, 515, 107, 1, '2023-05-17 16:35:32', 1342177287, 'submission.event.signoffSignoff', 0),
(969, 1048585, 24, 1, '2023-05-17 16:36:14', 268435458, 'submission.event.general.metadataUpdated', 0),
(970, 1048585, 24, 1, '2023-05-17 16:36:24', 268435462, 'publication.event.published', 0),
(971, 1048585, 25, 1, '2023-05-17 16:38:54', 268435458, 'submission.event.general.metadataUpdated', 0),
(972, 1048585, 25, 1, '2023-05-17 16:38:54', 268435458, 'submission.event.general.metadataUpdated', 0),
(973, 515, 108, 1, '2023-05-17 16:42:58', 1342177281, 'submission.event.fileUploaded', 0),
(974, 1048585, 25, 1, '2023-05-17 16:42:58', 1342177288, 'submission.event.fileRevised', 0),
(975, 515, 108, 1, '2023-05-17 16:43:02', 1342177296, 'submission.event.fileEdited', 0),
(976, 1048585, 25, 1, '2023-05-17 16:43:02', 1342177296, 'submission.event.fileEdited', 0),
(977, 1048585, 25, 1, '2023-05-17 16:43:19', 268435458, 'submission.event.general.metadataUpdated', 0),
(978, 1048585, 25, 1, '2023-05-17 16:43:23', 268435457, 'submission.event.submissionSubmitted', 0),
(979, 1048585, 25, 1, '2023-05-17 16:43:39', 268435459, 'submission.event.participantAdded', 0),
(980, 1048585, 25, 1, '2023-05-17 16:43:51', 805306371, 'log.editor.decision', 0),
(981, 515, 109, 1, '2023-05-17 16:43:51', 1342177281, 'submission.event.fileUploaded', 0),
(982, 1048585, 25, 1, '2023-05-17 16:43:51', 1342177288, 'submission.event.fileRevised', 0),
(983, 1048585, 25, 1, '2023-05-17 16:44:05', 805306371, 'log.editor.decision', 0),
(984, 515, 110, 1, '2023-05-17 16:44:05', 1342177281, 'submission.event.fileUploaded', 0),
(985, 1048585, 25, 1, '2023-05-17 16:44:05', 1342177288, 'submission.event.fileRevised', 0),
(986, 1048585, 25, 1, '2023-05-17 16:44:24', 268435458, 'submission.event.general.metadataUpdated', 0),
(987, 1048585, 25, 1, '2023-05-17 16:44:33', 268435458, 'submission.event.general.metadataUpdated', 0),
(988, 1048585, 25, 1, '2023-05-17 16:44:42', 268435474, 'submission.event.publicationFormatCreated', 0),
(989, 515, 111, 1, '2023-05-17 16:44:47', 1342177281, 'submission.event.fileUploaded', 0),
(990, 1048585, 25, 1, '2023-05-17 16:44:47', 1342177288, 'submission.event.fileRevised', 0),
(991, 1048585, 25, 1, '2023-05-17 16:44:51', 268435464, 'submission.event.publicationFormatPublished', 0),
(992, 1048585, 25, 1, '2023-05-17 16:44:54', 268435476, 'submission.event.publicationFormatMadeAvailable', 0),
(993, 515, 111, 1, '2023-05-17 16:44:56', 1342177296, 'submission.event.fileEdited', 0),
(994, 1048585, 25, 1, '2023-05-17 16:44:56', 1342177296, 'submission.event.fileEdited', 0),
(995, 515, 111, 1, '2023-05-17 16:44:56', 1342177287, 'submission.event.signoffSignoff', 0),
(996, 1048585, 25, 1, '2023-05-17 16:45:19', 268435458, 'submission.event.general.metadataUpdated', 0),
(997, 1048585, 25, 1, '2023-05-17 16:45:37', 268435462, 'publication.event.published', 0),
(998, 1048585, 26, 1, '2023-05-17 16:47:54', 268435458, 'submission.event.general.metadataUpdated', 0),
(999, 1048585, 26, 1, '2023-05-17 16:47:55', 268435458, 'submission.event.general.metadataUpdated', 0),
(1000, 515, 112, 1, '2023-05-17 16:48:05', 1342177281, 'submission.event.fileUploaded', 0),
(1001, 1048585, 26, 1, '2023-05-17 16:48:05', 1342177288, 'submission.event.fileRevised', 0),
(1002, 515, 112, 1, '2023-05-17 16:48:07', 1342177296, 'submission.event.fileEdited', 0),
(1003, 1048585, 26, 1, '2023-05-17 16:48:07', 1342177296, 'submission.event.fileEdited', 0),
(1004, 1048585, 26, 1, '2023-05-17 16:48:28', 268435458, 'submission.event.general.metadataUpdated', 0),
(1005, 1048585, 26, 1, '2023-05-17 16:48:31', 268435457, 'submission.event.submissionSubmitted', 0),
(1006, 1048585, 26, 1, '2023-05-17 16:48:45', 268435459, 'submission.event.participantAdded', 0),
(1007, 1048585, 26, 1, '2023-05-17 16:48:54', 805306371, 'log.editor.decision', 0),
(1008, 515, 113, 1, '2023-05-17 16:48:54', 1342177281, 'submission.event.fileUploaded', 0),
(1009, 1048585, 26, 1, '2023-05-17 16:48:54', 1342177288, 'submission.event.fileRevised', 0),
(1010, 1048585, 26, 1, '2023-05-17 16:49:59', 805306371, 'log.editor.decision', 0),
(1011, 515, 114, 1, '2023-05-17 16:49:59', 1342177281, 'submission.event.fileUploaded', 0),
(1012, 1048585, 26, 1, '2023-05-17 16:49:59', 1342177288, 'submission.event.fileRevised', 0),
(1013, 1048585, 26, 1, '2023-05-17 16:50:14', 268435474, 'submission.event.publicationFormatCreated', 0),
(1014, 515, 115, 1, '2023-05-17 16:50:20', 1342177281, 'submission.event.fileUploaded', 0),
(1015, 1048585, 26, 1, '2023-05-17 16:50:20', 1342177288, 'submission.event.fileRevised', 0),
(1016, 1048585, 26, 1, '2023-05-17 16:50:24', 268435464, 'submission.event.publicationFormatPublished', 0),
(1017, 1048585, 26, 1, '2023-05-17 16:50:27', 268435476, 'submission.event.publicationFormatMadeAvailable', 0),
(1018, 515, 115, 1, '2023-05-17 16:50:30', 1342177296, 'submission.event.fileEdited', 0),
(1019, 1048585, 26, 1, '2023-05-17 16:50:30', 1342177296, 'submission.event.fileEdited', 0),
(1020, 515, 115, 1, '2023-05-17 16:50:30', 1342177287, 'submission.event.signoffSignoff', 0),
(1021, 1048585, 26, 1, '2023-05-17 16:51:14', 268435458, 'submission.event.general.metadataUpdated', 0),
(1022, 1048585, 26, 1, '2023-05-17 16:51:19', 268435462, 'publication.event.published', 0),
(1023, 1048585, 27, 1, '2023-05-17 19:13:18', 268435458, 'submission.event.general.metadataUpdated', 0),
(1024, 1048585, 27, 1, '2023-05-17 19:13:18', 268435458, 'submission.event.general.metadataUpdated', 0),
(1025, 515, 116, 1, '2023-05-17 19:13:45', 1342177281, 'submission.event.fileUploaded', 0),
(1026, 1048585, 27, 1, '2023-05-17 19:13:45', 1342177288, 'submission.event.fileRevised', 0),
(1027, 515, 116, 1, '2023-05-17 19:13:48', 1342177296, 'submission.event.fileEdited', 0),
(1028, 1048585, 27, 1, '2023-05-17 19:13:48', 1342177296, 'submission.event.fileEdited', 0),
(1029, 1048585, 27, 1, '2023-05-17 19:14:25', 268435458, 'submission.event.general.metadataUpdated', 0),
(1030, 1048585, 27, 1, '2023-05-17 19:14:29', 268435457, 'submission.event.submissionSubmitted', 0),
(1031, 1048585, 27, 1, '2023-05-17 19:14:44', 268435459, 'submission.event.participantAdded', 0),
(1032, 1048585, 27, 1, '2023-05-17 19:14:57', 805306371, 'log.editor.decision', 0),
(1033, 515, 117, 1, '2023-05-17 19:14:57', 1342177281, 'submission.event.fileUploaded', 0),
(1034, 1048585, 27, 1, '2023-05-17 19:14:57', 1342177288, 'submission.event.fileRevised', 0),
(1035, 1048585, 27, 1, '2023-05-17 19:15:10', 805306371, 'log.editor.decision', 0),
(1036, 515, 118, 1, '2023-05-17 19:15:10', 1342177281, 'submission.event.fileUploaded', 0),
(1037, 1048585, 27, 1, '2023-05-17 19:15:10', 1342177288, 'submission.event.fileRevised', 0),
(1038, 1048585, 27, 1, '2023-05-17 19:15:24', 268435474, 'submission.event.publicationFormatCreated', 0),
(1039, 515, 119, 1, '2023-05-17 19:15:34', 1342177281, 'submission.event.fileUploaded', 0),
(1040, 1048585, 27, 1, '2023-05-17 19:15:34', 1342177288, 'submission.event.fileRevised', 0),
(1041, 1048585, 27, 1, '2023-05-17 19:15:38', 268435464, 'submission.event.publicationFormatPublished', 0),
(1042, 1048585, 27, 1, '2023-05-17 19:15:40', 268435476, 'submission.event.publicationFormatMadeAvailable', 0),
(1043, 515, 119, 1, '2023-05-17 19:15:43', 1342177296, 'submission.event.fileEdited', 0),
(1044, 1048585, 27, 1, '2023-05-17 19:15:43', 1342177296, 'submission.event.fileEdited', 0),
(1045, 515, 119, 1, '2023-05-17 19:15:43', 1342177287, 'submission.event.signoffSignoff', 0),
(1046, 1048585, 27, 1, '2023-05-17 19:16:34', 268435458, 'submission.event.general.metadataUpdated', 0),
(1047, 1048585, 27, 1, '2023-05-17 19:16:42', 268435462, 'publication.event.published', 0),
(1048, 1048585, 28, 1, '2023-05-17 19:36:20', 268435458, 'submission.event.general.metadataUpdated', 0),
(1049, 1048585, 28, 1, '2023-05-17 19:36:20', 268435458, 'submission.event.general.metadataUpdated', 0),
(1050, 515, 120, 1, '2023-05-17 19:38:45', 1342177281, 'submission.event.fileUploaded', 0),
(1051, 1048585, 28, 1, '2023-05-17 19:38:45', 1342177288, 'submission.event.fileRevised', 0),
(1052, 515, 120, 1, '2023-05-17 19:38:57', 1342177296, 'submission.event.fileEdited', 0),
(1053, 1048585, 28, 1, '2023-05-17 19:38:57', 1342177296, 'submission.event.fileEdited', 0),
(1054, 1048585, 28, 1, '2023-05-17 19:40:59', 268435458, 'submission.event.general.metadataUpdated', 0),
(1055, 1048585, 28, 1, '2023-05-17 19:41:03', 268435457, 'submission.event.submissionSubmitted', 0),
(1056, 1048585, 28, 1, '2023-05-17 19:41:30', 268435459, 'submission.event.participantAdded', 0),
(1057, 1048585, 28, 1, '2023-05-17 19:41:55', 805306371, 'log.editor.decision', 0),
(1058, 515, 121, 1, '2023-05-17 19:41:55', 1342177281, 'submission.event.fileUploaded', 0),
(1059, 1048585, 28, 1, '2023-05-17 19:41:55', 1342177288, 'submission.event.fileRevised', 0),
(1060, 1048585, 28, 1, '2023-05-17 19:42:15', 805306371, 'log.editor.decision', 0),
(1061, 515, 122, 1, '2023-05-17 19:42:16', 1342177281, 'submission.event.fileUploaded', 0),
(1062, 1048585, 28, 1, '2023-05-17 19:42:16', 1342177288, 'submission.event.fileRevised', 0),
(1063, 1048585, 28, 1, '2023-05-17 19:42:52', 268435474, 'submission.event.publicationFormatCreated', 0),
(1064, 515, 123, 1, '2023-05-17 19:43:00', 1342177281, 'submission.event.fileUploaded', 0),
(1065, 1048585, 28, 1, '2023-05-17 19:43:00', 1342177288, 'submission.event.fileRevised', 0),
(1066, 1048585, 28, 1, '2023-05-17 19:43:11', 268435464, 'submission.event.publicationFormatPublished', 0),
(1067, 1048585, 28, 1, '2023-05-17 19:43:21', 268435476, 'submission.event.publicationFormatMadeAvailable', 0),
(1068, 515, 123, 1, '2023-05-17 19:43:25', 1342177296, 'submission.event.fileEdited', 0),
(1069, 1048585, 28, 1, '2023-05-17 19:43:25', 1342177296, 'submission.event.fileEdited', 0),
(1070, 515, 123, 1, '2023-05-17 19:43:25', 1342177287, 'submission.event.signoffSignoff', 0),
(1071, 1048585, 28, 1, '2023-05-17 19:45:31', 268435458, 'submission.event.general.metadataUpdated', 0);
INSERT INTO `event_log` (`log_id`, `assoc_type`, `assoc_id`, `user_id`, `date_logged`, `event_type`, `message`, `is_translated`) VALUES
(1072, 1048585, 28, 1, '2023-05-17 19:45:50', 268435462, 'publication.event.published', 0),
(1073, 1048585, 29, 1, '2023-05-17 19:48:25', 268435458, 'submission.event.general.metadataUpdated', 0),
(1074, 1048585, 29, 1, '2023-05-17 19:48:25', 268435458, 'submission.event.general.metadataUpdated', 0),
(1075, 515, 124, 1, '2023-05-17 19:49:28', 1342177281, 'submission.event.fileUploaded', 0),
(1076, 1048585, 29, 1, '2023-05-17 19:49:28', 1342177288, 'submission.event.fileRevised', 0),
(1077, 515, 124, 1, '2023-05-17 19:49:33', 1342177296, 'submission.event.fileEdited', 0),
(1078, 1048585, 29, 1, '2023-05-17 19:49:33', 1342177296, 'submission.event.fileEdited', 0),
(1079, 1048585, 29, 1, '2023-05-17 19:54:16', 268435458, 'submission.event.general.metadataUpdated', 0),
(1080, 1048585, 29, 1, '2023-05-17 19:54:27', 268435457, 'submission.event.submissionSubmitted', 0),
(1081, 1048585, 29, 1, '2023-05-17 19:54:39', 268435459, 'submission.event.participantAdded', 0),
(1082, 1048585, 29, 1, '2023-05-17 19:54:54', 805306371, 'log.editor.decision', 0),
(1083, 515, 125, 1, '2023-05-17 19:54:54', 1342177281, 'submission.event.fileUploaded', 0),
(1084, 1048585, 29, 1, '2023-05-17 19:54:54', 1342177288, 'submission.event.fileRevised', 0),
(1085, 1048585, 29, 1, '2023-05-17 19:55:06', 805306371, 'log.editor.decision', 0),
(1086, 515, 126, 1, '2023-05-17 19:55:06', 1342177281, 'submission.event.fileUploaded', 0),
(1087, 1048585, 29, 1, '2023-05-17 19:55:06', 1342177288, 'submission.event.fileRevised', 0),
(1088, 1048585, 29, 1, '2023-05-17 19:55:24', 268435474, 'submission.event.publicationFormatCreated', 0),
(1089, 515, 127, 1, '2023-05-17 19:55:50', 1342177281, 'submission.event.fileUploaded', 0),
(1090, 1048585, 29, 1, '2023-05-17 19:55:50', 1342177288, 'submission.event.fileRevised', 0),
(1091, 1048585, 29, 1, '2023-05-17 19:55:56', 268435464, 'submission.event.publicationFormatPublished', 0),
(1092, 1048585, 29, 1, '2023-05-17 19:55:59', 268435476, 'submission.event.publicationFormatMadeAvailable', 0),
(1093, 515, 127, 1, '2023-05-17 19:56:01', 1342177296, 'submission.event.fileEdited', 0),
(1094, 1048585, 29, 1, '2023-05-17 19:56:01', 1342177296, 'submission.event.fileEdited', 0),
(1095, 515, 127, 1, '2023-05-17 19:56:01', 1342177287, 'submission.event.signoffSignoff', 0),
(1096, 1048585, 29, 1, '2023-05-17 19:56:38', 268435458, 'submission.event.general.metadataUpdated', 0),
(1097, 1048585, 29, 1, '2023-05-17 19:56:42', 268435462, 'publication.event.published', 0),
(1098, 1048585, 30, 1, '2023-05-17 20:01:54', 268435458, 'submission.event.general.metadataUpdated', 0),
(1099, 1048585, 30, 1, '2023-05-17 20:01:54', 268435458, 'submission.event.general.metadataUpdated', 0),
(1100, 515, 128, 1, '2023-05-17 20:02:56', 1342177281, 'submission.event.fileUploaded', 0),
(1101, 1048585, 30, 1, '2023-05-17 20:02:56', 1342177288, 'submission.event.fileRevised', 0),
(1102, 515, 128, 1, '2023-05-17 20:03:19', 1342177296, 'submission.event.fileEdited', 0),
(1103, 1048585, 30, 1, '2023-05-17 20:03:19', 1342177296, 'submission.event.fileEdited', 0),
(1104, 1048585, 30, 1, '2023-05-17 20:05:21', 268435458, 'submission.event.general.metadataUpdated', 0),
(1105, 1048585, 30, 1, '2023-05-17 20:05:24', 268435457, 'submission.event.submissionSubmitted', 0),
(1106, 1048585, 30, 1, '2023-05-17 20:05:36', 268435459, 'submission.event.participantAdded', 0),
(1107, 1048585, 30, 1, '2023-05-17 20:05:46', 805306371, 'log.editor.decision', 0),
(1108, 515, 129, 1, '2023-05-17 20:05:46', 1342177281, 'submission.event.fileUploaded', 0),
(1109, 1048585, 30, 1, '2023-05-17 20:05:46', 1342177288, 'submission.event.fileRevised', 0),
(1110, 1048585, 30, 1, '2023-05-17 20:05:59', 805306371, 'log.editor.decision', 0),
(1111, 515, 130, 1, '2023-05-17 20:05:59', 1342177281, 'submission.event.fileUploaded', 0),
(1112, 1048585, 30, 1, '2023-05-17 20:05:59', 1342177288, 'submission.event.fileRevised', 0),
(1113, 1048585, 30, 1, '2023-05-17 20:06:32', 268435474, 'submission.event.publicationFormatCreated', 0),
(1114, 515, 131, 1, '2023-05-17 20:06:38', 1342177281, 'submission.event.fileUploaded', 0),
(1115, 1048585, 30, 1, '2023-05-17 20:06:38', 1342177288, 'submission.event.fileRevised', 0),
(1116, 1048585, 30, 1, '2023-05-17 20:06:42', 268435464, 'submission.event.publicationFormatPublished', 0),
(1117, 1048585, 30, 1, '2023-05-17 20:06:44', 268435476, 'submission.event.publicationFormatMadeAvailable', 0),
(1118, 515, 131, 1, '2023-05-17 20:06:47', 1342177296, 'submission.event.fileEdited', 0),
(1119, 1048585, 30, 1, '2023-05-17 20:06:47', 1342177296, 'submission.event.fileEdited', 0),
(1120, 515, 131, 1, '2023-05-17 20:06:47', 1342177287, 'submission.event.signoffSignoff', 0),
(1121, 1048585, 30, 1, '2023-05-17 20:26:28', 268435458, 'submission.event.general.metadataUpdated', 0),
(1122, 1048585, 30, 1, '2023-05-17 20:26:36', 268435462, 'publication.event.published', 0),
(1123, 1048585, 31, 1, '2023-05-17 20:27:55', 268435458, 'submission.event.general.metadataUpdated', 0),
(1124, 1048585, 31, 1, '2023-05-17 20:27:55', 268435458, 'submission.event.general.metadataUpdated', 0),
(1125, 1048585, 31, 1, '2023-05-17 22:10:38', 268435458, 'submission.event.general.metadataUpdated', 0),
(1126, 1048585, 31, 1, '2023-05-17 22:10:42', 268435457, 'submission.event.submissionSubmitted', 0),
(1127, 1048585, 31, 1, '2023-05-17 22:10:53', 268435459, 'submission.event.participantAdded', 0),
(1128, 1048585, 31, 1, '2023-05-17 22:11:02', 805306371, 'log.editor.decision', 0),
(1129, 1048585, 31, 1, '2023-05-17 22:11:53', 805306371, 'log.editor.decision', 0),
(1130, 515, 132, 1, '2023-05-17 22:12:20', 1342177281, 'submission.event.fileUploaded', 0),
(1131, 1048585, 31, 1, '2023-05-17 22:12:20', 1342177288, 'submission.event.fileRevised', 0),
(1132, 515, 132, 1, '2023-05-17 22:12:22', 1342177296, 'submission.event.fileEdited', 0),
(1133, 1048585, 31, 1, '2023-05-17 22:12:22', 1342177296, 'submission.event.fileEdited', 0),
(1134, 1048585, 31, 1, '2023-05-17 22:12:39', 268435474, 'submission.event.publicationFormatCreated', 0),
(1135, 515, 133, 1, '2023-05-17 22:12:51', 1342177281, 'submission.event.fileUploaded', 0),
(1136, 1048585, 31, 1, '2023-05-17 22:12:51', 1342177288, 'submission.event.fileRevised', 0),
(1137, 1048585, 31, 1, '2023-05-17 22:13:18', 268435458, 'submission.event.general.metadataUpdated', 0),
(1138, 1048585, 31, 1, '2023-05-17 22:14:02', 268435458, 'submission.event.general.metadataUpdated', 0),
(1139, 1048585, 31, 1, '2023-05-17 22:14:10', 268435462, 'publication.event.published', 0),
(1140, 1048585, 30, 1, '2023-05-17 22:19:38', 268435463, 'publication.event.unpublished', 0),
(1141, 1048585, 30, 1, '2023-05-17 22:20:02', 268435462, 'publication.event.published', 0),
(1142, 1048585, 30, 1, '2023-05-17 22:20:35', 268435463, 'publication.event.unpublished', 0),
(1143, 1048585, 30, 1, '2023-05-17 22:20:45', 268435458, 'submission.event.general.metadataUpdated', 0),
(1144, 1048585, 30, 1, '2023-05-17 22:20:48', 268435462, 'publication.event.published', 0),
(1145, 1048585, 32, 1, '2023-05-17 22:40:58', 268435458, 'submission.event.general.metadataUpdated', 0),
(1146, 1048585, 32, 1, '2023-05-17 22:40:58', 268435458, 'submission.event.general.metadataUpdated', 0),
(1147, 515, 134, 1, '2023-05-17 22:41:30', 1342177281, 'submission.event.fileUploaded', 0),
(1148, 1048585, 32, 1, '2023-05-17 22:41:30', 1342177288, 'submission.event.fileRevised', 0),
(1149, 515, 134, 1, '2023-05-17 22:41:34', 1342177296, 'submission.event.fileEdited', 0),
(1150, 1048585, 32, 1, '2023-05-17 22:41:34', 1342177296, 'submission.event.fileEdited', 0),
(1151, 1048585, 32, 1, '2023-05-17 23:27:56', 268435458, 'submission.event.general.metadataUpdated', 0),
(1152, 1048585, 32, 1, '2023-05-17 23:28:02', 268435457, 'submission.event.submissionSubmitted', 0),
(1153, 1048585, 32, 1, '2023-05-17 23:28:18', 268435459, 'submission.event.participantAdded', 0),
(1154, 1048585, 32, 1, '2023-05-17 23:28:31', 805306371, 'log.editor.decision', 0),
(1155, 515, 135, 1, '2023-05-17 23:28:31', 1342177281, 'submission.event.fileUploaded', 0),
(1156, 1048585, 32, 1, '2023-05-17 23:28:31', 1342177288, 'submission.event.fileRevised', 0),
(1157, 1048585, 32, 1, '2023-05-17 23:28:46', 805306371, 'log.editor.decision', 0),
(1158, 515, 136, 1, '2023-05-17 23:28:46', 1342177281, 'submission.event.fileUploaded', 0),
(1159, 1048585, 32, 1, '2023-05-17 23:28:46', 1342177288, 'submission.event.fileRevised', 0),
(1160, 1048585, 32, 1, '2023-05-17 23:29:13', 268435474, 'submission.event.publicationFormatCreated', 0),
(1161, 515, 137, 1, '2023-05-17 23:29:21', 1342177281, 'submission.event.fileUploaded', 0),
(1162, 1048585, 32, 1, '2023-05-17 23:29:21', 1342177288, 'submission.event.fileRevised', 0),
(1163, 1048585, 32, 1, '2023-05-17 23:29:27', 268435464, 'submission.event.publicationFormatPublished', 0),
(1164, 1048585, 32, 1, '2023-05-17 23:29:31', 268435476, 'submission.event.publicationFormatMadeAvailable', 0),
(1165, 515, 137, 1, '2023-05-17 23:29:33', 1342177296, 'submission.event.fileEdited', 0),
(1166, 1048585, 32, 1, '2023-05-17 23:29:33', 1342177296, 'submission.event.fileEdited', 0),
(1167, 515, 137, 1, '2023-05-17 23:29:33', 1342177287, 'submission.event.signoffSignoff', 0),
(1168, 1048585, 32, 1, '2023-05-17 23:30:36', 268435458, 'submission.event.general.metadataUpdated', 0),
(1169, 1048585, 32, 1, '2023-05-17 23:30:50', 268435462, 'publication.event.published', 0),
(1170, 1048585, 33, 1, '2023-05-17 23:32:19', 268435458, 'submission.event.general.metadataUpdated', 0),
(1171, 1048585, 33, 1, '2023-05-17 23:32:19', 268435458, 'submission.event.general.metadataUpdated', 0),
(1172, 515, 138, 1, '2023-05-17 23:32:39', 1342177281, 'submission.event.fileUploaded', 0),
(1173, 1048585, 33, 1, '2023-05-17 23:32:39', 1342177288, 'submission.event.fileRevised', 0),
(1174, 515, 138, 1, '2023-05-17 23:32:43', 1342177296, 'submission.event.fileEdited', 0),
(1175, 1048585, 33, 1, '2023-05-17 23:32:43', 1342177296, 'submission.event.fileEdited', 0),
(1176, 1048585, 33, 1, '2023-05-17 23:33:38', 268435458, 'submission.event.general.metadataUpdated', 0),
(1177, 1048585, 33, 1, '2023-05-17 23:33:45', 268435457, 'submission.event.submissionSubmitted', 0),
(1178, 1048585, 33, 1, '2023-05-17 23:34:00', 268435459, 'submission.event.participantAdded', 0),
(1179, 1048585, 33, 1, '2023-05-17 23:34:15', 805306371, 'log.editor.decision', 0),
(1180, 515, 139, 1, '2023-05-17 23:34:15', 1342177281, 'submission.event.fileUploaded', 0),
(1181, 1048585, 33, 1, '2023-05-17 23:34:15', 1342177288, 'submission.event.fileRevised', 0),
(1182, 1048585, 33, 1, '2023-05-17 23:34:32', 805306371, 'log.editor.decision', 0),
(1183, 515, 140, 1, '2023-05-17 23:34:32', 1342177281, 'submission.event.fileUploaded', 0),
(1184, 1048585, 33, 1, '2023-05-17 23:34:32', 1342177288, 'submission.event.fileRevised', 0),
(1185, 1048585, 33, 1, '2023-05-17 23:34:55', 268435474, 'submission.event.publicationFormatCreated', 0),
(1186, 515, 141, 1, '2023-05-17 23:35:04', 1342177281, 'submission.event.fileUploaded', 0),
(1187, 1048585, 33, 1, '2023-05-17 23:35:04', 1342177288, 'submission.event.fileRevised', 0),
(1188, 1048585, 33, 1, '2023-05-17 23:35:08', 268435464, 'submission.event.publicationFormatPublished', 0),
(1189, 515, 141, 1, '2023-05-17 23:35:12', 1342177296, 'submission.event.fileEdited', 0),
(1190, 1048585, 33, 1, '2023-05-17 23:35:12', 1342177296, 'submission.event.fileEdited', 0),
(1191, 515, 141, 1, '2023-05-17 23:35:12', 1342177287, 'submission.event.signoffSignoff', 0),
(1192, 1048585, 33, 1, '2023-05-17 23:35:14', 268435476, 'submission.event.publicationFormatMadeAvailable', 0),
(1193, 1048585, 33, 1, '2023-05-17 23:36:01', 268435458, 'submission.event.general.metadataUpdated', 0),
(1194, 1048585, 33, 1, '2023-05-17 23:36:11', 268435462, 'publication.event.published', 0),
(1195, 1048585, 34, 1, '2023-05-17 23:37:06', 268435458, 'submission.event.general.metadataUpdated', 0),
(1196, 1048585, 34, 1, '2023-05-17 23:37:06', 268435458, 'submission.event.general.metadataUpdated', 0),
(1197, 1048585, 34, 1, '2023-05-17 23:38:11', 268435458, 'submission.event.general.metadataUpdated', 0),
(1198, 1048585, 34, 1, '2023-05-17 23:38:18', 268435457, 'submission.event.submissionSubmitted', 0),
(1199, 1048585, 34, 1, '2023-05-17 23:38:40', 268435459, 'submission.event.participantAdded', 0),
(1200, 1048585, 34, 1, '2023-05-17 23:38:47', 805306371, 'log.editor.decision', 0),
(1201, 1048585, 34, 1, '2023-05-17 23:39:19', 805306371, 'log.editor.decision', 0),
(1202, 515, 142, 1, '2023-05-17 23:39:52', 1342177281, 'submission.event.fileUploaded', 0),
(1203, 1048585, 34, 1, '2023-05-17 23:39:52', 1342177288, 'submission.event.fileRevised', 0),
(1204, 515, 142, 1, '2023-05-17 23:39:56', 1342177296, 'submission.event.fileEdited', 0),
(1205, 1048585, 34, 1, '2023-05-17 23:39:56', 1342177296, 'submission.event.fileEdited', 0),
(1206, 1048585, 34, 1, '2023-05-17 23:40:26', 268435474, 'submission.event.publicationFormatCreated', 0),
(1207, 515, 143, 1, '2023-05-17 23:40:33', 1342177281, 'submission.event.fileUploaded', 0),
(1208, 1048585, 34, 1, '2023-05-17 23:40:33', 1342177288, 'submission.event.fileRevised', 0),
(1209, 515, 143, 1, '2023-05-17 23:40:50', 1342177282, 'submission.event.fileDeleted', 0),
(1210, 515, 144, 1, '2023-05-17 23:41:16', 1342177281, 'submission.event.fileUploaded', 0),
(1211, 1048585, 34, 1, '2023-05-17 23:41:16', 1342177288, 'submission.event.fileRevised', 0),
(1212, 515, 144, 1, '2023-05-17 23:41:19', 1342177296, 'submission.event.fileEdited', 0),
(1213, 1048585, 34, 1, '2023-05-17 23:41:19', 1342177296, 'submission.event.fileEdited', 0),
(1214, 1048585, 34, 1, '2023-05-17 23:41:25', 268435464, 'submission.event.publicationFormatPublished', 0),
(1215, 1048585, 34, 1, '2023-05-17 23:41:31', 268435476, 'submission.event.publicationFormatMadeAvailable', 0),
(1216, 515, 144, 1, '2023-05-17 23:41:34', 1342177296, 'submission.event.fileEdited', 0),
(1217, 1048585, 34, 1, '2023-05-17 23:41:34', 1342177296, 'submission.event.fileEdited', 0),
(1218, 515, 144, 1, '2023-05-17 23:41:34', 1342177287, 'submission.event.signoffSignoff', 0),
(1219, 1048585, 34, 1, '2023-05-17 23:42:28', 268435458, 'submission.event.general.metadataUpdated', 0),
(1220, 1048585, 34, 1, '2023-05-17 23:42:34', 268435462, 'publication.event.published', 0),
(1221, 1048585, 35, 1, '2023-05-17 23:43:27', 268435458, 'submission.event.general.metadataUpdated', 0),
(1222, 1048585, 35, 1, '2023-05-17 23:43:27', 268435458, 'submission.event.general.metadataUpdated', 0),
(1223, 515, 145, 1, '2023-05-17 23:44:12', 1342177281, 'submission.event.fileUploaded', 0),
(1224, 1048585, 35, 1, '2023-05-17 23:44:12', 1342177288, 'submission.event.fileRevised', 0),
(1225, 515, 145, 1, '2023-05-17 23:44:15', 1342177296, 'submission.event.fileEdited', 0),
(1226, 1048585, 35, 1, '2023-05-17 23:44:15', 1342177296, 'submission.event.fileEdited', 0),
(1227, 1048585, 35, 1, '2023-05-17 23:48:45', 268435458, 'submission.event.general.metadataUpdated', 0),
(1228, 1048585, 35, 1, '2023-05-17 23:48:48', 268435457, 'submission.event.submissionSubmitted', 0),
(1229, 1048585, 35, 1, '2023-05-17 23:49:04', 268435459, 'submission.event.participantAdded', 0),
(1230, 1048585, 35, 1, '2023-05-17 23:49:12', 805306371, 'log.editor.decision', 0),
(1231, 515, 146, 1, '2023-05-17 23:49:12', 1342177281, 'submission.event.fileUploaded', 0),
(1232, 1048585, 35, 1, '2023-05-17 23:49:12', 1342177288, 'submission.event.fileRevised', 0),
(1233, 1048585, 35, 1, '2023-05-17 23:49:30', 805306371, 'log.editor.decision', 0),
(1234, 515, 147, 1, '2023-05-17 23:49:30', 1342177281, 'submission.event.fileUploaded', 0),
(1235, 1048585, 35, 1, '2023-05-17 23:49:30', 1342177288, 'submission.event.fileRevised', 0),
(1236, 1048585, 35, 1, '2023-05-17 23:49:49', 268435474, 'submission.event.publicationFormatCreated', 0),
(1237, 515, 148, 1, '2023-05-17 23:49:57', 1342177281, 'submission.event.fileUploaded', 0),
(1238, 1048585, 35, 1, '2023-05-17 23:49:57', 1342177288, 'submission.event.fileRevised', 0),
(1239, 1048585, 35, 1, '2023-05-17 23:50:01', 268435464, 'submission.event.publicationFormatPublished', 0),
(1240, 1048585, 35, 1, '2023-05-17 23:50:05', 268435476, 'submission.event.publicationFormatMadeAvailable', 0),
(1241, 515, 148, 1, '2023-05-17 23:50:10', 1342177296, 'submission.event.fileEdited', 0),
(1242, 1048585, 35, 1, '2023-05-17 23:50:10', 1342177296, 'submission.event.fileEdited', 0),
(1243, 515, 148, 1, '2023-05-17 23:50:10', 1342177287, 'submission.event.signoffSignoff', 0),
(1244, 1048585, 35, 1, '2023-05-17 23:51:21', 268435458, 'submission.event.general.metadataUpdated', 0),
(1245, 1048585, 35, 1, '2023-05-17 23:51:28', 268435462, 'publication.event.published', 0),
(1246, 1048585, 36, 1, '2023-05-17 23:52:52', 268435458, 'submission.event.general.metadataUpdated', 0),
(1247, 1048585, 36, 1, '2023-05-17 23:52:52', 268435458, 'submission.event.general.metadataUpdated', 0),
(1248, 515, 149, 1, '2023-05-17 23:53:43', 1342177281, 'submission.event.fileUploaded', 0),
(1249, 1048585, 36, 1, '2023-05-17 23:53:43', 1342177288, 'submission.event.fileRevised', 0),
(1250, 515, 149, 1, '2023-05-17 23:53:46', 1342177296, 'submission.event.fileEdited', 0),
(1251, 1048585, 36, 1, '2023-05-17 23:53:46', 1342177296, 'submission.event.fileEdited', 0),
(1252, 1048585, 36, 1, '2023-05-17 23:54:59', 268435458, 'submission.event.general.metadataUpdated', 0),
(1253, 1048585, 36, 1, '2023-05-17 23:55:03', 268435457, 'submission.event.submissionSubmitted', 0),
(1254, 1048585, 36, 1, '2023-05-17 23:55:19', 268435459, 'submission.event.participantAdded', 0),
(1255, 1048585, 36, 1, '2023-05-17 23:55:28', 805306371, 'log.editor.decision', 0),
(1256, 515, 150, 1, '2023-05-17 23:55:28', 1342177281, 'submission.event.fileUploaded', 0),
(1257, 1048585, 36, 1, '2023-05-17 23:55:28', 1342177288, 'submission.event.fileRevised', 0),
(1258, 1048585, 36, 1, '2023-05-17 23:55:45', 805306371, 'log.editor.decision', 0),
(1259, 515, 151, 1, '2023-05-17 23:55:45', 1342177281, 'submission.event.fileUploaded', 0),
(1260, 1048585, 36, 1, '2023-05-17 23:55:45', 1342177288, 'submission.event.fileRevised', 0),
(1261, 1048585, 36, 1, '2023-05-17 23:56:06', 268435474, 'submission.event.publicationFormatCreated', 0),
(1262, 515, 152, 1, '2023-05-17 23:56:13', 1342177281, 'submission.event.fileUploaded', 0),
(1263, 1048585, 36, 1, '2023-05-17 23:56:13', 1342177288, 'submission.event.fileRevised', 0),
(1264, 1048585, 36, 1, '2023-05-17 23:56:18', 268435464, 'submission.event.publicationFormatPublished', 0),
(1265, 1048585, 36, 1, '2023-05-17 23:56:22', 268435476, 'submission.event.publicationFormatMadeAvailable', 0),
(1266, 515, 152, 1, '2023-05-17 23:56:25', 1342177296, 'submission.event.fileEdited', 0),
(1267, 1048585, 36, 1, '2023-05-17 23:56:25', 1342177296, 'submission.event.fileEdited', 0),
(1268, 515, 152, 1, '2023-05-17 23:56:25', 1342177287, 'submission.event.signoffSignoff', 0),
(1269, 1048585, 36, 1, '2023-05-17 23:57:21', 268435458, 'submission.event.general.metadataUpdated', 0),
(1270, 1048585, 36, 1, '2023-05-17 23:57:25', 268435458, 'submission.event.general.metadataUpdated', 0),
(1271, 1048585, 36, 1, '2023-05-17 23:57:38', 268435462, 'publication.event.published', 0),
(1272, 1048585, 37, 1, '2023-05-17 23:58:59', 268435458, 'submission.event.general.metadataUpdated', 0),
(1273, 1048585, 37, 1, '2023-05-17 23:58:59', 268435458, 'submission.event.general.metadataUpdated', 0),
(1274, 515, 153, 1, '2023-05-18 00:00:36', 1342177281, 'submission.event.fileUploaded', 0),
(1275, 1048585, 37, 1, '2023-05-18 00:00:36', 1342177288, 'submission.event.fileRevised', 0),
(1276, 515, 153, 1, '2023-05-18 00:00:39', 1342177296, 'submission.event.fileEdited', 0),
(1277, 1048585, 37, 1, '2023-05-18 00:00:39', 1342177296, 'submission.event.fileEdited', 0),
(1278, 1048585, 37, 1, '2023-05-18 00:01:45', 268435458, 'submission.event.general.metadataUpdated', 0),
(1279, 1048585, 37, 1, '2023-05-18 00:01:50', 268435457, 'submission.event.submissionSubmitted', 0),
(1280, 1048585, 37, 1, '2023-05-18 00:02:14', 268435459, 'submission.event.participantAdded', 0),
(1281, 1048585, 37, 1, '2023-05-18 00:02:26', 805306371, 'log.editor.decision', 0),
(1282, 515, 154, 1, '2023-05-18 00:02:26', 1342177281, 'submission.event.fileUploaded', 0),
(1283, 1048585, 37, 1, '2023-05-18 00:02:26', 1342177288, 'submission.event.fileRevised', 0),
(1284, 1048585, 37, 1, '2023-05-18 00:02:45', 805306371, 'log.editor.decision', 0),
(1285, 515, 155, 1, '2023-05-18 00:02:45', 1342177281, 'submission.event.fileUploaded', 0),
(1286, 1048585, 37, 1, '2023-05-18 00:02:45', 1342177288, 'submission.event.fileRevised', 0),
(1287, 1048585, 37, 1, '2023-05-18 00:03:04', 268435474, 'submission.event.publicationFormatCreated', 0),
(1288, 515, 156, 1, '2023-05-18 00:03:10', 1342177281, 'submission.event.fileUploaded', 0),
(1289, 1048585, 37, 1, '2023-05-18 00:03:10', 1342177288, 'submission.event.fileRevised', 0),
(1290, 1048585, 37, 1, '2023-05-18 00:03:14', 268435464, 'submission.event.publicationFormatPublished', 0),
(1291, 1048585, 37, 1, '2023-05-18 00:03:20', 268435476, 'submission.event.publicationFormatMadeAvailable', 0),
(1292, 515, 156, 1, '2023-05-18 00:03:23', 1342177296, 'submission.event.fileEdited', 0),
(1293, 1048585, 37, 1, '2023-05-18 00:03:24', 1342177296, 'submission.event.fileEdited', 0),
(1294, 515, 156, 1, '2023-05-18 00:03:24', 1342177287, 'submission.event.signoffSignoff', 0),
(1295, 1048585, 37, 1, '2023-05-18 00:04:11', 268435458, 'submission.event.general.metadataUpdated', 0),
(1296, 1048585, 37, 1, '2023-05-18 00:04:38', 268435458, 'submission.event.general.metadataUpdated', 0),
(1297, 1048585, 37, 1, '2023-05-18 00:04:42', 268435462, 'publication.event.published', 0),
(1298, 1048585, 38, 1, '2023-05-18 00:05:32', 268435458, 'submission.event.general.metadataUpdated', 0),
(1299, 1048585, 38, 1, '2023-05-18 00:05:32', 268435458, 'submission.event.general.metadataUpdated', 0),
(1300, 515, 157, 1, '2023-05-18 00:06:26', 1342177281, 'submission.event.fileUploaded', 0),
(1301, 1048585, 38, 1, '2023-05-18 00:06:26', 1342177288, 'submission.event.fileRevised', 0),
(1302, 515, 157, 1, '2023-05-18 00:06:31', 1342177296, 'submission.event.fileEdited', 0),
(1303, 1048585, 38, 1, '2023-05-18 00:06:31', 1342177296, 'submission.event.fileEdited', 0),
(1304, 1048585, 38, 1, '2023-05-18 00:08:20', 268435458, 'submission.event.general.metadataUpdated', 0),
(1305, 1048585, 38, 1, '2023-05-18 00:08:24', 268435457, 'submission.event.submissionSubmitted', 0),
(1306, 1048585, 38, 1, '2023-05-18 00:08:40', 268435459, 'submission.event.participantAdded', 0),
(1307, 1048585, 38, 1, '2023-05-18 00:08:49', 805306371, 'log.editor.decision', 0),
(1308, 515, 158, 1, '2023-05-18 00:08:49', 1342177281, 'submission.event.fileUploaded', 0),
(1309, 1048585, 38, 1, '2023-05-18 00:08:49', 1342177288, 'submission.event.fileRevised', 0),
(1310, 1048585, 38, 1, '2023-05-18 00:09:06', 805306371, 'log.editor.decision', 0),
(1311, 515, 159, 1, '2023-05-18 00:09:06', 1342177281, 'submission.event.fileUploaded', 0),
(1312, 1048585, 38, 1, '2023-05-18 00:09:06', 1342177288, 'submission.event.fileRevised', 0),
(1313, 1048585, 38, 1, '2023-05-18 00:09:26', 268435474, 'submission.event.publicationFormatCreated', 0),
(1314, 515, 160, 1, '2023-05-18 00:09:32', 1342177281, 'submission.event.fileUploaded', 0),
(1315, 1048585, 38, 1, '2023-05-18 00:09:32', 1342177288, 'submission.event.fileRevised', 0),
(1316, 1048585, 38, 1, '2023-05-18 00:09:36', 268435464, 'submission.event.publicationFormatPublished', 0),
(1317, 1048585, 38, 1, '2023-05-18 00:09:39', 268435476, 'submission.event.publicationFormatMadeAvailable', 0),
(1318, 515, 160, 1, '2023-05-18 00:09:42', 1342177296, 'submission.event.fileEdited', 0),
(1319, 1048585, 38, 1, '2023-05-18 00:09:42', 1342177296, 'submission.event.fileEdited', 0),
(1320, 515, 160, 1, '2023-05-18 00:09:42', 1342177287, 'submission.event.signoffSignoff', 0),
(1321, 1048585, 38, 1, '2023-05-18 00:10:34', 268435458, 'submission.event.general.metadataUpdated', 0),
(1322, 1048585, 38, 1, '2023-05-18 00:10:37', 268435462, 'publication.event.published', 0),
(1323, 1048585, 39, 1, '2023-05-18 00:11:51', 268435458, 'submission.event.general.metadataUpdated', 0),
(1324, 1048585, 39, 1, '2023-05-18 00:11:51', 268435458, 'submission.event.general.metadataUpdated', 0),
(1325, 515, 161, 1, '2023-05-18 00:12:47', 1342177281, 'submission.event.fileUploaded', 0),
(1326, 1048585, 39, 1, '2023-05-18 00:12:47', 1342177288, 'submission.event.fileRevised', 0),
(1327, 515, 161, 1, '2023-05-18 00:12:52', 1342177296, 'submission.event.fileEdited', 0),
(1328, 1048585, 39, 1, '2023-05-18 00:12:52', 1342177296, 'submission.event.fileEdited', 0),
(1329, 1048585, 39, 1, '2023-05-18 00:14:29', 268435458, 'submission.event.general.metadataUpdated', 0),
(1330, 1048585, 39, 1, '2023-05-18 00:14:38', 268435457, 'submission.event.submissionSubmitted', 0),
(1331, 1048585, 39, 1, '2023-05-18 00:14:55', 268435459, 'submission.event.participantAdded', 0),
(1332, 1048585, 39, 1, '2023-05-18 00:15:03', 805306371, 'log.editor.decision', 0),
(1333, 515, 162, 1, '2023-05-18 00:15:03', 1342177281, 'submission.event.fileUploaded', 0),
(1334, 1048585, 39, 1, '2023-05-18 00:15:03', 1342177288, 'submission.event.fileRevised', 0),
(1335, 1048585, 39, 1, '2023-05-18 00:15:17', 805306371, 'log.editor.decision', 0),
(1336, 515, 163, 1, '2023-05-18 00:15:17', 1342177281, 'submission.event.fileUploaded', 0),
(1337, 1048585, 39, 1, '2023-05-18 00:15:17', 1342177288, 'submission.event.fileRevised', 0),
(1338, 1048585, 39, 1, '2023-05-18 00:15:35', 268435474, 'submission.event.publicationFormatCreated', 0),
(1339, 515, 164, 1, '2023-05-18 00:15:42', 1342177281, 'submission.event.fileUploaded', 0),
(1340, 1048585, 39, 1, '2023-05-18 00:15:42', 1342177288, 'submission.event.fileRevised', 0),
(1341, 1048585, 39, 1, '2023-05-18 00:15:47', 268435464, 'submission.event.publicationFormatPublished', 0),
(1342, 1048585, 39, 1, '2023-05-18 00:15:52', 268435476, 'submission.event.publicationFormatMadeAvailable', 0),
(1343, 515, 164, 1, '2023-05-18 00:15:54', 1342177296, 'submission.event.fileEdited', 0),
(1344, 1048585, 39, 1, '2023-05-18 00:15:54', 1342177296, 'submission.event.fileEdited', 0),
(1345, 515, 164, 1, '2023-05-18 00:15:54', 1342177287, 'submission.event.signoffSignoff', 0),
(1346, 1048585, 39, 1, '2023-05-18 00:16:43', 268435458, 'submission.event.general.metadataUpdated', 0),
(1347, 1048585, 39, 1, '2023-05-18 00:16:46', 268435462, 'publication.event.published', 0),
(1348, 1048585, 40, 1, '2023-05-18 00:17:45', 268435458, 'submission.event.general.metadataUpdated', 0),
(1349, 1048585, 40, 1, '2023-05-18 00:17:45', 268435458, 'submission.event.general.metadataUpdated', 0),
(1350, 515, 165, 1, '2023-05-18 00:18:16', 1342177281, 'submission.event.fileUploaded', 0),
(1351, 1048585, 40, 1, '2023-05-18 00:18:16', 1342177288, 'submission.event.fileRevised', 0),
(1352, 515, 165, 1, '2023-05-18 00:18:19', 1342177296, 'submission.event.fileEdited', 0),
(1353, 1048585, 40, 1, '2023-05-18 00:18:19', 1342177296, 'submission.event.fileEdited', 0),
(1354, 1048585, 40, 1, '2023-05-18 00:19:09', 268435458, 'submission.event.general.metadataUpdated', 0),
(1355, 1048585, 40, 1, '2023-05-18 00:19:12', 268435457, 'submission.event.submissionSubmitted', 0),
(1356, 1048585, 40, 1, '2023-05-18 00:20:31', 268435459, 'submission.event.participantAdded', 0),
(1357, 1048585, 40, 1, '2023-05-18 00:20:41', 805306371, 'log.editor.decision', 0),
(1358, 515, 166, 1, '2023-05-18 00:20:41', 1342177281, 'submission.event.fileUploaded', 0),
(1359, 1048585, 40, 1, '2023-05-18 00:20:41', 1342177288, 'submission.event.fileRevised', 0),
(1360, 1048585, 40, 1, '2023-05-18 00:20:57', 805306371, 'log.editor.decision', 0),
(1361, 515, 167, 1, '2023-05-18 00:20:57', 1342177281, 'submission.event.fileUploaded', 0),
(1362, 1048585, 40, 1, '2023-05-18 00:20:57', 1342177288, 'submission.event.fileRevised', 0),
(1363, 1048585, 40, 1, '2023-05-18 00:21:14', 268435474, 'submission.event.publicationFormatCreated', 0),
(1364, 515, 168, 1, '2023-05-18 00:21:21', 1342177281, 'submission.event.fileUploaded', 0),
(1365, 1048585, 40, 1, '2023-05-18 00:21:21', 1342177288, 'submission.event.fileRevised', 0),
(1366, 1048585, 40, 1, '2023-05-18 00:21:26', 268435464, 'submission.event.publicationFormatPublished', 0),
(1367, 1048585, 40, 1, '2023-05-18 00:21:29', 268435476, 'submission.event.publicationFormatMadeAvailable', 0),
(1368, 515, 168, 1, '2023-05-18 00:21:32', 1342177296, 'submission.event.fileEdited', 0),
(1369, 1048585, 40, 1, '2023-05-18 00:21:32', 1342177296, 'submission.event.fileEdited', 0),
(1370, 515, 168, 1, '2023-05-18 00:21:32', 1342177287, 'submission.event.signoffSignoff', 0),
(1371, 1048585, 40, 1, '2023-05-18 00:22:16', 268435458, 'submission.event.general.metadataUpdated', 0),
(1372, 1048585, 40, 1, '2023-05-18 00:22:22', 268435462, 'publication.event.published', 0),
(1373, 1048585, 41, 1, '2023-05-18 00:23:20', 268435458, 'submission.event.general.metadataUpdated', 0),
(1374, 1048585, 41, 1, '2023-05-18 00:23:20', 268435458, 'submission.event.general.metadataUpdated', 0),
(1375, 515, 169, 1, '2023-05-18 00:24:21', 1342177281, 'submission.event.fileUploaded', 0),
(1376, 1048585, 41, 1, '2023-05-18 00:24:21', 1342177288, 'submission.event.fileRevised', 0),
(1377, 515, 169, 1, '2023-05-18 00:25:07', 1342177296, 'submission.event.fileEdited', 0),
(1378, 1048585, 41, 1, '2023-05-18 00:25:07', 1342177296, 'submission.event.fileEdited', 0),
(1379, 1048585, 41, 1, '2023-05-18 00:26:17', 268435458, 'submission.event.general.metadataUpdated', 0),
(1380, 1048585, 41, 1, '2023-05-18 00:26:22', 268435457, 'submission.event.submissionSubmitted', 0),
(1381, 1048585, 41, 1, '2023-05-18 00:26:55', 268435459, 'submission.event.participantAdded', 0),
(1382, 1048585, 41, 1, '2023-05-18 00:27:01', 805306371, 'log.editor.decision', 0),
(1383, 515, 170, 1, '2023-05-18 00:27:02', 1342177281, 'submission.event.fileUploaded', 0),
(1384, 1048585, 41, 1, '2023-05-18 00:27:02', 1342177288, 'submission.event.fileRevised', 0),
(1385, 1048585, 41, 1, '2023-05-18 00:27:18', 805306371, 'log.editor.decision', 0),
(1386, 1048585, 41, 1, '2023-05-18 00:27:35', 268435474, 'submission.event.publicationFormatCreated', 0),
(1387, 515, 171, 1, '2023-05-18 00:30:37', 1342177281, 'submission.event.fileUploaded', 0),
(1388, 1048585, 41, 1, '2023-05-18 00:30:37', 1342177288, 'submission.event.fileRevised', 0),
(1389, 1048585, 41, 1, '2023-05-18 00:30:43', 268435464, 'submission.event.publicationFormatPublished', 0),
(1390, 1048585, 41, 1, '2023-05-18 00:30:46', 268435476, 'submission.event.publicationFormatMadeAvailable', 0),
(1391, 515, 171, 1, '2023-05-18 00:30:48', 1342177296, 'submission.event.fileEdited', 0),
(1392, 1048585, 41, 1, '2023-05-18 00:30:48', 1342177296, 'submission.event.fileEdited', 0),
(1393, 515, 171, 1, '2023-05-18 00:30:48', 1342177287, 'submission.event.signoffSignoff', 0),
(1394, 1048585, 41, 1, '2023-05-18 00:31:31', 268435458, 'submission.event.general.metadataUpdated', 0),
(1395, 1048585, 41, 1, '2023-05-18 00:32:11', 268435462, 'publication.event.published', 0),
(1396, 1048585, 42, 1, '2023-05-18 00:32:54', 268435458, 'submission.event.general.metadataUpdated', 0),
(1397, 1048585, 42, 1, '2023-05-18 00:32:54', 268435458, 'submission.event.general.metadataUpdated', 0),
(1398, 515, 172, 1, '2023-05-18 00:33:36', 1342177281, 'submission.event.fileUploaded', 0),
(1399, 1048585, 42, 1, '2023-05-18 00:33:36', 1342177288, 'submission.event.fileRevised', 0),
(1400, 1048585, 42, 1, '2023-05-18 00:36:30', 268435458, 'submission.event.general.metadataUpdated', 0),
(1401, 1048585, 42, 1, '2023-05-18 00:36:34', 268435457, 'submission.event.submissionSubmitted', 0),
(1402, 1048585, 42, 1, '2023-05-18 00:36:58', 268435459, 'submission.event.participantAdded', 0),
(1403, 1048585, 42, 1, '2023-05-18 00:37:06', 805306371, 'log.editor.decision', 0),
(1404, 515, 173, 1, '2023-05-18 00:37:06', 1342177281, 'submission.event.fileUploaded', 0),
(1405, 1048585, 42, 1, '2023-05-18 00:37:06', 1342177288, 'submission.event.fileRevised', 0),
(1406, 1048585, 42, 1, '2023-05-18 00:37:24', 805306371, 'log.editor.decision', 0),
(1407, 515, 174, 1, '2023-05-18 00:37:24', 1342177281, 'submission.event.fileUploaded', 0),
(1408, 1048585, 42, 1, '2023-05-18 00:37:24', 1342177288, 'submission.event.fileRevised', 0),
(1409, 1048585, 42, 1, '2023-05-18 00:37:39', 268435474, 'submission.event.publicationFormatCreated', 0),
(1410, 515, 175, 1, '2023-05-18 00:37:46', 1342177281, 'submission.event.fileUploaded', 0),
(1411, 1048585, 42, 1, '2023-05-18 00:37:46', 1342177288, 'submission.event.fileRevised', 0),
(1412, 1048585, 42, 1, '2023-05-18 00:37:49', 268435464, 'submission.event.publicationFormatPublished', 0),
(1413, 1048585, 42, 1, '2023-05-18 00:37:52', 268435476, 'submission.event.publicationFormatMadeAvailable', 0),
(1414, 515, 175, 1, '2023-05-18 00:37:54', 1342177296, 'submission.event.fileEdited', 0),
(1415, 1048585, 42, 1, '2023-05-18 00:37:54', 1342177296, 'submission.event.fileEdited', 0),
(1416, 515, 175, 1, '2023-05-18 00:37:54', 1342177287, 'submission.event.signoffSignoff', 0),
(1417, 1048585, 42, 1, '2023-05-18 00:38:36', 268435458, 'submission.event.general.metadataUpdated', 0),
(1418, 1048585, 42, 1, '2023-05-18 00:38:41', 268435462, 'publication.event.published', 0),
(1419, 1048585, 43, 1, '2023-05-18 00:39:29', 268435458, 'submission.event.general.metadataUpdated', 0),
(1420, 1048585, 43, 1, '2023-05-18 00:39:29', 268435458, 'submission.event.general.metadataUpdated', 0),
(1421, 515, 176, 1, '2023-05-18 00:40:08', 1342177281, 'submission.event.fileUploaded', 0),
(1422, 1048585, 43, 1, '2023-05-18 00:40:08', 1342177288, 'submission.event.fileRevised', 0),
(1423, 515, 176, 1, '2023-05-18 00:40:13', 1342177296, 'submission.event.fileEdited', 0),
(1424, 1048585, 43, 1, '2023-05-18 00:40:13', 1342177296, 'submission.event.fileEdited', 0),
(1425, 1048585, 43, 1, '2023-05-18 00:41:43', 268435458, 'submission.event.general.metadataUpdated', 0),
(1426, 1048585, 43, 1, '2023-05-18 00:41:46', 268435457, 'submission.event.submissionSubmitted', 0),
(1427, 1048585, 43, 1, '2023-05-18 00:42:03', 268435459, 'submission.event.participantAdded', 0),
(1428, 1048585, 43, 1, '2023-05-18 00:42:10', 805306371, 'log.editor.decision', 0),
(1429, 515, 177, 1, '2023-05-18 00:42:10', 1342177281, 'submission.event.fileUploaded', 0),
(1430, 1048585, 43, 1, '2023-05-18 00:42:10', 1342177288, 'submission.event.fileRevised', 0),
(1431, 1048585, 43, 1, '2023-05-18 00:42:25', 805306371, 'log.editor.decision', 0),
(1432, 515, 178, 1, '2023-05-18 00:42:25', 1342177281, 'submission.event.fileUploaded', 0),
(1433, 1048585, 43, 1, '2023-05-18 00:42:25', 1342177288, 'submission.event.fileRevised', 0),
(1434, 1048585, 43, 1, '2023-05-18 00:42:46', 268435474, 'submission.event.publicationFormatCreated', 0),
(1435, 515, 179, 1, '2023-05-18 00:42:54', 1342177281, 'submission.event.fileUploaded', 0),
(1436, 1048585, 43, 1, '2023-05-18 00:42:54', 1342177288, 'submission.event.fileRevised', 0),
(1437, 1048585, 43, 1, '2023-05-18 00:42:58', 268435464, 'submission.event.publicationFormatPublished', 0),
(1438, 1048585, 43, 1, '2023-05-18 00:43:02', 268435476, 'submission.event.publicationFormatMadeAvailable', 0),
(1439, 515, 179, 1, '2023-05-18 00:43:07', 1342177296, 'submission.event.fileEdited', 0),
(1440, 1048585, 43, 1, '2023-05-18 00:43:07', 1342177296, 'submission.event.fileEdited', 0),
(1441, 515, 179, 1, '2023-05-18 00:43:07', 1342177287, 'submission.event.signoffSignoff', 0),
(1442, 1048585, 43, 1, '2023-05-18 00:43:41', 268435458, 'submission.event.general.metadataUpdated', 0),
(1443, 1048585, 43, 1, '2023-05-18 00:43:46', 268435462, 'publication.event.published', 0),
(1444, 1048585, 44, 1, '2023-05-18 00:44:38', 268435458, 'submission.event.general.metadataUpdated', 0),
(1445, 1048585, 44, 1, '2023-05-18 00:44:38', 268435458, 'submission.event.general.metadataUpdated', 0),
(1446, 515, 180, 1, '2023-05-18 00:45:05', 1342177281, 'submission.event.fileUploaded', 0),
(1447, 1048585, 44, 1, '2023-05-18 00:45:05', 1342177288, 'submission.event.fileRevised', 0),
(1448, 515, 180, 1, '2023-05-18 00:45:07', 1342177296, 'submission.event.fileEdited', 0),
(1449, 1048585, 44, 1, '2023-05-18 00:45:07', 1342177296, 'submission.event.fileEdited', 0),
(1450, 1048585, 44, 1, '2023-05-18 00:55:07', 268435458, 'submission.event.general.metadataUpdated', 0),
(1451, 1048585, 44, 1, '2023-05-18 00:55:11', 268435457, 'submission.event.submissionSubmitted', 0),
(1452, 1048585, 44, 1, '2023-05-18 00:55:37', 268435459, 'submission.event.participantAdded', 0),
(1453, 1048585, 44, 1, '2023-05-18 00:55:46', 805306371, 'log.editor.decision', 0),
(1454, 515, 181, 1, '2023-05-18 00:55:46', 1342177281, 'submission.event.fileUploaded', 0),
(1455, 1048585, 44, 1, '2023-05-18 00:55:46', 1342177288, 'submission.event.fileRevised', 0),
(1456, 1048585, 44, 1, '2023-05-18 00:56:06', 805306371, 'log.editor.decision', 0),
(1457, 515, 182, 1, '2023-05-18 00:56:06', 1342177281, 'submission.event.fileUploaded', 0),
(1458, 1048585, 44, 1, '2023-05-18 00:56:06', 1342177288, 'submission.event.fileRevised', 0),
(1459, 1048585, 44, 1, '2023-05-18 00:56:26', 268435474, 'submission.event.publicationFormatCreated', 0),
(1460, 515, 183, 1, '2023-05-18 00:56:31', 1342177281, 'submission.event.fileUploaded', 0),
(1461, 1048585, 44, 1, '2023-05-18 00:56:31', 1342177288, 'submission.event.fileRevised', 0),
(1462, 1048585, 44, 1, '2023-05-18 00:56:36', 268435464, 'submission.event.publicationFormatPublished', 0),
(1463, 515, 183, 1, '2023-05-18 00:56:39', 1342177296, 'submission.event.fileEdited', 0),
(1464, 1048585, 44, 1, '2023-05-18 00:56:39', 1342177296, 'submission.event.fileEdited', 0),
(1465, 515, 183, 1, '2023-05-18 00:56:39', 1342177287, 'submission.event.signoffSignoff', 0),
(1466, 1048585, 44, 1, '2023-05-18 00:56:42', 268435476, 'submission.event.publicationFormatMadeAvailable', 0),
(1467, 1048585, 44, 1, '2023-05-18 00:57:25', 268435458, 'submission.event.general.metadataUpdated', 0),
(1468, 1048585, 44, 1, '2023-05-18 00:57:33', 268435462, 'publication.event.published', 0),
(1469, 1048585, 45, 1, '2023-05-18 00:58:27', 268435458, 'submission.event.general.metadataUpdated', 0),
(1470, 1048585, 45, 1, '2023-05-18 00:58:27', 268435458, 'submission.event.general.metadataUpdated', 0),
(1471, 515, 184, 1, '2023-05-18 01:00:02', 1342177281, 'submission.event.fileUploaded', 0),
(1472, 1048585, 45, 1, '2023-05-18 01:00:02', 1342177288, 'submission.event.fileRevised', 0),
(1473, 515, 184, 1, '2023-05-18 01:00:05', 1342177296, 'submission.event.fileEdited', 0),
(1474, 1048585, 45, 1, '2023-05-18 01:00:05', 1342177296, 'submission.event.fileEdited', 0),
(1475, 1048585, 45, 1, '2023-05-18 01:00:55', 268435458, 'submission.event.general.metadataUpdated', 0),
(1476, 1048585, 45, 1, '2023-05-18 01:01:00', 268435457, 'submission.event.submissionSubmitted', 0),
(1477, 1048585, 45, 1, '2023-05-18 01:01:16', 268435459, 'submission.event.participantAdded', 0),
(1478, 1048585, 45, 1, '2023-05-18 01:01:23', 805306371, 'log.editor.decision', 0),
(1479, 515, 185, 1, '2023-05-18 01:01:24', 1342177281, 'submission.event.fileUploaded', 0),
(1480, 1048585, 45, 1, '2023-05-18 01:01:24', 1342177288, 'submission.event.fileRevised', 0),
(1481, 1048585, 45, 1, '2023-05-18 01:01:43', 805306371, 'log.editor.decision', 0),
(1482, 515, 186, 1, '2023-05-18 01:01:43', 1342177281, 'submission.event.fileUploaded', 0),
(1483, 1048585, 45, 1, '2023-05-18 01:01:43', 1342177288, 'submission.event.fileRevised', 0),
(1484, 1048585, 45, 1, '2023-05-18 01:02:01', 268435474, 'submission.event.publicationFormatCreated', 0),
(1485, 515, 187, 1, '2023-05-18 01:02:07', 1342177281, 'submission.event.fileUploaded', 0),
(1486, 1048585, 45, 1, '2023-05-18 01:02:07', 1342177288, 'submission.event.fileRevised', 0),
(1487, 1048585, 45, 1, '2023-05-18 01:02:11', 268435464, 'submission.event.publicationFormatPublished', 0),
(1488, 1048585, 45, 1, '2023-05-18 01:02:15', 268435476, 'submission.event.publicationFormatMadeAvailable', 0),
(1489, 515, 187, 1, '2023-05-18 01:02:18', 1342177296, 'submission.event.fileEdited', 0),
(1490, 1048585, 45, 1, '2023-05-18 01:02:18', 1342177296, 'submission.event.fileEdited', 0),
(1491, 515, 187, 1, '2023-05-18 01:02:18', 1342177287, 'submission.event.signoffSignoff', 0),
(1492, 1048585, 45, 1, '2023-05-18 01:03:05', 268435458, 'submission.event.general.metadataUpdated', 0),
(1493, 1048585, 45, 1, '2023-05-18 01:03:13', 268435462, 'publication.event.published', 0),
(1494, 1048585, 46, 1, '2023-05-18 01:04:14', 268435458, 'submission.event.general.metadataUpdated', 0),
(1495, 1048585, 46, 1, '2023-05-18 01:04:14', 268435458, 'submission.event.general.metadataUpdated', 0),
(1496, 515, 188, 1, '2023-05-18 01:05:10', 1342177281, 'submission.event.fileUploaded', 0),
(1497, 1048585, 46, 1, '2023-05-18 01:05:10', 1342177288, 'submission.event.fileRevised', 0),
(1498, 515, 188, 1, '2023-05-18 01:05:14', 1342177296, 'submission.event.fileEdited', 0),
(1499, 1048585, 46, 1, '2023-05-18 01:05:14', 1342177296, 'submission.event.fileEdited', 0),
(1500, 1048585, 46, 1, '2023-05-18 01:06:04', 268435458, 'submission.event.general.metadataUpdated', 0),
(1501, 1048585, 46, 1, '2023-05-18 01:06:07', 268435457, 'submission.event.submissionSubmitted', 0),
(1502, 1048585, 46, 1, '2023-05-18 01:09:21', 268435474, 'submission.event.publicationFormatCreated', 0),
(1503, 1048585, 47, 1, '2023-05-18 01:10:21', 268435458, 'submission.event.general.metadataUpdated', 0),
(1504, 1048585, 47, 1, '2023-05-18 01:10:21', 268435458, 'submission.event.general.metadataUpdated', 0),
(1505, 515, 189, 1, '2023-05-18 01:10:41', 1342177281, 'submission.event.fileUploaded', 0),
(1506, 1048585, 47, 1, '2023-05-18 01:10:41', 1342177288, 'submission.event.fileRevised', 0),
(1507, 515, 189, 1, '2023-05-18 01:10:44', 1342177296, 'submission.event.fileEdited', 0),
(1508, 1048585, 47, 1, '2023-05-18 01:10:44', 1342177296, 'submission.event.fileEdited', 0),
(1509, 1048585, 47, 1, '2023-05-18 01:14:54', 268435458, 'submission.event.general.metadataUpdated', 0),
(1510, 1048585, 47, 1, '2023-05-18 01:14:58', 268435457, 'submission.event.submissionSubmitted', 0),
(1511, 1048585, 47, 1, '2023-05-18 01:15:15', 268435459, 'submission.event.participantAdded', 0),
(1512, 1048585, 47, 1, '2023-05-18 01:15:24', 805306371, 'log.editor.decision', 0),
(1513, 515, 190, 1, '2023-05-18 01:15:24', 1342177281, 'submission.event.fileUploaded', 0),
(1514, 1048585, 47, 1, '2023-05-18 01:15:24', 1342177288, 'submission.event.fileRevised', 0),
(1515, 1048585, 47, 1, '2023-05-18 01:15:39', 805306371, 'log.editor.decision', 0),
(1516, 515, 191, 1, '2023-05-18 01:15:39', 1342177281, 'submission.event.fileUploaded', 0),
(1517, 1048585, 47, 1, '2023-05-18 01:15:39', 1342177288, 'submission.event.fileRevised', 0),
(1518, 1048585, 47, 1, '2023-05-18 01:15:55', 268435474, 'submission.event.publicationFormatCreated', 0),
(1519, 515, 192, 1, '2023-05-18 01:16:02', 1342177281, 'submission.event.fileUploaded', 0),
(1520, 1048585, 47, 1, '2023-05-18 01:16:02', 1342177288, 'submission.event.fileRevised', 0),
(1521, 1048585, 47, 1, '2023-05-18 01:16:07', 268435464, 'submission.event.publicationFormatPublished', 0),
(1522, 1048585, 47, 1, '2023-05-18 01:16:14', 268435476, 'submission.event.publicationFormatMadeAvailable', 0),
(1523, 515, 192, 1, '2023-05-18 01:16:18', 1342177296, 'submission.event.fileEdited', 0),
(1524, 1048585, 47, 1, '2023-05-18 01:16:18', 1342177296, 'submission.event.fileEdited', 0),
(1525, 515, 192, 1, '2023-05-18 01:16:18', 1342177287, 'submission.event.signoffSignoff', 0),
(1526, 1048585, 47, 1, '2023-05-18 01:17:02', 268435458, 'submission.event.general.metadataUpdated', 0),
(1527, 1048585, 47, 1, '2023-05-18 01:17:20', 268435458, 'submission.event.general.metadataUpdated', 0),
(1528, 1048585, 47, 1, '2023-05-18 01:17:27', 268435458, 'submission.event.general.metadataUpdated', 0),
(1529, 1048585, 47, 1, '2023-05-18 01:17:31', 268435462, 'publication.event.published', 0),
(1530, 1048585, 48, 1, '2023-05-18 01:20:44', 268435458, 'submission.event.general.metadataUpdated', 0),
(1531, 1048585, 48, 1, '2023-05-18 01:20:44', 268435458, 'submission.event.general.metadataUpdated', 0),
(1532, 515, 193, 1, '2023-05-18 01:21:25', 1342177281, 'submission.event.fileUploaded', 0),
(1533, 1048585, 48, 1, '2023-05-18 01:21:25', 1342177288, 'submission.event.fileRevised', 0),
(1534, 515, 193, 1, '2023-05-18 01:21:29', 1342177296, 'submission.event.fileEdited', 0),
(1535, 1048585, 48, 1, '2023-05-18 01:21:29', 1342177296, 'submission.event.fileEdited', 0),
(1536, 1048585, 48, 1, '2023-05-18 01:22:26', 268435458, 'submission.event.general.metadataUpdated', 0),
(1537, 1048585, 48, 1, '2023-05-18 01:22:30', 268435457, 'submission.event.submissionSubmitted', 0),
(1538, 1048585, 48, 1, '2023-05-18 01:22:54', 268435459, 'submission.event.participantAdded', 0),
(1539, 1048585, 48, 1, '2023-05-18 01:23:05', 805306371, 'log.editor.decision', 0),
(1540, 515, 194, 1, '2023-05-18 01:23:05', 1342177281, 'submission.event.fileUploaded', 0),
(1541, 1048585, 48, 1, '2023-05-18 01:23:05', 1342177288, 'submission.event.fileRevised', 0),
(1542, 1048585, 48, 1, '2023-05-18 01:23:21', 805306371, 'log.editor.decision', 0),
(1543, 515, 195, 1, '2023-05-18 01:23:21', 1342177281, 'submission.event.fileUploaded', 0),
(1544, 1048585, 48, 1, '2023-05-18 01:23:21', 1342177288, 'submission.event.fileRevised', 0),
(1545, 1048585, 48, 1, '2023-05-18 01:23:41', 268435474, 'submission.event.publicationFormatCreated', 0),
(1546, 515, 196, 1, '2023-05-18 01:23:50', 1342177281, 'submission.event.fileUploaded', 0),
(1547, 1048585, 48, 1, '2023-05-18 01:23:50', 1342177288, 'submission.event.fileRevised', 0),
(1548, 1048585, 48, 1, '2023-05-18 01:23:53', 268435464, 'submission.event.publicationFormatPublished', 0),
(1549, 1048585, 48, 1, '2023-05-18 01:23:56', 268435476, 'submission.event.publicationFormatMadeAvailable', 0),
(1550, 515, 196, 1, '2023-05-18 01:23:59', 1342177296, 'submission.event.fileEdited', 0),
(1551, 1048585, 48, 1, '2023-05-18 01:23:59', 1342177296, 'submission.event.fileEdited', 0),
(1552, 515, 196, 1, '2023-05-18 01:23:59', 1342177287, 'submission.event.signoffSignoff', 0),
(1553, 1048585, 48, 1, '2023-05-18 01:24:45', 268435458, 'submission.event.general.metadataUpdated', 0),
(1554, 1048585, 48, 1, '2023-05-18 01:24:48', 268435462, 'publication.event.published', 0),
(1555, 1048585, 49, 1, '2023-05-18 01:25:50', 268435458, 'submission.event.general.metadataUpdated', 0),
(1556, 1048585, 49, 1, '2023-05-18 01:25:50', 268435458, 'submission.event.general.metadataUpdated', 0),
(1557, 515, 197, 1, '2023-05-18 01:26:44', 1342177281, 'submission.event.fileUploaded', 0),
(1558, 1048585, 49, 1, '2023-05-18 01:26:44', 1342177288, 'submission.event.fileRevised', 0),
(1559, 515, 197, 1, '2023-05-18 01:26:47', 1342177296, 'submission.event.fileEdited', 0),
(1560, 1048585, 49, 1, '2023-05-18 01:26:47', 1342177296, 'submission.event.fileEdited', 0),
(1561, 1048585, 49, 1, '2023-05-18 01:28:13', 268435458, 'submission.event.general.metadataUpdated', 0),
(1562, 1048585, 49, 1, '2023-05-18 01:28:17', 268435457, 'submission.event.submissionSubmitted', 0),
(1563, 1048585, 49, 1, '2023-05-18 01:28:33', 268435459, 'submission.event.participantAdded', 0),
(1564, 1048585, 49, 1, '2023-05-18 01:28:42', 805306371, 'log.editor.decision', 0),
(1565, 515, 198, 1, '2023-05-18 01:28:42', 1342177281, 'submission.event.fileUploaded', 0),
(1566, 1048585, 49, 1, '2023-05-18 01:28:42', 1342177288, 'submission.event.fileRevised', 0),
(1567, 1048585, 49, 1, '2023-05-18 01:29:01', 805306371, 'log.editor.decision', 0),
(1568, 515, 199, 1, '2023-05-18 01:29:01', 1342177281, 'submission.event.fileUploaded', 0),
(1569, 1048585, 49, 1, '2023-05-18 01:29:01', 1342177288, 'submission.event.fileRevised', 0),
(1570, 1048585, 49, 1, '2023-05-18 01:29:20', 268435474, 'submission.event.publicationFormatCreated', 0),
(1571, 515, 200, 1, '2023-05-18 01:29:28', 1342177281, 'submission.event.fileUploaded', 0),
(1572, 1048585, 49, 1, '2023-05-18 01:29:28', 1342177288, 'submission.event.fileRevised', 0),
(1573, 1048585, 49, 1, '2023-05-18 01:30:08', 268435458, 'submission.event.general.metadataUpdated', 0),
(1574, 1048585, 49, 1, '2023-05-18 01:30:15', 268435462, 'publication.event.published', 0),
(1575, 1048585, 50, 1, '2023-05-18 01:31:10', 268435458, 'submission.event.general.metadataUpdated', 0),
(1576, 1048585, 50, 1, '2023-05-18 01:31:10', 268435458, 'submission.event.general.metadataUpdated', 0),
(1577, 515, 201, 1, '2023-05-18 01:31:52', 1342177281, 'submission.event.fileUploaded', 0),
(1578, 1048585, 50, 1, '2023-05-18 01:31:52', 1342177288, 'submission.event.fileRevised', 0),
(1579, 515, 201, 1, '2023-05-18 01:31:56', 1342177296, 'submission.event.fileEdited', 0),
(1580, 1048585, 50, 1, '2023-05-18 01:31:56', 1342177296, 'submission.event.fileEdited', 0),
(1581, 1048585, 50, 1, '2023-05-18 01:33:12', 268435458, 'submission.event.general.metadataUpdated', 0),
(1582, 1048585, 50, 1, '2023-05-18 01:33:16', 268435457, 'submission.event.submissionSubmitted', 0),
(1583, 1048585, 50, 1, '2023-05-18 01:33:34', 268435459, 'submission.event.participantAdded', 0),
(1584, 1048585, 50, 1, '2023-05-18 01:33:42', 805306371, 'log.editor.decision', 0),
(1585, 515, 202, 1, '2023-05-18 01:33:42', 1342177281, 'submission.event.fileUploaded', 0),
(1586, 1048585, 50, 1, '2023-05-18 01:33:42', 1342177288, 'submission.event.fileRevised', 0),
(1587, 1048585, 50, 1, '2023-05-18 01:33:57', 805306371, 'log.editor.decision', 0),
(1588, 515, 203, 1, '2023-05-18 01:33:57', 1342177281, 'submission.event.fileUploaded', 0),
(1589, 1048585, 50, 1, '2023-05-18 01:33:57', 1342177288, 'submission.event.fileRevised', 0),
(1590, 1048585, 50, 1, '2023-05-18 01:34:23', 268435474, 'submission.event.publicationFormatCreated', 0),
(1591, 515, 204, 1, '2023-05-18 01:34:29', 1342177281, 'submission.event.fileUploaded', 0),
(1592, 1048585, 50, 1, '2023-05-18 01:34:29', 1342177288, 'submission.event.fileRevised', 0),
(1593, 1048585, 50, 1, '2023-05-18 01:34:33', 268435464, 'submission.event.publicationFormatPublished', 0),
(1594, 1048585, 50, 1, '2023-05-18 01:34:35', 268435476, 'submission.event.publicationFormatMadeAvailable', 0),
(1595, 515, 204, 1, '2023-05-18 01:34:37', 1342177296, 'submission.event.fileEdited', 0),
(1596, 1048585, 50, 1, '2023-05-18 01:34:37', 1342177296, 'submission.event.fileEdited', 0),
(1597, 515, 204, 1, '2023-05-18 01:34:37', 1342177287, 'submission.event.signoffSignoff', 0),
(1598, 1048585, 50, 1, '2023-05-18 01:35:16', 268435458, 'submission.event.general.metadataUpdated', 0);
INSERT INTO `event_log` (`log_id`, `assoc_type`, `assoc_id`, `user_id`, `date_logged`, `event_type`, `message`, `is_translated`) VALUES
(1599, 1048585, 50, 1, '2023-05-18 01:35:22', 268435462, 'publication.event.published', 0),
(1600, 1048585, 51, 1, '2023-05-18 01:36:10', 268435458, 'submission.event.general.metadataUpdated', 0),
(1601, 1048585, 51, 1, '2023-05-18 01:36:11', 268435458, 'submission.event.general.metadataUpdated', 0),
(1602, 515, 205, 1, '2023-05-18 01:36:47', 1342177281, 'submission.event.fileUploaded', 0),
(1603, 1048585, 51, 1, '2023-05-18 01:36:47', 1342177288, 'submission.event.fileRevised', 0),
(1604, 515, 205, 1, '2023-05-18 01:36:51', 1342177296, 'submission.event.fileEdited', 0),
(1605, 1048585, 51, 1, '2023-05-18 01:36:51', 1342177296, 'submission.event.fileEdited', 0),
(1606, 1048585, 51, 1, '2023-05-18 01:43:32', 268435458, 'submission.event.general.metadataUpdated', 0),
(1607, 1048585, 51, 1, '2023-05-18 01:43:37', 268435457, 'submission.event.submissionSubmitted', 0),
(1608, 1048585, 51, 1, '2023-05-18 01:43:53', 268435459, 'submission.event.participantAdded', 0),
(1609, 1048585, 51, 1, '2023-05-18 01:44:02', 805306371, 'log.editor.decision', 0),
(1610, 515, 206, 1, '2023-05-18 01:44:02', 1342177281, 'submission.event.fileUploaded', 0),
(1611, 1048585, 51, 1, '2023-05-18 01:44:02', 1342177288, 'submission.event.fileRevised', 0),
(1612, 1048585, 51, 1, '2023-05-18 01:44:24', 805306371, 'log.editor.decision', 0),
(1613, 515, 207, 1, '2023-05-18 01:44:24', 1342177281, 'submission.event.fileUploaded', 0),
(1614, 1048585, 51, 1, '2023-05-18 01:44:24', 1342177288, 'submission.event.fileRevised', 0),
(1615, 1048585, 51, 1, '2023-05-18 01:44:41', 268435474, 'submission.event.publicationFormatCreated', 0),
(1616, 515, 208, 1, '2023-05-18 01:44:47', 1342177281, 'submission.event.fileUploaded', 0),
(1617, 1048585, 51, 1, '2023-05-18 01:44:47', 1342177288, 'submission.event.fileRevised', 0),
(1618, 1048585, 51, 1, '2023-05-18 01:44:52', 268435464, 'submission.event.publicationFormatPublished', 0),
(1619, 515, 208, 1, '2023-05-18 01:44:56', 1342177296, 'submission.event.fileEdited', 0),
(1620, 1048585, 51, 1, '2023-05-18 01:44:56', 1342177296, 'submission.event.fileEdited', 0),
(1621, 515, 208, 1, '2023-05-18 01:44:56', 1342177287, 'submission.event.signoffSignoff', 0),
(1622, 1048585, 51, 1, '2023-05-18 01:45:00', 268435476, 'submission.event.publicationFormatMadeAvailable', 0),
(1623, 1048585, 51, 1, '2023-05-18 01:45:48', 268435458, 'submission.event.general.metadataUpdated', 0),
(1624, 1048585, 51, 1, '2023-05-18 01:45:51', 268435462, 'publication.event.published', 0),
(1625, 1048585, 52, 1, '2023-05-18 01:46:41', 268435458, 'submission.event.general.metadataUpdated', 0),
(1626, 1048585, 52, 1, '2023-05-18 01:46:41', 268435458, 'submission.event.general.metadataUpdated', 0),
(1627, 515, 209, 1, '2023-05-18 01:47:21', 1342177281, 'submission.event.fileUploaded', 0),
(1628, 1048585, 52, 1, '2023-05-18 01:47:21', 1342177288, 'submission.event.fileRevised', 0),
(1629, 515, 209, 1, '2023-05-18 01:47:24', 1342177296, 'submission.event.fileEdited', 0),
(1630, 1048585, 52, 1, '2023-05-18 01:47:24', 1342177296, 'submission.event.fileEdited', 0),
(1631, 1048585, 52, 1, '2023-05-18 01:50:35', 268435458, 'submission.event.general.metadataUpdated', 0),
(1632, 1048585, 52, 1, '2023-05-18 01:50:39', 268435457, 'submission.event.submissionSubmitted', 0),
(1633, 1048585, 52, 1, '2023-05-18 01:50:59', 268435459, 'submission.event.participantAdded', 0),
(1634, 1048585, 52, 1, '2023-05-18 01:51:07', 805306371, 'log.editor.decision', 0),
(1635, 515, 210, 1, '2023-05-18 01:51:07', 1342177281, 'submission.event.fileUploaded', 0),
(1636, 1048585, 52, 1, '2023-05-18 01:51:07', 1342177288, 'submission.event.fileRevised', 0),
(1637, 1048585, 52, 1, '2023-05-18 01:51:21', 805306371, 'log.editor.decision', 0),
(1638, 515, 211, 1, '2023-05-18 01:51:21', 1342177281, 'submission.event.fileUploaded', 0),
(1639, 1048585, 52, 1, '2023-05-18 01:51:21', 1342177288, 'submission.event.fileRevised', 0),
(1640, 1048585, 52, 1, '2023-05-18 01:51:41', 268435474, 'submission.event.publicationFormatCreated', 0),
(1641, 515, 212, 1, '2023-05-18 01:51:50', 1342177281, 'submission.event.fileUploaded', 0),
(1642, 1048585, 52, 1, '2023-05-18 01:51:50', 1342177288, 'submission.event.fileRevised', 0),
(1643, 1048585, 52, 1, '2023-05-18 01:51:54', 268435464, 'submission.event.publicationFormatPublished', 0),
(1644, 1048585, 52, 1, '2023-05-18 01:51:58', 268435476, 'submission.event.publicationFormatMadeAvailable', 0),
(1645, 1048585, 52, 1, '2023-05-18 01:51:58', 268435476, 'submission.event.publicationFormatMadeAvailable', 0),
(1646, 515, 212, 1, '2023-05-18 01:52:01', 1342177296, 'submission.event.fileEdited', 0),
(1647, 1048585, 52, 1, '2023-05-18 01:52:01', 1342177296, 'submission.event.fileEdited', 0),
(1648, 515, 212, 1, '2023-05-18 01:52:01', 1342177287, 'submission.event.signoffSignoff', 0),
(1649, 1048585, 52, 1, '2023-05-18 01:52:45', 268435458, 'submission.event.general.metadataUpdated', 0),
(1650, 1048585, 52, 1, '2023-05-18 01:52:48', 268435462, 'publication.event.published', 0),
(1651, 1048585, 53, 1, '2023-05-18 01:53:34', 268435458, 'submission.event.general.metadataUpdated', 0),
(1652, 1048585, 53, 1, '2023-05-18 01:53:34', 268435458, 'submission.event.general.metadataUpdated', 0),
(1653, 515, 213, 1, '2023-05-18 01:54:22', 1342177281, 'submission.event.fileUploaded', 0),
(1654, 1048585, 53, 1, '2023-05-18 01:54:22', 1342177288, 'submission.event.fileRevised', 0),
(1655, 515, 213, 1, '2023-05-18 01:54:25', 1342177296, 'submission.event.fileEdited', 0),
(1656, 1048585, 53, 1, '2023-05-18 01:54:25', 1342177296, 'submission.event.fileEdited', 0),
(1657, 1048585, 53, 1, '2023-05-18 01:55:34', 268435458, 'submission.event.general.metadataUpdated', 0),
(1658, 1048585, 53, 1, '2023-05-18 01:55:38', 268435457, 'submission.event.submissionSubmitted', 0),
(1659, 1048585, 53, 1, '2023-05-18 01:55:58', 268435459, 'submission.event.participantAdded', 0),
(1660, 1048585, 53, 1, '2023-05-18 01:56:06', 805306371, 'log.editor.decision', 0),
(1661, 515, 214, 1, '2023-05-18 01:56:06', 1342177281, 'submission.event.fileUploaded', 0),
(1662, 1048585, 53, 1, '2023-05-18 01:56:06', 1342177288, 'submission.event.fileRevised', 0),
(1663, 1048585, 53, 1, '2023-05-18 01:56:26', 805306371, 'log.editor.decision', 0),
(1664, 515, 215, 1, '2023-05-18 01:56:26', 1342177281, 'submission.event.fileUploaded', 0),
(1665, 1048585, 53, 1, '2023-05-18 01:56:26', 1342177288, 'submission.event.fileRevised', 0),
(1666, 1048585, 53, 1, '2023-05-18 01:56:49', 268435474, 'submission.event.publicationFormatCreated', 0),
(1667, 515, 216, 1, '2023-05-18 01:56:55', 1342177281, 'submission.event.fileUploaded', 0),
(1668, 1048585, 53, 1, '2023-05-18 01:56:55', 1342177288, 'submission.event.fileRevised', 0),
(1669, 1048585, 53, 1, '2023-05-18 01:56:59', 268435464, 'submission.event.publicationFormatPublished', 0),
(1670, 1048585, 53, 1, '2023-05-18 01:57:03', 268435476, 'submission.event.publicationFormatMadeAvailable', 0),
(1671, 515, 216, 1, '2023-05-18 01:57:05', 1342177296, 'submission.event.fileEdited', 0),
(1672, 1048585, 53, 1, '2023-05-18 01:57:05', 1342177296, 'submission.event.fileEdited', 0),
(1673, 515, 216, 1, '2023-05-18 01:57:05', 1342177287, 'submission.event.signoffSignoff', 0),
(1674, 1048585, 53, 1, '2023-05-18 01:57:49', 268435458, 'submission.event.general.metadataUpdated', 0),
(1675, 1048585, 53, 1, '2023-05-18 01:57:56', 268435462, 'publication.event.published', 0),
(1676, 1048585, 54, 1, '2023-05-18 01:58:55', 268435458, 'submission.event.general.metadataUpdated', 0),
(1677, 1048585, 54, 1, '2023-05-18 01:58:55', 268435458, 'submission.event.general.metadataUpdated', 0),
(1678, 515, 217, 1, '2023-05-18 01:59:10', 1342177281, 'submission.event.fileUploaded', 0),
(1679, 1048585, 54, 1, '2023-05-18 01:59:10', 1342177288, 'submission.event.fileRevised', 0),
(1680, 515, 217, 1, '2023-05-18 01:59:14', 1342177296, 'submission.event.fileEdited', 0),
(1681, 1048585, 54, 1, '2023-05-18 01:59:14', 1342177296, 'submission.event.fileEdited', 0),
(1682, 1048585, 54, 1, '2023-05-18 02:02:30', 268435458, 'submission.event.general.metadataUpdated', 0),
(1683, 1048585, 54, 1, '2023-05-18 02:02:34', 268435457, 'submission.event.submissionSubmitted', 0),
(1684, 1048585, 54, 1, '2023-05-18 02:02:52', 268435459, 'submission.event.participantAdded', 0),
(1685, 1048585, 54, 1, '2023-05-18 02:03:01', 805306371, 'log.editor.decision', 0),
(1686, 515, 218, 1, '2023-05-18 02:03:01', 1342177281, 'submission.event.fileUploaded', 0),
(1687, 1048585, 54, 1, '2023-05-18 02:03:01', 1342177288, 'submission.event.fileRevised', 0),
(1688, 1048585, 54, 1, '2023-05-18 02:03:17', 805306371, 'log.editor.decision', 0),
(1689, 515, 219, 1, '2023-05-18 02:03:17', 1342177281, 'submission.event.fileUploaded', 0),
(1690, 1048585, 54, 1, '2023-05-18 02:03:17', 1342177288, 'submission.event.fileRevised', 0),
(1691, 1048585, 54, 1, '2023-05-18 02:03:33', 268435474, 'submission.event.publicationFormatCreated', 0),
(1692, 515, 220, 1, '2023-05-18 02:03:38', 1342177281, 'submission.event.fileUploaded', 0),
(1693, 1048585, 54, 1, '2023-05-18 02:03:39', 1342177288, 'submission.event.fileRevised', 0),
(1694, 1048585, 54, 1, '2023-05-18 02:03:42', 268435464, 'submission.event.publicationFormatPublished', 0),
(1695, 1048585, 54, 1, '2023-05-18 02:03:46', 268435476, 'submission.event.publicationFormatMadeAvailable', 0),
(1696, 515, 220, 1, '2023-05-18 02:03:48', 1342177296, 'submission.event.fileEdited', 0),
(1697, 1048585, 54, 1, '2023-05-18 02:03:48', 1342177296, 'submission.event.fileEdited', 0),
(1698, 515, 220, 1, '2023-05-18 02:03:48', 1342177287, 'submission.event.signoffSignoff', 0),
(1699, 1048585, 54, 1, '2023-05-18 02:04:27', 268435458, 'submission.event.general.metadataUpdated', 0),
(1700, 1048585, 54, 1, '2023-05-18 02:04:32', 268435462, 'publication.event.published', 0),
(1701, 1048585, 55, 1, '2023-05-18 02:05:17', 268435458, 'submission.event.general.metadataUpdated', 0),
(1702, 1048585, 55, 1, '2023-05-18 02:05:17', 268435458, 'submission.event.general.metadataUpdated', 0),
(1703, 515, 221, 1, '2023-05-18 02:05:44', 1342177281, 'submission.event.fileUploaded', 0),
(1704, 1048585, 55, 1, '2023-05-18 02:05:44', 1342177288, 'submission.event.fileRevised', 0),
(1705, 515, 221, 1, '2023-05-18 02:05:48', 1342177296, 'submission.event.fileEdited', 0),
(1706, 1048585, 55, 1, '2023-05-18 02:05:48', 1342177296, 'submission.event.fileEdited', 0),
(1707, 1048585, 55, 1, '2023-05-18 02:07:11', 268435458, 'submission.event.general.metadataUpdated', 0),
(1708, 1048585, 55, 1, '2023-05-18 02:07:16', 268435457, 'submission.event.submissionSubmitted', 0),
(1709, 1048585, 55, 1, '2023-05-18 02:07:35', 268435459, 'submission.event.participantAdded', 0),
(1710, 1048585, 55, 1, '2023-05-18 02:07:45', 805306371, 'log.editor.decision', 0),
(1711, 515, 222, 1, '2023-05-18 02:07:45', 1342177281, 'submission.event.fileUploaded', 0),
(1712, 1048585, 55, 1, '2023-05-18 02:07:45', 1342177288, 'submission.event.fileRevised', 0),
(1713, 1048585, 55, 1, '2023-05-18 02:08:01', 805306371, 'log.editor.decision', 0),
(1714, 515, 223, 1, '2023-05-18 02:08:01', 1342177281, 'submission.event.fileUploaded', 0),
(1715, 1048585, 55, 1, '2023-05-18 02:08:01', 1342177288, 'submission.event.fileRevised', 0),
(1716, 1048585, 55, 1, '2023-05-18 02:08:19', 268435474, 'submission.event.publicationFormatCreated', 0),
(1717, 515, 224, 1, '2023-05-18 02:08:25', 1342177281, 'submission.event.fileUploaded', 0),
(1718, 1048585, 55, 1, '2023-05-18 02:08:25', 1342177288, 'submission.event.fileRevised', 0),
(1719, 1048585, 55, 1, '2023-05-18 02:08:29', 268435464, 'submission.event.publicationFormatPublished', 0),
(1720, 1048585, 55, 1, '2023-05-18 02:08:33', 268435476, 'submission.event.publicationFormatMadeAvailable', 0),
(1721, 515, 224, 1, '2023-05-18 02:08:35', 1342177296, 'submission.event.fileEdited', 0),
(1722, 1048585, 55, 1, '2023-05-18 02:08:35', 1342177296, 'submission.event.fileEdited', 0),
(1723, 515, 224, 1, '2023-05-18 02:08:35', 1342177287, 'submission.event.signoffSignoff', 0),
(1724, 1048585, 55, 1, '2023-05-18 02:09:44', 268435458, 'submission.event.general.metadataUpdated', 0),
(1725, 1048585, 55, 1, '2023-05-18 02:09:51', 268435462, 'publication.event.published', 0),
(1726, 1048585, 56, 1, '2023-05-18 02:10:49', 268435458, 'submission.event.general.metadataUpdated', 0),
(1727, 1048585, 56, 1, '2023-05-18 02:10:49', 268435458, 'submission.event.general.metadataUpdated', 0),
(1728, 515, 225, 1, '2023-05-18 02:11:44', 1342177281, 'submission.event.fileUploaded', 0),
(1729, 1048585, 56, 1, '2023-05-18 02:11:44', 1342177288, 'submission.event.fileRevised', 0),
(1730, 515, 225, 1, '2023-05-18 02:11:47', 1342177296, 'submission.event.fileEdited', 0),
(1731, 1048585, 56, 1, '2023-05-18 02:11:47', 1342177296, 'submission.event.fileEdited', 0),
(1732, 1048585, 56, 1, '2023-05-18 02:14:06', 268435458, 'submission.event.general.metadataUpdated', 0),
(1733, 1048585, 56, 1, '2023-05-18 02:14:11', 268435457, 'submission.event.submissionSubmitted', 0),
(1734, 1048585, 56, 1, '2023-05-18 02:14:32', 268435459, 'submission.event.participantAdded', 0),
(1735, 1048585, 56, 1, '2023-05-18 02:14:41', 805306371, 'log.editor.decision', 0),
(1736, 515, 226, 1, '2023-05-18 02:14:41', 1342177281, 'submission.event.fileUploaded', 0),
(1737, 1048585, 56, 1, '2023-05-18 02:14:41', 1342177288, 'submission.event.fileRevised', 0),
(1738, 1048585, 56, 1, '2023-05-18 02:15:00', 805306371, 'log.editor.decision', 0),
(1739, 515, 227, 1, '2023-05-18 02:15:00', 1342177281, 'submission.event.fileUploaded', 0),
(1740, 1048585, 56, 1, '2023-05-18 02:15:00', 1342177288, 'submission.event.fileRevised', 0),
(1741, 1048585, 56, 1, '2023-05-18 02:15:16', 268435474, 'submission.event.publicationFormatCreated', 0),
(1742, 515, 228, 1, '2023-05-18 02:15:21', 1342177281, 'submission.event.fileUploaded', 0),
(1743, 1048585, 56, 1, '2023-05-18 02:15:21', 1342177288, 'submission.event.fileRevised', 0),
(1744, 1048585, 56, 1, '2023-05-18 02:15:25', 268435464, 'submission.event.publicationFormatPublished', 0),
(1745, 1048585, 56, 1, '2023-05-18 02:15:28', 268435476, 'submission.event.publicationFormatMadeAvailable', 0),
(1746, 515, 228, 1, '2023-05-18 02:15:31', 1342177296, 'submission.event.fileEdited', 0),
(1747, 1048585, 56, 1, '2023-05-18 02:15:31', 1342177296, 'submission.event.fileEdited', 0),
(1748, 515, 228, 1, '2023-05-18 02:15:31', 1342177287, 'submission.event.signoffSignoff', 0),
(1749, 1048585, 56, 1, '2023-05-18 02:16:19', 268435458, 'submission.event.general.metadataUpdated', 0),
(1750, 1048585, 56, 1, '2023-05-18 02:16:22', 268435462, 'publication.event.published', 0),
(1751, 1048585, 57, 1, '2023-05-18 02:17:08', 268435458, 'submission.event.general.metadataUpdated', 0),
(1752, 1048585, 57, 1, '2023-05-18 02:17:08', 268435458, 'submission.event.general.metadataUpdated', 0),
(1753, 515, 229, 1, '2023-05-18 02:17:30', 1342177281, 'submission.event.fileUploaded', 0),
(1754, 1048585, 57, 1, '2023-05-18 02:17:30', 1342177288, 'submission.event.fileRevised', 0),
(1755, 515, 229, 1, '2023-05-18 02:17:33', 1342177296, 'submission.event.fileEdited', 0),
(1756, 1048585, 57, 1, '2023-05-18 02:17:33', 1342177296, 'submission.event.fileEdited', 0),
(1757, 1048585, 57, 1, '2023-05-18 02:18:42', 268435458, 'submission.event.general.metadataUpdated', 0),
(1758, 1048585, 57, 1, '2023-05-18 02:18:49', 268435457, 'submission.event.submissionSubmitted', 0),
(1759, 1048585, 57, 1, '2023-05-18 02:19:05', 268435459, 'submission.event.participantAdded', 0),
(1760, 1048585, 57, 1, '2023-05-18 02:19:12', 805306371, 'log.editor.decision', 0),
(1761, 515, 230, 1, '2023-05-18 02:19:12', 1342177281, 'submission.event.fileUploaded', 0),
(1762, 1048585, 57, 1, '2023-05-18 02:19:12', 1342177288, 'submission.event.fileRevised', 0),
(1763, 1048585, 57, 1, '2023-05-18 02:19:33', 805306371, 'log.editor.decision', 0),
(1764, 515, 231, 1, '2023-05-18 02:19:33', 1342177281, 'submission.event.fileUploaded', 0),
(1765, 1048585, 57, 1, '2023-05-18 02:19:33', 1342177288, 'submission.event.fileRevised', 0),
(1766, 1048585, 57, 1, '2023-05-18 02:19:48', 268435474, 'submission.event.publicationFormatCreated', 0),
(1767, 515, 232, 1, '2023-05-18 02:19:54', 1342177281, 'submission.event.fileUploaded', 0),
(1768, 1048585, 57, 1, '2023-05-18 02:19:54', 1342177288, 'submission.event.fileRevised', 0),
(1769, 1048585, 57, 1, '2023-05-18 02:19:58', 268435464, 'submission.event.publicationFormatPublished', 0),
(1770, 1048585, 57, 1, '2023-05-18 02:20:01', 268435476, 'submission.event.publicationFormatMadeAvailable', 0),
(1771, 515, 232, 1, '2023-05-18 02:20:04', 1342177296, 'submission.event.fileEdited', 0),
(1772, 1048585, 57, 1, '2023-05-18 02:20:04', 1342177296, 'submission.event.fileEdited', 0),
(1773, 515, 232, 1, '2023-05-18 02:20:04', 1342177287, 'submission.event.signoffSignoff', 0),
(1774, 1048585, 57, 1, '2023-05-18 02:20:52', 268435458, 'submission.event.general.metadataUpdated', 0),
(1775, 1048585, 57, 1, '2023-05-18 02:20:57', 268435462, 'publication.event.published', 0),
(1776, 1048585, 58, 1, '2023-05-18 02:22:01', 268435458, 'submission.event.general.metadataUpdated', 0),
(1777, 1048585, 58, 1, '2023-05-18 02:22:01', 268435458, 'submission.event.general.metadataUpdated', 0),
(1778, 515, 233, 1, '2023-05-18 02:22:38', 1342177281, 'submission.event.fileUploaded', 0),
(1779, 1048585, 58, 1, '2023-05-18 02:22:38', 1342177288, 'submission.event.fileRevised', 0),
(1780, 515, 233, 1, '2023-05-18 02:22:43', 1342177296, 'submission.event.fileEdited', 0),
(1781, 1048585, 58, 1, '2023-05-18 02:22:43', 1342177296, 'submission.event.fileEdited', 0),
(1782, 1048585, 58, 1, '2023-05-18 02:23:28', 268435458, 'submission.event.general.metadataUpdated', 0),
(1783, 1048585, 58, 1, '2023-05-18 02:23:33', 268435457, 'submission.event.submissionSubmitted', 0),
(1784, 1048585, 58, 1, '2023-05-18 02:23:52', 268435459, 'submission.event.participantAdded', 0),
(1785, 1048585, 58, 1, '2023-05-18 02:23:59', 805306371, 'log.editor.decision', 0),
(1786, 515, 234, 1, '2023-05-18 02:24:00', 1342177281, 'submission.event.fileUploaded', 0),
(1787, 1048585, 58, 1, '2023-05-18 02:24:00', 1342177288, 'submission.event.fileRevised', 0),
(1788, 1048585, 58, 1, '2023-05-18 02:24:14', 805306371, 'log.editor.decision', 0),
(1789, 515, 235, 1, '2023-05-18 02:24:14', 1342177281, 'submission.event.fileUploaded', 0),
(1790, 1048585, 58, 1, '2023-05-18 02:24:14', 1342177288, 'submission.event.fileRevised', 0),
(1791, 1048585, 58, 1, '2023-05-18 02:24:52', 268435474, 'submission.event.publicationFormatCreated', 0),
(1792, 515, 236, 1, '2023-05-18 02:24:58', 1342177281, 'submission.event.fileUploaded', 0),
(1793, 1048585, 58, 1, '2023-05-18 02:24:58', 1342177288, 'submission.event.fileRevised', 0),
(1794, 1048585, 58, 1, '2023-05-18 02:25:01', 268435464, 'submission.event.publicationFormatPublished', 0),
(1795, 1048585, 58, 1, '2023-05-18 02:25:04', 268435476, 'submission.event.publicationFormatMadeAvailable', 0),
(1796, 515, 236, 1, '2023-05-18 02:25:07', 1342177296, 'submission.event.fileEdited', 0),
(1797, 1048585, 58, 1, '2023-05-18 02:25:07', 1342177296, 'submission.event.fileEdited', 0),
(1798, 515, 236, 1, '2023-05-18 02:25:07', 1342177287, 'submission.event.signoffSignoff', 0),
(1799, 1048585, 58, 1, '2023-05-18 02:25:45', 268435458, 'submission.event.general.metadataUpdated', 0),
(1800, 1048585, 58, 1, '2023-05-18 02:25:51', 268435462, 'publication.event.published', 0),
(1801, 1048585, 59, 1, '2023-05-18 02:26:33', 268435458, 'submission.event.general.metadataUpdated', 0),
(1802, 1048585, 59, 1, '2023-05-18 02:26:34', 268435458, 'submission.event.general.metadataUpdated', 0),
(1803, 515, 237, 1, '2023-05-18 02:29:16', 1342177281, 'submission.event.fileUploaded', 0),
(1804, 1048585, 59, 1, '2023-05-18 02:29:16', 1342177288, 'submission.event.fileRevised', 0),
(1805, 515, 237, 1, '2023-05-18 02:29:19', 1342177296, 'submission.event.fileEdited', 0),
(1806, 1048585, 59, 1, '2023-05-18 02:29:19', 1342177296, 'submission.event.fileEdited', 0),
(1807, 1048585, 59, 1, '2023-05-18 02:36:50', 268435458, 'submission.event.general.metadataUpdated', 0),
(1808, 1048585, 59, 1, '2023-05-18 02:36:54', 268435457, 'submission.event.submissionSubmitted', 0),
(1809, 1048585, 59, 1, '2023-05-18 02:37:11', 268435459, 'submission.event.participantAdded', 0),
(1810, 1048585, 59, 1, '2023-05-18 02:37:20', 805306371, 'log.editor.decision', 0),
(1811, 515, 238, 1, '2023-05-18 02:37:20', 1342177281, 'submission.event.fileUploaded', 0),
(1812, 1048585, 59, 1, '2023-05-18 02:37:20', 1342177288, 'submission.event.fileRevised', 0),
(1813, 1048585, 59, 1, '2023-05-18 02:37:36', 805306371, 'log.editor.decision', 0),
(1814, 515, 239, 1, '2023-05-18 02:37:36', 1342177281, 'submission.event.fileUploaded', 0),
(1815, 1048585, 59, 1, '2023-05-18 02:37:36', 1342177288, 'submission.event.fileRevised', 0),
(1816, 1048585, 59, 1, '2023-05-18 02:37:57', 268435474, 'submission.event.publicationFormatCreated', 0),
(1817, 515, 240, 1, '2023-05-18 02:38:03', 1342177281, 'submission.event.fileUploaded', 0),
(1818, 1048585, 59, 1, '2023-05-18 02:38:03', 1342177288, 'submission.event.fileRevised', 0),
(1819, 1048585, 59, 1, '2023-05-18 02:38:06', 268435464, 'submission.event.publicationFormatPublished', 0),
(1820, 1048585, 59, 1, '2023-05-18 02:38:11', 268435476, 'submission.event.publicationFormatMadeAvailable', 0),
(1821, 515, 240, 1, '2023-05-18 02:38:14', 1342177296, 'submission.event.fileEdited', 0),
(1822, 1048585, 59, 1, '2023-05-18 02:38:14', 1342177296, 'submission.event.fileEdited', 0),
(1823, 515, 240, 1, '2023-05-18 02:38:14', 1342177287, 'submission.event.signoffSignoff', 0),
(1824, 1048585, 59, 1, '2023-05-18 02:38:55', 268435458, 'submission.event.general.metadataUpdated', 0),
(1825, 1048585, 59, 1, '2023-05-18 02:39:03', 268435462, 'publication.event.published', 0),
(1826, 1048585, 60, 1, '2023-05-18 02:39:45', 268435458, 'submission.event.general.metadataUpdated', 0),
(1827, 1048585, 60, 1, '2023-05-18 02:39:45', 268435458, 'submission.event.general.metadataUpdated', 0),
(1828, 515, 241, 1, '2023-05-18 02:40:43', 1342177281, 'submission.event.fileUploaded', 0),
(1829, 1048585, 60, 1, '2023-05-18 02:40:43', 1342177288, 'submission.event.fileRevised', 0),
(1830, 515, 241, 1, '2023-05-18 02:40:47', 1342177296, 'submission.event.fileEdited', 0),
(1831, 1048585, 60, 1, '2023-05-18 02:40:47', 1342177296, 'submission.event.fileEdited', 0),
(1832, 1048585, 60, 1, '2023-05-18 02:41:43', 268435458, 'submission.event.general.metadataUpdated', 0),
(1833, 1048585, 60, 1, '2023-05-18 02:41:46', 268435457, 'submission.event.submissionSubmitted', 0),
(1834, 1048585, 60, 1, '2023-05-18 02:42:02', 268435459, 'submission.event.participantAdded', 0),
(1835, 1048585, 60, 1, '2023-05-18 02:42:10', 805306371, 'log.editor.decision', 0),
(1836, 515, 242, 1, '2023-05-18 02:42:10', 1342177281, 'submission.event.fileUploaded', 0),
(1837, 1048585, 60, 1, '2023-05-18 02:42:10', 1342177288, 'submission.event.fileRevised', 0),
(1838, 1048585, 60, 1, '2023-05-18 02:42:24', 805306371, 'log.editor.decision', 0),
(1839, 515, 243, 1, '2023-05-18 02:42:24', 1342177281, 'submission.event.fileUploaded', 0),
(1840, 1048585, 60, 1, '2023-05-18 02:42:24', 1342177288, 'submission.event.fileRevised', 0),
(1841, 1048585, 60, 1, '2023-05-18 02:42:47', 268435474, 'submission.event.publicationFormatCreated', 0),
(1842, 515, 244, 1, '2023-05-18 02:42:54', 1342177281, 'submission.event.fileUploaded', 0),
(1843, 1048585, 60, 1, '2023-05-18 02:42:54', 1342177288, 'submission.event.fileRevised', 0),
(1844, 1048585, 60, 1, '2023-05-18 02:42:58', 268435464, 'submission.event.publicationFormatPublished', 0),
(1845, 1048585, 60, 1, '2023-05-18 02:43:00', 268435476, 'submission.event.publicationFormatMadeAvailable', 0),
(1846, 515, 244, 1, '2023-05-18 02:43:03', 1342177296, 'submission.event.fileEdited', 0),
(1847, 1048585, 60, 1, '2023-05-18 02:43:03', 1342177296, 'submission.event.fileEdited', 0),
(1848, 515, 244, 1, '2023-05-18 02:43:03', 1342177287, 'submission.event.signoffSignoff', 0),
(1849, 1048585, 60, 1, '2023-05-18 02:43:43', 268435458, 'submission.event.general.metadataUpdated', 0),
(1850, 1048585, 60, 1, '2023-05-18 02:43:46', 268435462, 'publication.event.published', 0),
(1851, 1048585, 61, 1, '2023-05-18 02:44:41', 268435458, 'submission.event.general.metadataUpdated', 0),
(1852, 1048585, 61, 1, '2023-05-18 02:44:41', 268435458, 'submission.event.general.metadataUpdated', 0),
(1853, 1048585, 62, 1, '2023-05-18 02:52:06', 268435458, 'submission.event.general.metadataUpdated', 0),
(1854, 1048585, 62, 1, '2023-05-18 02:52:06', 268435458, 'submission.event.general.metadataUpdated', 0),
(1855, 515, 245, 1, '2023-05-18 02:52:46', 1342177281, 'submission.event.fileUploaded', 0),
(1856, 1048585, 62, 1, '2023-05-18 02:52:46', 1342177288, 'submission.event.fileRevised', 0),
(1857, 515, 245, 1, '2023-05-18 02:52:48', 1342177296, 'submission.event.fileEdited', 0),
(1858, 1048585, 62, 1, '2023-05-18 02:52:48', 1342177296, 'submission.event.fileEdited', 0),
(1859, 1048585, 62, 1, '2023-05-18 02:53:41', 268435458, 'submission.event.general.metadataUpdated', 0),
(1860, 1048585, 62, 1, '2023-05-18 02:53:45', 268435457, 'submission.event.submissionSubmitted', 0),
(1861, 1048585, 62, 1, '2023-05-18 02:54:00', 268435459, 'submission.event.participantAdded', 0),
(1862, 1048585, 62, 1, '2023-05-18 02:54:07', 805306371, 'log.editor.decision', 0),
(1863, 515, 246, 1, '2023-05-18 02:54:07', 1342177281, 'submission.event.fileUploaded', 0),
(1864, 1048585, 62, 1, '2023-05-18 02:54:07', 1342177288, 'submission.event.fileRevised', 0),
(1865, 1048585, 62, 1, '2023-05-18 02:54:25', 805306371, 'log.editor.decision', 0),
(1866, 515, 247, 1, '2023-05-18 02:54:25', 1342177281, 'submission.event.fileUploaded', 0),
(1867, 1048585, 62, 1, '2023-05-18 02:54:25', 1342177288, 'submission.event.fileRevised', 0),
(1868, 1048585, 62, 1, '2023-05-18 02:54:40', 268435474, 'submission.event.publicationFormatCreated', 0),
(1869, 515, 248, 1, '2023-05-18 02:54:47', 1342177281, 'submission.event.fileUploaded', 0),
(1870, 1048585, 62, 1, '2023-05-18 02:54:47', 1342177288, 'submission.event.fileRevised', 0),
(1871, 1048585, 62, 1, '2023-05-18 02:54:50', 268435464, 'submission.event.publicationFormatPublished', 0),
(1872, 1048585, 62, 1, '2023-05-18 02:54:53', 268435476, 'submission.event.publicationFormatMadeAvailable', 0),
(1873, 515, 248, 1, '2023-05-18 02:54:56', 1342177296, 'submission.event.fileEdited', 0),
(1874, 1048585, 62, 1, '2023-05-18 02:54:56', 1342177296, 'submission.event.fileEdited', 0),
(1875, 515, 248, 1, '2023-05-18 02:54:56', 1342177287, 'submission.event.signoffSignoff', 0),
(1876, 1048585, 62, 1, '2023-05-18 02:55:40', 268435458, 'submission.event.general.metadataUpdated', 0),
(1877, 1048585, 62, 1, '2023-05-18 02:55:44', 268435462, 'publication.event.published', 0),
(1878, 515, 249, 1, '2023-05-18 02:56:21', 1342177281, 'submission.event.fileUploaded', 0),
(1879, 1048585, 61, 1, '2023-05-18 02:56:21', 1342177288, 'submission.event.fileRevised', 0),
(1880, 1048585, 61, 1, '2023-05-18 02:56:57', 268435458, 'submission.event.general.metadataUpdated', 0),
(1881, 1048585, 61, 1, '2023-05-18 02:57:00', 268435457, 'submission.event.submissionSubmitted', 0),
(1882, 1048585, 61, 1, '2023-05-18 02:57:14', 268435459, 'submission.event.participantAdded', 0),
(1883, 1048585, 61, 1, '2023-05-18 02:57:22', 805306371, 'log.editor.decision', 0),
(1884, 515, 250, 1, '2023-05-18 02:57:22', 1342177281, 'submission.event.fileUploaded', 0),
(1885, 1048585, 61, 1, '2023-05-18 02:57:22', 1342177288, 'submission.event.fileRevised', 0),
(1886, 1048585, 61, 1, '2023-05-18 02:57:37', 805306371, 'log.editor.decision', 0),
(1887, 515, 251, 1, '2023-05-18 02:57:38', 1342177281, 'submission.event.fileUploaded', 0),
(1888, 1048585, 61, 1, '2023-05-18 02:57:38', 1342177288, 'submission.event.fileRevised', 0),
(1889, 1048585, 61, 1, '2023-05-18 02:58:01', 268435474, 'submission.event.publicationFormatCreated', 0),
(1890, 515, 252, 1, '2023-05-18 02:58:08', 1342177281, 'submission.event.fileUploaded', 0),
(1891, 1048585, 61, 1, '2023-05-18 02:58:08', 1342177288, 'submission.event.fileRevised', 0),
(1892, 1048585, 61, 1, '2023-05-18 02:58:11', 268435464, 'submission.event.publicationFormatPublished', 0),
(1893, 1048585, 61, 1, '2023-05-18 02:58:16', 268435476, 'submission.event.publicationFormatMadeAvailable', 0),
(1894, 515, 252, 1, '2023-05-18 02:58:19', 1342177296, 'submission.event.fileEdited', 0),
(1895, 1048585, 61, 1, '2023-05-18 02:58:19', 1342177296, 'submission.event.fileEdited', 0),
(1896, 515, 252, 1, '2023-05-18 02:58:19', 1342177287, 'submission.event.signoffSignoff', 0),
(1897, 1048585, 61, 1, '2023-05-18 02:58:58', 268435458, 'submission.event.general.metadataUpdated', 0),
(1898, 1048585, 61, 1, '2023-05-18 02:59:02', 268435462, 'publication.event.published', 0),
(1899, 1048585, 63, 1, '2023-05-18 02:59:48', 268435458, 'submission.event.general.metadataUpdated', 0),
(1900, 1048585, 63, 1, '2023-05-18 02:59:48', 268435458, 'submission.event.general.metadataUpdated', 0),
(1901, 515, 253, 1, '2023-05-18 03:00:31', 1342177281, 'submission.event.fileUploaded', 0),
(1902, 1048585, 63, 1, '2023-05-18 03:00:31', 1342177288, 'submission.event.fileRevised', 0),
(1903, 515, 253, 1, '2023-05-18 03:00:32', 1342177296, 'submission.event.fileEdited', 0),
(1904, 1048585, 63, 1, '2023-05-18 03:00:32', 1342177296, 'submission.event.fileEdited', 0),
(1905, 1048585, 63, 1, '2023-05-18 03:05:13', 268435458, 'submission.event.general.metadataUpdated', 0),
(1906, 1048585, 63, 1, '2023-05-18 03:05:17', 268435457, 'submission.event.submissionSubmitted', 0),
(1907, 1048585, 63, 1, '2023-05-18 03:05:31', 268435459, 'submission.event.participantAdded', 0),
(1908, 1048585, 63, 1, '2023-05-18 03:05:41', 805306371, 'log.editor.decision', 0),
(1909, 515, 254, 1, '2023-05-18 03:05:41', 1342177281, 'submission.event.fileUploaded', 0),
(1910, 1048585, 63, 1, '2023-05-18 03:05:41', 1342177288, 'submission.event.fileRevised', 0),
(1911, 1048585, 63, 1, '2023-05-18 03:05:59', 805306371, 'log.editor.decision', 0),
(1912, 515, 255, 1, '2023-05-18 03:05:59', 1342177281, 'submission.event.fileUploaded', 0),
(1913, 1048585, 63, 1, '2023-05-18 03:05:59', 1342177288, 'submission.event.fileRevised', 0),
(1914, 1048585, 63, 1, '2023-05-18 03:06:15', 268435474, 'submission.event.publicationFormatCreated', 0),
(1915, 515, 256, 1, '2023-05-18 03:06:21', 1342177281, 'submission.event.fileUploaded', 0),
(1916, 1048585, 63, 1, '2023-05-18 03:06:21', 1342177288, 'submission.event.fileRevised', 0),
(1917, 1048585, 63, 1, '2023-05-18 03:06:26', 268435464, 'submission.event.publicationFormatPublished', 0),
(1918, 1048585, 63, 1, '2023-05-18 03:06:29', 268435476, 'submission.event.publicationFormatMadeAvailable', 0),
(1919, 515, 256, 1, '2023-05-18 03:06:33', 1342177296, 'submission.event.fileEdited', 0),
(1920, 1048585, 63, 1, '2023-05-18 03:06:33', 1342177296, 'submission.event.fileEdited', 0),
(1921, 515, 256, 1, '2023-05-18 03:06:33', 1342177287, 'submission.event.signoffSignoff', 0),
(1922, 1048585, 63, 1, '2023-05-18 03:07:13', 268435458, 'submission.event.general.metadataUpdated', 0),
(1923, 1048585, 63, 1, '2023-05-18 03:07:17', 268435462, 'publication.event.published', 0),
(1924, 1048585, 64, 1, '2023-05-18 03:08:13', 268435458, 'submission.event.general.metadataUpdated', 0),
(1925, 1048585, 64, 1, '2023-05-18 03:08:13', 268435458, 'submission.event.general.metadataUpdated', 0),
(1926, 515, 257, 1, '2023-05-18 03:08:36', 1342177281, 'submission.event.fileUploaded', 0),
(1927, 1048585, 64, 1, '2023-05-18 03:08:36', 1342177288, 'submission.event.fileRevised', 0),
(1928, 515, 257, 1, '2023-05-18 03:08:39', 1342177296, 'submission.event.fileEdited', 0),
(1929, 1048585, 64, 1, '2023-05-18 03:08:39', 1342177296, 'submission.event.fileEdited', 0),
(1930, 1048585, 64, 1, '2023-05-18 03:09:24', 268435458, 'submission.event.general.metadataUpdated', 0),
(1931, 1048585, 64, 1, '2023-05-18 03:09:27', 268435457, 'submission.event.submissionSubmitted', 0),
(1932, 1048585, 64, 1, '2023-05-18 03:09:45', 268435459, 'submission.event.participantAdded', 0),
(1933, 1048585, 64, 1, '2023-05-18 03:09:53', 805306371, 'log.editor.decision', 0),
(1934, 515, 258, 1, '2023-05-18 03:09:53', 1342177281, 'submission.event.fileUploaded', 0),
(1935, 1048585, 64, 1, '2023-05-18 03:09:53', 1342177288, 'submission.event.fileRevised', 0),
(1936, 1048585, 64, 1, '2023-05-18 03:10:10', 805306371, 'log.editor.decision', 0),
(1937, 515, 259, 1, '2023-05-18 03:10:10', 1342177281, 'submission.event.fileUploaded', 0),
(1938, 1048585, 64, 1, '2023-05-18 03:10:10', 1342177288, 'submission.event.fileRevised', 0),
(1939, 1048585, 64, 1, '2023-05-18 03:10:31', 268435474, 'submission.event.publicationFormatCreated', 0),
(1940, 515, 260, 1, '2023-05-18 03:10:39', 1342177281, 'submission.event.fileUploaded', 0),
(1941, 1048585, 64, 1, '2023-05-18 03:10:39', 1342177288, 'submission.event.fileRevised', 0),
(1942, 1048585, 64, 1, '2023-05-18 03:10:43', 268435464, 'submission.event.publicationFormatPublished', 0),
(1943, 1048585, 64, 1, '2023-05-18 03:10:45', 268435476, 'submission.event.publicationFormatMadeAvailable', 0),
(1944, 515, 260, 1, '2023-05-18 03:10:48', 1342177296, 'submission.event.fileEdited', 0),
(1945, 1048585, 64, 1, '2023-05-18 03:10:48', 1342177296, 'submission.event.fileEdited', 0),
(1946, 515, 260, 1, '2023-05-18 03:10:48', 1342177287, 'submission.event.signoffSignoff', 0),
(1947, 1048585, 64, 1, '2023-05-18 03:11:24', 268435458, 'submission.event.general.metadataUpdated', 0),
(1948, 1048585, 64, 1, '2023-05-18 03:11:28', 268435462, 'publication.event.published', 0),
(1949, 1048585, 65, 1, '2023-05-18 03:12:20', 268435458, 'submission.event.general.metadataUpdated', 0),
(1950, 1048585, 65, 1, '2023-05-18 03:12:20', 268435458, 'submission.event.general.metadataUpdated', 0),
(1951, 515, 261, 1, '2023-05-18 03:13:00', 1342177281, 'submission.event.fileUploaded', 0),
(1952, 1048585, 65, 1, '2023-05-18 03:13:00', 1342177288, 'submission.event.fileRevised', 0),
(1953, 515, 261, 1, '2023-05-18 03:13:03', 1342177296, 'submission.event.fileEdited', 0),
(1954, 1048585, 65, 1, '2023-05-18 03:13:03', 1342177296, 'submission.event.fileEdited', 0),
(1955, 1048585, 65, 1, '2023-05-18 03:14:11', 268435458, 'submission.event.general.metadataUpdated', 0),
(1956, 1048585, 65, 1, '2023-05-18 03:14:15', 268435457, 'submission.event.submissionSubmitted', 0),
(1957, 1048585, 65, 1, '2023-05-18 03:14:33', 268435459, 'submission.event.participantAdded', 0),
(1958, 1048585, 65, 1, '2023-05-18 03:14:42', 805306371, 'log.editor.decision', 0),
(1959, 515, 262, 1, '2023-05-18 03:14:42', 1342177281, 'submission.event.fileUploaded', 0),
(1960, 1048585, 65, 1, '2023-05-18 03:14:42', 1342177288, 'submission.event.fileRevised', 0),
(1961, 1048585, 65, 1, '2023-05-18 03:15:04', 805306371, 'log.editor.decision', 0),
(1962, 515, 263, 1, '2023-05-18 03:15:04', 1342177281, 'submission.event.fileUploaded', 0),
(1963, 1048585, 65, 1, '2023-05-18 03:15:04', 1342177288, 'submission.event.fileRevised', 0),
(1964, 1048585, 65, 1, '2023-05-18 03:15:24', 268435474, 'submission.event.publicationFormatCreated', 0),
(1965, 515, 264, 1, '2023-05-18 03:15:31', 1342177281, 'submission.event.fileUploaded', 0),
(1966, 1048585, 65, 1, '2023-05-18 03:15:31', 1342177288, 'submission.event.fileRevised', 0),
(1967, 1048585, 65, 1, '2023-05-18 03:15:35', 268435464, 'submission.event.publicationFormatPublished', 0),
(1968, 1048585, 65, 1, '2023-05-18 03:15:38', 268435476, 'submission.event.publicationFormatMadeAvailable', 0),
(1969, 515, 264, 1, '2023-05-18 03:15:41', 1342177296, 'submission.event.fileEdited', 0),
(1970, 1048585, 65, 1, '2023-05-18 03:15:41', 1342177296, 'submission.event.fileEdited', 0),
(1971, 515, 264, 1, '2023-05-18 03:15:41', 1342177287, 'submission.event.signoffSignoff', 0),
(1972, 1048585, 65, 1, '2023-05-18 03:16:24', 268435458, 'submission.event.general.metadataUpdated', 0),
(1973, 1048585, 65, 1, '2023-05-18 03:16:28', 268435462, 'publication.event.published', 0),
(1974, 1048585, 66, 1, '2023-05-18 03:17:11', 268435458, 'submission.event.general.metadataUpdated', 0),
(1975, 1048585, 66, 1, '2023-05-18 03:17:11', 268435458, 'submission.event.general.metadataUpdated', 0),
(1976, 515, 265, 1, '2023-05-18 03:17:24', 1342177281, 'submission.event.fileUploaded', 0),
(1977, 1048585, 66, 1, '2023-05-18 03:17:24', 1342177288, 'submission.event.fileRevised', 0),
(1978, 515, 265, 1, '2023-05-18 03:17:26', 1342177296, 'submission.event.fileEdited', 0),
(1979, 1048585, 66, 1, '2023-05-18 03:17:26', 1342177296, 'submission.event.fileEdited', 0),
(1980, 1048585, 66, 1, '2023-05-18 03:18:10', 268435458, 'submission.event.general.metadataUpdated', 0),
(1981, 1048585, 66, 1, '2023-05-18 03:18:19', 268435457, 'submission.event.submissionSubmitted', 0),
(1982, 1048585, 66, 1, '2023-05-18 03:18:37', 268435459, 'submission.event.participantAdded', 0),
(1983, 1048585, 66, 1, '2023-05-18 03:18:45', 805306371, 'log.editor.decision', 0),
(1984, 515, 266, 1, '2023-05-18 03:18:45', 1342177281, 'submission.event.fileUploaded', 0),
(1985, 1048585, 66, 1, '2023-05-18 03:18:45', 1342177288, 'submission.event.fileRevised', 0),
(1986, 1048585, 66, 1, '2023-05-18 03:19:01', 805306371, 'log.editor.decision', 0),
(1987, 515, 267, 1, '2023-05-18 03:19:01', 1342177281, 'submission.event.fileUploaded', 0),
(1988, 1048585, 66, 1, '2023-05-18 03:19:01', 1342177288, 'submission.event.fileRevised', 0),
(1989, 1048585, 66, 1, '2023-05-18 03:19:17', 268435474, 'submission.event.publicationFormatCreated', 0),
(1990, 515, 268, 1, '2023-05-18 03:19:24', 1342177281, 'submission.event.fileUploaded', 0),
(1991, 1048585, 66, 1, '2023-05-18 03:19:24', 1342177288, 'submission.event.fileRevised', 0),
(1992, 1048585, 66, 1, '2023-05-18 03:19:28', 268435464, 'submission.event.publicationFormatPublished', 0),
(1993, 1048585, 66, 1, '2023-05-18 03:19:31', 268435476, 'submission.event.publicationFormatMadeAvailable', 0),
(1994, 515, 268, 1, '2023-05-18 03:19:34', 1342177296, 'submission.event.fileEdited', 0),
(1995, 1048585, 66, 1, '2023-05-18 03:19:34', 1342177296, 'submission.event.fileEdited', 0),
(1996, 515, 268, 1, '2023-05-18 03:19:34', 1342177287, 'submission.event.signoffSignoff', 0),
(1997, 1048585, 66, 1, '2023-05-18 03:20:01', 268435458, 'submission.event.general.metadataUpdated', 0),
(1998, 1048585, 66, 1, '2023-05-18 03:20:05', 268435462, 'publication.event.published', 0),
(1999, 1048585, 23, 1, '2023-05-18 13:46:08', 268435463, 'publication.event.unpublished', 0),
(2000, 1048585, 23, 1, '2023-05-18 13:47:05', 268435458, 'submission.event.general.metadataUpdated', 0),
(2001, 1048585, 23, 1, '2023-05-18 13:47:13', 268435462, 'publication.event.published', 0),
(2002, 1048585, 24, 1, '2023-05-18 13:47:53', 268435463, 'publication.event.unpublished', 0),
(2003, 1048585, 24, 1, '2023-05-18 13:48:51', 268435458, 'submission.event.general.metadataUpdated', 0),
(2004, 1048585, 24, 1, '2023-05-18 13:50:08', 268435462, 'publication.event.published', 0),
(2005, 1048585, 25, 1, '2023-05-18 13:50:59', 268435463, 'publication.event.unpublished', 0),
(2006, 1048585, 25, 1, '2023-05-18 13:51:46', 268435458, 'submission.event.general.metadataUpdated', 0),
(2007, 1048585, 25, 1, '2023-05-18 13:53:07', 268435462, 'publication.event.published', 0),
(2008, 1048585, 27, 1, '2023-05-18 13:54:04', 268435463, 'publication.event.unpublished', 0),
(2009, 1048585, 26, 1, '2023-05-18 13:54:21', 268435463, 'publication.event.unpublished', 0),
(2010, 1048585, 27, 1, '2023-05-18 13:55:44', 268435458, 'submission.event.general.metadataUpdated', 0),
(2011, 1048585, 27, 1, '2023-05-18 14:02:28', 268435462, 'publication.event.published', 0),
(2012, 1048585, 28, 1, '2023-05-18 14:51:30', 268435463, 'publication.event.unpublished', 0),
(2013, 1048585, 28, 1, '2023-05-18 14:51:36', 268435462, 'publication.event.published', 0),
(2014, 1048585, 28, 1, '2023-05-18 14:52:36', 268435463, 'publication.event.unpublished', 0),
(2015, 1048585, 28, 1, '2023-05-18 14:52:47', 268435458, 'submission.event.general.metadataUpdated', 0),
(2016, 1048585, 28, 1, '2023-05-18 14:52:50', 268435462, 'publication.event.published', 0),
(2017, 1048585, 29, 1, '2023-05-18 14:53:07', 268435463, 'publication.event.unpublished', 0),
(2018, 1048585, 29, 1, '2023-05-18 14:53:18', 268435458, 'submission.event.general.metadataUpdated', 0),
(2019, 1048585, 29, 1, '2023-05-18 14:53:26', 268435462, 'publication.event.published', 0),
(2020, 1048585, 17, 2, '2023-05-18 20:57:19', 268435463, 'publication.event.unpublished', 0),
(2021, 1048585, 17, 2, '2023-05-18 20:57:58', 268435458, 'submission.event.general.metadataUpdated', 0),
(2022, 1048585, 17, 2, '2023-05-18 20:58:02', 268435462, 'publication.event.published', 0),
(2023, 1048585, 29, 1, '2023-06-07 14:13:53', 268435463, 'publication.event.unpublished', 0),
(2024, 1048585, 29, 1, '2023-06-07 14:14:15', 268435458, 'submission.event.general.metadataUpdated', 0),
(2025, 1048585, 29, 1, '2023-06-07 14:14:17', 268435462, 'publication.event.published', 0),
(2026, 1048585, 30, 2, '2023-07-14 15:57:24', 268435463, 'publication.event.unpublished', 0),
(2027, 1048585, 30, 2, '2023-07-18 21:21:10', 268435462, 'publication.event.published', 0),
(2028, 1048585, 19, 2, '2023-07-18 21:28:15', 268435463, 'publication.event.unpublished', 0),
(2029, 1048585, 19, 2, '2023-07-18 21:28:35', 268435462, 'publication.event.published', 0),
(2030, 1048585, 19, 2, '2023-07-18 21:28:40', 268435463, 'publication.event.unpublished', 0),
(2031, 1048585, 19, 2, '2023-07-18 21:28:52', 268435458, 'submission.event.general.metadataUpdated', 0),
(2032, 1048585, 19, 2, '2023-07-18 21:28:55', 268435462, 'publication.event.published', 0),
(2033, 1048585, 11, 2, '2023-07-18 21:49:12', 268435463, 'publication.event.unpublished', 0),
(2034, 1048585, 11, 2, '2023-07-18 21:49:23', 268435458, 'submission.event.general.metadataUpdated', 0),
(2035, 1048585, 11, 2, '2023-07-18 21:49:26', 268435462, 'publication.event.published', 0),
(2036, 1048585, 13, 2, '2023-07-18 21:50:05', 268435463, 'publication.event.unpublished', 0),
(2037, 1048585, 13, 2, '2023-07-18 21:50:13', 268435458, 'submission.event.general.metadataUpdated', 0),
(2038, 1048585, 13, 2, '2023-07-18 21:50:17', 268435462, 'publication.event.published', 0),
(2039, 1048585, 14, 2, '2023-07-18 21:51:16', 268435463, 'publication.event.unpublished', 0),
(2040, 1048585, 14, 2, '2023-07-18 21:51:23', 268435458, 'submission.event.general.metadataUpdated', 0),
(2041, 1048585, 14, 2, '2023-07-18 21:51:26', 268435462, 'publication.event.published', 0),
(2042, 1048585, 15, 2, '2023-07-18 21:52:01', 268435463, 'publication.event.unpublished', 0),
(2043, 1048585, 15, 2, '2023-07-18 21:52:08', 268435458, 'submission.event.general.metadataUpdated', 0),
(2044, 1048585, 15, 2, '2023-07-18 21:52:11', 268435462, 'publication.event.published', 0),
(2045, 1048585, 12, 2, '2023-07-18 21:52:51', 268435463, 'publication.event.unpublished', 0),
(2046, 1048585, 12, 2, '2023-07-18 21:52:58', 268435458, 'submission.event.general.metadataUpdated', 0),
(2047, 1048585, 12, 2, '2023-07-18 21:53:02', 268435462, 'publication.event.published', 0),
(2048, 1048585, 16, 2, '2023-07-18 21:54:18', 268435463, 'publication.event.unpublished', 0),
(2049, 1048585, 16, 2, '2023-07-18 21:54:26', 268435458, 'submission.event.general.metadataUpdated', 0),
(2050, 1048585, 16, 2, '2023-07-18 21:54:31', 268435462, 'publication.event.published', 0),
(2051, 1048585, 17, 2, '2023-07-18 21:55:01', 268435463, 'publication.event.unpublished', 0),
(2052, 1048585, 17, 2, '2023-07-18 21:55:09', 268435458, 'submission.event.general.metadataUpdated', 0),
(2053, 1048585, 17, 2, '2023-07-18 21:55:12', 268435462, 'publication.event.published', 0),
(2054, 1048585, 18, 2, '2023-07-18 21:55:56', 268435463, 'publication.event.unpublished', 0),
(2055, 1048585, 18, 2, '2023-07-18 21:56:04', 268435458, 'submission.event.general.metadataUpdated', 0),
(2056, 1048585, 18, 2, '2023-07-18 21:56:07', 268435462, 'publication.event.published', 0),
(2057, 1048585, 20, 2, '2023-07-18 21:56:48', 268435463, 'publication.event.unpublished', 0),
(2058, 1048585, 20, 2, '2023-07-18 21:56:54', 268435458, 'submission.event.general.metadataUpdated', 0),
(2059, 1048585, 20, 2, '2023-07-18 21:56:58', 268435462, 'publication.event.published', 0),
(2060, 1048585, 10, 2, '2023-07-18 21:57:40', 268435463, 'publication.event.unpublished', 0),
(2061, 1048585, 10, 2, '2023-07-18 21:57:47', 268435458, 'submission.event.general.metadataUpdated', 0),
(2062, 1048585, 10, 2, '2023-07-18 21:57:51', 268435462, 'publication.event.published', 0),
(2063, 1048585, 6, 2, '2023-07-18 21:58:21', 268435463, 'publication.event.unpublished', 0),
(2064, 1048585, 6, 2, '2023-07-18 21:58:28', 268435458, 'submission.event.general.metadataUpdated', 0),
(2065, 1048585, 6, 2, '2023-07-18 21:58:31', 268435462, 'publication.event.published', 0),
(2066, 1048585, 7, 2, '2023-07-18 21:59:06', 268435463, 'publication.event.unpublished', 0),
(2067, 1048585, 7, 2, '2023-07-18 21:59:13', 268435458, 'submission.event.general.metadataUpdated', 0),
(2068, 1048585, 7, 2, '2023-07-18 21:59:16', 268435462, 'publication.event.published', 0),
(2069, 1048585, 4, 2, '2023-07-18 21:59:48', 268435463, 'publication.event.unpublished', 0),
(2070, 1048585, 4, 2, '2023-07-18 22:00:01', 268435458, 'submission.event.general.metadataUpdated', 0),
(2071, 1048585, 4, 2, '2023-07-18 22:00:04', 268435462, 'publication.event.published', 0),
(2072, 1048585, 5, 2, '2023-07-18 22:00:28', 268435463, 'publication.event.unpublished', 0),
(2073, 1048585, 5, 2, '2023-07-18 22:00:34', 268435458, 'submission.event.general.metadataUpdated', 0),
(2074, 1048585, 5, 2, '2023-07-18 22:00:37', 268435462, 'publication.event.published', 0),
(2075, 1048585, 8, 2, '2023-07-18 22:01:06', 268435463, 'publication.event.unpublished', 0),
(2076, 1048585, 8, 2, '2023-07-18 22:01:14', 268435458, 'submission.event.general.metadataUpdated', 0),
(2077, 1048585, 8, 2, '2023-07-18 22:01:16', 268435462, 'publication.event.published', 0),
(2078, 1048585, 9, 2, '2023-07-18 22:01:39', 268435463, 'publication.event.unpublished', 0),
(2079, 1048585, 9, 2, '2023-07-18 22:01:50', 268435458, 'submission.event.general.metadataUpdated', 0),
(2080, 1048585, 9, 2, '2023-07-18 22:01:54', 268435462, 'publication.event.published', 0),
(2081, 1048585, 1, 2, '2023-07-18 22:02:28', 268435463, 'publication.event.unpublished', 0),
(2082, 1048585, 1, 2, '2023-07-18 22:02:33', 268435458, 'submission.event.general.metadataUpdated', 0),
(2083, 1048585, 1, 2, '2023-07-18 22:02:36', 268435462, 'publication.event.published', 0),
(2084, 1048585, 2, 2, '2023-07-18 22:03:00', 268435463, 'publication.event.unpublished', 0),
(2085, 1048585, 2, 2, '2023-07-18 22:03:06', 268435458, 'submission.event.general.metadataUpdated', 0),
(2086, 1048585, 2, 2, '2023-07-18 22:03:08', 268435462, 'publication.event.published', 0),
(2087, 1048585, 3, 2, '2023-07-18 22:03:34', 268435463, 'publication.event.unpublished', 0),
(2088, 1048585, 3, 2, '2023-07-18 22:03:44', 268435458, 'submission.event.general.metadataUpdated', 0),
(2089, 1048585, 3, 2, '2023-07-18 22:03:47', 268435462, 'publication.event.published', 0),
(2090, 1048585, 22, 2, '2023-07-24 21:12:29', 268435463, 'publication.event.unpublished', 0),
(2091, 1048585, 22, 2, '2023-07-24 21:13:13', 268435474, 'submission.event.publicationFormatCreated', 0),
(2092, 515, 269, 2, '2023-07-24 21:13:43', 1342177281, 'submission.event.fileUploaded', 0),
(2093, 1048585, 22, 2, '2023-07-24 21:13:43', 1342177288, 'submission.event.fileRevised', 0),
(2094, 515, 269, 2, '2023-07-24 21:13:45', 1342177296, 'submission.event.fileEdited', 0),
(2095, 1048585, 22, 2, '2023-07-24 21:13:45', 1342177296, 'submission.event.fileEdited', 0),
(2096, 1048585, 22, 2, '2023-07-24 21:13:53', 268435462, 'publication.event.published', 0),
(2097, 1048585, 22, 2, '2023-07-24 21:14:30', 268435463, 'publication.event.unpublished', 0),
(2098, 1048585, 22, 2, '2023-07-24 21:14:38', 268435464, 'submission.event.publicationFormatPublished', 0),
(2099, 515, 269, 2, '2023-07-24 21:14:43', 1342177296, 'submission.event.fileEdited', 0),
(2100, 1048585, 22, 2, '2023-07-24 21:14:43', 1342177296, 'submission.event.fileEdited', 0),
(2101, 515, 269, 2, '2023-07-24 21:14:43', 1342177287, 'submission.event.signoffSignoff', 0),
(2102, 1048585, 22, 2, '2023-07-24 21:14:46', 268435476, 'submission.event.publicationFormatMadeAvailable', 0),
(2103, 1048585, 22, 2, '2023-07-24 21:14:51', 268435462, 'publication.event.published', 0),
(2104, 1048585, 22, 2, '2023-07-24 21:15:21', 268435463, 'publication.event.unpublished', 0),
(2105, 515, 269, 2, '2023-07-24 21:15:26', 1342177282, 'submission.event.fileDeleted', 0),
(2106, 1048585, 22, 2, '2023-07-24 21:15:26', 268435475, 'submission.event.publicationFormatRemoved', 0),
(2107, 515, 270, 2, '2023-07-24 21:16:16', 1342177281, 'submission.event.fileUploaded', 0),
(2108, 1048585, 22, 2, '2023-07-24 21:16:16', 1342177288, 'submission.event.fileRevised', 0),
(2109, 515, 270, 2, '2023-07-24 21:16:19', 1342177296, 'submission.event.fileEdited', 0),
(2110, 1048585, 22, 2, '2023-07-24 21:16:19', 1342177296, 'submission.event.fileEdited', 0),
(2111, 1048585, 22, 2, '2023-07-24 21:16:31', 268435474, 'submission.event.publicationFormatCreated', 0),
(2112, 515, 271, 2, '2023-07-24 21:16:39', 1342177281, 'submission.event.fileUploaded', 0),
(2113, 1048585, 22, 2, '2023-07-24 21:16:39', 1342177288, 'submission.event.fileRevised', 0),
(2114, 1048585, 22, 2, '2023-07-24 21:16:43', 268435464, 'submission.event.publicationFormatPublished', 0),
(2115, 1048585, 22, 2, '2023-07-24 21:16:45', 268435476, 'submission.event.publicationFormatMadeAvailable', 0),
(2116, 515, 271, 2, '2023-07-24 21:16:48', 1342177296, 'submission.event.fileEdited', 0),
(2117, 1048585, 22, 2, '2023-07-24 21:16:48', 1342177296, 'submission.event.fileEdited', 0),
(2118, 515, 271, 2, '2023-07-24 21:16:48', 1342177287, 'submission.event.signoffSignoff', 0),
(2119, 1048585, 22, 2, '2023-07-24 21:16:56', 268435462, 'publication.event.published', 0),
(2120, 515, 272, 2, '2023-07-24 21:22:09', 1342177281, 'submission.event.fileUploaded', 0),
(2121, 1048585, 19, 2, '2023-07-24 21:22:09', 1342177288, 'submission.event.fileRevised', 0),
(2122, 515, 272, 2, '2023-07-24 21:22:11', 1342177296, 'submission.event.fileEdited', 0),
(2123, 1048585, 19, 2, '2023-07-24 21:22:11', 1342177296, 'submission.event.fileEdited', 0),
(2124, 1048585, 19, 2, '2023-07-24 21:22:17', 268435463, 'publication.event.unpublished', 0),
(2125, 1048585, 19, 2, '2023-07-24 21:22:26', 268435474, 'submission.event.publicationFormatCreated', 0),
(2126, 515, 273, 2, '2023-07-24 21:22:37', 1342177281, 'submission.event.fileUploaded', 0);
INSERT INTO `event_log` (`log_id`, `assoc_type`, `assoc_id`, `user_id`, `date_logged`, `event_type`, `message`, `is_translated`) VALUES
(2127, 1048585, 19, 2, '2023-07-24 21:22:37', 1342177288, 'submission.event.fileRevised', 0),
(2128, 1048585, 19, 2, '2023-07-24 21:22:42', 268435464, 'submission.event.publicationFormatPublished', 0),
(2129, 1048585, 19, 2, '2023-07-24 21:22:44', 268435476, 'submission.event.publicationFormatMadeAvailable', 0),
(2130, 515, 273, 2, '2023-07-24 21:22:47', 1342177296, 'submission.event.fileEdited', 0),
(2131, 1048585, 19, 2, '2023-07-24 21:22:47', 1342177296, 'submission.event.fileEdited', 0),
(2132, 515, 273, 2, '2023-07-24 21:22:47', 1342177287, 'submission.event.signoffSignoff', 0),
(2133, 1048585, 19, 2, '2023-07-24 21:22:54', 268435462, 'publication.event.published', 0),
(2134, 515, 274, 2, '2023-07-24 21:28:09', 1342177281, 'submission.event.fileUploaded', 0),
(2135, 1048585, 66, 2, '2023-07-24 21:28:09', 1342177288, 'submission.event.fileRevised', 0),
(2136, 515, 274, 2, '2023-07-24 21:28:15', 1342177296, 'submission.event.fileEdited', 0),
(2137, 1048585, 66, 2, '2023-07-24 21:28:15', 1342177296, 'submission.event.fileEdited', 0),
(2138, 1048585, 66, 2, '2023-07-24 21:28:27', 268435463, 'publication.event.unpublished', 0),
(2139, 1048585, 66, 2, '2023-07-24 21:28:42', 268435474, 'submission.event.publicationFormatCreated', 0),
(2140, 515, 275, 2, '2023-07-24 21:29:42', 1342177281, 'submission.event.fileUploaded', 0),
(2141, 1048585, 66, 2, '2023-07-24 21:29:42', 1342177288, 'submission.event.fileRevised', 0),
(2142, 1048585, 66, 2, '2023-07-24 21:29:45', 268435464, 'submission.event.publicationFormatPublished', 0),
(2143, 1048585, 66, 2, '2023-07-24 21:29:48', 268435476, 'submission.event.publicationFormatMadeAvailable', 0),
(2144, 515, 275, 2, '2023-07-24 21:29:51', 1342177296, 'submission.event.fileEdited', 0),
(2145, 1048585, 66, 2, '2023-07-24 21:29:51', 1342177296, 'submission.event.fileEdited', 0),
(2146, 515, 275, 2, '2023-07-24 21:29:51', 1342177287, 'submission.event.signoffSignoff', 0),
(2147, 1048585, 66, 2, '2023-07-24 21:30:18', 268435462, 'publication.event.published', 0),
(2148, 1048585, 66, 2, '2024-03-19 16:50:20', 268435463, 'publication.event.unpublished', 0),
(2149, 1048585, 66, 2, '2024-03-19 16:51:07', 268435458, 'submission.event.general.metadataUpdated', 0),
(2150, 1048585, 66, 2, '2024-03-19 16:51:12', 268435462, 'publication.event.published', 0),
(2151, 1048585, 62, 2, '2024-03-19 16:52:25', 268435463, 'publication.event.unpublished', 0),
(2152, 1048585, 62, 2, '2024-03-19 16:52:59', 268435458, 'submission.event.general.metadataUpdated', 0),
(2153, 1048585, 62, 2, '2024-03-19 16:54:38', 268435458, 'submission.event.general.metadataUpdated', 0),
(2154, 1048585, 62, 2, '2024-03-19 16:54:41', 268435462, 'publication.event.published', 0),
(2155, 1048585, 31, 2, '2024-03-19 16:57:01', 268435463, 'publication.event.unpublished', 0),
(2156, 1048585, 31, 2, '2024-03-19 16:57:18', 268435458, 'submission.event.general.metadataUpdated', 0),
(2157, 1048585, 31, 2, '2024-03-19 19:26:13', 268435462, 'publication.event.published', 0),
(2158, 1048585, 31, 2, '2024-03-19 19:33:26', 268435463, 'publication.event.unpublished', 0),
(2159, 515, 133, 2, '2024-03-19 19:33:37', 1342177296, 'submission.event.fileEdited', 0),
(2160, 1048585, 31, 2, '2024-03-19 19:33:37', 1342177296, 'submission.event.fileEdited', 0),
(2161, 515, 133, 2, '2024-03-19 19:33:37', 1342177287, 'submission.event.signoffSignoff', 0),
(2162, 1048585, 31, 2, '2024-03-19 19:33:43', 268435464, 'submission.event.publicationFormatPublished', 0),
(2163, 1048585, 31, 2, '2024-03-19 19:33:50', 268435462, 'publication.event.published', 0),
(2164, 1048585, 31, 2, '2024-03-19 19:34:21', 268435463, 'publication.event.unpublished', 0),
(2165, 1048585, 31, 2, '2024-03-19 19:34:45', 268435462, 'publication.event.published', 0),
(2166, 1048585, 59, 2, '2024-03-19 19:37:06', 268435463, 'publication.event.unpublished', 0),
(2167, 1048585, 59, 2, '2024-03-19 19:37:12', 268435462, 'publication.event.published', 0),
(2168, 1048585, 31, 2, '2024-03-19 19:37:15', 268435463, 'publication.event.unpublished', 0),
(2169, 1048585, 31, 2, '2024-03-19 19:37:18', 268435476, 'submission.event.publicationFormatMadeAvailable', 0),
(2170, 1048585, 31, 2, '2024-03-19 19:37:28', 268435462, 'publication.event.published', 0),
(2171, 1048585, 59, 2, '2024-03-19 19:41:40', 268435463, 'publication.event.unpublished', 0),
(2172, 1048585, 59, 2, '2024-03-19 19:41:55', 268435458, 'submission.event.general.metadataUpdated', 0),
(2173, 1048585, 59, 2, '2024-03-19 19:43:01', 268435474, 'submission.event.publicationFormatCreated', 0),
(2174, 1048585, 59, 2, '2024-03-19 19:43:15', 268435475, 'submission.event.publicationFormatRemoved', 0),
(2175, 515, 276, 2, '2024-03-19 19:48:21', 1342177281, 'submission.event.fileUploaded', 0),
(2176, 1048585, 59, 2, '2024-03-19 19:48:21', 1342177288, 'submission.event.fileRevised', 0),
(2177, 515, 276, 2, '2024-03-19 19:48:26', 1342177296, 'submission.event.fileEdited', 0),
(2178, 1048585, 59, 2, '2024-03-19 19:48:26', 1342177296, 'submission.event.fileEdited', 0),
(2179, 515, 277, 2, '2024-03-19 19:48:49', 1342177281, 'submission.event.fileUploaded', 0),
(2180, 1048585, 59, 2, '2024-03-19 19:48:49', 1342177288, 'submission.event.fileRevised', 0),
(2181, 515, 277, 2, '2024-03-19 19:49:00', 1342177296, 'submission.event.fileEdited', 0),
(2182, 1048585, 59, 2, '2024-03-19 19:49:00', 1342177296, 'submission.event.fileEdited', 0),
(2183, 515, 277, 2, '2024-03-19 19:49:00', 1342177287, 'submission.event.signoffSignoff', 0),
(2184, 1048585, 59, 2, '2024-03-19 19:49:13', 268435462, 'publication.event.published', 0),
(2185, 1048585, 1, 2, '2024-03-19 19:54:25', 268435463, 'publication.event.unpublished', 0),
(2186, 1048585, 1, 2, '2024-03-19 19:54:39', 268435458, 'submission.event.general.metadataUpdated', 0),
(2187, 1048585, 1, 2, '2024-03-19 19:54:51', 268435462, 'publication.event.published', 0),
(2188, 1048585, 43, 2, '2024-03-19 19:56:45', 268435463, 'publication.event.unpublished', 0),
(2189, 1048585, 43, 2, '2024-03-19 19:56:53', 268435458, 'submission.event.general.metadataUpdated', 0),
(2190, 515, 278, 2, '2024-03-19 19:57:34', 1342177281, 'submission.event.fileUploaded', 0),
(2191, 1048585, 43, 2, '2024-03-19 19:57:34', 1342177288, 'submission.event.fileRevised', 0),
(2192, 515, 278, 2, '2024-03-19 19:57:36', 1342177296, 'submission.event.fileEdited', 0),
(2193, 1048585, 43, 2, '2024-03-19 19:57:36', 1342177296, 'submission.event.fileEdited', 0),
(2194, 515, 279, 2, '2024-03-19 19:57:47', 1342177281, 'submission.event.fileUploaded', 0),
(2195, 1048585, 43, 2, '2024-03-19 19:57:47', 1342177288, 'submission.event.fileRevised', 0),
(2196, 515, 279, 2, '2024-03-19 19:57:50', 1342177296, 'submission.event.fileEdited', 0),
(2197, 1048585, 43, 2, '2024-03-19 19:57:50', 1342177296, 'submission.event.fileEdited', 0),
(2198, 515, 279, 2, '2024-03-19 19:57:50', 1342177287, 'submission.event.signoffSignoff', 0),
(2199, 1048585, 43, 2, '2024-03-19 19:57:59', 268435462, 'publication.event.published', 0),
(2200, 1048585, 16, 2, '2024-03-19 20:00:11', 268435463, 'publication.event.unpublished', 0),
(2201, 1048585, 16, 2, '2024-03-19 20:00:29', 268435458, 'submission.event.general.metadataUpdated', 0),
(2202, 1048585, 16, 2, '2024-03-19 20:01:21', 268435462, 'publication.event.published', 0),
(2203, 1048585, 63, 2, '2024-03-19 20:05:35', 268435463, 'publication.event.unpublished', 0),
(2204, 515, 280, 2, '2024-03-19 20:07:18', 1342177281, 'submission.event.fileUploaded', 0),
(2205, 1048585, 63, 2, '2024-03-19 20:07:18', 1342177288, 'submission.event.fileRevised', 0),
(2206, 515, 280, 2, '2024-03-19 20:07:21', 1342177296, 'submission.event.fileEdited', 0),
(2207, 1048585, 63, 2, '2024-03-19 20:07:21', 1342177296, 'submission.event.fileEdited', 0),
(2208, 515, 281, 2, '2024-03-19 20:07:36', 1342177281, 'submission.event.fileUploaded', 0),
(2209, 1048585, 63, 2, '2024-03-19 20:07:36', 1342177288, 'submission.event.fileRevised', 0),
(2210, 515, 281, 2, '2024-03-19 20:07:38', 1342177296, 'submission.event.fileEdited', 0),
(2211, 1048585, 63, 2, '2024-03-19 20:07:38', 1342177296, 'submission.event.fileEdited', 0),
(2212, 515, 282, 2, '2024-03-19 20:07:51', 1342177281, 'submission.event.fileUploaded', 0),
(2213, 1048585, 63, 2, '2024-03-19 20:07:51', 1342177288, 'submission.event.fileRevised', 0),
(2214, 515, 283, 2, '2024-03-19 20:07:51', 1342177281, 'submission.event.fileUploaded', 0),
(2215, 1048585, 63, 2, '2024-03-19 20:07:51', 1342177288, 'submission.event.fileRevised', 0),
(2216, 515, 282, 2, '2024-03-19 20:07:55', 1342177296, 'submission.event.fileEdited', 0),
(2217, 1048585, 63, 2, '2024-03-19 20:07:55', 1342177296, 'submission.event.fileEdited', 0),
(2218, 515, 282, 2, '2024-03-19 20:07:55', 1342177287, 'submission.event.signoffSignoff', 0),
(2219, 515, 283, 2, '2024-03-19 20:07:57', 1342177296, 'submission.event.fileEdited', 0),
(2220, 1048585, 63, 2, '2024-03-19 20:07:57', 1342177296, 'submission.event.fileEdited', 0),
(2221, 515, 283, 2, '2024-03-19 20:07:57', 1342177287, 'submission.event.signoffSignoff', 0),
(2222, 1048585, 63, 2, '2024-03-19 20:08:09', 268435462, 'publication.event.published', 0),
(2223, 1048585, 18, 2, '2024-03-19 20:15:35', 268435463, 'publication.event.unpublished', 0),
(2224, 515, 284, 2, '2024-03-19 20:15:47', 1342177281, 'submission.event.fileUploaded', 0),
(2225, 1048585, 18, 2, '2024-03-19 20:15:47', 1342177288, 'submission.event.fileRevised', 0),
(2226, 515, 284, 2, '2024-03-19 20:15:49', 1342177296, 'submission.event.fileEdited', 0),
(2227, 1048585, 18, 2, '2024-03-19 20:15:49', 1342177296, 'submission.event.fileEdited', 0),
(2228, 1048585, 18, 2, '2024-03-19 20:16:31', 268435458, 'submission.event.general.metadataUpdated', 0),
(2229, 1048585, 18, 2, '2024-03-19 20:16:59', 268435462, 'publication.event.published', 0),
(2230, 1048585, 18, 2, '2024-03-19 20:21:52', 268435463, 'publication.event.unpublished', 0),
(2231, 1048585, 18, 2, '2024-03-19 20:22:07', 268435458, 'submission.event.general.metadataUpdated', 0),
(2232, 1048585, 18, 2, '2024-03-19 20:22:16', 268435462, 'publication.event.published', 0),
(2233, 1048585, 67, 2, '2024-05-02 16:11:51', 268435458, 'submission.event.general.metadataUpdated', 0),
(2234, 1048585, 67, 2, '2024-05-02 16:11:52', 268435458, 'submission.event.general.metadataUpdated', 0),
(2235, 515, 285, 2, '2024-05-02 16:12:07', 1342177281, 'submission.event.fileUploaded', 0),
(2236, 1048585, 67, 2, '2024-05-02 16:12:07', 1342177288, 'submission.event.fileRevised', 0),
(2237, 515, 285, 2, '2024-05-02 16:12:16', 1342177296, 'submission.event.fileEdited', 0),
(2238, 1048585, 67, 2, '2024-05-02 16:12:16', 1342177296, 'submission.event.fileEdited', 0),
(2239, 515, 286, 2, '2024-05-02 16:12:31', 1342177281, 'submission.event.fileUploaded', 0),
(2240, 1048585, 67, 2, '2024-05-02 16:12:31', 1342177288, 'submission.event.fileRevised', 0),
(2241, 515, 286, 2, '2024-05-02 16:12:34', 1342177296, 'submission.event.fileEdited', 0),
(2242, 1048585, 67, 2, '2024-05-02 16:12:34', 1342177296, 'submission.event.fileEdited', 0),
(2243, 1048585, 67, 2, '2024-05-02 16:28:44', 268435458, 'submission.event.general.metadataUpdated', 0),
(2244, 1048585, 67, 2, '2024-05-02 16:28:51', 268435457, 'submission.event.submissionSubmitted', 0),
(2245, 1048585, 67, 2, '2024-05-02 16:29:26', 268435459, 'submission.event.participantAdded', 0),
(2246, 1048585, 67, 2, '2024-05-02 16:29:48', 805306371, 'log.editor.decision', 0),
(2247, 515, 287, 2, '2024-05-02 16:29:48', 1342177281, 'submission.event.fileUploaded', 0),
(2248, 1048585, 67, 2, '2024-05-02 16:29:48', 1342177288, 'submission.event.fileRevised', 0),
(2249, 515, 288, 2, '2024-05-02 16:29:48', 1342177281, 'submission.event.fileUploaded', 0),
(2250, 1048585, 67, 2, '2024-05-02 16:29:48', 1342177288, 'submission.event.fileRevised', 0),
(2251, 1048585, 67, 2, '2024-05-02 16:30:09', 805306371, 'log.editor.decision', 0),
(2252, 515, 289, 2, '2024-05-02 16:30:09', 1342177281, 'submission.event.fileUploaded', 0),
(2253, 1048585, 67, 2, '2024-05-02 16:30:09', 1342177288, 'submission.event.fileRevised', 0),
(2254, 1048585, 67, 2, '2024-05-02 16:30:24', 268435458, 'submission.event.general.metadataUpdated', 0),
(2255, 1048585, 67, 2, '2024-05-02 16:30:41', 268435462, 'publication.event.published', 0),
(2256, 1048585, 67, 2, '2024-05-02 16:51:07', 268435463, 'publication.event.unpublished', 0),
(2257, 1048585, 67, 2, '2024-05-02 16:51:34', 268435458, 'submission.event.general.metadataUpdated', 0),
(2258, 1048585, 67, 2, '2024-05-02 16:51:54', 268435458, 'submission.event.general.metadataUpdated', 0),
(2259, 1048585, 67, 2, '2024-05-02 16:52:16', 268435458, 'submission.event.general.metadataUpdated', 0),
(2260, 1048585, 67, 2, '2024-05-02 16:53:20', 268435458, 'submission.event.general.metadataUpdated', 0),
(2261, 1048585, 67, 2, '2024-05-02 16:53:24', 268435462, 'publication.event.published', 0),
(2262, 1048585, 68, 2, '2024-05-02 17:01:06', 268435458, 'submission.event.general.metadataUpdated', 0),
(2263, 1048585, 68, 2, '2024-05-02 17:01:06', 268435458, 'submission.event.general.metadataUpdated', 0),
(2264, 515, 290, 2, '2024-05-02 17:01:29', 1342177281, 'submission.event.fileUploaded', 0),
(2265, 1048585, 68, 2, '2024-05-02 17:01:29', 1342177288, 'submission.event.fileRevised', 0),
(2266, 515, 291, 2, '2024-05-02 17:01:31', 1342177281, 'submission.event.fileUploaded', 0),
(2267, 1048585, 68, 2, '2024-05-02 17:01:31', 1342177288, 'submission.event.fileRevised', 0),
(2268, 515, 290, 2, '2024-05-02 17:01:35', 1342177296, 'submission.event.fileEdited', 0),
(2269, 1048585, 68, 2, '2024-05-02 17:01:35', 1342177296, 'submission.event.fileEdited', 0),
(2270, 515, 291, 2, '2024-05-02 17:01:41', 1342177296, 'submission.event.fileEdited', 0),
(2271, 1048585, 68, 2, '2024-05-02 17:01:41', 1342177296, 'submission.event.fileEdited', 0),
(2272, 515, 292, 2, '2024-05-02 17:02:06', 1342177281, 'submission.event.fileUploaded', 0),
(2273, 1048585, 68, 2, '2024-05-02 17:02:06', 1342177288, 'submission.event.fileRevised', 0),
(2274, 515, 292, 2, '2024-05-02 17:02:09', 1342177296, 'submission.event.fileEdited', 0),
(2275, 1048585, 68, 2, '2024-05-02 17:02:09', 1342177296, 'submission.event.fileEdited', 0),
(2276, 1048585, 68, 2, '2024-05-02 17:06:20', 268435458, 'submission.event.general.metadataUpdated', 0),
(2277, 1048585, 68, 2, '2024-05-02 17:06:25', 268435457, 'submission.event.submissionSubmitted', 0),
(2278, 1048585, 68, 2, '2024-05-02 17:07:22', 268435459, 'submission.event.participantAdded', 0),
(2279, 1048585, 68, 2, '2024-05-02 17:07:34', 805306371, 'log.editor.decision', 0),
(2280, 515, 293, 2, '2024-05-02 17:07:34', 1342177281, 'submission.event.fileUploaded', 0),
(2281, 1048585, 68, 2, '2024-05-02 17:07:34', 1342177288, 'submission.event.fileRevised', 0),
(2282, 515, 294, 2, '2024-05-02 17:07:34', 1342177281, 'submission.event.fileUploaded', 0),
(2283, 1048585, 68, 2, '2024-05-02 17:07:34', 1342177288, 'submission.event.fileRevised', 0),
(2284, 515, 295, 2, '2024-05-02 17:07:34', 1342177281, 'submission.event.fileUploaded', 0),
(2285, 1048585, 68, 2, '2024-05-02 17:07:34', 1342177288, 'submission.event.fileRevised', 0),
(2286, 1048585, 68, 2, '2024-05-02 17:08:05', 805306371, 'log.editor.decision', 0),
(2287, 515, 296, 2, '2024-05-02 17:08:05', 1342177281, 'submission.event.fileUploaded', 0),
(2288, 1048585, 68, 2, '2024-05-02 17:08:05', 1342177288, 'submission.event.fileRevised', 0),
(2289, 515, 297, 2, '2024-05-02 17:08:05', 1342177281, 'submission.event.fileUploaded', 0),
(2290, 1048585, 68, 2, '2024-05-02 17:08:05', 1342177288, 'submission.event.fileRevised', 0),
(2291, 515, 298, 2, '2024-05-02 17:08:05', 1342177281, 'submission.event.fileUploaded', 0),
(2292, 1048585, 68, 2, '2024-05-02 17:08:05', 1342177288, 'submission.event.fileRevised', 0),
(2293, 1048585, 68, 2, '2024-05-02 17:09:00', 268435458, 'submission.event.general.metadataUpdated', 0),
(2294, 1048585, 68, 2, '2024-05-02 17:09:05', 268435462, 'publication.event.published', 0),
(2295, 1048585, 68, 2, '2024-05-02 17:09:57', 268435463, 'publication.event.unpublished', 0),
(2296, 1048585, 68, 2, '2024-05-02 17:12:01', 268435474, 'submission.event.publicationFormatCreated', 0),
(2297, 515, 299, 2, '2024-05-02 17:12:12', 1342177281, 'submission.event.fileUploaded', 0),
(2298, 1048585, 68, 2, '2024-05-02 17:12:12', 1342177288, 'submission.event.fileRevised', 0),
(2299, 1048585, 68, 2, '2024-05-02 17:12:20', 268435464, 'submission.event.publicationFormatPublished', 0),
(2300, 1048585, 68, 2, '2024-05-02 17:12:23', 268435476, 'submission.event.publicationFormatMadeAvailable', 0),
(2301, 515, 299, 2, '2024-05-02 17:12:27', 1342177296, 'submission.event.fileEdited', 0),
(2302, 1048585, 68, 2, '2024-05-02 17:12:27', 1342177296, 'submission.event.fileEdited', 0),
(2303, 515, 299, 2, '2024-05-02 17:12:28', 1342177287, 'submission.event.signoffSignoff', 0),
(2304, 1048585, 68, 2, '2024-05-02 17:12:32', 268435462, 'publication.event.published', 0),
(2305, 1048585, 68, 2, '2024-05-02 17:12:56', 268435463, 'publication.event.unpublished', 0),
(2306, 1048585, 68, 2, '2024-05-02 17:13:05', 268435462, 'publication.event.published', 0),
(2307, 1048585, 67, 2, '2024-05-02 17:15:19', 268435463, 'publication.event.unpublished', 0),
(2308, 1048585, 67, 2, '2024-05-02 17:15:27', 268435474, 'submission.event.publicationFormatCreated', 0),
(2309, 515, 300, 2, '2024-05-02 17:15:36', 1342177281, 'submission.event.fileUploaded', 0),
(2310, 1048585, 67, 2, '2024-05-02 17:15:36', 1342177288, 'submission.event.fileRevised', 0),
(2311, 1048585, 67, 2, '2024-05-02 17:15:40', 268435464, 'submission.event.publicationFormatPublished', 0),
(2312, 1048585, 67, 2, '2024-05-02 17:15:42', 268435476, 'submission.event.publicationFormatMadeAvailable', 0),
(2313, 515, 300, 2, '2024-05-02 17:15:44', 1342177296, 'submission.event.fileEdited', 0),
(2314, 1048585, 67, 2, '2024-05-02 17:15:44', 1342177296, 'submission.event.fileEdited', 0),
(2315, 515, 300, 2, '2024-05-02 17:15:44', 1342177287, 'submission.event.signoffSignoff', 0),
(2316, 1048585, 67, 2, '2024-05-02 17:15:52', 268435462, 'publication.event.published', 0),
(2317, 1048585, 68, 2, '2024-05-02 17:17:40', 268435463, 'publication.event.unpublished', 0),
(2318, 1048585, 68, 2, '2024-05-02 17:17:53', 268435474, 'submission.event.publicationFormatCreated', 0),
(2319, 515, 301, 2, '2024-05-02 17:18:01', 1342177281, 'submission.event.fileUploaded', 0),
(2320, 1048585, 68, 2, '2024-05-02 17:18:01', 1342177288, 'submission.event.fileRevised', 0),
(2321, 515, 302, 2, '2024-05-02 17:18:01', 1342177281, 'submission.event.fileUploaded', 0),
(2322, 1048585, 68, 2, '2024-05-02 17:18:01', 1342177288, 'submission.event.fileRevised', 0),
(2323, 1048585, 68, 2, '2024-05-02 17:18:14', 268435464, 'submission.event.publicationFormatPublished', 0),
(2324, 515, 301, 2, '2024-05-02 17:18:17', 1342177296, 'submission.event.fileEdited', 0),
(2325, 1048585, 68, 2, '2024-05-02 17:18:17', 1342177296, 'submission.event.fileEdited', 0),
(2326, 515, 301, 2, '2024-05-02 17:18:17', 1342177287, 'submission.event.signoffSignoff', 0),
(2327, 515, 302, 2, '2024-05-02 17:18:19', 1342177296, 'submission.event.fileEdited', 0),
(2328, 1048585, 68, 2, '2024-05-02 17:18:19', 1342177296, 'submission.event.fileEdited', 0),
(2329, 515, 302, 2, '2024-05-02 17:18:19', 1342177287, 'submission.event.signoffSignoff', 0),
(2330, 1048585, 68, 2, '2024-05-02 17:18:22', 268435462, 'publication.event.published', 0),
(2331, 1048585, 65, 2, '2024-05-02 17:27:01', 268435463, 'publication.event.unpublished', 0),
(2332, 1048585, 65, 2, '2024-05-02 17:27:26', 268435458, 'submission.event.general.metadataUpdated', 0),
(2333, 1048585, 65, 2, '2024-05-02 17:27:31', 268435462, 'publication.event.published', 0),
(2334, 1048585, 69, 2, '2024-05-02 17:30:55', 268435458, 'submission.event.general.metadataUpdated', 0),
(2335, 1048585, 69, 2, '2024-05-02 17:30:55', 268435458, 'submission.event.general.metadataUpdated', 0),
(2336, 515, 303, 2, '2024-05-02 17:31:15', 1342177281, 'submission.event.fileUploaded', 0),
(2337, 1048585, 69, 2, '2024-05-02 17:31:15', 1342177288, 'submission.event.fileRevised', 0),
(2338, 515, 303, 2, '2024-05-02 17:31:19', 1342177296, 'submission.event.fileEdited', 0),
(2339, 1048585, 69, 2, '2024-05-02 17:31:19', 1342177296, 'submission.event.fileEdited', 0),
(2340, 515, 304, 2, '2024-05-02 17:32:31', 1342177281, 'submission.event.fileUploaded', 0),
(2341, 1048585, 69, 2, '2024-05-02 17:32:31', 1342177288, 'submission.event.fileRevised', 0),
(2342, 515, 304, 2, '2024-05-02 17:32:38', 1342177296, 'submission.event.fileEdited', 0),
(2343, 1048585, 69, 2, '2024-05-02 17:32:38', 1342177296, 'submission.event.fileEdited', 0),
(2344, 1048585, 69, 2, '2024-05-02 17:40:45', 268435458, 'submission.event.general.metadataUpdated', 0),
(2345, 1048585, 69, 2, '2024-05-02 17:40:49', 268435457, 'submission.event.submissionSubmitted', 0),
(2346, 1048585, 69, 2, '2024-05-02 17:41:20', 268435459, 'submission.event.participantAdded', 0),
(2347, 1048585, 69, 2, '2024-05-02 17:41:44', 805306371, 'log.editor.decision', 0),
(2348, 515, 305, 2, '2024-05-02 17:41:44', 1342177281, 'submission.event.fileUploaded', 0),
(2349, 1048585, 69, 2, '2024-05-02 17:41:44', 1342177288, 'submission.event.fileRevised', 0),
(2350, 515, 306, 2, '2024-05-02 17:41:44', 1342177281, 'submission.event.fileUploaded', 0),
(2351, 1048585, 69, 2, '2024-05-02 17:41:44', 1342177288, 'submission.event.fileRevised', 0),
(2352, 1048585, 69, 2, '2024-05-02 17:42:06', 805306371, 'log.editor.decision', 0),
(2353, 515, 307, 2, '2024-05-02 17:42:06', 1342177281, 'submission.event.fileUploaded', 0),
(2354, 1048585, 69, 2, '2024-05-02 17:42:06', 1342177288, 'submission.event.fileRevised', 0),
(2355, 515, 308, 2, '2024-05-02 17:42:06', 1342177281, 'submission.event.fileUploaded', 0),
(2356, 1048585, 69, 2, '2024-05-02 17:42:06', 1342177288, 'submission.event.fileRevised', 0),
(2357, 1048585, 69, 2, '2024-05-02 17:42:30', 268435474, 'submission.event.publicationFormatCreated', 0),
(2358, 515, 309, 2, '2024-05-02 17:42:37', 1342177281, 'submission.event.fileUploaded', 0),
(2359, 1048585, 69, 2, '2024-05-02 17:42:37', 1342177288, 'submission.event.fileRevised', 0),
(2360, 1048585, 69, 2, '2024-05-02 17:42:40', 268435464, 'submission.event.publicationFormatPublished', 0),
(2361, 1048585, 69, 2, '2024-05-02 17:42:42', 268435476, 'submission.event.publicationFormatMadeAvailable', 0),
(2362, 515, 309, 2, '2024-05-02 17:42:44', 1342177296, 'submission.event.fileEdited', 0),
(2363, 1048585, 69, 2, '2024-05-02 17:42:44', 1342177296, 'submission.event.fileEdited', 0),
(2364, 515, 309, 2, '2024-05-02 17:42:45', 1342177287, 'submission.event.signoffSignoff', 0),
(2365, 1048585, 69, 2, '2024-05-02 17:42:56', 268435474, 'submission.event.publicationFormatCreated', 0),
(2366, 515, 310, 2, '2024-05-02 17:43:01', 1342177281, 'submission.event.fileUploaded', 0),
(2367, 1048585, 69, 2, '2024-05-02 17:43:01', 1342177288, 'submission.event.fileRevised', 0),
(2368, 1048585, 69, 2, '2024-05-02 17:43:05', 268435464, 'submission.event.publicationFormatPublished', 0),
(2369, 1048585, 69, 2, '2024-05-02 17:43:07', 268435476, 'submission.event.publicationFormatMadeAvailable', 0),
(2370, 515, 310, 2, '2024-05-02 17:43:11', 1342177296, 'submission.event.fileEdited', 0),
(2371, 1048585, 69, 2, '2024-05-02 17:43:11', 1342177296, 'submission.event.fileEdited', 0),
(2372, 515, 310, 2, '2024-05-02 17:43:11', 1342177287, 'submission.event.signoffSignoff', 0),
(2373, 1048585, 69, 2, '2024-05-02 17:44:27', 268435458, 'submission.event.general.metadataUpdated', 0),
(2374, 1048585, 69, 2, '2024-05-02 17:44:35', 268435462, 'publication.event.published', 0),
(2375, 1048585, 70, 2, '2024-05-08 14:55:12', 268435458, 'submission.event.general.metadataUpdated', 0),
(2376, 1048585, 70, 2, '2024-05-08 14:55:12', 268435458, 'submission.event.general.metadataUpdated', 0),
(2377, 515, 311, 2, '2024-05-08 14:55:23', 1342177281, 'submission.event.fileUploaded', 0),
(2378, 1048585, 70, 2, '2024-05-08 14:55:23', 1342177288, 'submission.event.fileRevised', 0),
(2379, 515, 311, 2, '2024-05-08 14:55:28', 1342177296, 'submission.event.fileEdited', 0),
(2380, 1048585, 70, 2, '2024-05-08 14:55:28', 1342177296, 'submission.event.fileEdited', 0),
(2381, 515, 312, 2, '2024-05-08 14:55:32', 1342177281, 'submission.event.fileUploaded', 0),
(2382, 1048585, 70, 2, '2024-05-08 14:55:32', 1342177288, 'submission.event.fileRevised', 0),
(2383, 515, 312, 2, '2024-05-08 14:55:35', 1342177296, 'submission.event.fileEdited', 0),
(2384, 1048585, 70, 2, '2024-05-08 14:55:35', 1342177296, 'submission.event.fileEdited', 0),
(2385, 1048585, 70, 2, '2024-05-08 14:59:06', 268435458, 'submission.event.general.metadataUpdated', 0),
(2386, 1048585, 70, 2, '2024-05-08 14:59:11', 268435457, 'submission.event.submissionSubmitted', 0),
(2387, 1048585, 70, 2, '2024-05-08 14:59:44', 268435459, 'submission.event.participantAdded', 0),
(2388, 1048585, 70, 2, '2024-05-08 15:00:00', 805306371, 'log.editor.decision', 0),
(2389, 515, 313, 2, '2024-05-08 15:00:00', 1342177281, 'submission.event.fileUploaded', 0),
(2390, 1048585, 70, 2, '2024-05-08 15:00:00', 1342177288, 'submission.event.fileRevised', 0),
(2391, 515, 314, 2, '2024-05-08 15:00:00', 1342177281, 'submission.event.fileUploaded', 0),
(2392, 1048585, 70, 2, '2024-05-08 15:00:00', 1342177288, 'submission.event.fileRevised', 0),
(2393, 1048585, 70, 2, '2024-05-08 15:00:26', 805306371, 'log.editor.decision', 0),
(2394, 515, 315, 2, '2024-05-08 15:00:26', 1342177281, 'submission.event.fileUploaded', 0),
(2395, 1048585, 70, 2, '2024-05-08 15:00:26', 1342177288, 'submission.event.fileRevised', 0),
(2396, 515, 316, 2, '2024-05-08 15:00:26', 1342177281, 'submission.event.fileUploaded', 0),
(2397, 1048585, 70, 2, '2024-05-08 15:00:26', 1342177288, 'submission.event.fileRevised', 0),
(2398, 1048585, 70, 2, '2024-05-08 15:00:53', 268435474, 'submission.event.publicationFormatCreated', 0),
(2399, 1048585, 70, 2, '2024-05-08 15:00:57', 268435464, 'submission.event.publicationFormatPublished', 0),
(2400, 1048585, 70, 2, '2024-05-08 15:01:00', 268435476, 'submission.event.publicationFormatMadeAvailable', 0),
(2401, 1048585, 70, 2, '2024-05-08 15:01:10', 268435474, 'submission.event.publicationFormatCreated', 0),
(2402, 515, 317, 2, '2024-05-08 15:01:19', 1342177281, 'submission.event.fileUploaded', 0),
(2403, 1048585, 70, 2, '2024-05-08 15:01:20', 1342177288, 'submission.event.fileRevised', 0),
(2404, 515, 317, 2, '2024-05-08 15:01:24', 1342177296, 'submission.event.fileEdited', 0),
(2405, 1048585, 70, 2, '2024-05-08 15:01:24', 1342177296, 'submission.event.fileEdited', 0),
(2406, 515, 317, 2, '2024-05-08 15:01:24', 1342177287, 'submission.event.signoffSignoff', 0),
(2407, 515, 318, 2, '2024-05-08 15:01:59', 1342177281, 'submission.event.fileUploaded', 0),
(2408, 1048585, 70, 2, '2024-05-08 15:01:59', 1342177288, 'submission.event.fileRevised', 0),
(2409, 1048585, 70, 2, '2024-05-08 15:02:03', 268435464, 'submission.event.publicationFormatPublished', 0),
(2410, 1048585, 70, 2, '2024-05-08 15:02:07', 268435476, 'submission.event.publicationFormatMadeAvailable', 0),
(2411, 515, 318, 2, '2024-05-08 15:02:10', 1342177296, 'submission.event.fileEdited', 0),
(2412, 1048585, 70, 2, '2024-05-08 15:02:10', 1342177296, 'submission.event.fileEdited', 0),
(2413, 515, 318, 2, '2024-05-08 15:02:10', 1342177287, 'submission.event.signoffSignoff', 0),
(2414, 1048585, 70, 2, '2024-05-08 15:02:16', 268435462, 'publication.event.published', 0),
(2415, 1048585, 70, 2, '2024-05-08 15:03:18', 268435463, 'publication.event.unpublished', 0),
(2416, 1048585, 70, 2, '2024-05-08 15:03:37', 268435458, 'submission.event.general.metadataUpdated', 0),
(2417, 1048585, 70, 2, '2024-05-08 15:03:45', 268435458, 'submission.event.general.metadataUpdated', 0),
(2418, 1048585, 70, 2, '2024-05-08 15:03:48', 268435462, 'publication.event.published', 0),
(2419, 1048585, 70, 2, '2024-05-08 15:04:05', 268435463, 'publication.event.unpublished', 0),
(2420, 1048585, 70, 2, '2024-05-08 15:04:56', 268435462, 'publication.event.published', 0),
(2421, 1048585, 70, 2, '2024-05-08 15:05:18', 268435463, 'publication.event.unpublished', 0),
(2422, 1048585, 70, 2, '2024-05-08 15:05:40', 268435458, 'submission.event.general.metadataUpdated', 0),
(2423, 1048585, 70, 2, '2024-05-08 15:05:46', 268435462, 'publication.event.published', 0),
(2424, 1048585, 71, 2, '2024-05-08 15:16:19', 268435458, 'submission.event.general.metadataUpdated', 0),
(2425, 1048585, 71, 2, '2024-05-08 15:16:19', 268435458, 'submission.event.general.metadataUpdated', 0),
(2426, 515, 319, 2, '2024-05-08 15:16:36', 1342177281, 'submission.event.fileUploaded', 0),
(2427, 1048585, 71, 2, '2024-05-08 15:16:36', 1342177288, 'submission.event.fileRevised', 0),
(2428, 515, 320, 2, '2024-05-08 15:16:39', 1342177281, 'submission.event.fileUploaded', 0),
(2429, 1048585, 71, 2, '2024-05-08 15:16:39', 1342177288, 'submission.event.fileRevised', 0),
(2430, 515, 319, 2, '2024-05-08 15:16:42', 1342177296, 'submission.event.fileEdited', 0),
(2431, 1048585, 71, 2, '2024-05-08 15:16:42', 1342177296, 'submission.event.fileEdited', 0),
(2432, 515, 320, 2, '2024-05-08 15:16:44', 1342177296, 'submission.event.fileEdited', 0),
(2433, 1048585, 71, 2, '2024-05-08 15:16:44', 1342177296, 'submission.event.fileEdited', 0),
(2434, 1048585, 71, 2, '2024-05-08 15:20:39', 268435458, 'submission.event.general.metadataUpdated', 0),
(2435, 1048585, 71, 2, '2024-05-08 15:20:44', 268435457, 'submission.event.submissionSubmitted', 0),
(2436, 1048585, 71, 2, '2024-05-08 15:21:17', 268435459, 'submission.event.participantAdded', 0),
(2437, 1048585, 71, 2, '2024-05-08 15:21:33', 805306371, 'log.editor.decision', 0),
(2438, 515, 321, 2, '2024-05-08 15:21:33', 1342177281, 'submission.event.fileUploaded', 0),
(2439, 1048585, 71, 2, '2024-05-08 15:21:33', 1342177288, 'submission.event.fileRevised', 0),
(2440, 515, 322, 2, '2024-05-08 15:21:33', 1342177281, 'submission.event.fileUploaded', 0),
(2441, 1048585, 71, 2, '2024-05-08 15:21:33', 1342177288, 'submission.event.fileRevised', 0),
(2442, 1048585, 71, 2, '2024-05-08 15:22:05', 805306371, 'log.editor.decision', 0),
(2443, 515, 323, 2, '2024-05-08 15:22:05', 1342177281, 'submission.event.fileUploaded', 0),
(2444, 1048585, 71, 2, '2024-05-08 15:22:05', 1342177288, 'submission.event.fileRevised', 0),
(2445, 515, 324, 2, '2024-05-08 15:22:06', 1342177281, 'submission.event.fileUploaded', 0),
(2446, 1048585, 71, 2, '2024-05-08 15:22:06', 1342177288, 'submission.event.fileRevised', 0),
(2447, 1048585, 71, 2, '2024-05-08 15:23:49', 268435458, 'submission.event.general.metadataUpdated', 0),
(2448, 1048585, 71, 2, '2024-05-08 15:23:57', 268435474, 'submission.event.publicationFormatCreated', 0),
(2449, 515, 325, 2, '2024-05-08 15:24:48', 1342177281, 'submission.event.fileUploaded', 0),
(2450, 1048585, 71, 2, '2024-05-08 15:24:48', 1342177288, 'submission.event.fileRevised', 0),
(2451, 1048585, 71, 2, '2024-05-08 15:24:52', 268435464, 'submission.event.publicationFormatPublished', 0),
(2452, 1048585, 71, 2, '2024-05-08 15:24:54', 268435476, 'submission.event.publicationFormatMadeAvailable', 0),
(2453, 515, 325, 2, '2024-05-08 15:24:57', 1342177296, 'submission.event.fileEdited', 0),
(2454, 1048585, 71, 2, '2024-05-08 15:24:57', 1342177296, 'submission.event.fileEdited', 0),
(2455, 515, 325, 2, '2024-05-08 15:24:57', 1342177287, 'submission.event.signoffSignoff', 0),
(2456, 1048585, 71, 2, '2024-05-08 15:25:58', 268435474, 'submission.event.publicationFormatCreated', 0),
(2457, 515, 326, 2, '2024-05-08 15:26:05', 1342177281, 'submission.event.fileUploaded', 0),
(2458, 1048585, 71, 2, '2024-05-08 15:26:05', 1342177288, 'submission.event.fileRevised', 0),
(2459, 1048585, 71, 2, '2024-05-08 15:26:08', 268435464, 'submission.event.publicationFormatPublished', 0),
(2460, 1048585, 71, 2, '2024-05-08 15:26:11', 268435476, 'submission.event.publicationFormatMadeAvailable', 0),
(2461, 515, 326, 2, '2024-05-08 15:26:13', 1342177296, 'submission.event.fileEdited', 0),
(2462, 1048585, 71, 2, '2024-05-08 15:26:13', 1342177296, 'submission.event.fileEdited', 0),
(2463, 515, 326, 2, '2024-05-08 15:26:13', 1342177287, 'submission.event.signoffSignoff', 0),
(2464, 1048585, 71, 2, '2024-05-08 15:26:26', 268435462, 'publication.event.published', 0),
(2465, 1048585, 72, 2, '2024-05-08 15:31:38', 268435458, 'submission.event.general.metadataUpdated', 0),
(2466, 1048585, 72, 2, '2024-05-08 15:31:38', 268435458, 'submission.event.general.metadataUpdated', 0),
(2467, 515, 327, 2, '2024-05-08 15:35:44', 1342177281, 'submission.event.fileUploaded', 0),
(2468, 1048585, 72, 2, '2024-05-08 15:35:44', 1342177288, 'submission.event.fileRevised', 0),
(2469, 515, 327, 2, '2024-05-08 15:35:48', 1342177296, 'submission.event.fileEdited', 0),
(2470, 1048585, 72, 2, '2024-05-08 15:35:48', 1342177296, 'submission.event.fileEdited', 0),
(2471, 515, 328, 2, '2024-05-08 15:36:33', 1342177281, 'submission.event.fileUploaded', 0),
(2472, 1048585, 72, 2, '2024-05-08 15:36:33', 1342177288, 'submission.event.fileRevised', 0),
(2473, 515, 328, 2, '2024-05-08 15:36:37', 1342177296, 'submission.event.fileEdited', 0),
(2474, 1048585, 72, 2, '2024-05-08 15:36:37', 1342177296, 'submission.event.fileEdited', 0),
(2475, 1048585, 72, 2, '2024-05-08 15:37:24', 268435458, 'submission.event.general.metadataUpdated', 0),
(2476, 1048585, 72, 2, '2024-05-08 15:37:29', 268435457, 'submission.event.submissionSubmitted', 0),
(2477, 1048585, 72, 2, '2024-05-08 15:37:47', 268435459, 'submission.event.participantAdded', 0),
(2478, 1048585, 72, 2, '2024-05-08 15:37:56', 805306371, 'log.editor.decision', 0),
(2479, 515, 329, 2, '2024-05-08 15:37:56', 1342177281, 'submission.event.fileUploaded', 0),
(2480, 1048585, 72, 2, '2024-05-08 15:37:56', 1342177288, 'submission.event.fileRevised', 0),
(2481, 515, 330, 2, '2024-05-08 15:37:56', 1342177281, 'submission.event.fileUploaded', 0),
(2482, 1048585, 72, 2, '2024-05-08 15:37:56', 1342177288, 'submission.event.fileRevised', 0),
(2483, 1048585, 72, 2, '2024-05-08 15:38:12', 805306371, 'log.editor.decision', 0),
(2484, 515, 331, 2, '2024-05-08 15:38:12', 1342177281, 'submission.event.fileUploaded', 0),
(2485, 1048585, 72, 2, '2024-05-08 15:38:12', 1342177288, 'submission.event.fileRevised', 0),
(2486, 515, 332, 2, '2024-05-08 15:38:12', 1342177281, 'submission.event.fileUploaded', 0),
(2487, 1048585, 72, 2, '2024-05-08 15:38:12', 1342177288, 'submission.event.fileRevised', 0),
(2488, 1048585, 72, 2, '2024-05-08 15:39:22', 268435458, 'submission.event.general.metadataUpdated', 0),
(2489, 1048585, 72, 2, '2024-05-08 15:40:08', 268435474, 'submission.event.publicationFormatCreated', 0),
(2490, 515, 333, 2, '2024-05-08 15:41:02', 1342177281, 'submission.event.fileUploaded', 0),
(2491, 1048585, 72, 2, '2024-05-08 15:41:02', 1342177288, 'submission.event.fileRevised', 0),
(2492, 1048585, 72, 2, '2024-05-08 15:41:06', 268435464, 'submission.event.publicationFormatPublished', 0),
(2493, 1048585, 72, 2, '2024-05-08 15:41:08', 268435476, 'submission.event.publicationFormatMadeAvailable', 0),
(2494, 515, 333, 2, '2024-05-08 15:41:10', 1342177296, 'submission.event.fileEdited', 0),
(2495, 1048585, 72, 2, '2024-05-08 15:41:10', 1342177296, 'submission.event.fileEdited', 0),
(2496, 515, 333, 2, '2024-05-08 15:41:10', 1342177287, 'submission.event.signoffSignoff', 0),
(2497, 1048585, 72, 2, '2024-05-08 15:41:20', 268435474, 'submission.event.publicationFormatCreated', 0),
(2498, 515, 334, 2, '2024-05-08 15:41:27', 1342177281, 'submission.event.fileUploaded', 0),
(2499, 1048585, 72, 2, '2024-05-08 15:41:27', 1342177288, 'submission.event.fileRevised', 0),
(2500, 1048585, 72, 2, '2024-05-08 15:41:30', 268435464, 'submission.event.publicationFormatPublished', 0),
(2501, 1048585, 72, 2, '2024-05-08 15:41:32', 268435476, 'submission.event.publicationFormatMadeAvailable', 0),
(2502, 515, 334, 2, '2024-05-08 15:41:34', 1342177296, 'submission.event.fileEdited', 0),
(2503, 1048585, 72, 2, '2024-05-08 15:41:34', 1342177296, 'submission.event.fileEdited', 0),
(2504, 515, 334, 2, '2024-05-08 15:41:35', 1342177287, 'submission.event.signoffSignoff', 0),
(2505, 1048585, 72, 2, '2024-05-08 15:41:41', 268435462, 'publication.event.published', 0),
(2506, 1048585, 73, 2, '2024-05-08 16:27:53', 268435458, 'submission.event.general.metadataUpdated', 0),
(2507, 1048585, 73, 2, '2024-05-08 16:27:53', 268435458, 'submission.event.general.metadataUpdated', 0),
(2508, 515, 335, 2, '2024-05-08 16:28:02', 1342177281, 'submission.event.fileUploaded', 0),
(2509, 1048585, 73, 2, '2024-05-08 16:28:02', 1342177288, 'submission.event.fileRevised', 0),
(2510, 515, 335, 2, '2024-05-08 16:28:09', 1342177296, 'submission.event.fileEdited', 0),
(2511, 1048585, 73, 2, '2024-05-08 16:28:09', 1342177296, 'submission.event.fileEdited', 0),
(2512, 515, 336, 2, '2024-05-08 16:28:09', 1342177281, 'submission.event.fileUploaded', 0),
(2513, 1048585, 73, 2, '2024-05-08 16:28:09', 1342177288, 'submission.event.fileRevised', 0),
(2514, 515, 336, 2, '2024-05-08 16:28:11', 1342177296, 'submission.event.fileEdited', 0),
(2515, 1048585, 73, 2, '2024-05-08 16:28:11', 1342177296, 'submission.event.fileEdited', 0),
(2516, 1048585, 74, 2, '2024-06-12 21:15:28', 268435458, 'submission.event.general.metadataUpdated', 0),
(2517, 1048585, 74, 2, '2024-06-12 21:15:28', 268435458, 'submission.event.general.metadataUpdated', 0),
(2518, 515, 337, 2, '2024-06-12 21:16:15', 1342177281, 'submission.event.fileUploaded', 0),
(2519, 1048585, 74, 2, '2024-06-12 21:16:15', 1342177288, 'submission.event.fileRevised', 0),
(2520, 515, 337, 2, '2024-06-12 21:16:33', 1342177296, 'submission.event.fileEdited', 0),
(2521, 1048585, 74, 2, '2024-06-12 21:16:33', 1342177296, 'submission.event.fileEdited', 0),
(2522, 1048585, 75, 2, '2024-06-13 19:41:47', 268435458, 'submission.event.general.metadataUpdated', 0),
(2523, 1048585, 75, 2, '2024-06-13 19:41:48', 268435458, 'submission.event.general.metadataUpdated', 0),
(2524, 515, 338, 2, '2024-06-13 19:43:27', 1342177281, 'submission.event.fileUploaded', 0),
(2525, 1048585, 75, 2, '2024-06-13 19:43:27', 1342177288, 'submission.event.fileRevised', 0),
(2526, 515, 338, 2, '2024-06-13 19:43:33', 1342177296, 'submission.event.fileEdited', 0),
(2527, 1048585, 75, 2, '2024-06-13 19:43:33', 1342177296, 'submission.event.fileEdited', 0),
(2528, 515, 339, 2, '2024-06-13 19:43:43', 1342177281, 'submission.event.fileUploaded', 0),
(2529, 1048585, 75, 2, '2024-06-13 19:43:43', 1342177288, 'submission.event.fileRevised', 0),
(2530, 515, 339, 2, '2024-06-13 19:43:53', 1342177296, 'submission.event.fileEdited', 0),
(2531, 1048585, 75, 2, '2024-06-13 19:43:53', 1342177296, 'submission.event.fileEdited', 0),
(2532, 1048585, 76, 2, '2024-06-17 20:21:04', 268435458, 'submission.event.general.metadataUpdated', 0),
(2533, 1048585, 76, 2, '2024-06-17 20:21:04', 268435458, 'submission.event.general.metadataUpdated', 0),
(2534, 515, 340, 2, '2024-06-17 20:22:08', 1342177281, 'submission.event.fileUploaded', 0),
(2535, 1048585, 76, 2, '2024-06-17 20:22:08', 1342177288, 'submission.event.fileRevised', 0),
(2536, 515, 340, 2, '2024-06-17 20:22:22', 1342177296, 'submission.event.fileEdited', 0),
(2537, 1048585, 76, 2, '2024-06-17 20:22:22', 1342177296, 'submission.event.fileEdited', 0),
(2538, 1048585, 76, 2, '2024-06-17 20:27:44', 268435458, 'submission.event.general.metadataUpdated', 0),
(2539, 1048585, 76, 2, '2024-06-17 20:29:20', 268435458, 'submission.event.general.metadataUpdated', 0),
(2540, 1048585, 76, 2, '2024-06-17 20:29:27', 268435457, 'submission.event.submissionSubmitted', 0),
(2541, 515, 340, 2, '2024-06-17 20:31:47', 1342177288, 'submission.event.revisionUploaded', 0),
(2542, 1048585, 76, 2, '2024-06-17 20:31:47', 1342177288, 'submission.event.revisionUploaded', 0),
(2543, 515, 340, 2, '2024-06-17 20:33:11', 1342177296, 'submission.event.fileEdited', 0),
(2544, 1048585, 76, 2, '2024-06-17 20:33:11', 1342177296, 'submission.event.fileEdited', 0),
(2545, 1048585, 76, 2, '2024-06-17 20:33:51', 268435458, 'submission.event.general.metadataUpdated', 0),
(2546, 1048585, 76, 2, '2024-06-17 20:35:06', 268435458, 'submission.event.general.metadataUpdated', 0),
(2547, 1048585, 76, 2, '2024-06-17 20:37:11', 268435458, 'submission.event.general.metadataUpdated', 0),
(2548, 1048585, 76, 2, '2024-06-17 20:37:32', 268435458, 'submission.event.general.metadataUpdated', 0),
(2549, 1048585, 76, 2, '2024-06-17 20:43:25', 268435459, 'submission.event.participantAdded', 0),
(2550, 1048585, 76, 2, '2024-06-17 20:44:32', 805306371, 'log.editor.decision', 0),
(2551, 515, 341, 2, '2024-06-17 20:44:32', 1342177281, 'submission.event.fileUploaded', 0),
(2552, 1048585, 76, 2, '2024-06-17 20:44:32', 1342177288, 'submission.event.fileRevised', 0),
(2553, 1048585, 76, 2, '2024-06-17 20:44:55', 805306371, 'log.editor.decision', 0),
(2554, 1048585, 76, 2, '2024-06-17 20:45:59', 268435458, 'submission.event.general.metadataUpdated', 0),
(2555, 1048585, 76, 2, '2024-06-17 20:46:21', 268435462, 'publication.event.published', 0),
(2556, 1048585, 76, 2, '2024-06-17 20:49:05', 268435463, 'publication.event.unpublished', 0),
(2557, 515, 342, 2, '2024-06-17 20:49:55', 1342177281, 'submission.event.fileUploaded', 0),
(2558, 1048585, 76, 2, '2024-06-17 20:49:55', 1342177288, 'submission.event.fileRevised', 0),
(2559, 515, 342, 2, '2024-06-17 20:50:27', 1342177296, 'submission.event.fileEdited', 0),
(2560, 1048585, 76, 2, '2024-06-17 20:50:27', 1342177296, 'submission.event.fileEdited', 0),
(2561, 1048585, 76, 2, '2024-06-17 20:50:47', 268435462, 'publication.event.published', 0),
(2562, 515, 342, 2, '2024-06-17 20:51:40', 1342177288, 'submission.event.revisionUploaded', 0),
(2563, 1048585, 76, 2, '2024-06-17 20:51:40', 1342177288, 'submission.event.revisionUploaded', 0),
(2564, 515, 342, 2, '2024-06-17 20:51:44', 1342177296, 'submission.event.fileEdited', 0),
(2565, 1048585, 76, 2, '2024-06-17 20:51:44', 1342177296, 'submission.event.fileEdited', 0),
(2566, 1048585, 76, 2, '2024-06-17 20:52:12', 268435463, 'publication.event.unpublished', 0),
(2567, 515, 340, 2, '2024-06-17 20:53:23', 1342177288, 'submission.event.revisionUploaded', 0),
(2568, 1048585, 76, 2, '2024-06-17 20:53:23', 1342177288, 'submission.event.revisionUploaded', 0),
(2569, 515, 340, 2, '2024-06-17 20:53:27', 1342177296, 'submission.event.fileEdited', 0),
(2570, 1048585, 76, 2, '2024-06-17 20:53:27', 1342177296, 'submission.event.fileEdited', 0),
(2571, 515, 341, 2, '2024-06-17 20:57:01', 1342177296, 'submission.event.fileEdited', 0),
(2572, 1048585, 76, 2, '2024-06-17 20:57:01', 1342177296, 'submission.event.fileEdited', 0),
(2573, 1048585, 76, 2, '2024-06-17 20:57:07', 268435462, 'publication.event.published', 0),
(2574, 1048585, 76, 2, '2024-06-17 20:57:29', 268435463, 'publication.event.unpublished', 0),
(2575, 515, 341, 2, '2024-06-17 20:57:53', 1342177296, 'submission.event.fileEdited', 0),
(2576, 1048585, 76, 2, '2024-06-17 20:57:53', 1342177296, 'submission.event.fileEdited', 0),
(2577, 515, 341, 2, '2024-06-17 20:58:43', 1342177288, 'submission.event.revisionUploaded', 0),
(2578, 1048585, 76, 2, '2024-06-17 20:58:43', 1342177288, 'submission.event.revisionUploaded', 0),
(2579, 515, 341, 2, '2024-06-17 20:58:47', 1342177296, 'submission.event.fileEdited', 0),
(2580, 1048585, 76, 2, '2024-06-17 20:58:47', 1342177296, 'submission.event.fileEdited', 0),
(2581, 515, 343, 2, '2024-06-17 20:59:00', 1342177281, 'submission.event.fileUploaded', 0),
(2582, 1048585, 76, 2, '2024-06-17 20:59:00', 1342177288, 'submission.event.fileRevised', 0),
(2583, 1048585, 76, 2, '2024-06-17 20:59:10', 268435462, 'publication.event.published', 0),
(2584, 1048585, 76, 2, '2024-06-17 21:01:31', 268435463, 'publication.event.unpublished', 0),
(2585, 515, 342, 2, '2024-06-17 21:02:10', 1342177288, 'submission.event.revisionUploaded', 0),
(2586, 1048585, 76, 2, '2024-06-17 21:02:10', 1342177288, 'submission.event.revisionUploaded', 0),
(2587, 515, 342, 2, '2024-06-17 21:02:19', 1342177296, 'submission.event.fileEdited', 0),
(2588, 1048585, 76, 2, '2024-06-17 21:02:19', 1342177296, 'submission.event.fileEdited', 0),
(2589, 515, 340, 2, '2024-06-17 21:04:59', 1342177296, 'submission.event.fileEdited', 0),
(2590, 1048585, 76, 2, '2024-06-17 21:05:00', 1342177296, 'submission.event.fileEdited', 0),
(2591, 515, 344, 2, '2024-06-17 21:06:25', 1342177281, 'submission.event.fileUploaded', 0),
(2592, 1048585, 76, 2, '2024-06-17 21:06:25', 1342177288, 'submission.event.fileRevised', 0),
(2593, 1048585, 76, 2, '2024-06-17 21:06:38', 268435462, 'publication.event.published', 0),
(2594, 1048585, 76, 2, '2024-06-17 21:10:18', 268435463, 'publication.event.unpublished', 0),
(2595, 1048585, 77, 2, '2024-06-17 21:10:50', 268435458, 'submission.event.general.metadataUpdated', 0),
(2596, 1048585, 77, 2, '2024-06-17 21:10:50', 268435458, 'submission.event.general.metadataUpdated', 0),
(2597, 515, 345, 2, '2024-06-17 21:11:16', 1342177281, 'submission.event.fileUploaded', 0),
(2598, 1048585, 77, 2, '2024-06-17 21:11:16', 1342177288, 'submission.event.fileRevised', 0),
(2599, 515, 345, 2, '2024-06-17 21:11:20', 1342177296, 'submission.event.fileEdited', 0),
(2600, 1048585, 77, 2, '2024-06-17 21:11:20', 1342177296, 'submission.event.fileEdited', 0),
(2601, 515, 346, 2, '2024-06-17 21:11:28', 1342177281, 'submission.event.fileUploaded', 0),
(2602, 1048585, 77, 2, '2024-06-17 21:11:29', 1342177288, 'submission.event.fileRevised', 0),
(2603, 515, 346, 2, '2024-06-17 21:11:31', 1342177296, 'submission.event.fileEdited', 0),
(2604, 1048585, 77, 2, '2024-06-17 21:11:31', 1342177296, 'submission.event.fileEdited', 0),
(2605, 1048585, 77, 2, '2024-06-17 21:13:26', 268435458, 'submission.event.general.metadataUpdated', 0),
(2606, 1048585, 77, 2, '2024-06-17 21:13:30', 268435457, 'submission.event.submissionSubmitted', 0),
(2607, 1048585, 77, 2, '2024-06-17 21:13:49', 268435459, 'submission.event.participantAdded', 0),
(2608, 1048585, 77, 2, '2024-06-17 21:14:22', 805306371, 'log.editor.decision', 0),
(2609, 515, 347, 2, '2024-06-17 21:14:22', 1342177281, 'submission.event.fileUploaded', 0),
(2610, 1048585, 77, 2, '2024-06-17 21:14:22', 1342177288, 'submission.event.fileRevised', 0),
(2611, 515, 348, 2, '2024-06-17 21:14:22', 1342177281, 'submission.event.fileUploaded', 0),
(2612, 1048585, 77, 2, '2024-06-17 21:14:22', 1342177288, 'submission.event.fileRevised', 0),
(2613, 1048585, 77, 2, '2024-06-17 21:14:43', 805306371, 'log.editor.decision', 0),
(2614, 515, 349, 2, '2024-06-17 21:14:43', 1342177281, 'submission.event.fileUploaded', 0),
(2615, 1048585, 77, 2, '2024-06-17 21:14:43', 1342177288, 'submission.event.fileRevised', 0),
(2616, 515, 350, 2, '2024-06-17 21:14:43', 1342177281, 'submission.event.fileUploaded', 0),
(2617, 1048585, 77, 2, '2024-06-17 21:14:44', 1342177288, 'submission.event.fileRevised', 0),
(2618, 1048585, 77, 2, '2024-06-17 21:15:08', 268435458, 'submission.event.general.metadataUpdated', 0),
(2619, 1048585, 77, 2, '2024-06-17 21:17:11', 268435458, 'submission.event.general.metadataUpdated', 0),
(2620, 1048585, 77, 2, '2024-06-17 21:17:15', 268435462, 'publication.event.published', 0),
(2621, 1048585, 77, 2, '2024-06-17 21:17:53', 268435463, 'publication.event.unpublished', 0),
(2622, 515, 351, 2, '2024-06-17 21:18:30', 1342177281, 'submission.event.fileUploaded', 0),
(2623, 1048585, 77, 2, '2024-06-17 21:18:30', 1342177288, 'submission.event.fileRevised', 0),
(2624, 515, 352, 2, '2024-06-17 21:18:30', 1342177281, 'submission.event.fileUploaded', 0),
(2625, 1048585, 77, 2, '2024-06-17 21:18:30', 1342177288, 'submission.event.fileRevised', 0),
(2626, 515, 353, 2, '2024-06-17 21:18:43', 1342177281, 'submission.event.fileUploaded', 0),
(2627, 1048585, 77, 2, '2024-06-17 21:18:43', 1342177288, 'submission.event.fileRevised', 0),
(2628, 515, 354, 2, '2024-06-17 21:18:43', 1342177281, 'submission.event.fileUploaded', 0),
(2629, 1048585, 77, 2, '2024-06-17 21:18:43', 1342177288, 'submission.event.fileRevised', 0),
(2630, 1048585, 77, 2, '2024-06-17 21:19:10', 268435462, 'publication.event.published', 0),
(2631, 1048585, 77, 2, '2024-06-17 21:23:42', 268435463, 'publication.event.unpublished', 0),
(2632, 1048585, 77, 2, '2024-06-17 21:25:09', 16777217, 'informationCenter.history.messageSent', 0),
(2633, 1048585, 77, 2, '2024-06-17 21:25:09', 268435459, 'submission.event.participantAdded', 0),
(2634, 1048585, 77, 2, '2024-06-17 21:25:54', 268435462, 'publication.event.published', 0),
(2635, 1048585, 77, 2, '2024-06-17 21:26:06', 268435463, 'publication.event.unpublished', 0),
(2636, 1048585, 77, 2, '2024-06-17 21:27:57', 268435474, 'submission.event.publicationFormatCreated', 0),
(2637, 515, 355, 2, '2024-06-17 21:28:04', 1342177281, 'submission.event.fileUploaded', 0),
(2638, 1048585, 77, 2, '2024-06-17 21:28:04', 1342177288, 'submission.event.fileRevised', 0),
(2639, 1048585, 77, 2, '2024-06-17 21:28:15', 268435464, 'submission.event.publicationFormatPublished', 0),
(2640, 515, 355, 2, '2024-06-17 21:28:20', 1342177296, 'submission.event.fileEdited', 0),
(2641, 1048585, 77, 2, '2024-06-17 21:28:20', 1342177296, 'submission.event.fileEdited', 0),
(2642, 515, 355, 2, '2024-06-17 21:28:20', 1342177287, 'submission.event.signoffSignoff', 0),
(2643, 1048585, 77, 2, '2024-06-17 21:28:48', 268435474, 'submission.event.publicationFormatCreated', 0),
(2644, 515, 356, 2, '2024-06-17 21:28:57', 1342177281, 'submission.event.fileUploaded', 0),
(2645, 1048585, 77, 2, '2024-06-17 21:28:57', 1342177288, 'submission.event.fileRevised', 0),
(2646, 515, 356, 2, '2024-06-17 21:29:02', 1342177296, 'submission.event.fileEdited', 0),
(2647, 1048585, 77, 2, '2024-06-17 21:29:02', 1342177296, 'submission.event.fileEdited', 0),
(2648, 515, 356, 2, '2024-06-17 21:29:02', 1342177287, 'submission.event.signoffSignoff', 0),
(2649, 1048585, 77, 2, '2024-06-17 21:29:05', 268435464, 'submission.event.publicationFormatPublished', 0),
(2650, 1048585, 77, 2, '2024-06-17 21:29:30', 268435462, 'publication.event.published', 0),
(2651, 1048585, 77, 2, '2024-06-17 21:29:52', 268435463, 'publication.event.unpublished', 0),
(2652, 1048585, 77, 2, '2024-06-17 21:29:59', 268435476, 'submission.event.publicationFormatMadeAvailable', 0),
(2653, 1048585, 77, 2, '2024-06-17 21:30:02', 268435476, 'submission.event.publicationFormatMadeAvailable', 0),
(2654, 1048585, 77, 2, '2024-06-17 21:30:07', 268435462, 'publication.event.published', 0),
(2655, 1048585, 77, 2, '2024-06-17 21:32:00', 268435463, 'publication.event.unpublished', 0),
(2656, 1048585, 77, 2, '2024-06-17 21:32:27', 268435462, 'publication.event.published', 0),
(2657, 1048585, 77, 2, '2024-06-17 21:32:42', 268435463, 'publication.event.unpublished', 0),
(2658, 1048585, 77, 2, '2024-06-17 21:33:29', 268435458, 'submission.event.general.metadataUpdated', 0),
(2659, 1048585, 77, 2, '2024-06-17 21:33:31', 268435462, 'publication.event.published', 0);
