INSERT INTO `metrics` (`load_id`, `context_id`, `pkp_section_id`, `assoc_object_type`, `assoc_object_id`, `submission_id`, `representation_id`, `assoc_type`, `assoc_id`, `day`, `month`, `file_type`, `country_id`, `region`, `city`, `metric_type`, `metric`) VALUES
('usage_events_20250505.log', 1, 3, NULL, NULL, 21, 31, 515, 95, '20250505', '202505', 2, NULL, NULL, NULL, 'omp::counter', 1),
('usage_events_20250505.log', 1, NULL, NULL, NULL, 76, 96, 515, 358, '20250505', '202505', 3, NULL, NULL, NULL, 'omp::counter', 2),
('usage_events_20250505.log', 1, 1, NULL, NULL, NULL, NULL, 530, 1, '20250505', '202505', NULL, NULL, NULL, NULL, 'omp::counter', 1),
('usage_events_20250505.log', 1, 3, NULL, NULL, NULL, NULL, 530, 3, '20250505', '202505', NULL, NULL, NULL, NULL, 'omp::counter', 1),
('usage_events_20250505.log', 1, 3, NULL, NULL, 42, NULL, 1048585, 42, '20250505', '202505', NULL, NULL, NULL, NULL, 'omp::counter', 2),
('usage_events_20250505.log', 1, 3, NULL, NULL, 61, NULL, 1048585, 61, '20250505', '202505', NULL, NULL, NULL, NULL, 'omp::counter', 2),
('usage_events_20250505.log', 1, 3, NULL, NULL, 66, NULL, 1048585, 66, '20250505', '202505', NULL, NULL, NULL, NULL, 'omp::counter', 1),
('usage_events_20250506.log', 1, NULL, NULL, NULL, NULL, NULL, 512, 1, '20250506', '202505', NULL, NULL, NULL, NULL, 'omp::counter', 41),
('usage_events_20250506.log', 1, 3, NULL, NULL, 25, 35, 515, 111, '20250506', '202505', 2, NULL, NULL, NULL, 'omp::counter', 2),
('usage_events_20250506.log', 1, 3, NULL, NULL, NULL, NULL, 530, 3, '20250506', '202505', NULL, NULL, NULL, NULL, 'omp::counter', 2),
('usage_events_20250506.log', 1, 1, NULL, NULL, 2, NULL, 1048585, 2, '20250506', '202505', NULL, NULL, NULL, NULL, 'omp::counter', 1),
('usage_events_20250506.log', 1, 2, NULL, NULL, 8, NULL, 1048585, 8, '20250506', '202505', NULL, NULL, NULL, NULL, 'omp::counter', 2),
('usage_events_20250506.log', 1, 1, NULL, NULL, 9, NULL, 1048585, 9, '20250506', '202505', NULL, NULL, NULL, NULL, 'omp::counter', 1),
('usage_events_20250506.log', 1, 2, NULL, NULL, 19, NULL, 1048585, 19, '20250506', '202505', NULL, NULL, NULL, NULL, 'omp::counter', 1),
('usage_events_20250506.log', 1, 3, NULL, NULL, 22, NULL, 1048585, 22, '20250506', '202505', NULL, NULL, NULL, NULL, 'omp::counter', 1),
('usage_events_20250506.log', 1, 3, NULL, NULL, 25, NULL, 1048585, 25, '20250506', '202505', NULL, NULL, NULL, NULL, 'omp::counter', 2),
('usage_events_20250506.log', 1, 3, NULL, NULL, 29, NULL, 1048585, 29, '20250506', '202505', NULL, NULL, NULL, NULL, 'omp::counter', 1),
('usage_events_20250506.log', 1, 3, NULL, NULL, 42, NULL, 1048585, 42, '20250506', '202505', NULL, NULL, NULL, NULL, 'omp::counter', 2),
('usage_events_20250506.log', 1, 3, NULL, NULL, 48, NULL, 1048585, 48, '20250506', '202505', NULL, NULL, NULL, NULL, 'omp::counter', 1),
('usage_events_20250506.log', 1, 3, NULL, NULL, 61, NULL, 1048585, 61, '20250506', '202505', NULL, NULL, NULL, NULL, 'omp::counter', 2),
('usage_events_20250506.log', 1, 3, NULL, NULL, 65, NULL, 1048585, 65, '20250506', '202505', NULL, NULL, NULL, NULL, 'omp::counter', 1),
('usage_events_20250506.log', 1, NULL, NULL, NULL, 76, NULL, 1048585, 76, '20250506', '202505', NULL, NULL, NULL, NULL, 'omp::counter', 2),
('usage_events_20250506.log', 1, NULL, NULL, NULL, 77, NULL, 1048585, 77, '20250506', '202505', NULL, NULL, NULL, NULL, 'omp::counter', 1),
('usage_events_20250507.log', 1, NULL, NULL, NULL, NULL, NULL, 512, 1, '20250507', '202505', NULL, NULL, NULL, NULL, 'omp::counter', 54),
('usage_events_20250507.log', 1, 1, NULL, NULL, 12, 13, 515, 50, '20250507', '202505', 2, NULL, NULL, NULL, 'omp::counter', 2),
('usage_events_20250507.log', 1, 2, NULL, NULL, 19, 20, 515, 78, '20250507', '202505', 2, NULL, NULL, NULL, 'omp::counter', 2),
('usage_events_20250507.log', 1, 3, NULL, NULL, 21, 31, 515, 95, '20250507', '202505', 2, NULL, NULL, NULL, 'omp::counter', 4),
('usage_events_20250507.log', 1, 3, NULL, NULL, 35, 45, 515, 148, '20250507', '202505', 2, NULL, NULL, NULL, 'omp::counter', 3),
('usage_events_20250507.log', 1, 3, NULL, NULL, 48, 58, 515, 196, '20250507', '202505', 2, NULL, NULL, NULL, 'omp::counter', 1),
('usage_events_20250507.log', 1, 3, NULL, NULL, 50, 60, 515, 204, '20250507', '202505', 2, NULL, NULL, NULL, 'omp::counter', 1),
('usage_events_20250507.log', 1, 3, NULL, NULL, 59, 69, 515, 240, '20250507', '202505', 2, NULL, NULL, NULL, 'omp::counter', 1),
('usage_events_20250507.log', 1, NULL, NULL, NULL, 76, 95, 515, 357, '20250507', '202505', 2, NULL, NULL, NULL, 'omp::counter', 2),
('usage_events_20250507.log', 1, 1, NULL, NULL, NULL, NULL, 530, 1, '20250507', '202505', NULL, NULL, NULL, NULL, 'omp::counter', 1),
('usage_events_20250507.log', 1, 4, NULL, NULL, NULL, NULL, 530, 4, '20250507', '202505', NULL, NULL, NULL, NULL, 'omp::counter', 1),
('usage_events_20250507.log', 1, 1, NULL, NULL, 12, NULL, 1048585, 12, '20250507', '202505', NULL, NULL, NULL, NULL, 'omp::counter', 2),
('usage_events_20250507.log', 1, 2, NULL, NULL, 19, NULL, 1048585, 19, '20250507', '202505', NULL, NULL, NULL, NULL, 'omp::counter', 1),
('usage_events_20250507.log', 1, 3, NULL, NULL, 21, NULL, 1048585, 21, '20250507', '202505', NULL, NULL, NULL, NULL, 'omp::counter', 3),
('usage_events_20250507.log', 1, 3, NULL, NULL, 22, NULL, 1048585, 22, '20250507', '202505', NULL, NULL, NULL, NULL, 'omp::counter', 1),
('usage_events_20250507.log', 1, 3, NULL, NULL, 29, NULL, 1048585, 29, '20250507', '202505', NULL, NULL, NULL, NULL, 'omp::counter', 1),
('usage_events_20250507.log', 1, 3, NULL, NULL, 30, NULL, 1048585, 30, '20250507', '202505', NULL, NULL, NULL, NULL, 'omp::counter', 1),
('usage_events_20250507.log', 1, 3, NULL, NULL, 35, NULL, 1048585, 35, '20250507', '202505', NULL, NULL, NULL, NULL, 'omp::counter', 3),
('usage_events_20250507.log', 1, 3, NULL, NULL, 36, NULL, 1048585, 36, '20250507', '202505', NULL, NULL, NULL, NULL, 'omp::counter', 1),
('usage_events_20250507.log', 1, 3, NULL, NULL, 42, NULL, 1048585, 42, '20250507', '202505', NULL, NULL, NULL, NULL, 'omp::counter', 2),
('usage_events_20250507.log', 1, 3, NULL, NULL, 44, NULL, 1048585, 44, '20250507', '202505', NULL, NULL, NULL, NULL, 'omp::counter', 1),
('usage_events_20250507.log', 1, 3, NULL, NULL, 48, NULL, 1048585, 48, '20250507', '202505', NULL, NULL, NULL, NULL, 'omp::counter', 1),
('usage_events_20250507.log', 1, 3, NULL, NULL, 49, NULL, 1048585, 49, '20250507', '202505', NULL, NULL, NULL, NULL, 'omp::counter', 2),
('usage_events_20250507.log', 1, 3, NULL, NULL, 50, NULL, 1048585, 50, '20250507', '202505', NULL, NULL, NULL, NULL, 'omp::counter', 2),
('usage_events_20250507.log', 1, 3, NULL, NULL, 51, NULL, 1048585, 51, '20250507', '202505', NULL, NULL, NULL, NULL, 'omp::counter', 1),
('usage_events_20250507.log', 1, 3, NULL, NULL, 54, NULL, 1048585, 54, '20250507', '202505', NULL, NULL, NULL, NULL, 'omp::counter', 2),
('usage_events_20250507.log', 1, 3, NULL, NULL, 58, NULL, 1048585, 58, '20250507', '202505', NULL, NULL, NULL, NULL, 'omp::counter', 1),
('usage_events_20250507.log', 1, 3, NULL, NULL, 59, NULL, 1048585, 59, '20250507', '202505', NULL, NULL, NULL, NULL, 'omp::counter', 1),
('usage_events_20250507.log', 1, 3, NULL, NULL, 61, NULL, 1048585, 61, '20250507', '202505', NULL, NULL, NULL, NULL, 'omp::counter', 2),
('usage_events_20250507.log', 1, NULL, NULL, NULL, 76, NULL, 1048585, 76, '20250507', '202505', NULL, NULL, NULL, NULL, 'omp::counter', 3),
('usage_events_20250508.log', 1, NULL, NULL, NULL, NULL, NULL, 512, 1, '20250508', '202505', NULL, NULL, NULL, NULL, 'omp::counter', 48),
('usage_events_20250508.log', 1, 3, NULL, NULL, 21, 31, 515, 95, '20250508', '202505', 2, NULL, NULL, NULL, 'omp::counter', 2),
('usage_events_20250508.log', 1, 3, NULL, NULL, 35, 45, 515, 148, '20250508', '202505', 2, NULL, NULL, NULL, 'omp::counter', 1),
('usage_events_20250508.log', 1, 3, NULL, NULL, 45, 55, 515, 187, '20250508', '202505', 2, NULL, NULL, NULL, 'omp::counter', 1),
('usage_events_20250508.log', 1, 3, NULL, NULL, 50, 60, 515, 204, '20250508', '202505', 2, NULL, NULL, NULL, 'omp::counter', 1),
('usage_events_20250508.log', 1, 3, NULL, NULL, 21, NULL, 1048585, 21, '20250508', '202505', NULL, NULL, NULL, NULL, 'omp::counter', 1),
('usage_events_20250508.log', 1, 3, NULL, NULL, 29, NULL, 1048585, 29, '20250508', '202505', NULL, NULL, NULL, NULL, 'omp::counter', 2),
('usage_events_20250508.log', 1, 3, NULL, NULL, 42, NULL, 1048585, 42, '20250508', '202505', NULL, NULL, NULL, NULL, 'omp::counter', 1),
('usage_events_20250508.log', 1, 3, NULL, NULL, 45, NULL, 1048585, 45, '20250508', '202505', NULL, NULL, NULL, NULL, 'omp::counter', 1),
('usage_events_20250508.log', 1, 3, NULL, NULL, 61, NULL, 1048585, 61, '20250508', '202505', NULL, NULL, NULL, NULL, 'omp::counter', 1),
('usage_events_20250508.log', 1, NULL, NULL, NULL, 68, NULL, 1048585, 68, '20250508', '202505', NULL, NULL, NULL, NULL, 'omp::counter', 1),
('usage_events_20250508.log', 1, NULL, NULL, NULL, 77, NULL, 1048585, 77, '20250508', '202505', NULL, NULL, NULL, NULL, 'omp::counter', 1),
('usage_events_20250509.log', 1, NULL, NULL, NULL, NULL, NULL, 512, 1, '20250509', '202505', NULL, NULL, NULL, NULL, 'omp::counter', 41),
('usage_events_20250509.log', 1, 1, NULL, NULL, 9, NULL, 1048585, 9, '20250509', '202505', NULL, NULL, NULL, NULL, 'omp::counter', 1),
('usage_events_20250509.log', 1, 3, NULL, NULL, 42, NULL, 1048585, 42, '20250509', '202505', NULL, NULL, NULL, NULL, 'omp::counter', 2),
('usage_events_20250509.log', 1, 3, NULL, NULL, 43, NULL, 1048585, 43, '20250509', '202505', NULL, NULL, NULL, NULL, 'omp::counter', 2),
('usage_events_20250509.log', 1, 3, NULL, NULL, 55, NULL, 1048585, 55, '20250509', '202505', NULL, NULL, NULL, NULL, 'omp::counter', 3),
('usage_events_20250509.log', 1, 3, NULL, NULL, 58, NULL, 1048585, 58, '20250509', '202505', NULL, NULL, NULL, NULL, 'omp::counter', 1),
('usage_events_20250509.log', 1, 3, NULL, NULL, 61, NULL, 1048585, 61, '20250509', '202505', NULL, NULL, NULL, NULL, 'omp::counter', 2),
('usage_events_20250509.log', 1, NULL, NULL, NULL, 68, NULL, 1048585, 68, '20250509', '202505', NULL, NULL, NULL, NULL, 'omp::counter', 2),
('usage_events_20250510.log', 1, NULL, NULL, NULL, NULL, NULL, 512, 1, '20250510', '202505', NULL, NULL, NULL, NULL, 'omp::counter', 44),
('usage_events_20250510.log', 1, 1, NULL, NULL, 9, NULL, 1048585, 9, '20250510', '202505', NULL, NULL, NULL, NULL, 'omp::counter', 1),
('usage_events_20250510.log', 1, 3, NULL, NULL, 35, NULL, 1048585, 35, '20250510', '202505', NULL, NULL, NULL, NULL, 'omp::counter', 1),
('usage_events_20250510.log', 1, 3, NULL, NULL, 42, NULL, 1048585, 42, '20250510', '202505', NULL, NULL, NULL, NULL, 'omp::counter', 2),
('usage_events_20250510.log', 1, 3, NULL, NULL, 48, NULL, 1048585, 48, '20250510', '202505', NULL, NULL, NULL, NULL, 'omp::counter', 2),
('usage_events_20250510.log', 1, 3, NULL, NULL, 49, NULL, 1048585, 49, '20250510', '202505', NULL, NULL, NULL, NULL, 'omp::counter', 1),
('usage_events_20250510.log', 1, 3, NULL, NULL, 61, NULL, 1048585, 61, '20250510', '202505', NULL, NULL, NULL, NULL, 'omp::counter', 2),
('usage_events_20250510.log', 1, 3, NULL, NULL, 65, NULL, 1048585, 65, '20250510', '202505', NULL, NULL, NULL, NULL, 'omp::counter', 1),
('usage_events_20250511.log', 1, NULL, NULL, NULL, NULL, NULL, 512, 1, '20250511', '202505', NULL, NULL, NULL, NULL, 'omp::counter', 37),
('usage_events_20250511.log', 1, 3, NULL, NULL, 21, 31, 515, 95, '20250511', '202505', 2, NULL, NULL, NULL, 'omp::counter', 1),
('usage_events_20250511.log', 1, 3, NULL, NULL, 64, 74, 515, 260, '20250511', '202505', 2, NULL, NULL, NULL, 'omp::counter', 1),
('usage_events_20250511.log', 1, 3, NULL, NULL, 25, NULL, 1048585, 25, '20250511', '202505', NULL, NULL, NULL, NULL, 'omp::counter', 2),
('usage_events_20250512.log', 1, NULL, NULL, NULL, NULL, NULL, 512, 1, '20250512', '202505', NULL, NULL, NULL, NULL, 'omp::counter', 49),
('usage_events_20250512.log', 1, 3, NULL, NULL, 21, 31, 515, 95, '20250512', '202505', 2, NULL, NULL, NULL, 'omp::counter', 1),
('usage_events_20250512.log', 1, 3, NULL, NULL, 48, 58, 515, 196, '20250512', '202505', 2, NULL, NULL, NULL, 'omp::counter', 1),
('usage_events_20250512.log', 1, 3, NULL, NULL, 55, 65, 515, 224, '20250512', '202505', 2, NULL, NULL, NULL, 'omp::counter', 2),
('usage_events_20250512.log', 1, 3, NULL, NULL, 42, NULL, 1048585, 42, '20250512', '202505', NULL, NULL, NULL, NULL, 'omp::counter', 4),
('usage_events_20250512.log', 1, 3, NULL, NULL, 43, NULL, 1048585, 43, '20250512', '202505', NULL, NULL, NULL, NULL, 'omp::counter', 2),
('usage_events_20250512.log', 1, 3, NULL, NULL, 55, NULL, 1048585, 55, '20250512', '202505', NULL, NULL, NULL, NULL, 'omp::counter', 3),
('usage_events_20250512.log', 1, 3, NULL, NULL, 61, NULL, 1048585, 61, '20250512', '202505', NULL, NULL, NULL, NULL, 'omp::counter', 2),
('usage_events_20250512.log', 1, 3, NULL, NULL, 66, NULL, 1048585, 66, '20250512', '202505', NULL, NULL, NULL, NULL, 'omp::counter', 1),
('usage_events_20250512.log', 1, NULL, NULL, NULL, 67, NULL, 1048585, 67, '20250512', '202505', NULL, NULL, NULL, NULL, 'omp::counter', 2),
('usage_events_20250512.log', 1, NULL, NULL, NULL, 76, NULL, 1048585, 76, '20250512', '202505', NULL, NULL, NULL, NULL, 'omp::counter', 1),
('usage_events_20250513.log', 1, NULL, NULL, NULL, NULL, NULL, 512, 1, '20250513', '202505', NULL, NULL, NULL, NULL, 'omp::counter', 42),
('usage_events_20250513.log', 1, 3, NULL, NULL, 21, 31, 515, 95, '20250513', '202505', 2, NULL, NULL, NULL, 'omp::counter', 1),
('usage_events_20250513.log', 1, 3, NULL, NULL, 48, 58, 515, 196, '20250513', '202505', 2, NULL, NULL, NULL, 'omp::counter', 2),
('usage_events_20250513.log', 1, 2, NULL, NULL, NULL, NULL, 530, 2, '20250513', '202505', NULL, NULL, NULL, NULL, 'omp::counter', 1),
('usage_events_20250513.log', 1, 3, NULL, NULL, NULL, NULL, 530, 3, '20250513', '202505', NULL, NULL, NULL, NULL, 'omp::counter', 1),
('usage_events_20250513.log', 1, 3, NULL, NULL, 25, NULL, 1048585, 25, '20250513', '202505', NULL, NULL, NULL, NULL, 'omp::counter', 1),
('usage_events_20250513.log', 1, 3, NULL, NULL, 42, NULL, 1048585, 42, '20250513', '202505', NULL, NULL, NULL, NULL, 'omp::counter', 2),
('usage_events_20250513.log', 1, 3, NULL, NULL, 48, NULL, 1048585, 48, '20250513', '202505', NULL, NULL, NULL, NULL, 'omp::counter', 6),
('usage_events_20250513.log', 1, 3, NULL, NULL, 49, NULL, 1048585, 49, '20250513', '202505', NULL, NULL, NULL, NULL, 'omp::counter', 2),
('usage_events_20250513.log', 1, 3, NULL, NULL, 50, NULL, 1048585, 50, '20250513', '202505', NULL, NULL, NULL, NULL, 'omp::counter', 1),
('usage_events_20250513.log', 1, 3, NULL, NULL, 61, NULL, 1048585, 61, '20250513', '202505', NULL, NULL, NULL, NULL, 'omp::counter', 3),
('usage_events_20250513.log', 1, NULL, NULL, NULL, 67, NULL, 1048585, 67, '20250513', '202505', NULL, NULL, NULL, NULL, 'omp::counter', 2),
('usage_events_20250514.log', 1, NULL, NULL, NULL, NULL, NULL, 512, 1, '20250514', '202505', NULL, NULL, NULL, NULL, 'omp::counter', 42),
('usage_events_20250514.log', 1, 3, NULL, NULL, 64, 74, 515, 260, '20250514', '202505', 2, NULL, NULL, NULL, 'omp::counter', 1),
('usage_events_20250514.log', 1, NULL, NULL, NULL, 69, 85, 515, 309, '20250514', '202505', 2, NULL, NULL, NULL, 'omp::counter', 3),
('usage_events_20250514.log', 1, 3, NULL, NULL, 42, NULL, 1048585, 42, '20250514', '202505', NULL, NULL, NULL, NULL, 'omp::counter', 2),
('usage_events_20250514.log', 1, 3, NULL, NULL, 44, NULL, 1048585, 44, '20250514', '202505', NULL, NULL, NULL, NULL, 'omp::counter', 2),
('usage_events_20250514.log', 1, 3, NULL, NULL, 48, NULL, 1048585, 48, '20250514', '202505', NULL, NULL, NULL, NULL, 'omp::counter', 1),
('usage_events_20250514.log', 1, 3, NULL, NULL, 61, NULL, 1048585, 61, '20250514', '202505', NULL, NULL, NULL, NULL, 'omp::counter', 2),
('usage_events_20250514.log', 1, 3, NULL, NULL, 64, NULL, 1048585, 64, '20250514', '202505', NULL, NULL, NULL, NULL, 'omp::counter', 1),
('usage_events_20250514.log', 1, NULL, NULL, NULL, 69, NULL, 1048585, 69, '20250514', '202505', NULL, NULL, NULL, NULL, 'omp::counter', 1),
('usage_events_20250515.log', 1, NULL, NULL, NULL, NULL, NULL, 512, 1, '20250515', '202505', NULL, NULL, NULL, NULL, 'omp::counter', 37),
('usage_events_20250515.log', 1, 1, NULL, NULL, 12, 13, 515, 50, '20250515', '202505', 2, NULL, NULL, NULL, 'omp::counter', 1),
('usage_events_20250515.log', 1, 3, NULL, NULL, 21, 31, 515, 95, '20250515', '202505', 2, NULL, NULL, NULL, 'omp::counter', 6),
('usage_events_20250515.log', 1, 1, NULL, NULL, 11, NULL, 1048585, 11, '20250515', '202505', NULL, NULL, NULL, NULL, 'omp::counter', 1),
('usage_events_20250515.log', 1, 3, NULL, NULL, 23, NULL, 1048585, 23, '20250515', '202505', NULL, NULL, NULL, NULL, 'omp::counter', 1),
('usage_events_20250515.log', 1, 3, NULL, NULL, 35, NULL, 1048585, 35, '20250515', '202505', NULL, NULL, NULL, NULL, 'omp::counter', 1),
('usage_events_20250515.log', 1, 3, NULL, NULL, 64, NULL, 1048585, 64, '20250515', '202505', NULL, NULL, NULL, NULL, 'omp::counter', 1),
('usage_events_20250516.log', 1, NULL, NULL, NULL, NULL, NULL, 512, 1, '20250516', '202505', NULL, NULL, NULL, NULL, 'omp::counter', 48),
('usage_events_20250516.log', 1, 1, NULL, NULL, 9, 10, 515, 38, '20250516', '202505', 2, NULL, NULL, NULL, 'omp::counter', 1),
('usage_events_20250516.log', 1, 3, NULL, NULL, 21, 31, 515, 95, '20250516', '202505', 2, NULL, NULL, NULL, 'omp::counter', 2),
('usage_events_20250516.log', 1, 3, NULL, NULL, 25, 35, 515, 111, '20250516', '202505', 2, NULL, NULL, NULL, 'omp::counter', 1),
('usage_events_20250516.log', 1, 3, NULL, NULL, 50, 60, 515, 204, '20250516', '202505', 2, NULL, NULL, NULL, 'omp::counter', 1),
('usage_events_20250516.log', 1, 3, NULL, NULL, 55, 65, 515, 224, '20250516', '202505', 2, NULL, NULL, NULL, 'omp::counter', 1),
('usage_events_20250516.log', 1, 2, NULL, NULL, NULL, NULL, 530, 2, '20250516', '202505', NULL, NULL, NULL, NULL, 'omp::counter', 1),
('usage_events_20250516.log', 1, 3, NULL, NULL, NULL, NULL, 530, 3, '20250516', '202505', NULL, NULL, NULL, NULL, 'omp::counter', 1),
('usage_events_20250516.log', 1, 2, NULL, NULL, 6, NULL, 1048585, 6, '20250516', '202505', NULL, NULL, NULL, NULL, 'omp::counter', 1),
('usage_events_20250516.log', 1, 1, NULL, NULL, 9, NULL, 1048585, 9, '20250516', '202505', NULL, NULL, NULL, NULL, 'omp::counter', 1),
('usage_events_20250516.log', 1, 3, NULL, NULL, 25, NULL, 1048585, 25, '20250516', '202505', NULL, NULL, NULL, NULL, 'omp::counter', 3),
('usage_events_20250516.log', 1, 3, NULL, NULL, 42, NULL, 1048585, 42, '20250516', '202505', NULL, NULL, NULL, NULL, 'omp::counter', 2),
('usage_events_20250516.log', 1, 3, NULL, NULL, 48, NULL, 1048585, 48, '20250516', '202505', NULL, NULL, NULL, NULL, 'omp::counter', 1),
('usage_events_20250516.log', 1, 3, NULL, NULL, 55, NULL, 1048585, 55, '20250516', '202505', NULL, NULL, NULL, NULL, 'omp::counter', 2),
('usage_events_20250516.log', 1, 3, NULL, NULL, 61, NULL, 1048585, 61, '20250516', '202505', NULL, NULL, NULL, NULL, 'omp::counter', 2),
('usage_events_20250517.log', 1, NULL, NULL, NULL, NULL, NULL, 512, 1, '20250517', '202505', NULL, NULL, NULL, NULL, 'omp::counter', 43),
('usage_events_20250517.log', 1, 1, NULL, NULL, NULL, NULL, 530, 1, '20250517', '202505', NULL, NULL, NULL, NULL, 'omp::counter', 1),
('usage_events_20250517.log', 1, 2, NULL, NULL, NULL, NULL, 530, 2, '20250517', '202505', NULL, NULL, NULL, NULL, 'omp::counter', 1),
('usage_events_20250517.log', 1, 3, NULL, NULL, NULL, NULL, 530, 3, '20250517', '202505', NULL, NULL, NULL, NULL, 'omp::counter', 2),
('usage_events_20250517.log', 1, 4, NULL, NULL, NULL, NULL, 530, 4, '20250517', '202505', NULL, NULL, NULL, NULL, 'omp::counter', 1),
('usage_events_20250517.log', 1, 1, NULL, NULL, 5, NULL, 1048585, 5, '20250517', '202505', NULL, NULL, NULL, NULL, 'omp::counter', 1),
('usage_events_20250517.log', 1, 2, NULL, NULL, 8, NULL, 1048585, 8, '20250517', '202505', NULL, NULL, NULL, NULL, 'omp::counter', 1),
('usage_events_20250517.log', 1, 1, NULL, NULL, 9, NULL, 1048585, 9, '20250517', '202505', NULL, NULL, NULL, NULL, 'omp::counter', 1),
('usage_events_20250517.log', 1, 1, NULL, NULL, 10, NULL, 1048585, 10, '20250517', '202505', NULL, NULL, NULL, NULL, 'omp::counter', 1),
('usage_events_20250517.log', 1, 1, NULL, NULL, 11, NULL, 1048585, 11, '20250517', '202505', NULL, NULL, NULL, NULL, 'omp::counter', 1),
('usage_events_20250517.log', 1, 1, NULL, NULL, 12, NULL, 1048585, 12, '20250517', '202505', NULL, NULL, NULL, NULL, 'omp::counter', 1),
('usage_events_20250517.log', 1, 1, NULL, NULL, 13, NULL, 1048585, 13, '20250517', '202505', NULL, NULL, NULL, NULL, 'omp::counter', 1),
('usage_events_20250517.log', 1, 2, NULL, NULL, 14, NULL, 1048585, 14, '20250517', '202505', NULL, NULL, NULL, NULL, 'omp::counter', 1),
('usage_events_20250517.log', 1, 2, NULL, NULL, 15, NULL, 1048585, 15, '20250517', '202505', NULL, NULL, NULL, NULL, 'omp::counter', 1),
('usage_events_20250517.log', 1, 2, NULL, NULL, 16, NULL, 1048585, 16, '20250517', '202505', NULL, NULL, NULL, NULL, 'omp::counter', 1),
('usage_events_20250517.log', 1, 2, NULL, NULL, 17, NULL, 1048585, 17, '20250517', '202505', NULL, NULL, NULL, NULL, 'omp::counter', 1),
('usage_events_20250517.log', 1, 2, NULL, NULL, 18, NULL, 1048585, 18, '20250517', '202505', NULL, NULL, NULL, NULL, 'omp::counter', 1),
('usage_events_20250517.log', 1, 2, NULL, NULL, 19, NULL, 1048585, 19, '20250517', '202505', NULL, NULL, NULL, NULL, 'omp::counter', 3),
('usage_events_20250517.log', 1, 2, NULL, NULL, 20, NULL, 1048585, 20, '20250517', '202505', NULL, NULL, NULL, NULL, 'omp::counter', 2),
('usage_events_20250517.log', 1, 3, NULL, NULL, 21, NULL, 1048585, 21, '20250517', '202505', NULL, NULL, NULL, NULL, 'omp::counter', 3),
('usage_events_20250517.log', 1, 3, NULL, NULL, 22, NULL, 1048585, 22, '20250517', '202505', NULL, NULL, NULL, NULL, 'omp::counter', 3),
('usage_events_20250517.log', 1, 3, NULL, NULL, 23, NULL, 1048585, 23, '20250517', '202505', NULL, NULL, NULL, NULL, 'omp::counter', 1),
('usage_events_20250517.log', 1, 3, NULL, NULL, 24, NULL, 1048585, 24, '20250517', '202505', NULL, NULL, NULL, NULL, 'omp::counter', 1),
('usage_events_20250517.log', 1, 3, NULL, NULL, 25, NULL, 1048585, 25, '20250517', '202505', NULL, NULL, NULL, NULL, 'omp::counter', 1),
('usage_events_20250517.log', 1, 3, NULL, NULL, 27, NULL, 1048585, 27, '20250517', '202505', NULL, NULL, NULL, NULL, 'omp::counter', 1),
('usage_events_20250517.log', 1, 3, NULL, NULL, 28, NULL, 1048585, 28, '20250517', '202505', NULL, NULL, NULL, NULL, 'omp::counter', 1),
('usage_events_20250517.log', 1, 3, NULL, NULL, 29, NULL, 1048585, 29, '20250517', '202505', NULL, NULL, NULL, NULL, 'omp::counter', 1),
('usage_events_20250517.log', 1, 3, NULL, NULL, 30, NULL, 1048585, 30, '20250517', '202505', NULL, NULL, NULL, NULL, 'omp::counter', 1),
('usage_events_20250517.log', 1, 3, NULL, NULL, 31, NULL, 1048585, 31, '20250517', '202505', NULL, NULL, NULL, NULL, 'omp::counter', 1),
('usage_events_20250517.log', 1, 3, NULL, NULL, 32, NULL, 1048585, 32, '20250517', '202505', NULL, NULL, NULL, NULL, 'omp::counter', 1),
('usage_events_20250517.log', 1, 3, NULL, NULL, 33, NULL, 1048585, 33, '20250517', '202505', NULL, NULL, NULL, NULL, 'omp::counter', 1),
('usage_events_20250517.log', 1, 3, NULL, NULL, 34, NULL, 1048585, 34, '20250517', '202505', NULL, NULL, NULL, NULL, 'omp::counter', 1),
('usage_events_20250517.log', 1, 3, NULL, NULL, 35, NULL, 1048585, 35, '20250517', '202505', NULL, NULL, NULL, NULL, 'omp::counter', 1),
('usage_events_20250517.log', 1, 3, NULL, NULL, 36, NULL, 1048585, 36, '20250517', '202505', NULL, NULL, NULL, NULL, 'omp::counter', 1),
('usage_events_20250517.log', 1, 3, NULL, NULL, 37, NULL, 1048585, 37, '20250517', '202505', NULL, NULL, NULL, NULL, 'omp::counter', 1),
('usage_events_20250517.log', 1, 3, NULL, NULL, 38, NULL, 1048585, 38, '20250517', '202505', NULL, NULL, NULL, NULL, 'omp::counter', 1),
('usage_events_20250517.log', 1, 3, NULL, NULL, 39, NULL, 1048585, 39, '20250517', '202505', NULL, NULL, NULL, NULL, 'omp::counter', 1),
('usage_events_20250517.log', 1, 3, NULL, NULL, 40, NULL, 1048585, 40, '20250517', '202505', NULL, NULL, NULL, NULL, 'omp::counter', 1),
('usage_events_20250517.log', 1, 3, NULL, NULL, 41, NULL, 1048585, 41, '20250517', '202505', NULL, NULL, NULL, NULL, 'omp::counter', 1),
('usage_events_20250517.log', 1, 3, NULL, NULL, 42, NULL, 1048585, 42, '20250517', '202505', NULL, NULL, NULL, NULL, 'omp::counter', 3),
('usage_events_20250517.log', 1, 3, NULL, NULL, 43, NULL, 1048585, 43, '20250517', '202505', NULL, NULL, NULL, NULL, 'omp::counter', 1),
('usage_events_20250517.log', 1, 3, NULL, NULL, 44, NULL, 1048585, 44, '20250517', '202505', NULL, NULL, NULL, NULL, 'omp::counter', 2),
('usage_events_20250517.log', 1, 3, NULL, NULL, 45, NULL, 1048585, 45, '20250517', '202505', NULL, NULL, NULL, NULL, 'omp::counter', 1),
('usage_events_20250517.log', 1, 3, NULL, NULL, 47, NULL, 1048585, 47, '20250517', '202505', NULL, NULL, NULL, NULL, 'omp::counter', 1),
('usage_events_20250517.log', 1, 3, NULL, NULL, 48, NULL, 1048585, 48, '20250517', '202505', NULL, NULL, NULL, NULL, 'omp::counter', 1),
('usage_events_20250517.log', 1, 3, NULL, NULL, 49, NULL, 1048585, 49, '20250517', '202505', NULL, NULL, NULL, NULL, 'omp::counter', 1),
('usage_events_20250517.log', 1, 3, NULL, NULL, 50, NULL, 1048585, 50, '20250517', '202505', NULL, NULL, NULL, NULL, 'omp::counter', 1),
('usage_events_20250517.log', 1, 3, NULL, NULL, 51, NULL, 1048585, 51, '20250517', '202505', NULL, NULL, NULL, NULL, 'omp::counter', 1),
('usage_events_20250517.log', 1, 3, NULL, NULL, 52, NULL, 1048585, 52, '20250517', '202505', NULL, NULL, NULL, NULL, 'omp::counter', 1),
('usage_events_20250517.log', 1, 3, NULL, NULL, 53, NULL, 1048585, 53, '20250517', '202505', NULL, NULL, NULL, NULL, 'omp::counter', 1),
('usage_events_20250517.log', 1, 3, NULL, NULL, 54, NULL, 1048585, 54, '20250517', '202505', NULL, NULL, NULL, NULL, 'omp::counter', 1),
('usage_events_20250517.log', 1, 3, NULL, NULL, 55, NULL, 1048585, 55, '20250517', '202505', NULL, NULL, NULL, NULL, 'omp::counter', 1),
('usage_events_20250517.log', 1, 3, NULL, NULL, 56, NULL, 1048585, 56, '20250517', '202505', NULL, NULL, NULL, NULL, 'omp::counter', 1),
('usage_events_20250517.log', 1, 3, NULL, NULL, 57, NULL, 1048585, 57, '20250517', '202505', NULL, NULL, NULL, NULL, 'omp::counter', 1),
('usage_events_20250517.log', 1, 3, NULL, NULL, 58, NULL, 1048585, 58, '20250517', '202505', NULL, NULL, NULL, NULL, 'omp::counter', 2),
('usage_events_20250517.log', 1, 3, NULL, NULL, 59, NULL, 1048585, 59, '20250517', '202505', NULL, NULL, NULL, NULL, 'omp::counter', 1),
('usage_events_20250517.log', 1, 3, NULL, NULL, 60, NULL, 1048585, 60, '20250517', '202505', NULL, NULL, NULL, NULL, 'omp::counter', 1),
('usage_events_20250517.log', 1, 3, NULL, NULL, 61, NULL, 1048585, 61, '20250517', '202505', NULL, NULL, NULL, NULL, 'omp::counter', 3),
('usage_events_20250517.log', 1, 3, NULL, NULL, 62, NULL, 1048585, 62, '20250517', '202505', NULL, NULL, NULL, NULL, 'omp::counter', 1),
('usage_events_20250517.log', 1, 3, NULL, NULL, 63, NULL, 1048585, 63, '20250517', '202505', NULL, NULL, NULL, NULL, 'omp::counter', 1),
('usage_events_20250517.log', 1, 3, NULL, NULL, 64, NULL, 1048585, 64, '20250517', '202505', NULL, NULL, NULL, NULL, 'omp::counter', 1),
('usage_events_20250517.log', 1, 3, NULL, NULL, 65, NULL, 1048585, 65, '20250517', '202505', NULL, NULL, NULL, NULL, 'omp::counter', 4),
('usage_events_20250517.log', 1, 3, NULL, NULL, 66, NULL, 1048585, 66, '20250517', '202505', NULL, NULL, NULL, NULL, 'omp::counter', 1),
('usage_events_20250517.log', 1, NULL, NULL, NULL, 76, NULL, 1048585, 76, '20250517', '202505', NULL, NULL, NULL, NULL, 'omp::counter', 1),
('usage_events_20250517.log', 1, NULL, NULL, NULL, 77, NULL, 1048585, 77, '20250517', '202505', NULL, NULL, NULL, NULL, 'omp::counter', 1),
('usage_events_20250518.log', 1, NULL, NULL, NULL, NULL, NULL, 512, 1, '20250518', '202505', NULL, NULL, NULL, NULL, 'omp::counter', 40),
('usage_events_20250518.log', 1, 3, NULL, NULL, 21, 31, 515, 95, '20250518', '202505', 2, NULL, NULL, NULL, 'omp::counter', 1),
('usage_events_20250518.log', 1, 3, NULL, NULL, 44, 54, 515, 183, '20250518', '202505', 2, NULL, NULL, NULL, 'omp::counter', 1),
('usage_events_20250518.log', 1, 3, NULL, NULL, 52, 62, 515, 212, '20250518', '202505', 2, NULL, NULL, NULL, 'omp::counter', 1),
('usage_events_20250518.log', 1, 3, NULL, NULL, 65, 75, 515, 264, '20250518', '202505', 2, NULL, NULL, NULL, 'omp::counter', 2),
('usage_events_20250518.log', 1, 3, NULL, NULL, 25, NULL, 1048585, 25, '20250518', '202505', NULL, NULL, NULL, NULL, 'omp::counter', 1),
('usage_events_20250518.log', 1, 3, NULL, NULL, 42, NULL, 1048585, 42, '20250518', '202505', NULL, NULL, NULL, NULL, 'omp::counter', 2),
('usage_events_20250518.log', 1, 3, NULL, NULL, 44, NULL, 1048585, 44, '20250518', '202505', NULL, NULL, NULL, NULL, 'omp::counter', 2),
('usage_events_20250518.log', 1, 3, NULL, NULL, 47, NULL, 1048585, 47, '20250518', '202505', NULL, NULL, NULL, NULL, 'omp::counter', 1),
('usage_events_20250518.log', 1, 3, NULL, NULL, 52, NULL, 1048585, 52, '20250518', '202505', NULL, NULL, NULL, NULL, 'omp::counter', 1),
('usage_events_20250518.log', 1, 3, NULL, NULL, 61, NULL, 1048585, 61, '20250518', '202505', NULL, NULL, NULL, NULL, 'omp::counter', 2),
('usage_events_20250518.log', 1, 3, NULL, NULL, 65, NULL, 1048585, 65, '20250518', '202505', NULL, NULL, NULL, NULL, 'omp::counter', 6),
('usage_events_20250519.log', 1, NULL, NULL, NULL, NULL, NULL, 512, 1, '20250519', '202505', NULL, NULL, NULL, NULL, 'omp::counter', 35),
('usage_events_20250519.log', 1, 1, NULL, NULL, 4, 4, 515, 16, '20250519', '202505', 2, NULL, NULL, NULL, 'omp::counter', 1),
('usage_events_20250519.log', 1, 2, NULL, NULL, 14, 15, 515, 58, '20250519', '202505', 2, NULL, NULL, NULL, 'omp::counter', 1),
('usage_events_20250519.log', 1, 3, NULL, NULL, 21, 31, 515, 95, '20250519', '202505', 2, NULL, NULL, NULL, 'omp::counter', 1),
('usage_events_20250519.log', 1, 3, NULL, NULL, 65, 75, 515, 264, '20250519', '202505', 2, NULL, NULL, NULL, 'omp::counter', 5),
('usage_events_20250519.log', 1, 1, NULL, NULL, 4, NULL, 1048585, 4, '20250519', '202505', NULL, NULL, NULL, NULL, 'omp::counter', 1),
('usage_events_20250519.log', 1, 1, NULL, NULL, 5, NULL, 1048585, 5, '20250519', '202505', NULL, NULL, NULL, NULL, 'omp::counter', 2),
('usage_events_20250519.log', 1, 2, NULL, NULL, 8, NULL, 1048585, 8, '20250519', '202505', NULL, NULL, NULL, NULL, 'omp::counter', 2),
('usage_events_20250519.log', 1, 2, NULL, NULL, 14, NULL, 1048585, 14, '20250519', '202505', NULL, NULL, NULL, NULL, 'omp::counter', 1),
('usage_events_20250519.log', 1, 2, NULL, NULL, 16, NULL, 1048585, 16, '20250519', '202505', NULL, NULL, NULL, NULL, 'omp::counter', 1),
('usage_events_20250519.log', 1, 3, NULL, NULL, 31, NULL, 1048585, 31, '20250519', '202505', NULL, NULL, NULL, NULL, 'omp::counter', 1),
('usage_events_20250519.log', 1, 3, NULL, NULL, 42, NULL, 1048585, 42, '20250519', '202505', NULL, NULL, NULL, NULL, 'omp::counter', 2),
('usage_events_20250519.log', 1, 3, NULL, NULL, 50, NULL, 1048585, 50, '20250519', '202505', NULL, NULL, NULL, NULL, 'omp::counter', 1),
('usage_events_20250519.log', 1, 3, NULL, NULL, 61, NULL, 1048585, 61, '20250519', '202505', NULL, NULL, NULL, NULL, 'omp::counter', 1),
('usage_events_20250519.log', 1, 3, NULL, NULL, 63, NULL, 1048585, 63, '20250519', '202505', NULL, NULL, NULL, NULL, 'omp::counter', 1),
('usage_events_20250519.log', 1, 3, NULL, NULL, 65, NULL, 1048585, 65, '20250519', '202505', NULL, NULL, NULL, NULL, 'omp::counter', 4),
('usage_events_20250520.log', 1, NULL, NULL, NULL, NULL, NULL, 512, 1, '20250520', '202505', NULL, NULL, NULL, NULL, 'omp::counter', 48),
('usage_events_20250520.log', 1, 3, NULL, NULL, 21, 31, 515, 95, '20250520', '202505', 2, NULL, NULL, NULL, 'omp::counter', 2),
('usage_events_20250520.log', 1, 1, NULL, NULL, 2, NULL, 1048585, 2, '20250520', '202505', NULL, NULL, NULL, NULL, 'omp::counter', 1),
('usage_events_20250520.log', 1, 1, NULL, NULL, 3, NULL, 1048585, 3, '20250520', '202505', NULL, NULL, NULL, NULL, 'omp::counter', 1),
('usage_events_20250520.log', 1, 1, NULL, NULL, 4, NULL, 1048585, 4, '20250520', '202505', NULL, NULL, NULL, NULL, 'omp::counter', 1),
('usage_events_20250520.log', 1, 1, NULL, NULL, 5, NULL, 1048585, 5, '20250520', '202505', NULL, NULL, NULL, NULL, 'omp::counter', 1),
('usage_events_20250520.log', 1, 2, NULL, NULL, 6, NULL, 1048585, 6, '20250520', '202505', NULL, NULL, NULL, NULL, 'omp::counter', 1),
('usage_events_20250520.log', 1, 2, NULL, NULL, 7, NULL, 1048585, 7, '20250520', '202505', NULL, NULL, NULL, NULL, 'omp::counter', 1),
('usage_events_20250520.log', 1, 1, NULL, NULL, 9, NULL, 1048585, 9, '20250520', '202505', NULL, NULL, NULL, NULL, 'omp::counter', 1),
('usage_events_20250520.log', 1, 1, NULL, NULL, 11, NULL, 1048585, 11, '20250520', '202505', NULL, NULL, NULL, NULL, 'omp::counter', 1),
('usage_events_20250520.log', 1, 1, NULL, NULL, 12, NULL, 1048585, 12, '20250520', '202505', NULL, NULL, NULL, NULL, 'omp::counter', 1),
('usage_events_20250520.log', 1, 2, NULL, NULL, 15, NULL, 1048585, 15, '20250520', '202505', NULL, NULL, NULL, NULL, 'omp::counter', 1),
('usage_events_20250520.log', 1, 2, NULL, NULL, 16, NULL, 1048585, 16, '20250520', '202505', NULL, NULL, NULL, NULL, 'omp::counter', 1),
('usage_events_20250520.log', 1, 2, NULL, NULL, 18, NULL, 1048585, 18, '20250520', '202505', NULL, NULL, NULL, NULL, 'omp::counter', 1),
('usage_events_20250520.log', 1, 2, NULL, NULL, 19, NULL, 1048585, 19, '20250520', '202505', NULL, NULL, NULL, NULL, 'omp::counter', 1),
('usage_events_20250520.log', 1, 2, NULL, NULL, 20, NULL, 1048585, 20, '20250520', '202505', NULL, NULL, NULL, NULL, 'omp::counter', 1),
('usage_events_20250520.log', 1, 3, NULL, NULL, 22, NULL, 1048585, 22, '20250520', '202505', NULL, NULL, NULL, NULL, 'omp::counter', 1),
('usage_events_20250520.log', 1, 3, NULL, NULL, 25, NULL, 1048585, 25, '20250520', '202505', NULL, NULL, NULL, NULL, 'omp::counter', 1),
('usage_events_20250520.log', 1, 3, NULL, NULL, 27, NULL, 1048585, 27, '20250520', '202505', NULL, NULL, NULL, NULL, 'omp::counter', 1),
('usage_events_20250520.log', 1, 3, NULL, NULL, 29, NULL, 1048585, 29, '20250520', '202505', NULL, NULL, NULL, NULL, 'omp::counter', 1),
('usage_events_20250520.log', 1, 3, NULL, NULL, 30, NULL, 1048585, 30, '20250520', '202505', NULL, NULL, NULL, NULL, 'omp::counter', 1),
('usage_events_20250520.log', 1, 3, NULL, NULL, 35, NULL, 1048585, 35, '20250520', '202505', NULL, NULL, NULL, NULL, 'omp::counter', 1),
('usage_events_20250520.log', 1, 3, NULL, NULL, 36, NULL, 1048585, 36, '20250520', '202505', NULL, NULL, NULL, NULL, 'omp::counter', 1),
('usage_events_20250520.log', 1, 3, NULL, NULL, 37, NULL, 1048585, 37, '20250520', '202505', NULL, NULL, NULL, NULL, 'omp::counter', 1),
('usage_events_20250520.log', 1, 3, NULL, NULL, 38, NULL, 1048585, 38, '20250520', '202505', NULL, NULL, NULL, NULL, 'omp::counter', 1),
('usage_events_20250520.log', 1, 3, NULL, NULL, 39, NULL, 1048585, 39, '20250520', '202505', NULL, NULL, NULL, NULL, 'omp::counter', 1),
('usage_events_20250520.log', 1, 3, NULL, NULL, 40, NULL, 1048585, 40, '20250520', '202505', NULL, NULL, NULL, NULL, 'omp::counter', 1),
('usage_events_20250520.log', 1, 3, NULL, NULL, 42, NULL, 1048585, 42, '20250520', '202505', NULL, NULL, NULL, NULL, 'omp::counter', 2),
('usage_events_20250520.log', 1, 3, NULL, NULL, 43, NULL, 1048585, 43, '20250520', '202505', NULL, NULL, NULL, NULL, 'omp::counter', 1),
('usage_events_20250520.log', 1, 3, NULL, NULL, 44, NULL, 1048585, 44, '20250520', '202505', NULL, NULL, NULL, NULL, 'omp::counter', 1),
('usage_events_20250520.log', 1, 3, NULL, NULL, 47, NULL, 1048585, 47, '20250520', '202505', NULL, NULL, NULL, NULL, 'omp::counter', 1),
('usage_events_20250520.log', 1, 3, NULL, NULL, 48, NULL, 1048585, 48, '20250520', '202505', NULL, NULL, NULL, NULL, 'omp::counter', 1),
('usage_events_20250520.log', 1, 3, NULL, NULL, 49, NULL, 1048585, 49, '20250520', '202505', NULL, NULL, NULL, NULL, 'omp::counter', 1),
('usage_events_20250520.log', 1, 3, NULL, NULL, 50, NULL, 1048585, 50, '20250520', '202505', NULL, NULL, NULL, NULL, 'omp::counter', 1),
('usage_events_20250520.log', 1, 3, NULL, NULL, 51, NULL, 1048585, 51, '20250520', '202505', NULL, NULL, NULL, NULL, 'omp::counter', 1),
('usage_events_20250520.log', 1, 3, NULL, NULL, 52, NULL, 1048585, 52, '20250520', '202505', NULL, NULL, NULL, NULL, 'omp::counter', 1),
('usage_events_20250520.log', 1, 3, NULL, NULL, 54, NULL, 1048585, 54, '20250520', '202505', NULL, NULL, NULL, NULL, 'omp::counter', 1),
('usage_events_20250520.log', 1, 3, NULL, NULL, 55, NULL, 1048585, 55, '20250520', '202505', NULL, NULL, NULL, NULL, 'omp::counter', 1),
('usage_events_20250520.log', 1, 3, NULL, NULL, 57, NULL, 1048585, 57, '20250520', '202505', NULL, NULL, NULL, NULL, 'omp::counter', 1),
('usage_events_20250520.log', 1, 3, NULL, NULL, 58, NULL, 1048585, 58, '20250520', '202505', NULL, NULL, NULL, NULL, 'omp::counter', 1),
('usage_events_20250520.log', 1, 3, NULL, NULL, 59, NULL, 1048585, 59, '20250520', '202505', NULL, NULL, NULL, NULL, 'omp::counter', 1),
('usage_events_20250520.log', 1, 3, NULL, NULL, 60, NULL, 1048585, 60, '20250520', '202505', NULL, NULL, NULL, NULL, 'omp::counter', 1),
('usage_events_20250520.log', 1, 3, NULL, NULL, 61, NULL, 1048585, 61, '20250520', '202505', NULL, NULL, NULL, NULL, 'omp::counter', 2),
('usage_events_20250520.log', 1, 3, NULL, NULL, 63, NULL, 1048585, 63, '20250520', '202505', NULL, NULL, NULL, NULL, 'omp::counter', 1),
('usage_events_20250520.log', 1, 3, NULL, NULL, 65, NULL, 1048585, 65, '20250520', '202505', NULL, NULL, NULL, NULL, 'omp::counter', 1),
('usage_events_20250520.log', 1, NULL, NULL, NULL, 69, NULL, 1048585, 69, '20250520', '202505', NULL, NULL, NULL, NULL, 'omp::counter', 1),
('usage_events_20250520.log', 1, NULL, NULL, NULL, 70, NULL, 1048585, 70, '20250520', '202505', NULL, NULL, NULL, NULL, 'omp::counter', 1),
('usage_events_20250520.log', 1, NULL, NULL, NULL, 71, NULL, 1048585, 71, '20250520', '202505', NULL, NULL, NULL, NULL, 'omp::counter', 1),
('usage_events_20250520.log', 1, NULL, NULL, NULL, 72, NULL, 1048585, 72, '20250520', '202505', NULL, NULL, NULL, NULL, 'omp::counter', 1),
('usage_events_20250521.log', 1, NULL, NULL, NULL, NULL, NULL, 512, 1, '20250521', '202505', NULL, NULL, NULL, NULL, 'omp::counter', 45),
('usage_events_20250521.log', 1, 1, NULL, NULL, 4, 4, 515, 16, '20250521', '202505', 2, NULL, NULL, NULL, 'omp::counter', 2),
('usage_events_20250521.log', 1, 3, NULL, NULL, 21, 31, 515, 95, '20250521', '202505', 2, NULL, NULL, NULL, 'omp::counter', 1),
('usage_events_20250521.log', 1, 3, NULL, NULL, 31, 41, 515, 133, '20250521', '202505', 2, NULL, NULL, NULL, 'omp::counter', 1),
('usage_events_20250521.log', 1, 3, NULL, NULL, 64, 74, 515, 260, '20250521', '202505', 2, NULL, NULL, NULL, 'omp::counter', 1),
('usage_events_20250521.log', 1, NULL, NULL, NULL, 72, 91, 515, 333, '20250521', '202505', 2, NULL, NULL, NULL, 'omp::counter', 1),
('usage_events_20250521.log', 1, 3, NULL, NULL, NULL, NULL, 530, 3, '20250521', '202505', NULL, NULL, NULL, NULL, 'omp::counter', 1),
('usage_events_20250521.log', 1, 4, NULL, NULL, NULL, NULL, 530, 4, '20250521', '202505', NULL, NULL, NULL, NULL, 'omp::counter', 1),
('usage_events_20250521.log', 1, 1, NULL, NULL, 1, NULL, 1048585, 1, '20250521', '202505', NULL, NULL, NULL, NULL, 'omp::counter', 1),
('usage_events_20250521.log', 1, 1, NULL, NULL, 2, NULL, 1048585, 2, '20250521', '202505', NULL, NULL, NULL, NULL, 'omp::counter', 1),
('usage_events_20250521.log', 1, 1, NULL, NULL, 4, NULL, 1048585, 4, '20250521', '202505', NULL, NULL, NULL, NULL, 'omp::counter', 2),
('usage_events_20250521.log', 1, 1, NULL, NULL, 10, NULL, 1048585, 10, '20250521', '202505', NULL, NULL, NULL, NULL, 'omp::counter', 1),
('usage_events_20250521.log', 1, 1, NULL, NULL, 13, NULL, 1048585, 13, '20250521', '202505', NULL, NULL, NULL, NULL, 'omp::counter', 1),
('usage_events_20250521.log', 1, 2, NULL, NULL, 14, NULL, 1048585, 14, '20250521', '202505', NULL, NULL, NULL, NULL, 'omp::counter', 1),
('usage_events_20250521.log', 1, 2, NULL, NULL, 17, NULL, 1048585, 17, '20250521', '202505', NULL, NULL, NULL, NULL, 'omp::counter', 2),
('usage_events_20250521.log', 1, 3, NULL, NULL, 21, NULL, 1048585, 21, '20250521', '202505', NULL, NULL, NULL, NULL, 'omp::counter', 1),
('usage_events_20250521.log', 1, 3, NULL, NULL, 23, NULL, 1048585, 23, '20250521', '202505', NULL, NULL, NULL, NULL, 'omp::counter', 1),
('usage_events_20250521.log', 1, 3, NULL, NULL, 24, NULL, 1048585, 24, '20250521', '202505', NULL, NULL, NULL, NULL, 'omp::counter', 1),
('usage_events_20250521.log', 1, 3, NULL, NULL, 28, NULL, 1048585, 28, '20250521', '202505', NULL, NULL, NULL, NULL, 'omp::counter', 1),
('usage_events_20250521.log', 1, 3, NULL, NULL, 31, NULL, 1048585, 31, '20250521', '202505', NULL, NULL, NULL, NULL, 'omp::counter', 2),
('usage_events_20250521.log', 1, 3, NULL, NULL, 32, NULL, 1048585, 32, '20250521', '202505', NULL, NULL, NULL, NULL, 'omp::counter', 2),
('usage_events_20250521.log', 1, 3, NULL, NULL, 33, NULL, 1048585, 33, '20250521', '202505', NULL, NULL, NULL, NULL, 'omp::counter', 1),
('usage_events_20250521.log', 1, 3, NULL, NULL, 34, NULL, 1048585, 34, '20250521', '202505', NULL, NULL, NULL, NULL, 'omp::counter', 1),
('usage_events_20250521.log', 1, 3, NULL, NULL, 36, NULL, 1048585, 36, '20250521', '202505', NULL, NULL, NULL, NULL, 'omp::counter', 1),
('usage_events_20250521.log', 1, 3, NULL, NULL, 37, NULL, 1048585, 37, '20250521', '202505', NULL, NULL, NULL, NULL, 'omp::counter', 1),
('usage_events_20250521.log', 1, 3, NULL, NULL, 41, NULL, 1048585, 41, '20250521', '202505', NULL, NULL, NULL, NULL, 'omp::counter', 1),
('usage_events_20250521.log', 1, 3, NULL, NULL, 42, NULL, 1048585, 42, '20250521', '202505', NULL, NULL, NULL, NULL, 'omp::counter', 4),
('usage_events_20250521.log', 1, 3, NULL, NULL, 45, NULL, 1048585, 45, '20250521', '202505', NULL, NULL, NULL, NULL, 'omp::counter', 1),
('usage_events_20250521.log', 1, 3, NULL, NULL, 48, NULL, 1048585, 48, '20250521', '202505', NULL, NULL, NULL, NULL, 'omp::counter', 1),
('usage_events_20250521.log', 1, 3, NULL, NULL, 49, NULL, 1048585, 49, '20250521', '202505', NULL, NULL, NULL, NULL, 'omp::counter', 1),
('usage_events_20250521.log', 1, 3, NULL, NULL, 53, NULL, 1048585, 53, '20250521', '202505', NULL, NULL, NULL, NULL, 'omp::counter', 1),
('usage_events_20250521.log', 1, 3, NULL, NULL, 56, NULL, 1048585, 56, '20250521', '202505', NULL, NULL, NULL, NULL, 'omp::counter', 1),
('usage_events_20250521.log', 1, 3, NULL, NULL, 57, NULL, 1048585, 57, '20250521', '202505', NULL, NULL, NULL, NULL, 'omp::counter', 1),
('usage_events_20250521.log', 1, 3, NULL, NULL, 60, NULL, 1048585, 60, '20250521', '202505', NULL, NULL, NULL, NULL, 'omp::counter', 1),
('usage_events_20250521.log', 1, 3, NULL, NULL, 61, NULL, 1048585, 61, '20250521', '202505', NULL, NULL, NULL, NULL, 'omp::counter', 4),
('usage_events_20250521.log', 1, 3, NULL, NULL, 62, NULL, 1048585, 62, '20250521', '202505', NULL, NULL, NULL, NULL, 'omp::counter', 1),
('usage_events_20250521.log', 1, 3, NULL, NULL, 64, NULL, 1048585, 64, '20250521', '202505', NULL, NULL, NULL, NULL, 'omp::counter', 5),
('usage_events_20250521.log', 1, 3, NULL, NULL, 66, NULL, 1048585, 66, '20250521', '202505', NULL, NULL, NULL, NULL, 'omp::counter', 2),
('usage_events_20250521.log', 1, NULL, NULL, NULL, 67, NULL, 1048585, 67, '20250521', '202505', NULL, NULL, NULL, NULL, 'omp::counter', 1),
('usage_events_20250521.log', 1, NULL, NULL, NULL, 68, NULL, 1048585, 68, '20250521', '202505', NULL, NULL, NULL, NULL, 'omp::counter', 1),
('usage_events_20250521.log', 1, NULL, NULL, NULL, 72, NULL, 1048585, 72, '20250521', '202505', NULL, NULL, NULL, NULL, 'omp::counter', 1),
('usage_events_20250521.log', 1, NULL, NULL, NULL, 77, NULL, 1048585, 77, '20250521', '202505', NULL, NULL, NULL, NULL, 'omp::counter', 1),
('usage_events_20250522.log', 1, NULL, NULL, NULL, NULL, NULL, 512, 1, '20250522', '202505', NULL, NULL, NULL, NULL, 'omp::counter', 52),
('usage_events_20250522.log', 1, 1, NULL, NULL, 4, 4, 515, 16, '20250522', '202505', 2, NULL, NULL, NULL, 'omp::counter', 1),
('usage_events_20250522.log', 1, 1, NULL, NULL, 3, 5, 515, 17, '20250522', '202505', 2, NULL, NULL, NULL, 'omp::counter', 1),
('usage_events_20250522.log', 1, 2, NULL, NULL, 20, 21, 515, 82, '20250522', '202505', 2, NULL, NULL, NULL, 'omp::counter', 1),
('usage_events_20250522.log', 1, 3, NULL, NULL, 21, 31, 515, 95, '20250522', '202505', 2, NULL, NULL, NULL, 'omp::counter', 4),
('usage_events_20250522.log', 1, 3, NULL, NULL, 28, 38, 515, 123, '20250522', '202505', 2, NULL, NULL, NULL, 'omp::counter', 1),
('usage_events_20250522.log', 1, 3, NULL, NULL, 29, 39, 515, 127, '20250522', '202505', 2, NULL, NULL, NULL, 'omp::counter', 1),
('usage_events_20250522.log', 1, 3, NULL, NULL, 30, 40, 515, 131, '20250522', '202505', 2, NULL, NULL, NULL, 'omp::counter', 1),
('usage_events_20250522.log', 1, 3, NULL, NULL, 34, 44, 515, 144, '20250522', '202505', 2, NULL, NULL, NULL, 'omp::counter', 1),
('usage_events_20250522.log', 1, 3, NULL, NULL, 35, 45, 515, 148, '20250522', '202505', 2, NULL, NULL, NULL, 'omp::counter', 1),
('usage_events_20250522.log', 1, 3, NULL, NULL, 36, 46, 515, 152, '20250522', '202505', 2, NULL, NULL, NULL, 'omp::counter', 1),
('usage_events_20250522.log', 1, 3, NULL, NULL, 41, 51, 515, 171, '20250522', '202505', 2, NULL, NULL, NULL, 'omp::counter', 1),
('usage_events_20250522.log', 1, 3, NULL, NULL, 44, 54, 515, 183, '20250522', '202505', 2, NULL, NULL, NULL, 'omp::counter', 1),
('usage_events_20250522.log', 1, 3, NULL, NULL, 47, 57, 515, 192, '20250522', '202505', 2, NULL, NULL, NULL, 'omp::counter', 2),
('usage_events_20250522.log', 1, 3, NULL, NULL, 48, 58, 515, 196, '20250522', '202505', 2, NULL, NULL, NULL, 'omp::counter', 1),
('usage_events_20250522.log', 1, 3, NULL, NULL, 56, 66, 515, 228, '20250522', '202505', 2, NULL, NULL, NULL, 'omp::counter', 1),
('usage_events_20250522.log', 1, 2, NULL, NULL, NULL, NULL, 530, 2, '20250522', '202505', NULL, NULL, NULL, NULL, 'omp::counter', 1),
('usage_events_20250522.log', 1, 1, NULL, NULL, 3, NULL, 1048585, 3, '20250522', '202505', NULL, NULL, NULL, NULL, 'omp::counter', 1),
('usage_events_20250522.log', 1, 2, NULL, NULL, 20, NULL, 1048585, 20, '20250522', '202505', NULL, NULL, NULL, NULL, 'omp::counter', 1),
('usage_events_20250522.log', 1, 3, NULL, NULL, 21, NULL, 1048585, 21, '20250522', '202505', NULL, NULL, NULL, NULL, 'omp::counter', 1),
('usage_events_20250522.log', 1, 3, NULL, NULL, 22, NULL, 1048585, 22, '20250522', '202505', NULL, NULL, NULL, NULL, 'omp::counter', 1),
('usage_events_20250522.log', 1, 3, NULL, NULL, 28, NULL, 1048585, 28, '20250522', '202505', NULL, NULL, NULL, NULL, 'omp::counter', 1),
('usage_events_20250522.log', 1, 3, NULL, NULL, 29, NULL, 1048585, 29, '20250522', '202505', NULL, NULL, NULL, NULL, 'omp::counter', 1),
('usage_events_20250522.log', 1, 3, NULL, NULL, 30, NULL, 1048585, 30, '20250522', '202505', NULL, NULL, NULL, NULL, 'omp::counter', 1),
('usage_events_20250522.log', 1, 3, NULL, NULL, 34, NULL, 1048585, 34, '20250522', '202505', NULL, NULL, NULL, NULL, 'omp::counter', 1),
('usage_events_20250522.log', 1, 3, NULL, NULL, 35, NULL, 1048585, 35, '20250522', '202505', NULL, NULL, NULL, NULL, 'omp::counter', 1),
('usage_events_20250522.log', 1, 3, NULL, NULL, 36, NULL, 1048585, 36, '20250522', '202505', NULL, NULL, NULL, NULL, 'omp::counter', 1),
('usage_events_20250522.log', 1, 3, NULL, NULL, 41, NULL, 1048585, 41, '20250522', '202505', NULL, NULL, NULL, NULL, 'omp::counter', 1),
('usage_events_20250522.log', 1, 3, NULL, NULL, 42, NULL, 1048585, 42, '20250522', '202505', NULL, NULL, NULL, NULL, 'omp::counter', 5),
('usage_events_20250522.log', 1, 3, NULL, NULL, 44, NULL, 1048585, 44, '20250522', '202505', NULL, NULL, NULL, NULL, 'omp::counter', 2),
('usage_events_20250522.log', 1, 3, NULL, NULL, 45, NULL, 1048585, 45, '20250522', '202505', NULL, NULL, NULL, NULL, 'omp::counter', 1),
('usage_events_20250522.log', 1, 3, NULL, NULL, 47, NULL, 1048585, 47, '20250522', '202505', NULL, NULL, NULL, NULL, 'omp::counter', 2),
('usage_events_20250522.log', 1, 3, NULL, NULL, 48, NULL, 1048585, 48, '20250522', '202505', NULL, NULL, NULL, NULL, 'omp::counter', 1),
('usage_events_20250522.log', 1, 3, NULL, NULL, 56, NULL, 1048585, 56, '20250522', '202505', NULL, NULL, NULL, NULL, 'omp::counter', 1),
('usage_events_20250522.log', 1, 3, NULL, NULL, 61, NULL, 1048585, 61, '20250522', '202505', NULL, NULL, NULL, NULL, 'omp::counter', 2),
('usage_events_20250522.log', 1, NULL, NULL, NULL, 76, NULL, 1048585, 76, '20250522', '202505', NULL, NULL, NULL, NULL, 'omp::counter', 1),
('usage_events_20250523.log', 1, NULL, NULL, NULL, NULL, NULL, 512, 1, '20250523', '202505', NULL, NULL, NULL, NULL, 'omp::counter', 57),
('usage_events_20250523.log', 1, 1, NULL, NULL, 3, 5, 515, 17, '20250523', '202505', 2, NULL, NULL, NULL, 'omp::counter', 1),
('usage_events_20250523.log', 1, 1, NULL, NULL, 5, 6, 515, 22, '20250523', '202505', 2, NULL, NULL, NULL, 'omp::counter', 1),
('usage_events_20250523.log', 1, 1, NULL, NULL, 12, 13, 515, 50, '20250523', '202505', 2, NULL, NULL, NULL, 'omp::counter', 3),
('usage_events_20250523.log', 1, 3, NULL, NULL, 21, 31, 515, 95, '20250523', '202505', 2, NULL, NULL, NULL, 'omp::counter', 1),
('usage_events_20250523.log', 1, NULL, NULL, NULL, 70, 87, 515, 317, '20250523', '202505', 2, NULL, NULL, NULL, 'omp::counter', 1),
('usage_events_20250523.log', 1, NULL, NULL, NULL, 72, 91, 515, 333, '20250523', '202505', 2, NULL, NULL, NULL, 'omp::counter', 1),
('usage_events_20250523.log', 1, 1, NULL, NULL, NULL, NULL, 530, 1, '20250523', '202505', NULL, NULL, NULL, NULL, 'omp::counter', 1),
('usage_events_20250523.log', 1, 2, NULL, NULL, NULL, NULL, 530, 2, '20250523', '202505', NULL, NULL, NULL, NULL, 'omp::counter', 1),
('usage_events_20250523.log', 1, 3, NULL, NULL, NULL, NULL, 530, 3, '20250523', '202505', NULL, NULL, NULL, NULL, 'omp::counter', 1),
('usage_events_20250523.log', 1, 4, NULL, NULL, NULL, NULL, 530, 4, '20250523', '202505', NULL, NULL, NULL, NULL, 'omp::counter', 1),
('usage_events_20250523.log', 1, 1, NULL, NULL, 2, NULL, 1048585, 2, '20250523', '202505', NULL, NULL, NULL, NULL, 'omp::counter', 1),
('usage_events_20250523.log', 1, 1, NULL, NULL, 3, NULL, 1048585, 3, '20250523', '202505', NULL, NULL, NULL, NULL, 'omp::counter', 1);
INSERT INTO `metrics` (`load_id`, `context_id`, `pkp_section_id`, `assoc_object_type`, `assoc_object_id`, `submission_id`, `representation_id`, `assoc_type`, `assoc_id`, `day`, `month`, `file_type`, `country_id`, `region`, `city`, `metric_type`, `metric`) VALUES
('usage_events_20250523.log', 1, 2, NULL, NULL, 6, NULL, 1048585, 6, '20250523', '202505', NULL, NULL, NULL, NULL, 'omp::counter', 1),
('usage_events_20250523.log', 1, 2, NULL, NULL, 8, NULL, 1048585, 8, '20250523', '202505', NULL, NULL, NULL, NULL, 'omp::counter', 1),
('usage_events_20250523.log', 1, 1, NULL, NULL, 9, NULL, 1048585, 9, '20250523', '202505', NULL, NULL, NULL, NULL, 'omp::counter', 1),
('usage_events_20250523.log', 1, 1, NULL, NULL, 10, NULL, 1048585, 10, '20250523', '202505', NULL, NULL, NULL, NULL, 'omp::counter', 1),
('usage_events_20250523.log', 1, 1, NULL, NULL, 11, NULL, 1048585, 11, '20250523', '202505', NULL, NULL, NULL, NULL, 'omp::counter', 1),
('usage_events_20250523.log', 1, 1, NULL, NULL, 12, NULL, 1048585, 12, '20250523', '202505', NULL, NULL, NULL, NULL, 'omp::counter', 8),
('usage_events_20250523.log', 1, 1, NULL, NULL, 13, NULL, 1048585, 13, '20250523', '202505', NULL, NULL, NULL, NULL, 'omp::counter', 1),
('usage_events_20250523.log', 1, 2, NULL, NULL, 14, NULL, 1048585, 14, '20250523', '202505', NULL, NULL, NULL, NULL, 'omp::counter', 1),
('usage_events_20250523.log', 1, 2, NULL, NULL, 15, NULL, 1048585, 15, '20250523', '202505', NULL, NULL, NULL, NULL, 'omp::counter', 1),
('usage_events_20250523.log', 1, 2, NULL, NULL, 16, NULL, 1048585, 16, '20250523', '202505', NULL, NULL, NULL, NULL, 'omp::counter', 1),
('usage_events_20250523.log', 1, 2, NULL, NULL, 17, NULL, 1048585, 17, '20250523', '202505', NULL, NULL, NULL, NULL, 'omp::counter', 1),
('usage_events_20250523.log', 1, 2, NULL, NULL, 18, NULL, 1048585, 18, '20250523', '202505', NULL, NULL, NULL, NULL, 'omp::counter', 1),
('usage_events_20250523.log', 1, 2, NULL, NULL, 19, NULL, 1048585, 19, '20250523', '202505', NULL, NULL, NULL, NULL, 'omp::counter', 1),
('usage_events_20250523.log', 1, 2, NULL, NULL, 20, NULL, 1048585, 20, '20250523', '202505', NULL, NULL, NULL, NULL, 'omp::counter', 1),
('usage_events_20250523.log', 1, 3, NULL, NULL, 21, NULL, 1048585, 21, '20250523', '202505', NULL, NULL, NULL, NULL, 'omp::counter', 3),
('usage_events_20250523.log', 1, 3, NULL, NULL, 22, NULL, 1048585, 22, '20250523', '202505', NULL, NULL, NULL, NULL, 'omp::counter', 1),
('usage_events_20250523.log', 1, 3, NULL, NULL, 23, NULL, 1048585, 23, '20250523', '202505', NULL, NULL, NULL, NULL, 'omp::counter', 1),
('usage_events_20250523.log', 1, 3, NULL, NULL, 24, NULL, 1048585, 24, '20250523', '202505', NULL, NULL, NULL, NULL, 'omp::counter', 1),
('usage_events_20250523.log', 1, 3, NULL, NULL, 25, NULL, 1048585, 25, '20250523', '202505', NULL, NULL, NULL, NULL, 'omp::counter', 1),
('usage_events_20250523.log', 1, 3, NULL, NULL, 27, NULL, 1048585, 27, '20250523', '202505', NULL, NULL, NULL, NULL, 'omp::counter', 3),
('usage_events_20250523.log', 1, 3, NULL, NULL, 28, NULL, 1048585, 28, '20250523', '202505', NULL, NULL, NULL, NULL, 'omp::counter', 1),
('usage_events_20250523.log', 1, 3, NULL, NULL, 29, NULL, 1048585, 29, '20250523', '202505', NULL, NULL, NULL, NULL, 'omp::counter', 1),
('usage_events_20250523.log', 1, 3, NULL, NULL, 30, NULL, 1048585, 30, '20250523', '202505', NULL, NULL, NULL, NULL, 'omp::counter', 1),
('usage_events_20250523.log', 1, 3, NULL, NULL, 31, NULL, 1048585, 31, '20250523', '202505', NULL, NULL, NULL, NULL, 'omp::counter', 2),
('usage_events_20250523.log', 1, 3, NULL, NULL, 32, NULL, 1048585, 32, '20250523', '202505', NULL, NULL, NULL, NULL, 'omp::counter', 1),
('usage_events_20250523.log', 1, 3, NULL, NULL, 33, NULL, 1048585, 33, '20250523', '202505', NULL, NULL, NULL, NULL, 'omp::counter', 1),
('usage_events_20250523.log', 1, 3, NULL, NULL, 34, NULL, 1048585, 34, '20250523', '202505', NULL, NULL, NULL, NULL, 'omp::counter', 1),
('usage_events_20250523.log', 1, 3, NULL, NULL, 35, NULL, 1048585, 35, '20250523', '202505', NULL, NULL, NULL, NULL, 'omp::counter', 1),
('usage_events_20250523.log', 1, 3, NULL, NULL, 36, NULL, 1048585, 36, '20250523', '202505', NULL, NULL, NULL, NULL, 'omp::counter', 1),
('usage_events_20250523.log', 1, 3, NULL, NULL, 37, NULL, 1048585, 37, '20250523', '202505', NULL, NULL, NULL, NULL, 'omp::counter', 1),
('usage_events_20250523.log', 1, 3, NULL, NULL, 38, NULL, 1048585, 38, '20250523', '202505', NULL, NULL, NULL, NULL, 'omp::counter', 1),
('usage_events_20250523.log', 1, 3, NULL, NULL, 39, NULL, 1048585, 39, '20250523', '202505', NULL, NULL, NULL, NULL, 'omp::counter', 1),
('usage_events_20250523.log', 1, 3, NULL, NULL, 40, NULL, 1048585, 40, '20250523', '202505', NULL, NULL, NULL, NULL, 'omp::counter', 1),
('usage_events_20250523.log', 1, 3, NULL, NULL, 41, NULL, 1048585, 41, '20250523', '202505', NULL, NULL, NULL, NULL, 'omp::counter', 1),
('usage_events_20250523.log', 1, 3, NULL, NULL, 42, NULL, 1048585, 42, '20250523', '202505', NULL, NULL, NULL, NULL, 'omp::counter', 1),
('usage_events_20250523.log', 1, 3, NULL, NULL, 43, NULL, 1048585, 43, '20250523', '202505', NULL, NULL, NULL, NULL, 'omp::counter', 1),
('usage_events_20250523.log', 1, 3, NULL, NULL, 44, NULL, 1048585, 44, '20250523', '202505', NULL, NULL, NULL, NULL, 'omp::counter', 1),
('usage_events_20250523.log', 1, 3, NULL, NULL, 45, NULL, 1048585, 45, '20250523', '202505', NULL, NULL, NULL, NULL, 'omp::counter', 1),
('usage_events_20250523.log', 1, 3, NULL, NULL, 47, NULL, 1048585, 47, '20250523', '202505', NULL, NULL, NULL, NULL, 'omp::counter', 1),
('usage_events_20250523.log', 1, 3, NULL, NULL, 48, NULL, 1048585, 48, '20250523', '202505', NULL, NULL, NULL, NULL, 'omp::counter', 2),
('usage_events_20250523.log', 1, 3, NULL, NULL, 49, NULL, 1048585, 49, '20250523', '202505', NULL, NULL, NULL, NULL, 'omp::counter', 1),
('usage_events_20250523.log', 1, 3, NULL, NULL, 50, NULL, 1048585, 50, '20250523', '202505', NULL, NULL, NULL, NULL, 'omp::counter', 1),
('usage_events_20250523.log', 1, 3, NULL, NULL, 51, NULL, 1048585, 51, '20250523', '202505', NULL, NULL, NULL, NULL, 'omp::counter', 1),
('usage_events_20250523.log', 1, 3, NULL, NULL, 52, NULL, 1048585, 52, '20250523', '202505', NULL, NULL, NULL, NULL, 'omp::counter', 1),
('usage_events_20250523.log', 1, 3, NULL, NULL, 53, NULL, 1048585, 53, '20250523', '202505', NULL, NULL, NULL, NULL, 'omp::counter', 1),
('usage_events_20250523.log', 1, 3, NULL, NULL, 54, NULL, 1048585, 54, '20250523', '202505', NULL, NULL, NULL, NULL, 'omp::counter', 1),
('usage_events_20250523.log', 1, 3, NULL, NULL, 55, NULL, 1048585, 55, '20250523', '202505', NULL, NULL, NULL, NULL, 'omp::counter', 1),
('usage_events_20250523.log', 1, 3, NULL, NULL, 56, NULL, 1048585, 56, '20250523', '202505', NULL, NULL, NULL, NULL, 'omp::counter', 1),
('usage_events_20250523.log', 1, 3, NULL, NULL, 57, NULL, 1048585, 57, '20250523', '202505', NULL, NULL, NULL, NULL, 'omp::counter', 1),
('usage_events_20250523.log', 1, 3, NULL, NULL, 58, NULL, 1048585, 58, '20250523', '202505', NULL, NULL, NULL, NULL, 'omp::counter', 1),
('usage_events_20250523.log', 1, 3, NULL, NULL, 59, NULL, 1048585, 59, '20250523', '202505', NULL, NULL, NULL, NULL, 'omp::counter', 1),
('usage_events_20250523.log', 1, 3, NULL, NULL, 60, NULL, 1048585, 60, '20250523', '202505', NULL, NULL, NULL, NULL, 'omp::counter', 1),
('usage_events_20250523.log', 1, 3, NULL, NULL, 61, NULL, 1048585, 61, '20250523', '202505', NULL, NULL, NULL, NULL, 'omp::counter', 1),
('usage_events_20250523.log', 1, 3, NULL, NULL, 62, NULL, 1048585, 62, '20250523', '202505', NULL, NULL, NULL, NULL, 'omp::counter', 1),
('usage_events_20250523.log', 1, 3, NULL, NULL, 63, NULL, 1048585, 63, '20250523', '202505', NULL, NULL, NULL, NULL, 'omp::counter', 1),
('usage_events_20250523.log', 1, 3, NULL, NULL, 64, NULL, 1048585, 64, '20250523', '202505', NULL, NULL, NULL, NULL, 'omp::counter', 4),
('usage_events_20250523.log', 1, 3, NULL, NULL, 65, NULL, 1048585, 65, '20250523', '202505', NULL, NULL, NULL, NULL, 'omp::counter', 1),
('usage_events_20250523.log', 1, 3, NULL, NULL, 66, NULL, 1048585, 66, '20250523', '202505', NULL, NULL, NULL, NULL, 'omp::counter', 1),
('usage_events_20250523.log', 1, NULL, NULL, NULL, 70, NULL, 1048585, 70, '20250523', '202505', NULL, NULL, NULL, NULL, 'omp::counter', 2),
('usage_events_20250523.log', 1, NULL, NULL, NULL, 71, NULL, 1048585, 71, '20250523', '202505', NULL, NULL, NULL, NULL, 'omp::counter', 2),
('usage_events_20250523.log', 1, NULL, NULL, NULL, 72, NULL, 1048585, 72, '20250523', '202505', NULL, NULL, NULL, NULL, 'omp::counter', 2),
('usage_events_20250523.log', 1, NULL, NULL, NULL, 76, NULL, 1048585, 76, '20250523', '202505', NULL, NULL, NULL, NULL, 'omp::counter', 1),
('usage_events_20250523.log', 1, NULL, NULL, NULL, 77, NULL, 1048585, 77, '20250523', '202505', NULL, NULL, NULL, NULL, 'omp::counter', 2),
('usage_events_20250524.log', 1, NULL, NULL, NULL, NULL, NULL, 512, 1, '20250524', '202505', NULL, NULL, NULL, NULL, 'omp::counter', 42),
('usage_events_20250524.log', 1, 3, NULL, NULL, 60, 70, 515, 244, '20250524', '202505', 2, NULL, NULL, NULL, 'omp::counter', 1),
('usage_events_20250524.log', 1, NULL, NULL, NULL, 71, 89, 515, 325, '20250524', '202505', 2, NULL, NULL, NULL, 'omp::counter', 1),
('usage_events_20250524.log', 1, 3, NULL, NULL, NULL, NULL, 530, 3, '20250524', '202505', NULL, NULL, NULL, NULL, 'omp::counter', 1),
('usage_events_20250524.log', 1, 1, NULL, NULL, 3, NULL, 1048585, 3, '20250524', '202505', NULL, NULL, NULL, NULL, 'omp::counter', 1),
('usage_events_20250524.log', 1, 1, NULL, NULL, 5, NULL, 1048585, 5, '20250524', '202505', NULL, NULL, NULL, NULL, 'omp::counter', 1),
('usage_events_20250524.log', 1, 3, NULL, NULL, 27, NULL, 1048585, 27, '20250524', '202505', NULL, NULL, NULL, NULL, 'omp::counter', 1),
('usage_events_20250524.log', 1, 3, NULL, NULL, 31, NULL, 1048585, 31, '20250524', '202505', NULL, NULL, NULL, NULL, 'omp::counter', 1),
('usage_events_20250524.log', 1, 3, NULL, NULL, 34, NULL, 1048585, 34, '20250524', '202505', NULL, NULL, NULL, NULL, 'omp::counter', 1),
('usage_events_20250524.log', 1, 3, NULL, NULL, 40, NULL, 1048585, 40, '20250524', '202505', NULL, NULL, NULL, NULL, 'omp::counter', 1),
('usage_events_20250524.log', 1, 3, NULL, NULL, 42, NULL, 1048585, 42, '20250524', '202505', NULL, NULL, NULL, NULL, 'omp::counter', 1),
('usage_events_20250524.log', 1, 3, NULL, NULL, 43, NULL, 1048585, 43, '20250524', '202505', NULL, NULL, NULL, NULL, 'omp::counter', 1),
('usage_events_20250524.log', 1, 3, NULL, NULL, 48, NULL, 1048585, 48, '20250524', '202505', NULL, NULL, NULL, NULL, 'omp::counter', 1),
('usage_events_20250524.log', 1, 3, NULL, NULL, 61, NULL, 1048585, 61, '20250524', '202505', NULL, NULL, NULL, NULL, 'omp::counter', 1),
('usage_events_20250524.log', 1, 3, NULL, NULL, 64, NULL, 1048585, 64, '20250524', '202505', NULL, NULL, NULL, NULL, 'omp::counter', 2),
('usage_events_20250525.log', 1, NULL, NULL, NULL, NULL, NULL, 512, 1, '20250525', '202505', NULL, NULL, NULL, NULL, 'omp::counter', 27),
('usage_events_20250525.log', 1, NULL, NULL, NULL, 71, 89, 515, 325, '20250525', '202505', 2, NULL, NULL, NULL, 'omp::counter', 1),
('usage_events_20250525.log', 1, 2, NULL, NULL, NULL, NULL, 530, 2, '20250525', '202505', NULL, NULL, NULL, NULL, 'omp::counter', 1),
('usage_events_20250525.log', 1, 3, NULL, NULL, NULL, NULL, 530, 3, '20250525', '202505', NULL, NULL, NULL, NULL, 'omp::counter', 1),
('usage_events_20250525.log', 1, 1, NULL, NULL, 2, NULL, 1048585, 2, '20250525', '202505', NULL, NULL, NULL, NULL, 'omp::counter', 1),
('usage_events_20250525.log', 1, 2, NULL, NULL, 6, NULL, 1048585, 6, '20250525', '202505', NULL, NULL, NULL, NULL, 'omp::counter', 1),
('usage_events_20250525.log', 1, 2, NULL, NULL, 7, NULL, 1048585, 7, '20250525', '202505', NULL, NULL, NULL, NULL, 'omp::counter', 1),
('usage_events_20250525.log', 1, 2, NULL, NULL, 14, NULL, 1048585, 14, '20250525', '202505', NULL, NULL, NULL, NULL, 'omp::counter', 1),
('usage_events_20250525.log', 1, 2, NULL, NULL, 15, NULL, 1048585, 15, '20250525', '202505', NULL, NULL, NULL, NULL, 'omp::counter', 1),
('usage_events_20250525.log', 1, 2, NULL, NULL, 16, NULL, 1048585, 16, '20250525', '202505', NULL, NULL, NULL, NULL, 'omp::counter', 1),
('usage_events_20250525.log', 1, 2, NULL, NULL, 18, NULL, 1048585, 18, '20250525', '202505', NULL, NULL, NULL, NULL, 'omp::counter', 1),
('usage_events_20250525.log', 1, 2, NULL, NULL, 19, NULL, 1048585, 19, '20250525', '202505', NULL, NULL, NULL, NULL, 'omp::counter', 1),
('usage_events_20250525.log', 1, 2, NULL, NULL, 20, NULL, 1048585, 20, '20250525', '202505', NULL, NULL, NULL, NULL, 'omp::counter', 1),
('usage_events_20250525.log', 1, 3, NULL, NULL, 25, NULL, 1048585, 25, '20250525', '202505', NULL, NULL, NULL, NULL, 'omp::counter', 1),
('usage_events_20250525.log', 1, 3, NULL, NULL, 28, NULL, 1048585, 28, '20250525', '202505', NULL, NULL, NULL, NULL, 'omp::counter', 2),
('usage_events_20250525.log', 1, 3, NULL, NULL, 29, NULL, 1048585, 29, '20250525', '202505', NULL, NULL, NULL, NULL, 'omp::counter', 1),
('usage_events_20250525.log', 1, 3, NULL, NULL, 30, NULL, 1048585, 30, '20250525', '202505', NULL, NULL, NULL, NULL, 'omp::counter', 1),
('usage_events_20250525.log', 1, 3, NULL, NULL, 33, NULL, 1048585, 33, '20250525', '202505', NULL, NULL, NULL, NULL, 'omp::counter', 1),
('usage_events_20250525.log', 1, 3, NULL, NULL, 34, NULL, 1048585, 34, '20250525', '202505', NULL, NULL, NULL, NULL, 'omp::counter', 1),
('usage_events_20250525.log', 1, 3, NULL, NULL, 37, NULL, 1048585, 37, '20250525', '202505', NULL, NULL, NULL, NULL, 'omp::counter', 1),
('usage_events_20250525.log', 1, 3, NULL, NULL, 39, NULL, 1048585, 39, '20250525', '202505', NULL, NULL, NULL, NULL, 'omp::counter', 1),
('usage_events_20250525.log', 1, 3, NULL, NULL, 41, NULL, 1048585, 41, '20250525', '202505', NULL, NULL, NULL, NULL, 'omp::counter', 1),
('usage_events_20250525.log', 1, 3, NULL, NULL, 42, NULL, 1048585, 42, '20250525', '202505', NULL, NULL, NULL, NULL, 'omp::counter', 2),
('usage_events_20250525.log', 1, 3, NULL, NULL, 48, NULL, 1048585, 48, '20250525', '202505', NULL, NULL, NULL, NULL, 'omp::counter', 2),
('usage_events_20250525.log', 1, 3, NULL, NULL, 50, NULL, 1048585, 50, '20250525', '202505', NULL, NULL, NULL, NULL, 'omp::counter', 1),
('usage_events_20250525.log', 1, 3, NULL, NULL, 51, NULL, 1048585, 51, '20250525', '202505', NULL, NULL, NULL, NULL, 'omp::counter', 1),
('usage_events_20250525.log', 1, 3, NULL, NULL, 52, NULL, 1048585, 52, '20250525', '202505', NULL, NULL, NULL, NULL, 'omp::counter', 1),
('usage_events_20250525.log', 1, 3, NULL, NULL, 58, NULL, 1048585, 58, '20250525', '202505', NULL, NULL, NULL, NULL, 'omp::counter', 1),
('usage_events_20250525.log', 1, 3, NULL, NULL, 59, NULL, 1048585, 59, '20250525', '202505', NULL, NULL, NULL, NULL, 'omp::counter', 1),
('usage_events_20250525.log', 1, 3, NULL, NULL, 61, NULL, 1048585, 61, '20250525', '202505', NULL, NULL, NULL, NULL, 'omp::counter', 1),
('usage_events_20250525.log', 1, 3, NULL, NULL, 62, NULL, 1048585, 62, '20250525', '202505', NULL, NULL, NULL, NULL, 'omp::counter', 1),
('usage_events_20250525.log', 1, 3, NULL, NULL, 63, NULL, 1048585, 63, '20250525', '202505', NULL, NULL, NULL, NULL, 'omp::counter', 1),
('usage_events_20250525.log', 1, 3, NULL, NULL, 64, NULL, 1048585, 64, '20250525', '202505', NULL, NULL, NULL, NULL, 'omp::counter', 3),
('usage_events_20250525.log', 1, 3, NULL, NULL, 66, NULL, 1048585, 66, '20250525', '202505', NULL, NULL, NULL, NULL, 'omp::counter', 1),
('usage_events_20250525.log', 1, NULL, NULL, NULL, 76, NULL, 1048585, 76, '20250525', '202505', NULL, NULL, NULL, NULL, 'omp::counter', 1),
('usage_events_20250525.log', 1, NULL, NULL, NULL, 77, NULL, 1048585, 77, '20250525', '202505', NULL, NULL, NULL, NULL, 'omp::counter', 1),
('usage_events_20250526.log', 1, NULL, NULL, NULL, NULL, NULL, 512, 1, '20250526', '202505', NULL, NULL, NULL, NULL, 'omp::counter', 39),
('usage_events_20250526.log', 1, 3, NULL, NULL, 48, 58, 515, 196, '20250526', '202505', 2, NULL, NULL, NULL, 'omp::counter', 1),
('usage_events_20250526.log', 1, 1, NULL, NULL, NULL, NULL, 530, 1, '20250526', '202505', NULL, NULL, NULL, NULL, 'omp::counter', 1),
('usage_events_20250526.log', 1, 3, NULL, NULL, NULL, NULL, 530, 3, '20250526', '202505', NULL, NULL, NULL, NULL, 'omp::counter', 1),
('usage_events_20250526.log', 1, 4, NULL, NULL, NULL, NULL, 530, 4, '20250526', '202505', NULL, NULL, NULL, NULL, 'omp::counter', 1),
('usage_events_20250526.log', 1, 1, NULL, NULL, 1, NULL, 1048585, 1, '20250526', '202505', NULL, NULL, NULL, NULL, 'omp::counter', 1),
('usage_events_20250526.log', 1, 1, NULL, NULL, 2, NULL, 1048585, 2, '20250526', '202505', NULL, NULL, NULL, NULL, 'omp::counter', 1),
('usage_events_20250526.log', 1, 1, NULL, NULL, 4, NULL, 1048585, 4, '20250526', '202505', NULL, NULL, NULL, NULL, 'omp::counter', 1),
('usage_events_20250526.log', 1, 2, NULL, NULL, 8, NULL, 1048585, 8, '20250526', '202505', NULL, NULL, NULL, NULL, 'omp::counter', 4),
('usage_events_20250526.log', 1, 1, NULL, NULL, 9, NULL, 1048585, 9, '20250526', '202505', NULL, NULL, NULL, NULL, 'omp::counter', 1),
('usage_events_20250526.log', 1, 1, NULL, NULL, 10, NULL, 1048585, 10, '20250526', '202505', NULL, NULL, NULL, NULL, 'omp::counter', 1),
('usage_events_20250526.log', 1, 1, NULL, NULL, 11, NULL, 1048585, 11, '20250526', '202505', NULL, NULL, NULL, NULL, 'omp::counter', 1),
('usage_events_20250526.log', 1, 1, NULL, NULL, 12, NULL, 1048585, 12, '20250526', '202505', NULL, NULL, NULL, NULL, 'omp::counter', 1),
('usage_events_20250526.log', 1, 1, NULL, NULL, 13, NULL, 1048585, 13, '20250526', '202505', NULL, NULL, NULL, NULL, 'omp::counter', 1),
('usage_events_20250526.log', 1, 2, NULL, NULL, 17, NULL, 1048585, 17, '20250526', '202505', NULL, NULL, NULL, NULL, 'omp::counter', 1),
('usage_events_20250526.log', 1, 3, NULL, NULL, 22, NULL, 1048585, 22, '20250526', '202505', NULL, NULL, NULL, NULL, 'omp::counter', 1),
('usage_events_20250526.log', 1, 3, NULL, NULL, 23, NULL, 1048585, 23, '20250526', '202505', NULL, NULL, NULL, NULL, 'omp::counter', 1),
('usage_events_20250526.log', 1, 3, NULL, NULL, 32, NULL, 1048585, 32, '20250526', '202505', NULL, NULL, NULL, NULL, 'omp::counter', 1),
('usage_events_20250526.log', 1, 3, NULL, NULL, 34, NULL, 1048585, 34, '20250526', '202505', NULL, NULL, NULL, NULL, 'omp::counter', 1),
('usage_events_20250526.log', 1, 3, NULL, NULL, 36, NULL, 1048585, 36, '20250526', '202505', NULL, NULL, NULL, NULL, 'omp::counter', 1),
('usage_events_20250526.log', 1, 3, NULL, NULL, 38, NULL, 1048585, 38, '20250526', '202505', NULL, NULL, NULL, NULL, 'omp::counter', 1),
('usage_events_20250526.log', 1, 3, NULL, NULL, 42, NULL, 1048585, 42, '20250526', '202505', NULL, NULL, NULL, NULL, 'omp::counter', 1),
('usage_events_20250526.log', 1, 3, NULL, NULL, 45, NULL, 1048585, 45, '20250526', '202505', NULL, NULL, NULL, NULL, 'omp::counter', 1),
('usage_events_20250526.log', 1, 3, NULL, NULL, 47, NULL, 1048585, 47, '20250526', '202505', NULL, NULL, NULL, NULL, 'omp::counter', 1),
('usage_events_20250526.log', 1, 3, NULL, NULL, 48, NULL, 1048585, 48, '20250526', '202505', NULL, NULL, NULL, NULL, 'omp::counter', 2),
('usage_events_20250526.log', 1, 3, NULL, NULL, 53, NULL, 1048585, 53, '20250526', '202505', NULL, NULL, NULL, NULL, 'omp::counter', 1),
('usage_events_20250526.log', 1, 3, NULL, NULL, 54, NULL, 1048585, 54, '20250526', '202505', NULL, NULL, NULL, NULL, 'omp::counter', 1),
('usage_events_20250526.log', 1, 3, NULL, NULL, 55, NULL, 1048585, 55, '20250526', '202505', NULL, NULL, NULL, NULL, 'omp::counter', 1),
('usage_events_20250526.log', 1, 3, NULL, NULL, 56, NULL, 1048585, 56, '20250526', '202505', NULL, NULL, NULL, NULL, 'omp::counter', 1),
('usage_events_20250526.log', 1, 3, NULL, NULL, 57, NULL, 1048585, 57, '20250526', '202505', NULL, NULL, NULL, NULL, 'omp::counter', 1),
('usage_events_20250526.log', 1, 3, NULL, NULL, 61, NULL, 1048585, 61, '20250526', '202505', NULL, NULL, NULL, NULL, 'omp::counter', 1),
('usage_events_20250526.log', 1, 3, NULL, NULL, 64, NULL, 1048585, 64, '20250526', '202505', NULL, NULL, NULL, NULL, 'omp::counter', 2),
('usage_events_20250526.log', 1, 3, NULL, NULL, 65, NULL, 1048585, 65, '20250526', '202505', NULL, NULL, NULL, NULL, 'omp::counter', 1),
('usage_events_20250527.log', 1, NULL, NULL, NULL, NULL, NULL, 512, 1, '20250527', '202505', NULL, NULL, NULL, NULL, 'omp::counter', 54),
('usage_events_20250527.log', 1, 2, NULL, NULL, 20, 21, 515, 82, '20250527', '202505', 2, NULL, NULL, NULL, 'omp::counter', 1),
('usage_events_20250527.log', 1, 3, NULL, NULL, 21, 31, 515, 95, '20250527', '202505', 2, NULL, NULL, NULL, 'omp::counter', 1),
('usage_events_20250527.log', 1, 3, NULL, NULL, 44, 54, 515, 183, '20250527', '202505', 2, NULL, NULL, NULL, 'omp::counter', 1),
('usage_events_20250527.log', 1, 3, NULL, NULL, 48, 58, 515, 196, '20250527', '202505', 2, NULL, NULL, NULL, 'omp::counter', 2),
('usage_events_20250527.log', 1, NULL, NULL, NULL, 72, 91, 515, 333, '20250527', '202505', 2, NULL, NULL, NULL, 'omp::counter', 2),
('usage_events_20250527.log', 1, 1, NULL, NULL, NULL, NULL, 530, 1, '20250527', '202505', NULL, NULL, NULL, NULL, 'omp::counter', 1),
('usage_events_20250527.log', 1, 4, NULL, NULL, NULL, NULL, 530, 4, '20250527', '202505', NULL, NULL, NULL, NULL, 'omp::counter', 1),
('usage_events_20250527.log', 1, 2, NULL, NULL, 6, NULL, 1048585, 6, '20250527', '202505', NULL, NULL, NULL, NULL, 'omp::counter', 2),
('usage_events_20250527.log', 1, 1, NULL, NULL, 9, NULL, 1048585, 9, '20250527', '202505', NULL, NULL, NULL, NULL, 'omp::counter', 1),
('usage_events_20250527.log', 1, 2, NULL, NULL, 20, NULL, 1048585, 20, '20250527', '202505', NULL, NULL, NULL, NULL, 'omp::counter', 1),
('usage_events_20250527.log', 1, 3, NULL, NULL, 29, NULL, 1048585, 29, '20250527', '202505', NULL, NULL, NULL, NULL, 'omp::counter', 1),
('usage_events_20250527.log', 1, 3, NULL, NULL, 31, NULL, 1048585, 31, '20250527', '202505', NULL, NULL, NULL, NULL, 'omp::counter', 2),
('usage_events_20250527.log', 1, 3, NULL, NULL, 34, NULL, 1048585, 34, '20250527', '202505', NULL, NULL, NULL, NULL, 'omp::counter', 1),
('usage_events_20250527.log', 1, 3, NULL, NULL, 42, NULL, 1048585, 42, '20250527', '202505', NULL, NULL, NULL, NULL, 'omp::counter', 1),
('usage_events_20250527.log', 1, 3, NULL, NULL, 44, NULL, 1048585, 44, '20250527', '202505', NULL, NULL, NULL, NULL, 'omp::counter', 2),
('usage_events_20250527.log', 1, 3, NULL, NULL, 48, NULL, 1048585, 48, '20250527', '202505', NULL, NULL, NULL, NULL, 'omp::counter', 1),
('usage_events_20250527.log', 1, 3, NULL, NULL, 61, NULL, 1048585, 61, '20250527', '202505', NULL, NULL, NULL, NULL, 'omp::counter', 2),
('usage_events_20250527.log', 1, NULL, NULL, NULL, 71, NULL, 1048585, 71, '20250527', '202505', NULL, NULL, NULL, NULL, 'omp::counter', 1),
('usage_events_20250527.log', 1, NULL, NULL, NULL, 72, NULL, 1048585, 72, '20250527', '202505', NULL, NULL, NULL, NULL, 'omp::counter', 1),
('usage_events_20250528.log', 1, NULL, NULL, NULL, NULL, NULL, 512, 1, '20250528', '202505', NULL, NULL, NULL, NULL, 'omp::counter', 40),
('usage_events_20250528.log', 1, 1, NULL, NULL, 3, 5, 515, 17, '20250528', '202505', 2, NULL, NULL, NULL, 'omp::counter', 1),
('usage_events_20250528.log', 1, 3, NULL, NULL, 66, 80, 515, 275, '20250528', '202505', 3, NULL, NULL, NULL, 'omp::counter', 1),
('usage_events_20250528.log', 1, 3, NULL, NULL, NULL, NULL, 530, 3, '20250528', '202505', NULL, NULL, NULL, NULL, 'omp::counter', 3),
('usage_events_20250528.log', 1, 1, NULL, NULL, 3, NULL, 1048585, 3, '20250528', '202505', NULL, NULL, NULL, NULL, 'omp::counter', 2),
('usage_events_20250528.log', 1, 2, NULL, NULL, 7, NULL, 1048585, 7, '20250528', '202505', NULL, NULL, NULL, NULL, 'omp::counter', 1),
('usage_events_20250528.log', 1, 2, NULL, NULL, 19, NULL, 1048585, 19, '20250528', '202505', NULL, NULL, NULL, NULL, 'omp::counter', 1),
('usage_events_20250528.log', 1, 2, NULL, NULL, 20, NULL, 1048585, 20, '20250528', '202505', NULL, NULL, NULL, NULL, 'omp::counter', 2),
('usage_events_20250528.log', 1, 3, NULL, NULL, 27, NULL, 1048585, 27, '20250528', '202505', NULL, NULL, NULL, NULL, 'omp::counter', 1),
('usage_events_20250528.log', 1, 3, NULL, NULL, 31, NULL, 1048585, 31, '20250528', '202505', NULL, NULL, NULL, NULL, 'omp::counter', 1),
('usage_events_20250528.log', 1, 3, NULL, NULL, 41, NULL, 1048585, 41, '20250528', '202505', NULL, NULL, NULL, NULL, 'omp::counter', 1),
('usage_events_20250528.log', 1, 3, NULL, NULL, 42, NULL, 1048585, 42, '20250528', '202505', NULL, NULL, NULL, NULL, 'omp::counter', 2),
('usage_events_20250528.log', 1, 3, NULL, NULL, 44, NULL, 1048585, 44, '20250528', '202505', NULL, NULL, NULL, NULL, 'omp::counter', 1),
('usage_events_20250528.log', 1, 3, NULL, NULL, 53, NULL, 1048585, 53, '20250528', '202505', NULL, NULL, NULL, NULL, 'omp::counter', 1),
('usage_events_20250528.log', 1, 3, NULL, NULL, 61, NULL, 1048585, 61, '20250528', '202505', NULL, NULL, NULL, NULL, 'omp::counter', 1),
('usage_events_20250528.log', 1, 3, NULL, NULL, 66, NULL, 1048585, 66, '20250528', '202505', NULL, NULL, NULL, NULL, 'omp::counter', 1),
('usage_events_20250529.log', 1, NULL, NULL, NULL, NULL, NULL, 512, 1, '20250529', '202505', NULL, NULL, NULL, NULL, 'omp::counter', 36),
('usage_events_20250529.log', 1, 1, NULL, NULL, 2, 3, 515, 9, '20250529', '202505', 2, NULL, NULL, NULL, 'omp::counter', 2),
('usage_events_20250529.log', 1, 1, NULL, NULL, 12, 13, 515, 50, '20250529', '202505', 2, NULL, NULL, NULL, 'omp::counter', 1),
('usage_events_20250529.log', 1, 3, NULL, NULL, 64, 74, 515, 260, '20250529', '202505', 2, NULL, NULL, NULL, 'omp::counter', 1),
('usage_events_20250529.log', 1, 3, NULL, NULL, NULL, NULL, 530, 3, '20250529', '202505', NULL, NULL, NULL, NULL, 'omp::counter', 2),
('usage_events_20250529.log', 1, 1, NULL, NULL, 2, NULL, 1048585, 2, '20250529', '202505', NULL, NULL, NULL, NULL, 'omp::counter', 2),
('usage_events_20250529.log', 1, 1, NULL, NULL, 3, NULL, 1048585, 3, '20250529', '202505', NULL, NULL, NULL, NULL, 'omp::counter', 1),
('usage_events_20250529.log', 1, 3, NULL, NULL, 27, NULL, 1048585, 27, '20250529', '202505', NULL, NULL, NULL, NULL, 'omp::counter', 2),
('usage_events_20250529.log', 1, 3, NULL, NULL, 31, NULL, 1048585, 31, '20250529', '202505', NULL, NULL, NULL, NULL, 'omp::counter', 1),
('usage_events_20250529.log', 1, 3, NULL, NULL, 35, NULL, 1048585, 35, '20250529', '202505', NULL, NULL, NULL, NULL, 'omp::counter', 1),
('usage_events_20250529.log', 1, 3, NULL, NULL, 37, NULL, 1048585, 37, '20250529', '202505', NULL, NULL, NULL, NULL, 'omp::counter', 1),
('usage_events_20250529.log', 1, 3, NULL, NULL, 48, NULL, 1048585, 48, '20250529', '202505', NULL, NULL, NULL, NULL, 'omp::counter', 1),
('usage_events_20250529.log', 1, 3, NULL, NULL, 64, NULL, 1048585, 64, '20250529', '202505', NULL, NULL, NULL, NULL, 'omp::counter', 1),
('usage_events_20250529.log', 1, 3, NULL, NULL, 65, NULL, 1048585, 65, '20250529', '202505', NULL, NULL, NULL, NULL, 'omp::counter', 1),
('usage_events_20250530.log', 1, NULL, NULL, NULL, NULL, NULL, 512, 1, '20250530', '202505', NULL, NULL, NULL, NULL, 'omp::counter', 62),
('usage_events_20250530.log', 1, 3, NULL, NULL, 21, 31, 515, 95, '20250530', '202505', 2, NULL, NULL, NULL, 'omp::counter', 1),
('usage_events_20250530.log', 1, 3, NULL, NULL, 48, 58, 515, 196, '20250530', '202505', 2, NULL, NULL, NULL, 'omp::counter', 1),
('usage_events_20250530.log', 1, 3, NULL, NULL, 59, 69, 515, 240, '20250530', '202505', 2, NULL, NULL, NULL, 'omp::counter', 2),
('usage_events_20250530.log', 1, NULL, NULL, NULL, 72, 91, 515, 333, '20250530', '202505', 2, NULL, NULL, NULL, 'omp::counter', 1),
('usage_events_20250530.log', 1, NULL, NULL, NULL, 76, 95, 515, 357, '20250530', '202505', 2, NULL, NULL, NULL, 'omp::counter', 1),
('usage_events_20250530.log', 1, 1, NULL, NULL, 1, NULL, 1048585, 1, '20250530', '202505', NULL, NULL, NULL, NULL, 'omp::counter', 1),
('usage_events_20250530.log', 1, 1, NULL, NULL, 12, NULL, 1048585, 12, '20250530', '202505', NULL, NULL, NULL, NULL, 'omp::counter', 2),
('usage_events_20250530.log', 1, 1, NULL, NULL, 13, NULL, 1048585, 13, '20250530', '202505', NULL, NULL, NULL, NULL, 'omp::counter', 1),
('usage_events_20250530.log', 1, 3, NULL, NULL, 21, NULL, 1048585, 21, '20250530', '202505', NULL, NULL, NULL, NULL, 'omp::counter', 1),
('usage_events_20250530.log', 1, 3, NULL, NULL, 22, NULL, 1048585, 22, '20250530', '202505', NULL, NULL, NULL, NULL, 'omp::counter', 1),
('usage_events_20250530.log', 1, 3, NULL, NULL, 23, NULL, 1048585, 23, '20250530', '202505', NULL, NULL, NULL, NULL, 'omp::counter', 1),
('usage_events_20250530.log', 1, 3, NULL, NULL, 38, NULL, 1048585, 38, '20250530', '202505', NULL, NULL, NULL, NULL, 'omp::counter', 1),
('usage_events_20250530.log', 1, 3, NULL, NULL, 43, NULL, 1048585, 43, '20250530', '202505', NULL, NULL, NULL, NULL, 'omp::counter', 1),
('usage_events_20250530.log', 1, 3, NULL, NULL, 48, NULL, 1048585, 48, '20250530', '202505', NULL, NULL, NULL, NULL, 'omp::counter', 2),
('usage_events_20250530.log', 1, 3, NULL, NULL, 51, NULL, 1048585, 51, '20250530', '202505', NULL, NULL, NULL, NULL, 'omp::counter', 1),
('usage_events_20250530.log', 1, 3, NULL, NULL, 56, NULL, 1048585, 56, '20250530', '202505', NULL, NULL, NULL, NULL, 'omp::counter', 1),
('usage_events_20250530.log', 1, 3, NULL, NULL, 59, NULL, 1048585, 59, '20250530', '202505', NULL, NULL, NULL, NULL, 'omp::counter', 1),
('usage_events_20250530.log', 1, 3, NULL, NULL, 61, NULL, 1048585, 61, '20250530', '202505', NULL, NULL, NULL, NULL, 'omp::counter', 1),
('usage_events_20250530.log', 1, 3, NULL, NULL, 64, NULL, 1048585, 64, '20250530', '202505', NULL, NULL, NULL, NULL, 'omp::counter', 1),
('usage_events_20250530.log', 1, NULL, NULL, NULL, 68, NULL, 1048585, 68, '20250530', '202505', NULL, NULL, NULL, NULL, 'omp::counter', 1),
('usage_events_20250530.log', 1, NULL, NULL, NULL, 72, NULL, 1048585, 72, '20250530', '202505', NULL, NULL, NULL, NULL, 'omp::counter', 1),
('usage_events_20250530.log', 1, NULL, NULL, NULL, 76, NULL, 1048585, 76, '20250530', '202505', NULL, NULL, NULL, NULL, 'omp::counter', 2),
('usage_events_20250530.log', 1, NULL, NULL, NULL, 77, NULL, 1048585, 77, '20250530', '202505', NULL, NULL, NULL, NULL, 'omp::counter', 1),
('usage_events_20250531.log', 1, NULL, NULL, NULL, NULL, NULL, 512, 1, '20250531', '202505', NULL, NULL, NULL, NULL, 'omp::counter', 36),
('usage_events_20250531.log', 1, 1, NULL, NULL, NULL, NULL, 530, 1, '20250531', '202505', NULL, NULL, NULL, NULL, 'omp::counter', 2),
('usage_events_20250531.log', 1, 2, NULL, NULL, NULL, NULL, 530, 2, '20250531', '202505', NULL, NULL, NULL, NULL, 'omp::counter', 2),
('usage_events_20250531.log', 1, 3, NULL, NULL, NULL, NULL, 530, 3, '20250531', '202505', NULL, NULL, NULL, NULL, 'omp::counter', 1),
('usage_events_20250531.log', 1, 4, NULL, NULL, NULL, NULL, 530, 4, '20250531', '202505', NULL, NULL, NULL, NULL, 'omp::counter', 1),
('usage_events_20250531.log', 1, 1, NULL, NULL, 2, NULL, 1048585, 2, '20250531', '202505', NULL, NULL, NULL, NULL, 'omp::counter', 1),
('usage_events_20250531.log', 1, 1, NULL, NULL, 4, NULL, 1048585, 4, '20250531', '202505', NULL, NULL, NULL, NULL, 'omp::counter', 1),
('usage_events_20250531.log', 1, 1, NULL, NULL, 5, NULL, 1048585, 5, '20250531', '202505', NULL, NULL, NULL, NULL, 'omp::counter', 1),
('usage_events_20250531.log', 1, 2, NULL, NULL, 6, NULL, 1048585, 6, '20250531', '202505', NULL, NULL, NULL, NULL, 'omp::counter', 1),
('usage_events_20250531.log', 1, 2, NULL, NULL, 7, NULL, 1048585, 7, '20250531', '202505', NULL, NULL, NULL, NULL, 'omp::counter', 1),
('usage_events_20250531.log', 1, 2, NULL, NULL, 8, NULL, 1048585, 8, '20250531', '202505', NULL, NULL, NULL, NULL, 'omp::counter', 1),
('usage_events_20250531.log', 1, 1, NULL, NULL, 12, NULL, 1048585, 12, '20250531', '202505', NULL, NULL, NULL, NULL, 'omp::counter', 1),
('usage_events_20250531.log', 1, 2, NULL, NULL, 14, NULL, 1048585, 14, '20250531', '202505', NULL, NULL, NULL, NULL, 'omp::counter', 1),
('usage_events_20250531.log', 1, 2, NULL, NULL, 15, NULL, 1048585, 15, '20250531', '202505', NULL, NULL, NULL, NULL, 'omp::counter', 1),
('usage_events_20250531.log', 1, 2, NULL, NULL, 16, NULL, 1048585, 16, '20250531', '202505', NULL, NULL, NULL, NULL, 'omp::counter', 1),
('usage_events_20250531.log', 1, 2, NULL, NULL, 19, NULL, 1048585, 19, '20250531', '202505', NULL, NULL, NULL, NULL, 'omp::counter', 1),
('usage_events_20250531.log', 1, 3, NULL, NULL, 25, NULL, 1048585, 25, '20250531', '202505', NULL, NULL, NULL, NULL, 'omp::counter', 1),
('usage_events_20250531.log', 1, 3, NULL, NULL, 33, NULL, 1048585, 33, '20250531', '202505', NULL, NULL, NULL, NULL, 'omp::counter', 1),
('usage_events_20250531.log', 1, 3, NULL, NULL, 36, NULL, 1048585, 36, '20250531', '202505', NULL, NULL, NULL, NULL, 'omp::counter', 1),
('usage_events_20250531.log', 1, 3, NULL, NULL, 40, NULL, 1048585, 40, '20250531', '202505', NULL, NULL, NULL, NULL, 'omp::counter', 1),
('usage_events_20250531.log', 1, 3, NULL, NULL, 42, NULL, 1048585, 42, '20250531', '202505', NULL, NULL, NULL, NULL, 'omp::counter', 1),
('usage_events_20250531.log', 1, 3, NULL, NULL, 47, NULL, 1048585, 47, '20250531', '202505', NULL, NULL, NULL, NULL, 'omp::counter', 1),
('usage_events_20250531.log', 1, 3, NULL, NULL, 48, NULL, 1048585, 48, '20250531', '202505', NULL, NULL, NULL, NULL, 'omp::counter', 1),
('usage_events_20250531.log', 1, 3, NULL, NULL, 49, NULL, 1048585, 49, '20250531', '202505', NULL, NULL, NULL, NULL, 'omp::counter', 1),
('usage_events_20250531.log', 1, 3, NULL, NULL, 54, NULL, 1048585, 54, '20250531', '202505', NULL, NULL, NULL, NULL, 'omp::counter', 1),
('usage_events_20250531.log', 1, 3, NULL, NULL, 56, NULL, 1048585, 56, '20250531', '202505', NULL, NULL, NULL, NULL, 'omp::counter', 1),
('usage_events_20250531.log', 1, 3, NULL, NULL, 58, NULL, 1048585, 58, '20250531', '202505', NULL, NULL, NULL, NULL, 'omp::counter', 1),
('usage_events_20250531.log', 1, 3, NULL, NULL, 60, NULL, 1048585, 60, '20250531', '202505', NULL, NULL, NULL, NULL, 'omp::counter', 1),
('usage_events_20250531.log', 1, 3, NULL, NULL, 61, NULL, 1048585, 61, '20250531', '202505', NULL, NULL, NULL, NULL, 'omp::counter', 3),
('usage_events_20250531.log', 1, 3, NULL, NULL, 63, NULL, 1048585, 63, '20250531', '202505', NULL, NULL, NULL, NULL, 'omp::counter', 1),
('usage_events_20250531.log', 1, 3, NULL, NULL, 66, NULL, 1048585, 66, '20250531', '202505', NULL, NULL, NULL, NULL, 'omp::counter', 1),
('usage_events_20250601.log', 1, NULL, NULL, NULL, NULL, NULL, 512, 1, '20250601', '202506', NULL, NULL, NULL, NULL, 'omp::counter', 32),
('usage_events_20250601.log', 1, 2, NULL, NULL, 20, 21, 515, 82, '20250601', '202506', 2, NULL, NULL, NULL, 'omp::counter', 2),
('usage_events_20250601.log', 1, NULL, NULL, NULL, 69, 85, 515, 309, '20250601', '202506', 2, NULL, NULL, NULL, 'omp::counter', 2),
('usage_events_20250601.log', 1, NULL, NULL, NULL, 72, 91, 515, 333, '20250601', '202506', 2, NULL, NULL, NULL, 'omp::counter', 1),
('usage_events_20250601.log', 1, 1, NULL, NULL, NULL, NULL, 530, 1, '20250601', '202506', NULL, NULL, NULL, NULL, 'omp::counter', 1),
('usage_events_20250601.log', 1, 2, NULL, NULL, 20, NULL, 1048585, 20, '20250601', '202506', NULL, NULL, NULL, NULL, 'omp::counter', 1),
('usage_events_20250601.log', 1, 3, NULL, NULL, 32, NULL, 1048585, 32, '20250601', '202506', NULL, NULL, NULL, NULL, 'omp::counter', 1),
('usage_events_20250601.log', 1, 3, NULL, NULL, 37, NULL, 1048585, 37, '20250601', '202506', NULL, NULL, NULL, NULL, 'omp::counter', 1),
('usage_events_20250601.log', 1, 3, NULL, NULL, 41, NULL, 1048585, 41, '20250601', '202506', NULL, NULL, NULL, NULL, 'omp::counter', 1),
('usage_events_20250601.log', 1, 3, NULL, NULL, 42, NULL, 1048585, 42, '20250601', '202506', NULL, NULL, NULL, NULL, 'omp::counter', 2),
('usage_events_20250601.log', 1, 3, NULL, NULL, 45, NULL, 1048585, 45, '20250601', '202506', NULL, NULL, NULL, NULL, 'omp::counter', 1),
('usage_events_20250601.log', 1, 3, NULL, NULL, 55, NULL, 1048585, 55, '20250601', '202506', NULL, NULL, NULL, NULL, 'omp::counter', 1),
('usage_events_20250601.log', 1, 3, NULL, NULL, 59, NULL, 1048585, 59, '20250601', '202506', NULL, NULL, NULL, NULL, 'omp::counter', 1),
('usage_events_20250601.log', 1, 3, NULL, NULL, 62, NULL, 1048585, 62, '20250601', '202506', NULL, NULL, NULL, NULL, 'omp::counter', 1),
('usage_events_20250601.log', 1, 3, NULL, NULL, 64, NULL, 1048585, 64, '20250601', '202506', NULL, NULL, NULL, NULL, 'omp::counter', 3),
('usage_events_20250601.log', 1, 3, NULL, NULL, 65, NULL, 1048585, 65, '20250601', '202506', NULL, NULL, NULL, NULL, 'omp::counter', 1),
('usage_events_20250601.log', 1, NULL, NULL, NULL, 69, NULL, 1048585, 69, '20250601', '202506', NULL, NULL, NULL, NULL, 'omp::counter', 1),
('usage_events_20250601.log', 1, NULL, NULL, NULL, 72, NULL, 1048585, 72, '20250601', '202506', NULL, NULL, NULL, NULL, 'omp::counter', 1),
('usage_events_20250602.log', 1, NULL, NULL, NULL, NULL, NULL, 512, 1, '20250602', '202506', NULL, NULL, NULL, NULL, 'omp::counter', 28),
('usage_events_20250602.log', 1, 2, NULL, NULL, 20, 21, 515, 82, '20250602', '202506', 2, NULL, NULL, NULL, 'omp::counter', 1),
('usage_events_20250602.log', 1, 3, NULL, NULL, 48, 58, 515, 196, '20250602', '202506', 2, NULL, NULL, NULL, 'omp::counter', 4),
('usage_events_20250602.log', 1, 3, NULL, NULL, 62, 71, 515, 248, '20250602', '202506', 2, NULL, NULL, NULL, 'omp::counter', 4),
('usage_events_20250602.log', 1, 3, NULL, NULL, NULL, NULL, 530, 3, '20250602', '202506', NULL, NULL, NULL, NULL, 'omp::counter', 1),
('usage_events_20250602.log', 1, 3, NULL, NULL, 27, NULL, 1048585, 27, '20250602', '202506', NULL, NULL, NULL, NULL, 'omp::counter', 1),
('usage_events_20250602.log', 1, 3, NULL, NULL, 35, NULL, 1048585, 35, '20250602', '202506', NULL, NULL, NULL, NULL, 'omp::counter', 1),
('usage_events_20250602.log', 1, 3, NULL, NULL, 48, NULL, 1048585, 48, '20250602', '202506', NULL, NULL, NULL, NULL, 'omp::counter', 1),
('usage_events_20250602.log', 1, 3, NULL, NULL, 54, NULL, 1048585, 54, '20250602', '202506', NULL, NULL, NULL, NULL, 'omp::counter', 1),
('usage_events_20250602.log', 1, 3, NULL, NULL, 62, NULL, 1048585, 62, '20250602', '202506', NULL, NULL, NULL, NULL, 'omp::counter', 1),
('usage_events_20250602.log', 1, 3, NULL, NULL, 64, NULL, 1048585, 64, '20250602', '202506', NULL, NULL, NULL, NULL, 'omp::counter', 1),
('usage_events_20250602.log', 1, NULL, NULL, NULL, 69, NULL, 1048585, 69, '20250602', '202506', NULL, NULL, NULL, NULL, 'omp::counter', 1),
('usage_events_20250603.log', 1, NULL, NULL, NULL, NULL, NULL, 512, 1, '20250603', '202506', NULL, NULL, NULL, NULL, 'omp::counter', 24),
('usage_events_20250603.log', 1, 3, NULL, NULL, 32, 42, 515, 137, '20250603', '202506', 3, NULL, NULL, NULL, 'omp::counter', 1),
('usage_events_20250603.log', 1, 3, NULL, NULL, 48, 58, 515, 196, '20250603', '202506', 2, NULL, NULL, NULL, 'omp::counter', 1),
('usage_events_20250603.log', 1, 3, NULL, NULL, 62, 71, 515, 248, '20250603', '202506', 2, NULL, NULL, NULL, 'omp::counter', 1),
('usage_events_20250603.log', 1, NULL, NULL, NULL, 76, 96, 515, 358, '20250603', '202506', 3, NULL, NULL, NULL, 'omp::counter', 1),
('usage_events_20250603.log', 1, 2, NULL, NULL, NULL, NULL, 530, 2, '20250603', '202506', NULL, NULL, NULL, NULL, 'omp::counter', 1),
('usage_events_20250603.log', 1, 3, NULL, NULL, NULL, NULL, 530, 3, '20250603', '202506', NULL, NULL, NULL, NULL, 'omp::counter', 1),
('usage_events_20250603.log', 1, 1, NULL, NULL, 4, NULL, 1048585, 4, '20250603', '202506', NULL, NULL, NULL, NULL, 'omp::counter', 1),
('usage_events_20250603.log', 1, 2, NULL, NULL, 6, NULL, 1048585, 6, '20250603', '202506', NULL, NULL, NULL, NULL, 'omp::counter', 1),
('usage_events_20250603.log', 1, 1, NULL, NULL, 12, NULL, 1048585, 12, '20250603', '202506', NULL, NULL, NULL, NULL, 'omp::counter', 1),
('usage_events_20250603.log', 1, 2, NULL, NULL, 20, NULL, 1048585, 20, '20250603', '202506', NULL, NULL, NULL, NULL, 'omp::counter', 1),
('usage_events_20250603.log', 1, 3, NULL, NULL, 22, NULL, 1048585, 22, '20250603', '202506', NULL, NULL, NULL, NULL, 'omp::counter', 1),
('usage_events_20250603.log', 1, 3, NULL, NULL, 24, NULL, 1048585, 24, '20250603', '202506', NULL, NULL, NULL, NULL, 'omp::counter', 1),
('usage_events_20250603.log', 1, 3, NULL, NULL, 27, NULL, 1048585, 27, '20250603', '202506', NULL, NULL, NULL, NULL, 'omp::counter', 1),
('usage_events_20250603.log', 1, 3, NULL, NULL, 29, NULL, 1048585, 29, '20250603', '202506', NULL, NULL, NULL, NULL, 'omp::counter', 1),
('usage_events_20250603.log', 1, 3, NULL, NULL, 34, NULL, 1048585, 34, '20250603', '202506', NULL, NULL, NULL, NULL, 'omp::counter', 1),
('usage_events_20250603.log', 1, 3, NULL, NULL, 37, NULL, 1048585, 37, '20250603', '202506', NULL, NULL, NULL, NULL, 'omp::counter', 1),
('usage_events_20250603.log', 1, 3, NULL, NULL, 44, NULL, 1048585, 44, '20250603', '202506', NULL, NULL, NULL, NULL, 'omp::counter', 1),
('usage_events_20250603.log', 1, 3, NULL, NULL, 54, NULL, 1048585, 54, '20250603', '202506', NULL, NULL, NULL, NULL, 'omp::counter', 1),
('usage_events_20250603.log', 1, 3, NULL, NULL, 60, NULL, 1048585, 60, '20250603', '202506', NULL, NULL, NULL, NULL, 'omp::counter', 1),
('usage_events_20250604.log', 1, NULL, NULL, NULL, NULL, NULL, 512, 1, '20250604', '202506', NULL, NULL, NULL, NULL, 'omp::counter', 36),
('usage_events_20250604.log', 1, 3, NULL, NULL, 48, 58, 515, 196, '20250604', '202506', 2, NULL, NULL, NULL, 'omp::counter', 1),
('usage_events_20250604.log', 1, 3, NULL, NULL, 62, 71, 515, 248, '20250604', '202506', 2, NULL, NULL, NULL, 'omp::counter', 1),
('usage_events_20250604.log', 1, 3, NULL, NULL, 22, 78, 515, 271, '20250604', '202506', 3, NULL, NULL, NULL, 'omp::counter', 1),
('usage_events_20250604.log', 1, 2, NULL, NULL, 19, 79, 515, 273, '20250604', '202506', 3, NULL, NULL, NULL, 'omp::counter', 1),
('usage_events_20250604.log', 1, 1, NULL, NULL, NULL, NULL, 530, 1, '20250604', '202506', NULL, NULL, NULL, NULL, 'omp::counter', 2),
('usage_events_20250604.log', 1, 2, NULL, NULL, NULL, NULL, 530, 2, '20250604', '202506', NULL, NULL, NULL, NULL, 'omp::counter', 2),
('usage_events_20250604.log', 1, 3, NULL, NULL, NULL, NULL, 530, 3, '20250604', '202506', NULL, NULL, NULL, NULL, 'omp::counter', 3),
('usage_events_20250604.log', 1, 4, NULL, NULL, NULL, NULL, 530, 4, '20250604', '202506', NULL, NULL, NULL, NULL, 'omp::counter', 2),
('usage_events_20250604.log', 1, 1, NULL, NULL, 1, NULL, 1048585, 1, '20250604', '202506', NULL, NULL, NULL, NULL, 'omp::counter', 2),
('usage_events_20250604.log', 1, 1, NULL, NULL, 2, NULL, 1048585, 2, '20250604', '202506', NULL, NULL, NULL, NULL, 'omp::counter', 2),
('usage_events_20250604.log', 1, 1, NULL, NULL, 3, NULL, 1048585, 3, '20250604', '202506', NULL, NULL, NULL, NULL, 'omp::counter', 2),
('usage_events_20250604.log', 1, 2, NULL, NULL, 6, NULL, 1048585, 6, '20250604', '202506', NULL, NULL, NULL, NULL, 'omp::counter', 2),
('usage_events_20250604.log', 1, 1, NULL, NULL, 9, NULL, 1048585, 9, '20250604', '202506', NULL, NULL, NULL, NULL, 'omp::counter', 2),
('usage_events_20250604.log', 1, 2, NULL, NULL, 16, NULL, 1048585, 16, '20250604', '202506', NULL, NULL, NULL, NULL, 'omp::counter', 1),
('usage_events_20250604.log', 1, 2, NULL, NULL, 18, NULL, 1048585, 18, '20250604', '202506', NULL, NULL, NULL, NULL, 'omp::counter', 2),
('usage_events_20250604.log', 1, 2, NULL, NULL, 19, NULL, 1048585, 19, '20250604', '202506', NULL, NULL, NULL, NULL, 'omp::counter', 2),
('usage_events_20250604.log', 1, 3, NULL, NULL, 22, NULL, 1048585, 22, '20250604', '202506', NULL, NULL, NULL, NULL, 'omp::counter', 2),
('usage_events_20250604.log', 1, 3, NULL, NULL, 23, NULL, 1048585, 23, '20250604', '202506', NULL, NULL, NULL, NULL, 'omp::counter', 2),
('usage_events_20250604.log', 1, 3, NULL, NULL, 24, NULL, 1048585, 24, '20250604', '202506', NULL, NULL, NULL, NULL, 'omp::counter', 2),
('usage_events_20250604.log', 1, 3, NULL, NULL, 29, NULL, 1048585, 29, '20250604', '202506', NULL, NULL, NULL, NULL, 'omp::counter', 2),
('usage_events_20250604.log', 1, 3, NULL, NULL, 31, NULL, 1048585, 31, '20250604', '202506', NULL, NULL, NULL, NULL, 'omp::counter', 2),
('usage_events_20250604.log', 1, 3, NULL, NULL, 38, NULL, 1048585, 38, '20250604', '202506', NULL, NULL, NULL, NULL, 'omp::counter', 1),
('usage_events_20250604.log', 1, 3, NULL, NULL, 41, NULL, 1048585, 41, '20250604', '202506', NULL, NULL, NULL, NULL, 'omp::counter', 2),
('usage_events_20250604.log', 1, 3, NULL, NULL, 43, NULL, 1048585, 43, '20250604', '202506', NULL, NULL, NULL, NULL, 'omp::counter', 2),
('usage_events_20250604.log', 1, 3, NULL, NULL, 44, NULL, 1048585, 44, '20250604', '202506', NULL, NULL, NULL, NULL, 'omp::counter', 1),
('usage_events_20250605.log', 1, NULL, NULL, NULL, NULL, NULL, 512, 1, '20250605', '202506', NULL, NULL, NULL, NULL, 'omp::counter', 35),
('usage_events_20250605.log', 1, 3, NULL, NULL, 48, 58, 515, 196, '20250605', '202506', 2, NULL, NULL, NULL, 'omp::counter', 1),
('usage_events_20250605.log', 1, 3, NULL, NULL, 51, 61, 515, 208, '20250605', '202506', 2, NULL, NULL, NULL, 'omp::counter', 2),
('usage_events_20250605.log', 1, 3, NULL, NULL, NULL, NULL, 530, 3, '20250605', '202506', NULL, NULL, NULL, NULL, 'omp::counter', 3),
('usage_events_20250605.log', 1, 1, NULL, NULL, 10, NULL, 1048585, 10, '20250605', '202506', NULL, NULL, NULL, NULL, 'omp::counter', 1),
('usage_events_20250605.log', 1, 2, NULL, NULL, 17, NULL, 1048585, 17, '20250605', '202506', NULL, NULL, NULL, NULL, 'omp::counter', 1),
('usage_events_20250605.log', 1, 3, NULL, NULL, 28, NULL, 1048585, 28, '20250605', '202506', NULL, NULL, NULL, NULL, 'omp::counter', 1),
('usage_events_20250605.log', 1, 3, NULL, NULL, 30, NULL, 1048585, 30, '20250605', '202506', NULL, NULL, NULL, NULL, 'omp::counter', 1),
('usage_events_20250605.log', 1, 3, NULL, NULL, 31, NULL, 1048585, 31, '20250605', '202506', NULL, NULL, NULL, NULL, 'omp::counter', 1),
('usage_events_20250605.log', 1, 3, NULL, NULL, 48, NULL, 1048585, 48, '20250605', '202506', NULL, NULL, NULL, NULL, 'omp::counter', 3),
('usage_events_20250605.log', 1, 3, NULL, NULL, 51, NULL, 1048585, 51, '20250605', '202506', NULL, NULL, NULL, NULL, 'omp::counter', 2),
('usage_events_20250606.log', 1, NULL, NULL, NULL, NULL, NULL, 512, 1, '20250606', '202506', NULL, NULL, NULL, NULL, 'omp::counter', 40),
('usage_events_20250606.log', 1, 3, NULL, NULL, 64, 74, 515, 260, '20250606', '202506', 2, NULL, NULL, NULL, 'omp::counter', 2),
('usage_events_20250606.log', 1, NULL, NULL, NULL, 77, 94, 515, 356, '20250606', '202506', 3, NULL, NULL, NULL, 'omp::counter', 1),
('usage_events_20250606.log', 1, 4, NULL, NULL, NULL, NULL, 530, 4, '20250606', '202506', NULL, NULL, NULL, NULL, 'omp::counter', 1),
('usage_events_20250606.log', 1, 1, NULL, NULL, 1, NULL, 1048585, 1, '20250606', '202506', NULL, NULL, NULL, NULL, 'omp::counter', 1),
('usage_events_20250606.log', 1, 1, NULL, NULL, 2, NULL, 1048585, 2, '20250606', '202506', NULL, NULL, NULL, NULL, 'omp::counter', 1),
('usage_events_20250606.log', 1, 1, NULL, NULL, 3, NULL, 1048585, 3, '20250606', '202506', NULL, NULL, NULL, NULL, 'omp::counter', 1),
('usage_events_20250606.log', 1, 1, NULL, NULL, 9, NULL, 1048585, 9, '20250606', '202506', NULL, NULL, NULL, NULL, 'omp::counter', 1),
('usage_events_20250606.log', 1, 1, NULL, NULL, 11, NULL, 1048585, 11, '20250606', '202506', NULL, NULL, NULL, NULL, 'omp::counter', 1),
('usage_events_20250606.log', 1, 1, NULL, NULL, 13, NULL, 1048585, 13, '20250606', '202506', NULL, NULL, NULL, NULL, 'omp::counter', 1),
('usage_events_20250606.log', 1, 2, NULL, NULL, 18, NULL, 1048585, 18, '20250606', '202506', NULL, NULL, NULL, NULL, 'omp::counter', 1),
('usage_events_20250606.log', 1, 2, NULL, NULL, 20, NULL, 1048585, 20, '20250606', '202506', NULL, NULL, NULL, NULL, 'omp::counter', 1),
('usage_events_20250606.log', 1, 3, NULL, NULL, 21, NULL, 1048585, 21, '20250606', '202506', NULL, NULL, NULL, NULL, 'omp::counter', 1),
('usage_events_20250606.log', 1, 3, NULL, NULL, 27, NULL, 1048585, 27, '20250606', '202506', NULL, NULL, NULL, NULL, 'omp::counter', 1),
('usage_events_20250606.log', 1, 3, NULL, NULL, 29, NULL, 1048585, 29, '20250606', '202506', NULL, NULL, NULL, NULL, 'omp::counter', 1),
('usage_events_20250606.log', 1, 3, NULL, NULL, 31, NULL, 1048585, 31, '20250606', '202506', NULL, NULL, NULL, NULL, 'omp::counter', 2),
('usage_events_20250606.log', 1, 3, NULL, NULL, 32, NULL, 1048585, 32, '20250606', '202506', NULL, NULL, NULL, NULL, 'omp::counter', 2),
('usage_events_20250606.log', 1, 3, NULL, NULL, 35, NULL, 1048585, 35, '20250606', '202506', NULL, NULL, NULL, NULL, 'omp::counter', 1),
('usage_events_20250606.log', 1, 3, NULL, NULL, 39, NULL, 1048585, 39, '20250606', '202506', NULL, NULL, NULL, NULL, 'omp::counter', 1),
('usage_events_20250606.log', 1, 3, NULL, NULL, 43, NULL, 1048585, 43, '20250606', '202506', NULL, NULL, NULL, NULL, 'omp::counter', 1),
('usage_events_20250606.log', 1, 3, NULL, NULL, 44, NULL, 1048585, 44, '20250606', '202506', NULL, NULL, NULL, NULL, 'omp::counter', 1),
('usage_events_20250606.log', 1, 3, NULL, NULL, 48, NULL, 1048585, 48, '20250606', '202506', NULL, NULL, NULL, NULL, 'omp::counter', 1),
('usage_events_20250606.log', 1, 3, NULL, NULL, 49, NULL, 1048585, 49, '20250606', '202506', NULL, NULL, NULL, NULL, 'omp::counter', 1),
('usage_events_20250606.log', 1, 3, NULL, NULL, 50, NULL, 1048585, 50, '20250606', '202506', NULL, NULL, NULL, NULL, 'omp::counter', 1),
('usage_events_20250606.log', 1, 3, NULL, NULL, 51, NULL, 1048585, 51, '20250606', '202506', NULL, NULL, NULL, NULL, 'omp::counter', 1),
('usage_events_20250606.log', 1, 3, NULL, NULL, 52, NULL, 1048585, 52, '20250606', '202506', NULL, NULL, NULL, NULL, 'omp::counter', 2),
('usage_events_20250606.log', 1, 3, NULL, NULL, 53, NULL, 1048585, 53, '20250606', '202506', NULL, NULL, NULL, NULL, 'omp::counter', 1),
('usage_events_20250606.log', 1, 3, NULL, NULL, 55, NULL, 1048585, 55, '20250606', '202506', NULL, NULL, NULL, NULL, 'omp::counter', 3),
('usage_events_20250606.log', 1, 3, NULL, NULL, 57, NULL, 1048585, 57, '20250606', '202506', NULL, NULL, NULL, NULL, 'omp::counter', 1),
('usage_events_20250606.log', 1, 3, NULL, NULL, 63, NULL, 1048585, 63, '20250606', '202506', NULL, NULL, NULL, NULL, 'omp::counter', 1),
('usage_events_20250606.log', 1, 3, NULL, NULL, 64, NULL, 1048585, 64, '20250606', '202506', NULL, NULL, NULL, NULL, 'omp::counter', 3),
('usage_events_20250606.log', 1, NULL, NULL, NULL, 76, NULL, 1048585, 76, '20250606', '202506', NULL, NULL, NULL, NULL, 'omp::counter', 1);
INSERT INTO `metrics` (`load_id`, `context_id`, `pkp_section_id`, `assoc_object_type`, `assoc_object_id`, `submission_id`, `representation_id`, `assoc_type`, `assoc_id`, `day`, `month`, `file_type`, `country_id`, `region`, `city`, `metric_type`, `metric`) VALUES
('usage_events_20250606.log', 1, NULL, NULL, NULL, 77, NULL, 1048585, 77, '20250606', '202506', NULL, NULL, NULL, NULL, 'omp::counter', 1),
('usage_events_20250607.log', 1, NULL, NULL, NULL, NULL, NULL, 512, 1, '20250607', '202506', NULL, NULL, NULL, NULL, 'omp::counter', 35),
('usage_events_20250607.log', 1, 1, NULL, NULL, 3, NULL, 1048585, 3, '20250607', '202506', NULL, NULL, NULL, NULL, 'omp::counter', 3),
('usage_events_20250607.log', 1, 3, NULL, NULL, 52, NULL, 1048585, 52, '20250607', '202506', NULL, NULL, NULL, NULL, 'omp::counter', 1),
('usage_events_20250607.log', 1, 3, NULL, NULL, 64, NULL, 1048585, 64, '20250607', '202506', NULL, NULL, NULL, NULL, 'omp::counter', 1),
('usage_events_20250607.log', 1, NULL, NULL, NULL, 76, NULL, 1048585, 76, '20250607', '202506', NULL, NULL, NULL, NULL, 'omp::counter', 2),
('usage_events_20250608.log', 1, NULL, NULL, NULL, NULL, NULL, 512, 1, '20250608', '202506', NULL, NULL, NULL, NULL, 'omp::counter', 42),
('usage_events_20250608.log', 1, NULL, NULL, NULL, 72, 91, 515, 333, '20250608', '202506', 2, NULL, NULL, NULL, 'omp::counter', 2),
('usage_events_20250608.log', 1, 1, NULL, NULL, 2, NULL, 1048585, 2, '20250608', '202506', NULL, NULL, NULL, NULL, 'omp::counter', 1),
('usage_events_20250608.log', 1, 2, NULL, NULL, 19, NULL, 1048585, 19, '20250608', '202506', NULL, NULL, NULL, NULL, 'omp::counter', 1),
('usage_events_20250608.log', 1, 2, NULL, NULL, 20, NULL, 1048585, 20, '20250608', '202506', NULL, NULL, NULL, NULL, 'omp::counter', 1),
('usage_events_20250608.log', 1, 3, NULL, NULL, 64, NULL, 1048585, 64, '20250608', '202506', NULL, NULL, NULL, NULL, 'omp::counter', 1),
('usage_events_20250608.log', 1, NULL, NULL, NULL, 72, NULL, 1048585, 72, '20250608', '202506', NULL, NULL, NULL, NULL, 'omp::counter', 1),
('usage_events_20250609.log', 1, NULL, NULL, NULL, NULL, NULL, 512, 1, '20250609', '202506', NULL, NULL, NULL, NULL, 'omp::counter', 50),
('usage_events_20250609.log', 1, 1, NULL, NULL, 4, 4, 515, 16, '20250609', '202506', 2, NULL, NULL, NULL, 'omp::counter', 1),
('usage_events_20250609.log', 1, 1, NULL, NULL, 3, 5, 515, 17, '20250609', '202506', 2, NULL, NULL, NULL, 'omp::counter', 1),
('usage_events_20250609.log', 1, 1, NULL, NULL, 4, NULL, 1048585, 4, '20250609', '202506', NULL, NULL, NULL, NULL, 'omp::counter', 1),
('usage_events_20250609.log', 1, 2, NULL, NULL, 18, NULL, 1048585, 18, '20250609', '202506', NULL, NULL, NULL, NULL, 'omp::counter', 1),
('usage_events_20250609.log', 1, NULL, NULL, NULL, 67, NULL, 1048585, 67, '20250609', '202506', NULL, NULL, NULL, NULL, 'omp::counter', 1),
('usage_events_20250610.log', 1, NULL, NULL, NULL, NULL, NULL, 512, 1, '20250610', '202506', NULL, NULL, NULL, NULL, 'omp::counter', 48),
('usage_events_20250610.log', 1, 1, NULL, NULL, 3, 5, 515, 17, '20250610', '202506', 2, NULL, NULL, NULL, 'omp::counter', 1),
('usage_events_20250610.log', 1, 3, NULL, NULL, 21, 31, 515, 95, '20250610', '202506', 2, NULL, NULL, NULL, 'omp::counter', 1),
('usage_events_20250610.log', 1, 3, NULL, NULL, 55, 65, 515, 224, '20250610', '202506', 2, NULL, NULL, NULL, 'omp::counter', 1),
('usage_events_20250610.log', 1, 3, NULL, NULL, 63, 73, 515, 256, '20250610', '202506', 2, NULL, NULL, NULL, 'omp::counter', 2),
('usage_events_20250610.log', 1, 2, NULL, NULL, NULL, NULL, 530, 2, '20250610', '202506', NULL, NULL, NULL, NULL, 'omp::counter', 1),
('usage_events_20250610.log', 1, 2, NULL, NULL, 8, NULL, 1048585, 8, '20250610', '202506', NULL, NULL, NULL, NULL, 'omp::counter', 1),
('usage_events_20250610.log', 1, 1, NULL, NULL, 13, NULL, 1048585, 13, '20250610', '202506', NULL, NULL, NULL, NULL, 'omp::counter', 1),
('usage_events_20250610.log', 1, 3, NULL, NULL, 33, NULL, 1048585, 33, '20250610', '202506', NULL, NULL, NULL, NULL, 'omp::counter', 1),
('usage_events_20250610.log', 1, 3, NULL, NULL, 42, NULL, 1048585, 42, '20250610', '202506', NULL, NULL, NULL, NULL, 'omp::counter', 1),
('usage_events_20250610.log', 1, 3, NULL, NULL, 50, NULL, 1048585, 50, '20250610', '202506', NULL, NULL, NULL, NULL, 'omp::counter', 1),
('usage_events_20250610.log', 1, 3, NULL, NULL, 51, NULL, 1048585, 51, '20250610', '202506', NULL, NULL, NULL, NULL, 'omp::counter', 1),
('usage_events_20250610.log', 1, 3, NULL, NULL, 55, NULL, 1048585, 55, '20250610', '202506', NULL, NULL, NULL, NULL, 'omp::counter', 1),
('usage_events_20250610.log', 1, 3, NULL, NULL, 63, NULL, 1048585, 63, '20250610', '202506', NULL, NULL, NULL, NULL, 'omp::counter', 1),
('usage_events_20250610.log', 1, 3, NULL, NULL, 64, NULL, 1048585, 64, '20250610', '202506', NULL, NULL, NULL, NULL, 'omp::counter', 3),
('usage_events_20250610.log', 1, 3, NULL, NULL, 65, NULL, 1048585, 65, '20250610', '202506', NULL, NULL, NULL, NULL, 'omp::counter', 1),
('usage_events_20250610.log', 1, NULL, NULL, NULL, 76, NULL, 1048585, 76, '20250610', '202506', NULL, NULL, NULL, NULL, 'omp::counter', 1),
('usage_events_20250610.log', 1, NULL, NULL, NULL, 77, NULL, 1048585, 77, '20250610', '202506', NULL, NULL, NULL, NULL, 'omp::counter', 1),
('usage_events_20250611.log', 1, NULL, NULL, NULL, NULL, NULL, 512, 1, '20250611', '202506', NULL, NULL, NULL, NULL, 'omp::counter', 36),
('usage_events_20250611.log', 1, 3, NULL, NULL, 63, 73, 515, 256, '20250611', '202506', 2, NULL, NULL, NULL, 'omp::counter', 1),
('usage_events_20250611.log', 1, 3, NULL, NULL, 35, NULL, 1048585, 35, '20250611', '202506', NULL, NULL, NULL, NULL, 'omp::counter', 1),
('usage_events_20250611.log', 1, 3, NULL, NULL, 62, NULL, 1048585, 62, '20250611', '202506', NULL, NULL, NULL, NULL, 'omp::counter', 1),
('usage_events_20250611.log', 1, 3, NULL, NULL, 64, NULL, 1048585, 64, '20250611', '202506', NULL, NULL, NULL, NULL, 'omp::counter', 1),
('usage_events_20250611.log', 1, NULL, NULL, NULL, 68, NULL, 1048585, 68, '20250611', '202506', NULL, NULL, NULL, NULL, 'omp::counter', 3),
('usage_events_20250612.log', 1, NULL, NULL, NULL, NULL, NULL, 512, 1, '20250612', '202506', NULL, NULL, NULL, NULL, 'omp::counter', 37),
('usage_events_20250612.log', 1, 3, NULL, NULL, 65, 75, 515, 264, '20250612', '202506', 2, NULL, NULL, NULL, 'omp::counter', 1),
('usage_events_20250612.log', 1, 3, NULL, NULL, 54, NULL, 1048585, 54, '20250612', '202506', NULL, NULL, NULL, NULL, 'omp::counter', 1),
('usage_events_20250612.log', 1, 3, NULL, NULL, 65, NULL, 1048585, 65, '20250612', '202506', NULL, NULL, NULL, NULL, 'omp::counter', 3),
('usage_events_20250613.log', 1, NULL, NULL, NULL, NULL, NULL, 512, 1, '20250613', '202506', NULL, NULL, NULL, NULL, 'omp::counter', 43),
('usage_events_20250613.log', 1, 3, NULL, NULL, 21, 31, 515, 95, '20250613', '202506', 2, NULL, NULL, NULL, 'omp::counter', 1),
('usage_events_20250613.log', 1, 1, NULL, NULL, 13, NULL, 1048585, 13, '20250613', '202506', NULL, NULL, NULL, NULL, 'omp::counter', 1),
('usage_events_20250613.log', 1, 3, NULL, NULL, 27, NULL, 1048585, 27, '20250613', '202506', NULL, NULL, NULL, NULL, 'omp::counter', 3),
('usage_events_20250613.log', 1, 3, NULL, NULL, 47, NULL, 1048585, 47, '20250613', '202506', NULL, NULL, NULL, NULL, 'omp::counter', 1),
('usage_events_20250613.log', 1, 3, NULL, NULL, 64, NULL, 1048585, 64, '20250613', '202506', NULL, NULL, NULL, NULL, 'omp::counter', 3),
('usage_events_20250614.log', 1, NULL, NULL, NULL, NULL, NULL, 512, 1, '20250614', '202506', NULL, NULL, NULL, NULL, 'omp::counter', 41),
('usage_events_20250614.log', 1, 1, NULL, NULL, 10, 11, 515, 42, '20250614', '202506', 2, NULL, NULL, NULL, 'omp::counter', 3),
('usage_events_20250614.log', 1, 3, NULL, NULL, NULL, NULL, 530, 3, '20250614', '202506', NULL, NULL, NULL, NULL, 'omp::counter', 3),
('usage_events_20250614.log', 1, 1, NULL, NULL, 10, NULL, 1048585, 10, '20250614', '202506', NULL, NULL, NULL, NULL, 'omp::counter', 2),
('usage_events_20250614.log', 1, 1, NULL, NULL, 12, NULL, 1048585, 12, '20250614', '202506', NULL, NULL, NULL, NULL, 'omp::counter', 1),
('usage_events_20250614.log', 1, 2, NULL, NULL, 19, NULL, 1048585, 19, '20250614', '202506', NULL, NULL, NULL, NULL, 'omp::counter', 3),
('usage_events_20250614.log', 1, 3, NULL, NULL, 22, NULL, 1048585, 22, '20250614', '202506', NULL, NULL, NULL, NULL, 'omp::counter', 1),
('usage_events_20250614.log', 1, 3, NULL, NULL, 48, NULL, 1048585, 48, '20250614', '202506', NULL, NULL, NULL, NULL, 'omp::counter', 3),
('usage_events_20250614.log', 1, 3, NULL, NULL, 53, NULL, 1048585, 53, '20250614', '202506', NULL, NULL, NULL, NULL, 'omp::counter', 2),
('usage_events_20250614.log', 1, 3, NULL, NULL, 64, NULL, 1048585, 64, '20250614', '202506', NULL, NULL, NULL, NULL, 'omp::counter', 1),
('usage_events_20250614.log', 1, 3, NULL, NULL, 65, NULL, 1048585, 65, '20250614', '202506', NULL, NULL, NULL, NULL, 'omp::counter', 1),
('usage_events_20250614.log', 1, NULL, NULL, NULL, 77, NULL, 1048585, 77, '20250614', '202506', NULL, NULL, NULL, NULL, 'omp::counter', 1),
('usage_events_20250615.log', 1, NULL, NULL, NULL, NULL, NULL, 512, 1, '20250615', '202506', NULL, NULL, NULL, NULL, 'omp::counter', 26),
('usage_events_20250615.log', 1, 3, NULL, NULL, 48, 58, 515, 196, '20250615', '202506', 2, NULL, NULL, NULL, 'omp::counter', 1),
('usage_events_20250615.log', 1, 1, NULL, NULL, 5, NULL, 1048585, 5, '20250615', '202506', NULL, NULL, NULL, NULL, 'omp::counter', 1),
('usage_events_20250615.log', 1, 3, NULL, NULL, 22, NULL, 1048585, 22, '20250615', '202506', NULL, NULL, NULL, NULL, 'omp::counter', 2),
('usage_events_20250615.log', 1, 3, NULL, NULL, 48, NULL, 1048585, 48, '20250615', '202506', NULL, NULL, NULL, NULL, 'omp::counter', 2),
('usage_events_20250615.log', 1, 3, NULL, NULL, 59, NULL, 1048585, 59, '20250615', '202506', NULL, NULL, NULL, NULL, 'omp::counter', 1),
('usage_events_20250616.log', 1, NULL, NULL, NULL, NULL, NULL, 512, 1, '20250616', '202506', NULL, NULL, NULL, NULL, 'omp::counter', 31),
('usage_events_20250616.log', 1, 3, NULL, NULL, 21, 31, 515, 95, '20250616', '202506', 2, NULL, NULL, NULL, 'omp::counter', 4),
('usage_events_20250616.log', 1, 3, NULL, NULL, 64, 74, 515, 260, '20250616', '202506', 2, NULL, NULL, NULL, 'omp::counter', 3),
('usage_events_20250616.log', 1, 3, NULL, NULL, NULL, NULL, 530, 3, '20250616', '202506', NULL, NULL, NULL, NULL, 'omp::counter', 3),
('usage_events_20250616.log', 1, 3, NULL, NULL, 31, NULL, 1048585, 31, '20250616', '202506', NULL, NULL, NULL, NULL, 'omp::counter', 1),
('usage_events_20250616.log', 1, 3, NULL, NULL, 32, NULL, 1048585, 32, '20250616', '202506', NULL, NULL, NULL, NULL, 'omp::counter', 1),
('usage_events_20250616.log', 1, 3, NULL, NULL, 48, NULL, 1048585, 48, '20250616', '202506', NULL, NULL, NULL, NULL, 'omp::counter', 1),
('usage_events_20250616.log', 1, 3, NULL, NULL, 59, NULL, 1048585, 59, '20250616', '202506', NULL, NULL, NULL, NULL, 'omp::counter', 1),
('usage_events_20250616.log', 1, 3, NULL, NULL, 64, NULL, 1048585, 64, '20250616', '202506', NULL, NULL, NULL, NULL, 'omp::counter', 4),
('usage_events_20250616.log', 1, NULL, NULL, NULL, 70, NULL, 1048585, 70, '20250616', '202506', NULL, NULL, NULL, NULL, 'omp::counter', 1),
('usage_events_20250616.log', 1, NULL, NULL, NULL, 71, NULL, 1048585, 71, '20250616', '202506', NULL, NULL, NULL, NULL, 'omp::counter', 1),
('usage_events_20250617.log', 1, NULL, NULL, NULL, NULL, NULL, 512, 1, '20250617', '202506', NULL, NULL, NULL, NULL, 'omp::counter', 37),
('usage_events_20250617.log', 1, 3, NULL, NULL, 21, 31, 515, 95, '20250617', '202506', 2, NULL, NULL, NULL, 'omp::counter', 1),
('usage_events_20250617.log', 1, 1, NULL, NULL, 2, NULL, 1048585, 2, '20250617', '202506', NULL, NULL, NULL, NULL, 'omp::counter', 1),
('usage_events_20250617.log', 1, 2, NULL, NULL, 8, NULL, 1048585, 8, '20250617', '202506', NULL, NULL, NULL, NULL, 'omp::counter', 1),
('usage_events_20250617.log', 1, 3, NULL, NULL, 38, NULL, 1048585, 38, '20250617', '202506', NULL, NULL, NULL, NULL, 'omp::counter', 1),
('usage_events_20250617.log', 1, 3, NULL, NULL, 48, NULL, 1048585, 48, '20250617', '202506', NULL, NULL, NULL, NULL, 'omp::counter', 1),
('usage_events_20250617.log', 1, NULL, NULL, NULL, 76, NULL, 1048585, 76, '20250617', '202506', NULL, NULL, NULL, NULL, 'omp::counter', 1),
('usage_events_20250617.log', 1, NULL, NULL, NULL, 77, NULL, 1048585, 77, '20250617', '202506', NULL, NULL, NULL, NULL, 'omp::counter', 1),
('usage_events_20250618.log', 1, NULL, NULL, NULL, NULL, NULL, 512, 1, '20250618', '202506', NULL, NULL, NULL, NULL, 'omp::counter', 36),
('usage_events_20250618.log', 1, 3, NULL, NULL, 21, 31, 515, 95, '20250618', '202506', 2, NULL, NULL, NULL, 'omp::counter', 1),
('usage_events_20250618.log', 1, 3, NULL, NULL, 25, 35, 515, 111, '20250618', '202506', 2, NULL, NULL, NULL, 'omp::counter', 1),
('usage_events_20250618.log', 1, 1, NULL, NULL, 3, NULL, 1048585, 3, '20250618', '202506', NULL, NULL, NULL, NULL, 'omp::counter', 1),
('usage_events_20250618.log', 1, 1, NULL, NULL, 5, NULL, 1048585, 5, '20250618', '202506', NULL, NULL, NULL, NULL, 'omp::counter', 1),
('usage_events_20250618.log', 1, 3, NULL, NULL, 25, NULL, 1048585, 25, '20250618', '202506', NULL, NULL, NULL, NULL, 'omp::counter', 1),
('usage_events_20250618.log', 1, 3, NULL, NULL, 47, NULL, 1048585, 47, '20250618', '202506', NULL, NULL, NULL, NULL, 'omp::counter', 1),
('usage_events_20250618.log', 1, 3, NULL, NULL, 48, NULL, 1048585, 48, '20250618', '202506', NULL, NULL, NULL, NULL, 'omp::counter', 2),
('usage_events_20250618.log', 1, 3, NULL, NULL, 53, NULL, 1048585, 53, '20250618', '202506', NULL, NULL, NULL, NULL, 'omp::counter', 1),
('usage_events_20250618.log', 1, 3, NULL, NULL, 61, NULL, 1048585, 61, '20250618', '202506', NULL, NULL, NULL, NULL, 'omp::counter', 2),
('usage_events_20250618.log', 1, 3, NULL, NULL, 63, NULL, 1048585, 63, '20250618', '202506', NULL, NULL, NULL, NULL, 'omp::counter', 1),
('usage_events_20250619.log', 1, NULL, NULL, NULL, NULL, NULL, 512, 1, '20250619', '202506', NULL, NULL, NULL, NULL, 'omp::counter', 39),
('usage_events_20250619.log', 1, 3, NULL, NULL, 48, 58, 515, 196, '20250619', '202506', 2, NULL, NULL, NULL, 'omp::counter', 1),
('usage_events_20250619.log', 1, 3, NULL, NULL, 50, 60, 515, 204, '20250619', '202506', 2, NULL, NULL, NULL, 'omp::counter', 1),
('usage_events_20250619.log', 1, NULL, NULL, NULL, 77, 93, 515, 355, '20250619', '202506', 2, NULL, NULL, NULL, 'omp::counter', 1),
('usage_events_20250619.log', 1, 1, NULL, NULL, 5, NULL, 1048585, 5, '20250619', '202506', NULL, NULL, NULL, NULL, 'omp::counter', 1),
('usage_events_20250619.log', 1, 3, NULL, NULL, 48, NULL, 1048585, 48, '20250619', '202506', NULL, NULL, NULL, NULL, 'omp::counter', 2),
('usage_events_20250619.log', 1, 3, NULL, NULL, 50, NULL, 1048585, 50, '20250619', '202506', NULL, NULL, NULL, NULL, 'omp::counter', 1),
('usage_events_20250619.log', 1, 3, NULL, NULL, 63, NULL, 1048585, 63, '20250619', '202506', NULL, NULL, NULL, NULL, 'omp::counter', 1),
('usage_events_20250619.log', 1, 3, NULL, NULL, 64, NULL, 1048585, 64, '20250619', '202506', NULL, NULL, NULL, NULL, 'omp::counter', 1),
('usage_events_20250619.log', 1, NULL, NULL, NULL, 67, NULL, 1048585, 67, '20250619', '202506', NULL, NULL, NULL, NULL, 'omp::counter', 1),
('usage_events_20250619.log', 1, NULL, NULL, NULL, 77, NULL, 1048585, 77, '20250619', '202506', NULL, NULL, NULL, NULL, 'omp::counter', 1),
('usage_events_20250620.log', 1, NULL, NULL, NULL, NULL, NULL, 512, 1, '20250620', '202506', NULL, NULL, NULL, NULL, 'omp::counter', 35),
('usage_events_20250620.log', 1, 3, NULL, NULL, 63, 73, 515, 256, '20250620', '202506', 2, NULL, NULL, NULL, 'omp::counter', 1),
('usage_events_20250620.log', 1, 3, NULL, NULL, NULL, NULL, 530, 3, '20250620', '202506', NULL, NULL, NULL, NULL, 'omp::counter', 1),
('usage_events_20250620.log', 1, 2, NULL, NULL, 6, NULL, 1048585, 6, '20250620', '202506', NULL, NULL, NULL, NULL, 'omp::counter', 1),
('usage_events_20250620.log', 1, 2, NULL, NULL, 8, NULL, 1048585, 8, '20250620', '202506', NULL, NULL, NULL, NULL, 'omp::counter', 1),
('usage_events_20250620.log', 1, 1, NULL, NULL, 9, NULL, 1048585, 9, '20250620', '202506', NULL, NULL, NULL, NULL, 'omp::counter', 1),
('usage_events_20250620.log', 1, 1, NULL, NULL, 12, NULL, 1048585, 12, '20250620', '202506', NULL, NULL, NULL, NULL, 'omp::counter', 1),
('usage_events_20250620.log', 1, 1, NULL, NULL, 13, NULL, 1048585, 13, '20250620', '202506', NULL, NULL, NULL, NULL, 'omp::counter', 1),
('usage_events_20250620.log', 1, 2, NULL, NULL, 16, NULL, 1048585, 16, '20250620', '202506', NULL, NULL, NULL, NULL, 'omp::counter', 1),
('usage_events_20250620.log', 1, 2, NULL, NULL, 17, NULL, 1048585, 17, '20250620', '202506', NULL, NULL, NULL, NULL, 'omp::counter', 1),
('usage_events_20250620.log', 1, 2, NULL, NULL, 19, NULL, 1048585, 19, '20250620', '202506', NULL, NULL, NULL, NULL, 'omp::counter', 1),
('usage_events_20250620.log', 1, 2, NULL, NULL, 20, NULL, 1048585, 20, '20250620', '202506', NULL, NULL, NULL, NULL, 'omp::counter', 1),
('usage_events_20250620.log', 1, 3, NULL, NULL, 22, NULL, 1048585, 22, '20250620', '202506', NULL, NULL, NULL, NULL, 'omp::counter', 1),
('usage_events_20250620.log', 1, 3, NULL, NULL, 29, NULL, 1048585, 29, '20250620', '202506', NULL, NULL, NULL, NULL, 'omp::counter', 1),
('usage_events_20250620.log', 1, 3, NULL, NULL, 31, NULL, 1048585, 31, '20250620', '202506', NULL, NULL, NULL, NULL, 'omp::counter', 1),
('usage_events_20250620.log', 1, 3, NULL, NULL, 43, NULL, 1048585, 43, '20250620', '202506', NULL, NULL, NULL, NULL, 'omp::counter', 1),
('usage_events_20250620.log', 1, 3, NULL, NULL, 44, NULL, 1048585, 44, '20250620', '202506', NULL, NULL, NULL, NULL, 'omp::counter', 1),
('usage_events_20250620.log', 1, 3, NULL, NULL, 47, NULL, 1048585, 47, '20250620', '202506', NULL, NULL, NULL, NULL, 'omp::counter', 1),
('usage_events_20250620.log', 1, 3, NULL, NULL, 48, NULL, 1048585, 48, '20250620', '202506', NULL, NULL, NULL, NULL, 'omp::counter', 4),
('usage_events_20250620.log', 1, 3, NULL, NULL, 49, NULL, 1048585, 49, '20250620', '202506', NULL, NULL, NULL, NULL, 'omp::counter', 1),
('usage_events_20250620.log', 1, 3, NULL, NULL, 50, NULL, 1048585, 50, '20250620', '202506', NULL, NULL, NULL, NULL, 'omp::counter', 1),
('usage_events_20250620.log', 1, 3, NULL, NULL, 51, NULL, 1048585, 51, '20250620', '202506', NULL, NULL, NULL, NULL, 'omp::counter', 2),
('usage_events_20250620.log', 1, 3, NULL, NULL, 52, NULL, 1048585, 52, '20250620', '202506', NULL, NULL, NULL, NULL, 'omp::counter', 1),
('usage_events_20250620.log', 1, 3, NULL, NULL, 53, NULL, 1048585, 53, '20250620', '202506', NULL, NULL, NULL, NULL, 'omp::counter', 1),
('usage_events_20250620.log', 1, 3, NULL, NULL, 54, NULL, 1048585, 54, '20250620', '202506', NULL, NULL, NULL, NULL, 'omp::counter', 1),
('usage_events_20250620.log', 1, 3, NULL, NULL, 55, NULL, 1048585, 55, '20250620', '202506', NULL, NULL, NULL, NULL, 'omp::counter', 1),
('usage_events_20250620.log', 1, 3, NULL, NULL, 57, NULL, 1048585, 57, '20250620', '202506', NULL, NULL, NULL, NULL, 'omp::counter', 1),
('usage_events_20250620.log', 1, 3, NULL, NULL, 58, NULL, 1048585, 58, '20250620', '202506', NULL, NULL, NULL, NULL, 'omp::counter', 1),
('usage_events_20250620.log', 1, 3, NULL, NULL, 59, NULL, 1048585, 59, '20250620', '202506', NULL, NULL, NULL, NULL, 'omp::counter', 1),
('usage_events_20250620.log', 1, 3, NULL, NULL, 60, NULL, 1048585, 60, '20250620', '202506', NULL, NULL, NULL, NULL, 'omp::counter', 1),
('usage_events_20250620.log', 1, 3, NULL, NULL, 63, NULL, 1048585, 63, '20250620', '202506', NULL, NULL, NULL, NULL, 'omp::counter', 6),
('usage_events_20250620.log', 1, 3, NULL, NULL, 64, NULL, 1048585, 64, '20250620', '202506', NULL, NULL, NULL, NULL, 'omp::counter', 1),
('usage_events_20250620.log', 1, 3, NULL, NULL, 65, NULL, 1048585, 65, '20250620', '202506', NULL, NULL, NULL, NULL, 'omp::counter', 1),
('usage_events_20250621.log', 1, NULL, NULL, NULL, NULL, NULL, 512, 1, '20250621', '202506', NULL, NULL, NULL, NULL, 'omp::counter', 47),
('usage_events_20250621.log', 1, NULL, NULL, NULL, 76, 96, 515, 358, '20250621', '202506', 3, NULL, NULL, NULL, 'omp::counter', 1),
('usage_events_20250621.log', 1, 3, NULL, NULL, NULL, NULL, 530, 3, '20250621', '202506', NULL, NULL, NULL, NULL, 'omp::counter', 1),
('usage_events_20250621.log', 1, 4, NULL, NULL, NULL, NULL, 530, 4, '20250621', '202506', NULL, NULL, NULL, NULL, 'omp::counter', 1),
('usage_events_20250621.log', 1, 1, NULL, NULL, 2, NULL, 1048585, 2, '20250621', '202506', NULL, NULL, NULL, NULL, 'omp::counter', 2),
('usage_events_20250621.log', 1, 1, NULL, NULL, 10, NULL, 1048585, 10, '20250621', '202506', NULL, NULL, NULL, NULL, 'omp::counter', 1),
('usage_events_20250621.log', 1, 3, NULL, NULL, 24, NULL, 1048585, 24, '20250621', '202506', NULL, NULL, NULL, NULL, 'omp::counter', 1),
('usage_events_20250621.log', 1, 3, NULL, NULL, 34, NULL, 1048585, 34, '20250621', '202506', NULL, NULL, NULL, NULL, 'omp::counter', 1),
('usage_events_20250621.log', 1, 3, NULL, NULL, 48, NULL, 1048585, 48, '20250621', '202506', NULL, NULL, NULL, NULL, 'omp::counter', 1),
('usage_events_20250621.log', 1, 3, NULL, NULL, 56, NULL, 1048585, 56, '20250621', '202506', NULL, NULL, NULL, NULL, 'omp::counter', 1),
('usage_events_20250621.log', 1, 3, NULL, NULL, 62, NULL, 1048585, 62, '20250621', '202506', NULL, NULL, NULL, NULL, 'omp::counter', 1),
('usage_events_20250621.log', 1, 3, NULL, NULL, 63, NULL, 1048585, 63, '20250621', '202506', NULL, NULL, NULL, NULL, 'omp::counter', 3),
('usage_events_20250621.log', 1, 3, NULL, NULL, 64, NULL, 1048585, 64, '20250621', '202506', NULL, NULL, NULL, NULL, 'omp::counter', 1),
('usage_events_20250621.log', 1, 3, NULL, NULL, 66, NULL, 1048585, 66, '20250621', '202506', NULL, NULL, NULL, NULL, 'omp::counter', 1),
('usage_events_20250621.log', 1, NULL, NULL, NULL, 77, NULL, 1048585, 77, '20250621', '202506', NULL, NULL, NULL, NULL, 'omp::counter', 1),
('usage_events_20250622.log', 1, NULL, NULL, NULL, NULL, NULL, 512, 1, '20250622', '202506', NULL, NULL, NULL, NULL, 'omp::counter', 33),
('usage_events_20250622.log', 1, 3, NULL, NULL, 21, 31, 515, 95, '20250622', '202506', 2, NULL, NULL, NULL, 'omp::counter', 1),
('usage_events_20250622.log', 1, 3, NULL, NULL, 50, 60, 515, 204, '20250622', '202506', 2, NULL, NULL, NULL, 'omp::counter', 1),
('usage_events_20250622.log', 1, 2, NULL, NULL, NULL, NULL, 530, 2, '20250622', '202506', NULL, NULL, NULL, NULL, 'omp::counter', 1),
('usage_events_20250622.log', 1, 1, NULL, NULL, 2, NULL, 1048585, 2, '20250622', '202506', NULL, NULL, NULL, NULL, 'omp::counter', 2),
('usage_events_20250622.log', 1, 2, NULL, NULL, 7, NULL, 1048585, 7, '20250622', '202506', NULL, NULL, NULL, NULL, 'omp::counter', 1),
('usage_events_20250622.log', 1, 2, NULL, NULL, 18, NULL, 1048585, 18, '20250622', '202506', NULL, NULL, NULL, NULL, 'omp::counter', 1),
('usage_events_20250622.log', 1, 3, NULL, NULL, 21, NULL, 1048585, 21, '20250622', '202506', NULL, NULL, NULL, NULL, 'omp::counter', 2),
('usage_events_20250622.log', 1, 3, NULL, NULL, 45, NULL, 1048585, 45, '20250622', '202506', NULL, NULL, NULL, NULL, 'omp::counter', 1),
('usage_events_20250622.log', 1, 3, NULL, NULL, 50, NULL, 1048585, 50, '20250622', '202506', NULL, NULL, NULL, NULL, 'omp::counter', 1),
('usage_events_20250622.log', 1, NULL, NULL, NULL, 69, NULL, 1048585, 69, '20250622', '202506', NULL, NULL, NULL, NULL, 'omp::counter', 1),
('usage_events_20250622.log', 1, NULL, NULL, NULL, 72, NULL, 1048585, 72, '20250622', '202506', NULL, NULL, NULL, NULL, 'omp::counter', 1),
('usage_events_20250622.log', 1, NULL, NULL, NULL, 76, NULL, 1048585, 76, '20250622', '202506', NULL, NULL, NULL, NULL, 'omp::counter', 1),
('usage_events_20250623.log', 1, NULL, NULL, NULL, NULL, NULL, 512, 1, '20250623', '202506', NULL, NULL, NULL, NULL, 'omp::counter', 33),
('usage_events_20250623.log', 1, 3, NULL, NULL, 50, 60, 515, 204, '20250623', '202506', 2, NULL, NULL, NULL, 'omp::counter', 1),
('usage_events_20250623.log', 1, NULL, NULL, NULL, 76, 96, 515, 358, '20250623', '202506', 3, NULL, NULL, NULL, 'omp::counter', 1),
('usage_events_20250623.log', 1, 3, NULL, NULL, 35, NULL, 1048585, 35, '20250623', '202506', NULL, NULL, NULL, NULL, 'omp::counter', 1),
('usage_events_20250623.log', 1, 3, NULL, NULL, 48, NULL, 1048585, 48, '20250623', '202506', NULL, NULL, NULL, NULL, 'omp::counter', 1),
('usage_events_20250623.log', 1, 3, NULL, NULL, 66, NULL, 1048585, 66, '20250623', '202506', NULL, NULL, NULL, NULL, 'omp::counter', 1),
('usage_events_20250623.log', 1, NULL, NULL, NULL, 76, NULL, 1048585, 76, '20250623', '202506', NULL, NULL, NULL, NULL, 'omp::counter', 1),
('usage_events_20250623.log', 1, NULL, NULL, NULL, 77, NULL, 1048585, 77, '20250623', '202506', NULL, NULL, NULL, NULL, 'omp::counter', 1),
('usage_events_20250624.log', 1, NULL, NULL, NULL, NULL, NULL, 512, 1, '20250624', '202506', NULL, NULL, NULL, NULL, 'omp::counter', 47),
('usage_events_20250624.log', 1, 1, NULL, NULL, 9, 10, 515, 38, '20250624', '202506', 2, NULL, NULL, NULL, 'omp::counter', 1),
('usage_events_20250624.log', 1, 2, NULL, NULL, 20, 21, 515, 82, '20250624', '202506', 2, NULL, NULL, NULL, 'omp::counter', 1),
('usage_events_20250624.log', 1, 3, NULL, NULL, 21, 31, 515, 95, '20250624', '202506', 2, NULL, NULL, NULL, 'omp::counter', 3),
('usage_events_20250624.log', 1, 3, NULL, NULL, 36, 46, 515, 152, '20250624', '202506', 2, NULL, NULL, NULL, 'omp::counter', 1),
('usage_events_20250624.log', 1, 3, NULL, NULL, 47, 57, 515, 192, '20250624', '202506', 2, NULL, NULL, NULL, 'omp::counter', 1),
('usage_events_20250624.log', 1, 3, NULL, NULL, 48, 58, 515, 196, '20250624', '202506', 2, NULL, NULL, NULL, 'omp::counter', 3),
('usage_events_20250624.log', 1, 3, NULL, NULL, 55, 65, 515, 224, '20250624', '202506', 2, NULL, NULL, NULL, 'omp::counter', 1),
('usage_events_20250624.log', 1, 3, NULL, NULL, 64, 74, 515, 260, '20250624', '202506', 2, NULL, NULL, NULL, 'omp::counter', 1),
('usage_events_20250624.log', 1, 2, NULL, NULL, 8, NULL, 1048585, 8, '20250624', '202506', NULL, NULL, NULL, NULL, 'omp::counter', 3),
('usage_events_20250624.log', 1, 1, NULL, NULL, 9, NULL, 1048585, 9, '20250624', '202506', NULL, NULL, NULL, NULL, 'omp::counter', 2),
('usage_events_20250624.log', 1, 3, NULL, NULL, 21, NULL, 1048585, 21, '20250624', '202506', NULL, NULL, NULL, NULL, 'omp::counter', 1),
('usage_events_20250624.log', 1, 3, NULL, NULL, 22, NULL, 1048585, 22, '20250624', '202506', NULL, NULL, NULL, NULL, 'omp::counter', 1),
('usage_events_20250624.log', 1, 3, NULL, NULL, 23, NULL, 1048585, 23, '20250624', '202506', NULL, NULL, NULL, NULL, 'omp::counter', 1),
('usage_events_20250624.log', 1, 3, NULL, NULL, 31, NULL, 1048585, 31, '20250624', '202506', NULL, NULL, NULL, NULL, 'omp::counter', 1),
('usage_events_20250624.log', 1, 3, NULL, NULL, 35, NULL, 1048585, 35, '20250624', '202506', NULL, NULL, NULL, NULL, 'omp::counter', 1),
('usage_events_20250624.log', 1, 3, NULL, NULL, 36, NULL, 1048585, 36, '20250624', '202506', NULL, NULL, NULL, NULL, 'omp::counter', 1),
('usage_events_20250624.log', 1, 3, NULL, NULL, 47, NULL, 1048585, 47, '20250624', '202506', NULL, NULL, NULL, NULL, 'omp::counter', 2),
('usage_events_20250624.log', 1, 3, NULL, NULL, 48, NULL, 1048585, 48, '20250624', '202506', NULL, NULL, NULL, NULL, 'omp::counter', 2),
('usage_events_20250624.log', 1, 3, NULL, NULL, 49, NULL, 1048585, 49, '20250624', '202506', NULL, NULL, NULL, NULL, 'omp::counter', 2),
('usage_events_20250624.log', 1, 3, NULL, NULL, 55, NULL, 1048585, 55, '20250624', '202506', NULL, NULL, NULL, NULL, 'omp::counter', 2),
('usage_events_20250624.log', 1, 3, NULL, NULL, 59, NULL, 1048585, 59, '20250624', '202506', NULL, NULL, NULL, NULL, 'omp::counter', 2),
('usage_events_20250624.log', 1, 3, NULL, NULL, 64, NULL, 1048585, 64, '20250624', '202506', NULL, NULL, NULL, NULL, 'omp::counter', 2),
('usage_events_20250624.log', 1, NULL, NULL, NULL, 68, NULL, 1048585, 68, '20250624', '202506', NULL, NULL, NULL, NULL, 'omp::counter', 2),
('usage_events_20250624.log', 1, NULL, NULL, NULL, 69, NULL, 1048585, 69, '20250624', '202506', NULL, NULL, NULL, NULL, 'omp::counter', 3),
('usage_events_20250625.log', 1, NULL, NULL, NULL, NULL, NULL, 512, 1, '20250625', '202506', NULL, NULL, NULL, NULL, 'omp::counter', 36),
('usage_events_20250625.log', 1, 3, NULL, NULL, 21, 31, 515, 95, '20250625', '202506', 2, NULL, NULL, NULL, 'omp::counter', 2),
('usage_events_20250625.log', 1, 3, NULL, NULL, 41, 51, 515, 171, '20250625', '202506', 2, NULL, NULL, NULL, 'omp::counter', 1),
('usage_events_20250625.log', 1, 3, NULL, NULL, 48, 58, 515, 196, '20250625', '202506', 2, NULL, NULL, NULL, 'omp::counter', 1),
('usage_events_20250625.log', 1, 1, NULL, NULL, NULL, NULL, 530, 1, '20250625', '202506', NULL, NULL, NULL, NULL, 'omp::counter', 1),
('usage_events_20250625.log', 1, 2, NULL, NULL, NULL, NULL, 530, 2, '20250625', '202506', NULL, NULL, NULL, NULL, 'omp::counter', 3),
('usage_events_20250625.log', 1, 3, NULL, NULL, NULL, NULL, 530, 3, '20250625', '202506', NULL, NULL, NULL, NULL, 'omp::counter', 1),
('usage_events_20250625.log', 1, 4, NULL, NULL, NULL, NULL, 530, 4, '20250625', '202506', NULL, NULL, NULL, NULL, 'omp::counter', 1),
('usage_events_20250625.log', 1, 1, NULL, NULL, 1, NULL, 1048585, 1, '20250625', '202506', NULL, NULL, NULL, NULL, 'omp::counter', 2),
('usage_events_20250625.log', 1, 1, NULL, NULL, 3, NULL, 1048585, 3, '20250625', '202506', NULL, NULL, NULL, NULL, 'omp::counter', 1),
('usage_events_20250625.log', 1, 1, NULL, NULL, 4, NULL, 1048585, 4, '20250625', '202506', NULL, NULL, NULL, NULL, 'omp::counter', 1),
('usage_events_20250625.log', 1, 2, NULL, NULL, 6, NULL, 1048585, 6, '20250625', '202506', NULL, NULL, NULL, NULL, 'omp::counter', 1),
('usage_events_20250625.log', 1, 2, NULL, NULL, 7, NULL, 1048585, 7, '20250625', '202506', NULL, NULL, NULL, NULL, 'omp::counter', 1),
('usage_events_20250625.log', 1, 2, NULL, NULL, 8, NULL, 1048585, 8, '20250625', '202506', NULL, NULL, NULL, NULL, 'omp::counter', 2),
('usage_events_20250625.log', 1, 1, NULL, NULL, 11, NULL, 1048585, 11, '20250625', '202506', NULL, NULL, NULL, NULL, 'omp::counter', 1),
('usage_events_20250625.log', 1, 1, NULL, NULL, 13, NULL, 1048585, 13, '20250625', '202506', NULL, NULL, NULL, NULL, 'omp::counter', 1),
('usage_events_20250625.log', 1, 2, NULL, NULL, 17, NULL, 1048585, 17, '20250625', '202506', NULL, NULL, NULL, NULL, 'omp::counter', 1),
('usage_events_20250625.log', 1, 2, NULL, NULL, 20, NULL, 1048585, 20, '20250625', '202506', NULL, NULL, NULL, NULL, 'omp::counter', 1),
('usage_events_20250625.log', 1, 3, NULL, NULL, 21, NULL, 1048585, 21, '20250625', '202506', NULL, NULL, NULL, NULL, 'omp::counter', 1),
('usage_events_20250625.log', 1, 3, NULL, NULL, 23, NULL, 1048585, 23, '20250625', '202506', NULL, NULL, NULL, NULL, 'omp::counter', 1),
('usage_events_20250625.log', 1, 3, NULL, NULL, 24, NULL, 1048585, 24, '20250625', '202506', NULL, NULL, NULL, NULL, 'omp::counter', 1),
('usage_events_20250625.log', 1, 3, NULL, NULL, 25, NULL, 1048585, 25, '20250625', '202506', NULL, NULL, NULL, NULL, 'omp::counter', 1),
('usage_events_20250625.log', 1, 3, NULL, NULL, 27, NULL, 1048585, 27, '20250625', '202506', NULL, NULL, NULL, NULL, 'omp::counter', 1),
('usage_events_20250625.log', 1, 3, NULL, NULL, 29, NULL, 1048585, 29, '20250625', '202506', NULL, NULL, NULL, NULL, 'omp::counter', 1),
('usage_events_20250625.log', 1, 3, NULL, NULL, 36, NULL, 1048585, 36, '20250625', '202506', NULL, NULL, NULL, NULL, 'omp::counter', 1),
('usage_events_20250625.log', 1, 3, NULL, NULL, 39, NULL, 1048585, 39, '20250625', '202506', NULL, NULL, NULL, NULL, 'omp::counter', 2),
('usage_events_20250625.log', 1, 3, NULL, NULL, 40, NULL, 1048585, 40, '20250625', '202506', NULL, NULL, NULL, NULL, 'omp::counter', 1),
('usage_events_20250625.log', 1, 3, NULL, NULL, 41, NULL, 1048585, 41, '20250625', '202506', NULL, NULL, NULL, NULL, 'omp::counter', 1),
('usage_events_20250625.log', 1, 3, NULL, NULL, 43, NULL, 1048585, 43, '20250625', '202506', NULL, NULL, NULL, NULL, 'omp::counter', 1),
('usage_events_20250625.log', 1, 3, NULL, NULL, 47, NULL, 1048585, 47, '20250625', '202506', NULL, NULL, NULL, NULL, 'omp::counter', 1),
('usage_events_20250625.log', 1, 3, NULL, NULL, 48, NULL, 1048585, 48, '20250625', '202506', NULL, NULL, NULL, NULL, 'omp::counter', 2),
('usage_events_20250625.log', 1, 3, NULL, NULL, 51, NULL, 1048585, 51, '20250625', '202506', NULL, NULL, NULL, NULL, 'omp::counter', 1),
('usage_events_20250625.log', 1, 3, NULL, NULL, 52, NULL, 1048585, 52, '20250625', '202506', NULL, NULL, NULL, NULL, 'omp::counter', 1),
('usage_events_20250625.log', 1, 3, NULL, NULL, 54, NULL, 1048585, 54, '20250625', '202506', NULL, NULL, NULL, NULL, 'omp::counter', 1),
('usage_events_20250625.log', 1, 3, NULL, NULL, 56, NULL, 1048585, 56, '20250625', '202506', NULL, NULL, NULL, NULL, 'omp::counter', 1),
('usage_events_20250625.log', 1, 3, NULL, NULL, 57, NULL, 1048585, 57, '20250625', '202506', NULL, NULL, NULL, NULL, 'omp::counter', 1),
('usage_events_20250625.log', 1, 3, NULL, NULL, 60, NULL, 1048585, 60, '20250625', '202506', NULL, NULL, NULL, NULL, 'omp::counter', 1),
('usage_events_20250625.log', 1, 3, NULL, NULL, 61, NULL, 1048585, 61, '20250625', '202506', NULL, NULL, NULL, NULL, 'omp::counter', 1),
('usage_events_20250625.log', 1, 3, NULL, NULL, 62, NULL, 1048585, 62, '20250625', '202506', NULL, NULL, NULL, NULL, 'omp::counter', 1),
('usage_events_20250625.log', 1, 3, NULL, NULL, 64, NULL, 1048585, 64, '20250625', '202506', NULL, NULL, NULL, NULL, 'omp::counter', 1),
('usage_events_20250625.log', 1, NULL, NULL, NULL, 76, NULL, 1048585, 76, '20250625', '202506', NULL, NULL, NULL, NULL, 'omp::counter', 1),
('usage_events_20250626.log', 1, NULL, NULL, NULL, NULL, NULL, 512, 1, '20250626', '202506', NULL, NULL, NULL, NULL, 'omp::counter', 38),
('usage_events_20250626.log', 1, 3, NULL, NULL, 21, 31, 515, 95, '20250626', '202506', 2, NULL, NULL, NULL, 'omp::counter', 1),
('usage_events_20250626.log', 1, 3, NULL, NULL, 64, 74, 515, 260, '20250626', '202506', 2, NULL, NULL, NULL, 'omp::counter', 1),
('usage_events_20250626.log', 1, 1, NULL, NULL, 2, NULL, 1048585, 2, '20250626', '202506', NULL, NULL, NULL, NULL, 'omp::counter', 1),
('usage_events_20250626.log', 1, 1, NULL, NULL, 4, NULL, 1048585, 4, '20250626', '202506', NULL, NULL, NULL, NULL, 'omp::counter', 2),
('usage_events_20250626.log', 1, 2, NULL, NULL, 6, NULL, 1048585, 6, '20250626', '202506', NULL, NULL, NULL, NULL, 'omp::counter', 1),
('usage_events_20250626.log', 1, 2, NULL, NULL, 7, NULL, 1048585, 7, '20250626', '202506', NULL, NULL, NULL, NULL, 'omp::counter', 1),
('usage_events_20250626.log', 1, 2, NULL, NULL, 8, NULL, 1048585, 8, '20250626', '202506', NULL, NULL, NULL, NULL, 'omp::counter', 2),
('usage_events_20250626.log', 1, 1, NULL, NULL, 9, NULL, 1048585, 9, '20250626', '202506', NULL, NULL, NULL, NULL, 'omp::counter', 1),
('usage_events_20250626.log', 1, 1, NULL, NULL, 10, NULL, 1048585, 10, '20250626', '202506', NULL, NULL, NULL, NULL, 'omp::counter', 1),
('usage_events_20250626.log', 1, 1, NULL, NULL, 11, NULL, 1048585, 11, '20250626', '202506', NULL, NULL, NULL, NULL, 'omp::counter', 2),
('usage_events_20250626.log', 1, 1, NULL, NULL, 12, NULL, 1048585, 12, '20250626', '202506', NULL, NULL, NULL, NULL, 'omp::counter', 2),
('usage_events_20250626.log', 1, 1, NULL, NULL, 13, NULL, 1048585, 13, '20250626', '202506', NULL, NULL, NULL, NULL, 'omp::counter', 1),
('usage_events_20250626.log', 1, 2, NULL, NULL, 15, NULL, 1048585, 15, '20250626', '202506', NULL, NULL, NULL, NULL, 'omp::counter', 1),
('usage_events_20250626.log', 1, 2, NULL, NULL, 19, NULL, 1048585, 19, '20250626', '202506', NULL, NULL, NULL, NULL, 'omp::counter', 1),
('usage_events_20250626.log', 1, 2, NULL, NULL, 20, NULL, 1048585, 20, '20250626', '202506', NULL, NULL, NULL, NULL, 'omp::counter', 1),
('usage_events_20250626.log', 1, 3, NULL, NULL, 22, NULL, 1048585, 22, '20250626', '202506', NULL, NULL, NULL, NULL, 'omp::counter', 2),
('usage_events_20250626.log', 1, 3, NULL, NULL, 23, NULL, 1048585, 23, '20250626', '202506', NULL, NULL, NULL, NULL, 'omp::counter', 1),
('usage_events_20250626.log', 1, 3, NULL, NULL, 24, NULL, 1048585, 24, '20250626', '202506', NULL, NULL, NULL, NULL, 'omp::counter', 1),
('usage_events_20250626.log', 1, 3, NULL, NULL, 27, NULL, 1048585, 27, '20250626', '202506', NULL, NULL, NULL, NULL, 'omp::counter', 2),
('usage_events_20250626.log', 1, 3, NULL, NULL, 28, NULL, 1048585, 28, '20250626', '202506', NULL, NULL, NULL, NULL, 'omp::counter', 2),
('usage_events_20250626.log', 1, 3, NULL, NULL, 29, NULL, 1048585, 29, '20250626', '202506', NULL, NULL, NULL, NULL, 'omp::counter', 1),
('usage_events_20250626.log', 1, 3, NULL, NULL, 33, NULL, 1048585, 33, '20250626', '202506', NULL, NULL, NULL, NULL, 'omp::counter', 2),
('usage_events_20250626.log', 1, 3, NULL, NULL, 34, NULL, 1048585, 34, '20250626', '202506', NULL, NULL, NULL, NULL, 'omp::counter', 2),
('usage_events_20250626.log', 1, 3, NULL, NULL, 35, NULL, 1048585, 35, '20250626', '202506', NULL, NULL, NULL, NULL, 'omp::counter', 2),
('usage_events_20250626.log', 1, 3, NULL, NULL, 37, NULL, 1048585, 37, '20250626', '202506', NULL, NULL, NULL, NULL, 'omp::counter', 1),
('usage_events_20250626.log', 1, 3, NULL, NULL, 43, NULL, 1048585, 43, '20250626', '202506', NULL, NULL, NULL, NULL, 'omp::counter', 1),
('usage_events_20250626.log', 1, 3, NULL, NULL, 45, NULL, 1048585, 45, '20250626', '202506', NULL, NULL, NULL, NULL, 'omp::counter', 1),
('usage_events_20250626.log', 1, 3, NULL, NULL, 48, NULL, 1048585, 48, '20250626', '202506', NULL, NULL, NULL, NULL, 'omp::counter', 2),
('usage_events_20250626.log', 1, 3, NULL, NULL, 49, NULL, 1048585, 49, '20250626', '202506', NULL, NULL, NULL, NULL, 'omp::counter', 1),
('usage_events_20250626.log', 1, 3, NULL, NULL, 50, NULL, 1048585, 50, '20250626', '202506', NULL, NULL, NULL, NULL, 'omp::counter', 1),
('usage_events_20250626.log', 1, 3, NULL, NULL, 53, NULL, 1048585, 53, '20250626', '202506', NULL, NULL, NULL, NULL, 'omp::counter', 1),
('usage_events_20250626.log', 1, 3, NULL, NULL, 55, NULL, 1048585, 55, '20250626', '202506', NULL, NULL, NULL, NULL, 'omp::counter', 1),
('usage_events_20250626.log', 1, 3, NULL, NULL, 56, NULL, 1048585, 56, '20250626', '202506', NULL, NULL, NULL, NULL, 'omp::counter', 2),
('usage_events_20250626.log', 1, 3, NULL, NULL, 58, NULL, 1048585, 58, '20250626', '202506', NULL, NULL, NULL, NULL, 'omp::counter', 1),
('usage_events_20250626.log', 1, 3, NULL, NULL, 59, NULL, 1048585, 59, '20250626', '202506', NULL, NULL, NULL, NULL, 'omp::counter', 1),
('usage_events_20250626.log', 1, 3, NULL, NULL, 61, NULL, 1048585, 61, '20250626', '202506', NULL, NULL, NULL, NULL, 'omp::counter', 1),
('usage_events_20250626.log', 1, 3, NULL, NULL, 62, NULL, 1048585, 62, '20250626', '202506', NULL, NULL, NULL, NULL, 'omp::counter', 1),
('usage_events_20250626.log', 1, 3, NULL, NULL, 63, NULL, 1048585, 63, '20250626', '202506', NULL, NULL, NULL, NULL, 'omp::counter', 1),
('usage_events_20250626.log', 1, 3, NULL, NULL, 64, NULL, 1048585, 64, '20250626', '202506', NULL, NULL, NULL, NULL, 'omp::counter', 5),
('usage_events_20250626.log', 1, 3, NULL, NULL, 65, NULL, 1048585, 65, '20250626', '202506', NULL, NULL, NULL, NULL, 'omp::counter', 1),
('usage_events_20250626.log', 1, NULL, NULL, NULL, 77, NULL, 1048585, 77, '20250626', '202506', NULL, NULL, NULL, NULL, 'omp::counter', 1),
('usage_events_20250627.log', 1, NULL, NULL, NULL, NULL, NULL, 512, 1, '20250627', '202506', NULL, NULL, NULL, NULL, 'omp::counter', 31),
('usage_events_20250627.log', 1, 3, NULL, NULL, 21, 31, 515, 95, '20250627', '202506', 2, NULL, NULL, NULL, 'omp::counter', 1),
('usage_events_20250627.log', 1, 3, NULL, NULL, 53, NULL, 1048585, 53, '20250627', '202506', NULL, NULL, NULL, NULL, 'omp::counter', 1),
('usage_events_20250628.log', 1, NULL, NULL, NULL, NULL, NULL, 512, 1, '20250628', '202506', NULL, NULL, NULL, NULL, 'omp::counter', 26),
('usage_events_20250628.log', 1, 3, NULL, NULL, 60, 70, 515, 244, '20250628', '202506', 2, NULL, NULL, NULL, 'omp::counter', 1),
('usage_events_20250628.log', 1, NULL, NULL, NULL, 76, 96, 515, 358, '20250628', '202506', 3, NULL, NULL, NULL, 'omp::counter', 2),
('usage_events_20250628.log', 1, 2, NULL, NULL, NULL, NULL, 530, 2, '20250628', '202506', NULL, NULL, NULL, NULL, 'omp::counter', 1),
('usage_events_20250628.log', 1, 3, NULL, NULL, NULL, NULL, 530, 3, '20250628', '202506', NULL, NULL, NULL, NULL, 'omp::counter', 1),
('usage_events_20250628.log', 1, 4, NULL, NULL, NULL, NULL, 530, 4, '20250628', '202506', NULL, NULL, NULL, NULL, 'omp::counter', 1),
('usage_events_20250628.log', 1, 3, NULL, NULL, 29, NULL, 1048585, 29, '20250628', '202506', NULL, NULL, NULL, NULL, 'omp::counter', 1),
('usage_events_20250628.log', 1, 3, NULL, NULL, 60, NULL, 1048585, 60, '20250628', '202506', NULL, NULL, NULL, NULL, 'omp::counter', 2),
('usage_events_20250629.log', 1, NULL, NULL, NULL, NULL, NULL, 512, 1, '20250629', '202506', NULL, NULL, NULL, NULL, 'omp::counter', 27),
('usage_events_20250629.log', 1, 1, NULL, NULL, 1, 1, 515, 4, '20250629', '202506', 2, NULL, NULL, NULL, 'omp::counter', 1),
('usage_events_20250629.log', 1, 1, NULL, NULL, 2, 3, 515, 9, '20250629', '202506', 2, NULL, NULL, NULL, 'omp::counter', 1),
('usage_events_20250629.log', 1, 1, NULL, NULL, 4, 4, 515, 16, '20250629', '202506', 2, NULL, NULL, NULL, 'omp::counter', 1),
('usage_events_20250629.log', 1, 1, NULL, NULL, 3, 5, 515, 17, '20250629', '202506', 2, NULL, NULL, NULL, 'omp::counter', 1),
('usage_events_20250629.log', 1, 1, NULL, NULL, 5, 6, 515, 22, '20250629', '202506', 2, NULL, NULL, NULL, 'omp::counter', 1),
('usage_events_20250629.log', 1, 2, NULL, NULL, 6, 7, 515, 26, '20250629', '202506', 2, NULL, NULL, NULL, 'omp::counter', 1),
('usage_events_20250629.log', 1, 2, NULL, NULL, 7, 8, 515, 30, '20250629', '202506', 2, NULL, NULL, NULL, 'omp::counter', 1),
('usage_events_20250629.log', 1, 2, NULL, NULL, 8, 9, 515, 34, '20250629', '202506', 2, NULL, NULL, NULL, 'omp::counter', 1),
('usage_events_20250629.log', 1, 1, NULL, NULL, 9, 10, 515, 38, '20250629', '202506', 2, NULL, NULL, NULL, 'omp::counter', 1),
('usage_events_20250629.log', 1, 1, NULL, NULL, 10, 11, 515, 42, '20250629', '202506', 2, NULL, NULL, NULL, 'omp::counter', 1),
('usage_events_20250629.log', 1, 1, NULL, NULL, 11, 12, 515, 46, '20250629', '202506', 2, NULL, NULL, NULL, 'omp::counter', 1),
('usage_events_20250629.log', 1, 1, NULL, NULL, 12, 13, 515, 50, '20250629', '202506', 2, NULL, NULL, NULL, 'omp::counter', 1),
('usage_events_20250629.log', 1, 1, NULL, NULL, 13, 14, 515, 54, '20250629', '202506', 2, NULL, NULL, NULL, 'omp::counter', 1),
('usage_events_20250629.log', 1, 2, NULL, NULL, 14, 15, 515, 58, '20250629', '202506', 2, NULL, NULL, NULL, 'omp::counter', 1),
('usage_events_20250629.log', 1, 2, NULL, NULL, 15, 16, 515, 62, '20250629', '202506', 2, NULL, NULL, NULL, 'omp::counter', 1),
('usage_events_20250629.log', 1, 2, NULL, NULL, 16, 17, 515, 66, '20250629', '202506', 2, NULL, NULL, NULL, 'omp::counter', 1),
('usage_events_20250629.log', 1, 2, NULL, NULL, 17, 18, 515, 70, '20250629', '202506', 2, NULL, NULL, NULL, 'omp::counter', 1),
('usage_events_20250629.log', 1, 2, NULL, NULL, 18, 19, 515, 74, '20250629', '202506', 2, NULL, NULL, NULL, 'omp::counter', 1),
('usage_events_20250629.log', 1, 2, NULL, NULL, 19, 20, 515, 78, '20250629', '202506', 2, NULL, NULL, NULL, 'omp::counter', 1),
('usage_events_20250629.log', 1, 2, NULL, NULL, 20, 21, 515, 82, '20250629', '202506', 2, NULL, NULL, NULL, 'omp::counter', 1),
('usage_events_20250629.log', 1, 3, NULL, NULL, 21, 31, 515, 95, '20250629', '202506', 2, NULL, NULL, NULL, 'omp::counter', 2),
('usage_events_20250629.log', 1, 3, NULL, NULL, 22, 32, 515, 99, '20250629', '202506', 2, NULL, NULL, NULL, 'omp::counter', 1),
('usage_events_20250629.log', 1, 3, NULL, NULL, 23, 33, 515, 103, '20250629', '202506', 2, NULL, NULL, NULL, 'omp::counter', 1),
('usage_events_20250629.log', 1, 3, NULL, NULL, 24, 34, 515, 107, '20250629', '202506', 2, NULL, NULL, NULL, 'omp::counter', 1),
('usage_events_20250629.log', 1, 3, NULL, NULL, 25, 35, 515, 111, '20250629', '202506', 2, NULL, NULL, NULL, 'omp::counter', 1),
('usage_events_20250629.log', 1, 3, NULL, NULL, 27, 37, 515, 119, '20250629', '202506', 2, NULL, NULL, NULL, 'omp::counter', 1),
('usage_events_20250629.log', 1, 3, NULL, NULL, 28, 38, 515, 123, '20250629', '202506', 2, NULL, NULL, NULL, 'omp::counter', 1),
('usage_events_20250629.log', 1, 3, NULL, NULL, 29, 39, 515, 127, '20250629', '202506', 2, NULL, NULL, NULL, 'omp::counter', 1),
('usage_events_20250629.log', 1, 3, NULL, NULL, 30, 40, 515, 131, '20250629', '202506', 2, NULL, NULL, NULL, 'omp::counter', 1),
('usage_events_20250629.log', 1, 3, NULL, NULL, 31, 41, 515, 133, '20250629', '202506', 2, NULL, NULL, NULL, 'omp::counter', 1),
('usage_events_20250629.log', 1, 3, NULL, NULL, 32, 42, 515, 137, '20250629', '202506', 3, NULL, NULL, NULL, 'omp::counter', 1),
('usage_events_20250629.log', 1, 3, NULL, NULL, 33, 43, 515, 141, '20250629', '202506', 2, NULL, NULL, NULL, 'omp::counter', 1),
('usage_events_20250629.log', 1, 3, NULL, NULL, 34, 44, 515, 144, '20250629', '202506', 2, NULL, NULL, NULL, 'omp::counter', 1),
('usage_events_20250629.log', 1, 3, NULL, NULL, 35, 45, 515, 148, '20250629', '202506', 2, NULL, NULL, NULL, 'omp::counter', 1),
('usage_events_20250629.log', 1, 3, NULL, NULL, 36, 46, 515, 152, '20250629', '202506', 2, NULL, NULL, NULL, 'omp::counter', 1),
('usage_events_20250629.log', 1, 3, NULL, NULL, 38, 48, 515, 160, '20250629', '202506', 2, NULL, NULL, NULL, 'omp::counter', 1),
('usage_events_20250629.log', 1, 3, NULL, NULL, 39, 49, 515, 164, '20250629', '202506', 2, NULL, NULL, NULL, 'omp::counter', 1),
('usage_events_20250629.log', 1, 3, NULL, NULL, 40, 50, 515, 168, '20250629', '202506', 2, NULL, NULL, NULL, 'omp::counter', 1),
('usage_events_20250629.log', 1, 3, NULL, NULL, 41, 51, 515, 171, '20250629', '202506', 2, NULL, NULL, NULL, 'omp::counter', 1),
('usage_events_20250629.log', 1, 3, NULL, NULL, 43, 53, 515, 179, '20250629', '202506', 2, NULL, NULL, NULL, 'omp::counter', 1),
('usage_events_20250629.log', 1, 3, NULL, NULL, 44, 54, 515, 183, '20250629', '202506', 2, NULL, NULL, NULL, 'omp::counter', 1),
('usage_events_20250629.log', 1, 3, NULL, NULL, 45, 55, 515, 187, '20250629', '202506', 2, NULL, NULL, NULL, 'omp::counter', 2),
('usage_events_20250629.log', 1, 3, NULL, NULL, 47, 57, 515, 192, '20250629', '202506', 2, NULL, NULL, NULL, 'omp::counter', 1),
('usage_events_20250629.log', 1, 3, NULL, NULL, 48, 58, 515, 196, '20250629', '202506', 2, NULL, NULL, NULL, 'omp::counter', 1),
('usage_events_20250629.log', 1, 3, NULL, NULL, 50, 60, 515, 204, '20250629', '202506', 2, NULL, NULL, NULL, 'omp::counter', 1),
('usage_events_20250629.log', 1, 3, NULL, NULL, 51, 61, 515, 208, '20250629', '202506', 2, NULL, NULL, NULL, 'omp::counter', 1),
('usage_events_20250629.log', 1, 3, NULL, NULL, 52, 62, 515, 212, '20250629', '202506', 2, NULL, NULL, NULL, 'omp::counter', 1),
('usage_events_20250629.log', 1, 3, NULL, NULL, 53, 63, 515, 216, '20250629', '202506', 2, NULL, NULL, NULL, 'omp::counter', 1),
('usage_events_20250629.log', 1, 3, NULL, NULL, 54, 64, 515, 220, '20250629', '202506', 2, NULL, NULL, NULL, 'omp::counter', 1),
('usage_events_20250629.log', 1, 3, NULL, NULL, 55, 65, 515, 224, '20250629', '202506', 2, NULL, NULL, NULL, 'omp::counter', 1),
('usage_events_20250629.log', 1, 3, NULL, NULL, 56, 66, 515, 228, '20250629', '202506', 2, NULL, NULL, NULL, 'omp::counter', 1),
('usage_events_20250629.log', 1, 3, NULL, NULL, 57, 67, 515, 232, '20250629', '202506', 2, NULL, NULL, NULL, 'omp::counter', 1),
('usage_events_20250629.log', 1, 3, NULL, NULL, 58, 68, 515, 236, '20250629', '202506', 2, NULL, NULL, NULL, 'omp::counter', 1),
('usage_events_20250629.log', 1, 3, NULL, NULL, 59, 69, 515, 240, '20250629', '202506', 2, NULL, NULL, NULL, 'omp::counter', 1),
('usage_events_20250629.log', 1, 3, NULL, NULL, 60, 70, 515, 244, '20250629', '202506', 2, NULL, NULL, NULL, 'omp::counter', 1),
('usage_events_20250629.log', 1, 3, NULL, NULL, 62, 71, 515, 248, '20250629', '202506', 2, NULL, NULL, NULL, 'omp::counter', 1),
('usage_events_20250629.log', 1, 3, NULL, NULL, 63, 73, 515, 256, '20250629', '202506', 2, NULL, NULL, NULL, 'omp::counter', 1),
('usage_events_20250629.log', 1, 3, NULL, NULL, 64, 74, 515, 260, '20250629', '202506', 2, NULL, NULL, NULL, 'omp::counter', 1),
('usage_events_20250629.log', 1, 3, NULL, NULL, 65, 75, 515, 264, '20250629', '202506', 2, NULL, NULL, NULL, 'omp::counter', 1),
('usage_events_20250629.log', 1, 3, NULL, NULL, 66, 76, 515, 268, '20250629', '202506', 2, NULL, NULL, NULL, 'omp::counter', 1),
('usage_events_20250629.log', 1, 3, NULL, NULL, 22, 78, 515, 271, '20250629', '202506', 3, NULL, NULL, NULL, 'omp::counter', 1),
('usage_events_20250629.log', 1, 2, NULL, NULL, 19, 79, 515, 273, '20250629', '202506', 3, NULL, NULL, NULL, 'omp::counter', 1),
('usage_events_20250629.log', 1, 3, NULL, NULL, 66, 80, 515, 275, '20250629', '202506', 3, NULL, NULL, NULL, 'omp::counter', 1),
('usage_events_20250629.log', 1, NULL, NULL, NULL, 77, 93, 515, 355, '20250629', '202506', 2, NULL, NULL, NULL, 'omp::counter', 1),
('usage_events_20250629.log', 1, NULL, NULL, NULL, 77, 94, 515, 356, '20250629', '202506', 3, NULL, NULL, NULL, 'omp::counter', 1),
('usage_events_20250629.log', 1, NULL, NULL, NULL, 76, 95, 515, 357, '20250629', '202506', 2, NULL, NULL, NULL, 'omp::counter', 1),
('usage_events_20250629.log', 1, NULL, NULL, NULL, 76, 96, 515, 358, '20250629', '202506', 3, NULL, NULL, NULL, 'omp::counter', 1),
('usage_events_20250629.log', 1, 1, NULL, NULL, NULL, NULL, 530, 1, '20250629', '202506', NULL, NULL, NULL, NULL, 'omp::counter', 1),
('usage_events_20250629.log', 1, 2, NULL, NULL, NULL, NULL, 530, 2, '20250629', '202506', NULL, NULL, NULL, NULL, 'omp::counter', 1),
('usage_events_20250629.log', 1, 3, NULL, NULL, NULL, NULL, 530, 3, '20250629', '202506', NULL, NULL, NULL, NULL, 'omp::counter', 2),
('usage_events_20250629.log', 1, 4, NULL, NULL, NULL, NULL, 530, 4, '20250629', '202506', NULL, NULL, NULL, NULL, 'omp::counter', 1),
('usage_events_20250629.log', 1, 1, NULL, NULL, 1, NULL, 1048585, 1, '20250629', '202506', NULL, NULL, NULL, NULL, 'omp::counter', 1),
('usage_events_20250629.log', 1, 1, NULL, NULL, 2, NULL, 1048585, 2, '20250629', '202506', NULL, NULL, NULL, NULL, 'omp::counter', 1),
('usage_events_20250629.log', 1, 1, NULL, NULL, 3, NULL, 1048585, 3, '20250629', '202506', NULL, NULL, NULL, NULL, 'omp::counter', 1);
INSERT INTO `metrics` (`load_id`, `context_id`, `pkp_section_id`, `assoc_object_type`, `assoc_object_id`, `submission_id`, `representation_id`, `assoc_type`, `assoc_id`, `day`, `month`, `file_type`, `country_id`, `region`, `city`, `metric_type`, `metric`) VALUES
('usage_events_20250629.log', 1, 1, NULL, NULL, 4, NULL, 1048585, 4, '20250629', '202506', NULL, NULL, NULL, NULL, 'omp::counter', 1),
('usage_events_20250629.log', 1, 1, NULL, NULL, 5, NULL, 1048585, 5, '20250629', '202506', NULL, NULL, NULL, NULL, 'omp::counter', 1),
('usage_events_20250629.log', 1, 2, NULL, NULL, 6, NULL, 1048585, 6, '20250629', '202506', NULL, NULL, NULL, NULL, 'omp::counter', 1),
('usage_events_20250629.log', 1, 2, NULL, NULL, 7, NULL, 1048585, 7, '20250629', '202506', NULL, NULL, NULL, NULL, 'omp::counter', 1),
('usage_events_20250629.log', 1, 2, NULL, NULL, 8, NULL, 1048585, 8, '20250629', '202506', NULL, NULL, NULL, NULL, 'omp::counter', 1),
('usage_events_20250629.log', 1, 1, NULL, NULL, 9, NULL, 1048585, 9, '20250629', '202506', NULL, NULL, NULL, NULL, 'omp::counter', 1),
('usage_events_20250629.log', 1, 1, NULL, NULL, 10, NULL, 1048585, 10, '20250629', '202506', NULL, NULL, NULL, NULL, 'omp::counter', 1),
('usage_events_20250629.log', 1, 1, NULL, NULL, 11, NULL, 1048585, 11, '20250629', '202506', NULL, NULL, NULL, NULL, 'omp::counter', 1),
('usage_events_20250629.log', 1, 1, NULL, NULL, 12, NULL, 1048585, 12, '20250629', '202506', NULL, NULL, NULL, NULL, 'omp::counter', 1),
('usage_events_20250629.log', 1, 1, NULL, NULL, 13, NULL, 1048585, 13, '20250629', '202506', NULL, NULL, NULL, NULL, 'omp::counter', 1),
('usage_events_20250629.log', 1, 2, NULL, NULL, 14, NULL, 1048585, 14, '20250629', '202506', NULL, NULL, NULL, NULL, 'omp::counter', 1),
('usage_events_20250629.log', 1, 2, NULL, NULL, 15, NULL, 1048585, 15, '20250629', '202506', NULL, NULL, NULL, NULL, 'omp::counter', 1),
('usage_events_20250629.log', 1, 2, NULL, NULL, 16, NULL, 1048585, 16, '20250629', '202506', NULL, NULL, NULL, NULL, 'omp::counter', 1),
('usage_events_20250629.log', 1, 2, NULL, NULL, 17, NULL, 1048585, 17, '20250629', '202506', NULL, NULL, NULL, NULL, 'omp::counter', 1),
('usage_events_20250629.log', 1, 2, NULL, NULL, 18, NULL, 1048585, 18, '20250629', '202506', NULL, NULL, NULL, NULL, 'omp::counter', 1),
('usage_events_20250629.log', 1, 2, NULL, NULL, 19, NULL, 1048585, 19, '20250629', '202506', NULL, NULL, NULL, NULL, 'omp::counter', 1),
('usage_events_20250629.log', 1, 2, NULL, NULL, 20, NULL, 1048585, 20, '20250629', '202506', NULL, NULL, NULL, NULL, 'omp::counter', 1),
('usage_events_20250629.log', 1, 3, NULL, NULL, 21, NULL, 1048585, 21, '20250629', '202506', NULL, NULL, NULL, NULL, 'omp::counter', 1),
('usage_events_20250629.log', 1, 3, NULL, NULL, 22, NULL, 1048585, 22, '20250629', '202506', NULL, NULL, NULL, NULL, 'omp::counter', 1),
('usage_events_20250629.log', 1, 3, NULL, NULL, 23, NULL, 1048585, 23, '20250629', '202506', NULL, NULL, NULL, NULL, 'omp::counter', 1),
('usage_events_20250629.log', 1, 3, NULL, NULL, 24, NULL, 1048585, 24, '20250629', '202506', NULL, NULL, NULL, NULL, 'omp::counter', 1),
('usage_events_20250629.log', 1, 3, NULL, NULL, 25, NULL, 1048585, 25, '20250629', '202506', NULL, NULL, NULL, NULL, 'omp::counter', 1),
('usage_events_20250629.log', 1, 3, NULL, NULL, 27, NULL, 1048585, 27, '20250629', '202506', NULL, NULL, NULL, NULL, 'omp::counter', 1),
('usage_events_20250629.log', 1, 3, NULL, NULL, 28, NULL, 1048585, 28, '20250629', '202506', NULL, NULL, NULL, NULL, 'omp::counter', 1),
('usage_events_20250629.log', 1, 3, NULL, NULL, 29, NULL, 1048585, 29, '20250629', '202506', NULL, NULL, NULL, NULL, 'omp::counter', 1),
('usage_events_20250629.log', 1, 3, NULL, NULL, 30, NULL, 1048585, 30, '20250629', '202506', NULL, NULL, NULL, NULL, 'omp::counter', 1),
('usage_events_20250629.log', 1, 3, NULL, NULL, 31, NULL, 1048585, 31, '20250629', '202506', NULL, NULL, NULL, NULL, 'omp::counter', 1),
('usage_events_20250629.log', 1, 3, NULL, NULL, 32, NULL, 1048585, 32, '20250629', '202506', NULL, NULL, NULL, NULL, 'omp::counter', 1),
('usage_events_20250629.log', 1, 3, NULL, NULL, 33, NULL, 1048585, 33, '20250629', '202506', NULL, NULL, NULL, NULL, 'omp::counter', 1),
('usage_events_20250629.log', 1, 3, NULL, NULL, 34, NULL, 1048585, 34, '20250629', '202506', NULL, NULL, NULL, NULL, 'omp::counter', 1),
('usage_events_20250629.log', 1, 3, NULL, NULL, 35, NULL, 1048585, 35, '20250629', '202506', NULL, NULL, NULL, NULL, 'omp::counter', 1),
('usage_events_20250629.log', 1, 3, NULL, NULL, 36, NULL, 1048585, 36, '20250629', '202506', NULL, NULL, NULL, NULL, 'omp::counter', 1),
('usage_events_20250629.log', 1, 3, NULL, NULL, 37, NULL, 1048585, 37, '20250629', '202506', NULL, NULL, NULL, NULL, 'omp::counter', 1),
('usage_events_20250629.log', 1, 3, NULL, NULL, 38, NULL, 1048585, 38, '20250629', '202506', NULL, NULL, NULL, NULL, 'omp::counter', 1),
('usage_events_20250629.log', 1, 3, NULL, NULL, 39, NULL, 1048585, 39, '20250629', '202506', NULL, NULL, NULL, NULL, 'omp::counter', 1),
('usage_events_20250629.log', 1, 3, NULL, NULL, 40, NULL, 1048585, 40, '20250629', '202506', NULL, NULL, NULL, NULL, 'omp::counter', 1),
('usage_events_20250629.log', 1, 3, NULL, NULL, 41, NULL, 1048585, 41, '20250629', '202506', NULL, NULL, NULL, NULL, 'omp::counter', 1),
('usage_events_20250629.log', 1, 3, NULL, NULL, 42, NULL, 1048585, 42, '20250629', '202506', NULL, NULL, NULL, NULL, 'omp::counter', 3),
('usage_events_20250629.log', 1, 3, NULL, NULL, 43, NULL, 1048585, 43, '20250629', '202506', NULL, NULL, NULL, NULL, 'omp::counter', 1),
('usage_events_20250629.log', 1, 3, NULL, NULL, 44, NULL, 1048585, 44, '20250629', '202506', NULL, NULL, NULL, NULL, 'omp::counter', 1),
('usage_events_20250629.log', 1, 3, NULL, NULL, 45, NULL, 1048585, 45, '20250629', '202506', NULL, NULL, NULL, NULL, 'omp::counter', 1),
('usage_events_20250629.log', 1, 3, NULL, NULL, 47, NULL, 1048585, 47, '20250629', '202506', NULL, NULL, NULL, NULL, 'omp::counter', 1),
('usage_events_20250629.log', 1, 3, NULL, NULL, 48, NULL, 1048585, 48, '20250629', '202506', NULL, NULL, NULL, NULL, 'omp::counter', 1),
('usage_events_20250629.log', 1, 3, NULL, NULL, 49, NULL, 1048585, 49, '20250629', '202506', NULL, NULL, NULL, NULL, 'omp::counter', 1),
('usage_events_20250629.log', 1, 3, NULL, NULL, 50, NULL, 1048585, 50, '20250629', '202506', NULL, NULL, NULL, NULL, 'omp::counter', 1),
('usage_events_20250629.log', 1, 3, NULL, NULL, 51, NULL, 1048585, 51, '20250629', '202506', NULL, NULL, NULL, NULL, 'omp::counter', 1),
('usage_events_20250629.log', 1, 3, NULL, NULL, 52, NULL, 1048585, 52, '20250629', '202506', NULL, NULL, NULL, NULL, 'omp::counter', 1),
('usage_events_20250629.log', 1, 3, NULL, NULL, 53, NULL, 1048585, 53, '20250629', '202506', NULL, NULL, NULL, NULL, 'omp::counter', 1),
('usage_events_20250629.log', 1, 3, NULL, NULL, 54, NULL, 1048585, 54, '20250629', '202506', NULL, NULL, NULL, NULL, 'omp::counter', 1),
('usage_events_20250629.log', 1, 3, NULL, NULL, 55, NULL, 1048585, 55, '20250629', '202506', NULL, NULL, NULL, NULL, 'omp::counter', 1),
('usage_events_20250629.log', 1, 3, NULL, NULL, 56, NULL, 1048585, 56, '20250629', '202506', NULL, NULL, NULL, NULL, 'omp::counter', 1),
('usage_events_20250629.log', 1, 3, NULL, NULL, 57, NULL, 1048585, 57, '20250629', '202506', NULL, NULL, NULL, NULL, 'omp::counter', 1),
('usage_events_20250629.log', 1, 3, NULL, NULL, 58, NULL, 1048585, 58, '20250629', '202506', NULL, NULL, NULL, NULL, 'omp::counter', 1),
('usage_events_20250629.log', 1, 3, NULL, NULL, 59, NULL, 1048585, 59, '20250629', '202506', NULL, NULL, NULL, NULL, 'omp::counter', 1),
('usage_events_20250629.log', 1, 3, NULL, NULL, 60, NULL, 1048585, 60, '20250629', '202506', NULL, NULL, NULL, NULL, 'omp::counter', 1),
('usage_events_20250629.log', 1, 3, NULL, NULL, 61, NULL, 1048585, 61, '20250629', '202506', NULL, NULL, NULL, NULL, 'omp::counter', 3),
('usage_events_20250629.log', 1, 3, NULL, NULL, 62, NULL, 1048585, 62, '20250629', '202506', NULL, NULL, NULL, NULL, 'omp::counter', 3),
('usage_events_20250629.log', 1, 3, NULL, NULL, 63, NULL, 1048585, 63, '20250629', '202506', NULL, NULL, NULL, NULL, 'omp::counter', 1),
('usage_events_20250629.log', 1, 3, NULL, NULL, 64, NULL, 1048585, 64, '20250629', '202506', NULL, NULL, NULL, NULL, 'omp::counter', 1),
('usage_events_20250629.log', 1, 3, NULL, NULL, 65, NULL, 1048585, 65, '20250629', '202506', NULL, NULL, NULL, NULL, 'omp::counter', 1),
('usage_events_20250629.log', 1, 3, NULL, NULL, 66, NULL, 1048585, 66, '20250629', '202506', NULL, NULL, NULL, NULL, 'omp::counter', 1),
('usage_events_20250629.log', 1, NULL, NULL, NULL, 67, NULL, 1048585, 67, '20250629', '202506', NULL, NULL, NULL, NULL, 'omp::counter', 1),
('usage_events_20250629.log', 1, NULL, NULL, NULL, 68, NULL, 1048585, 68, '20250629', '202506', NULL, NULL, NULL, NULL, 'omp::counter', 1),
('usage_events_20250629.log', 1, NULL, NULL, NULL, 69, NULL, 1048585, 69, '20250629', '202506', NULL, NULL, NULL, NULL, 'omp::counter', 1),
('usage_events_20250629.log', 1, NULL, NULL, NULL, 70, NULL, 1048585, 70, '20250629', '202506', NULL, NULL, NULL, NULL, 'omp::counter', 1),
('usage_events_20250629.log', 1, NULL, NULL, NULL, 71, NULL, 1048585, 71, '20250629', '202506', NULL, NULL, NULL, NULL, 'omp::counter', 1),
('usage_events_20250629.log', 1, NULL, NULL, NULL, 72, NULL, 1048585, 72, '20250629', '202506', NULL, NULL, NULL, NULL, 'omp::counter', 1),
('usage_events_20250629.log', 1, NULL, NULL, NULL, 76, NULL, 1048585, 76, '20250629', '202506', NULL, NULL, NULL, NULL, 'omp::counter', 1),
('usage_events_20250629.log', 1, NULL, NULL, NULL, 77, NULL, 1048585, 77, '20250629', '202506', NULL, NULL, NULL, NULL, 'omp::counter', 1),
('usage_events_20250630.log', 1, NULL, NULL, NULL, NULL, NULL, 512, 1, '20250630', '202506', NULL, NULL, NULL, NULL, 'omp::counter', 37),
('usage_events_20250630.log', 1, 3, NULL, NULL, 21, 31, 515, 95, '20250630', '202506', 2, NULL, NULL, NULL, 'omp::counter', 1),
('usage_events_20250630.log', 1, NULL, NULL, NULL, 68, 82, 515, 299, '20250630', '202506', 2, NULL, NULL, NULL, 'omp::counter', 1),
('usage_events_20250630.log', 1, NULL, NULL, NULL, 67, 83, 515, 300, '20250630', '202506', 2, NULL, NULL, NULL, 'omp::counter', 1),
('usage_events_20250630.log', 1, NULL, NULL, NULL, 69, 85, 515, 309, '20250630', '202506', 2, NULL, NULL, NULL, 'omp::counter', 1),
('usage_events_20250630.log', 1, NULL, NULL, NULL, 70, 87, 515, 317, '20250630', '202506', 2, NULL, NULL, NULL, 'omp::counter', 1),
('usage_events_20250630.log', 1, NULL, NULL, NULL, 71, 89, 515, 325, '20250630', '202506', 2, NULL, NULL, NULL, 'omp::counter', 1),
('usage_events_20250630.log', 1, NULL, NULL, NULL, 72, 91, 515, 333, '20250630', '202506', 2, NULL, NULL, NULL, 'omp::counter', 1),
('usage_events_20250630.log', 1, NULL, NULL, NULL, 76, 95, 515, 357, '20250630', '202506', 2, NULL, NULL, NULL, 'omp::counter', 1),
('usage_events_20250630.log', 1, 1, NULL, NULL, NULL, NULL, 530, 1, '20250630', '202506', NULL, NULL, NULL, NULL, 'omp::counter', 1),
('usage_events_20250630.log', 1, 2, NULL, NULL, NULL, NULL, 530, 2, '20250630', '202506', NULL, NULL, NULL, NULL, 'omp::counter', 2),
('usage_events_20250630.log', 1, 3, NULL, NULL, NULL, NULL, 530, 3, '20250630', '202506', NULL, NULL, NULL, NULL, 'omp::counter', 2),
('usage_events_20250630.log', 1, 4, NULL, NULL, NULL, NULL, 530, 4, '20250630', '202506', NULL, NULL, NULL, NULL, 'omp::counter', 3),
('usage_events_20250630.log', 1, 1, NULL, NULL, 1, NULL, 1048585, 1, '20250630', '202506', NULL, NULL, NULL, NULL, 'omp::counter', 1),
('usage_events_20250630.log', 1, 1, NULL, NULL, 2, NULL, 1048585, 2, '20250630', '202506', NULL, NULL, NULL, NULL, 'omp::counter', 1),
('usage_events_20250630.log', 1, 1, NULL, NULL, 3, NULL, 1048585, 3, '20250630', '202506', NULL, NULL, NULL, NULL, 'omp::counter', 1),
('usage_events_20250630.log', 1, 1, NULL, NULL, 4, NULL, 1048585, 4, '20250630', '202506', NULL, NULL, NULL, NULL, 'omp::counter', 1),
('usage_events_20250630.log', 1, 1, NULL, NULL, 5, NULL, 1048585, 5, '20250630', '202506', NULL, NULL, NULL, NULL, 'omp::counter', 1),
('usage_events_20250630.log', 1, 2, NULL, NULL, 6, NULL, 1048585, 6, '20250630', '202506', NULL, NULL, NULL, NULL, 'omp::counter', 1),
('usage_events_20250630.log', 1, 2, NULL, NULL, 7, NULL, 1048585, 7, '20250630', '202506', NULL, NULL, NULL, NULL, 'omp::counter', 1),
('usage_events_20250630.log', 1, 2, NULL, NULL, 8, NULL, 1048585, 8, '20250630', '202506', NULL, NULL, NULL, NULL, 'omp::counter', 1),
('usage_events_20250630.log', 1, 1, NULL, NULL, 9, NULL, 1048585, 9, '20250630', '202506', NULL, NULL, NULL, NULL, 'omp::counter', 1),
('usage_events_20250630.log', 1, 1, NULL, NULL, 10, NULL, 1048585, 10, '20250630', '202506', NULL, NULL, NULL, NULL, 'omp::counter', 1),
('usage_events_20250630.log', 1, 1, NULL, NULL, 11, NULL, 1048585, 11, '20250630', '202506', NULL, NULL, NULL, NULL, 'omp::counter', 1),
('usage_events_20250630.log', 1, 1, NULL, NULL, 12, NULL, 1048585, 12, '20250630', '202506', NULL, NULL, NULL, NULL, 'omp::counter', 1),
('usage_events_20250630.log', 1, 1, NULL, NULL, 13, NULL, 1048585, 13, '20250630', '202506', NULL, NULL, NULL, NULL, 'omp::counter', 1),
('usage_events_20250630.log', 1, 2, NULL, NULL, 14, NULL, 1048585, 14, '20250630', '202506', NULL, NULL, NULL, NULL, 'omp::counter', 1),
('usage_events_20250630.log', 1, 2, NULL, NULL, 15, NULL, 1048585, 15, '20250630', '202506', NULL, NULL, NULL, NULL, 'omp::counter', 2),
('usage_events_20250630.log', 1, 2, NULL, NULL, 16, NULL, 1048585, 16, '20250630', '202506', NULL, NULL, NULL, NULL, 'omp::counter', 1),
('usage_events_20250630.log', 1, 2, NULL, NULL, 17, NULL, 1048585, 17, '20250630', '202506', NULL, NULL, NULL, NULL, 'omp::counter', 1),
('usage_events_20250630.log', 1, 2, NULL, NULL, 18, NULL, 1048585, 18, '20250630', '202506', NULL, NULL, NULL, NULL, 'omp::counter', 1),
('usage_events_20250630.log', 1, 2, NULL, NULL, 19, NULL, 1048585, 19, '20250630', '202506', NULL, NULL, NULL, NULL, 'omp::counter', 1),
('usage_events_20250630.log', 1, 2, NULL, NULL, 20, NULL, 1048585, 20, '20250630', '202506', NULL, NULL, NULL, NULL, 'omp::counter', 1),
('usage_events_20250630.log', 1, 3, NULL, NULL, 21, NULL, 1048585, 21, '20250630', '202506', NULL, NULL, NULL, NULL, 'omp::counter', 2),
('usage_events_20250630.log', 1, 3, NULL, NULL, 22, NULL, 1048585, 22, '20250630', '202506', NULL, NULL, NULL, NULL, 'omp::counter', 1),
('usage_events_20250630.log', 1, 3, NULL, NULL, 23, NULL, 1048585, 23, '20250630', '202506', NULL, NULL, NULL, NULL, 'omp::counter', 2),
('usage_events_20250630.log', 1, 3, NULL, NULL, 24, NULL, 1048585, 24, '20250630', '202506', NULL, NULL, NULL, NULL, 'omp::counter', 4),
('usage_events_20250630.log', 1, 3, NULL, NULL, 25, NULL, 1048585, 25, '20250630', '202506', NULL, NULL, NULL, NULL, 'omp::counter', 3),
('usage_events_20250630.log', 1, 3, NULL, NULL, 27, NULL, 1048585, 27, '20250630', '202506', NULL, NULL, NULL, NULL, 'omp::counter', 1),
('usage_events_20250630.log', 1, 3, NULL, NULL, 28, NULL, 1048585, 28, '20250630', '202506', NULL, NULL, NULL, NULL, 'omp::counter', 1),
('usage_events_20250630.log', 1, 3, NULL, NULL, 29, NULL, 1048585, 29, '20250630', '202506', NULL, NULL, NULL, NULL, 'omp::counter', 1),
('usage_events_20250630.log', 1, 3, NULL, NULL, 30, NULL, 1048585, 30, '20250630', '202506', NULL, NULL, NULL, NULL, 'omp::counter', 2),
('usage_events_20250630.log', 1, 3, NULL, NULL, 31, NULL, 1048585, 31, '20250630', '202506', NULL, NULL, NULL, NULL, 'omp::counter', 1),
('usage_events_20250630.log', 1, 3, NULL, NULL, 32, NULL, 1048585, 32, '20250630', '202506', NULL, NULL, NULL, NULL, 'omp::counter', 1),
('usage_events_20250630.log', 1, 3, NULL, NULL, 33, NULL, 1048585, 33, '20250630', '202506', NULL, NULL, NULL, NULL, 'omp::counter', 1),
('usage_events_20250630.log', 1, 3, NULL, NULL, 34, NULL, 1048585, 34, '20250630', '202506', NULL, NULL, NULL, NULL, 'omp::counter', 1),
('usage_events_20250630.log', 1, 3, NULL, NULL, 35, NULL, 1048585, 35, '20250630', '202506', NULL, NULL, NULL, NULL, 'omp::counter', 1),
('usage_events_20250630.log', 1, 3, NULL, NULL, 36, NULL, 1048585, 36, '20250630', '202506', NULL, NULL, NULL, NULL, 'omp::counter', 1),
('usage_events_20250630.log', 1, 3, NULL, NULL, 37, NULL, 1048585, 37, '20250630', '202506', NULL, NULL, NULL, NULL, 'omp::counter', 1),
('usage_events_20250630.log', 1, 3, NULL, NULL, 38, NULL, 1048585, 38, '20250630', '202506', NULL, NULL, NULL, NULL, 'omp::counter', 1),
('usage_events_20250630.log', 1, 3, NULL, NULL, 39, NULL, 1048585, 39, '20250630', '202506', NULL, NULL, NULL, NULL, 'omp::counter', 1),
('usage_events_20250630.log', 1, 3, NULL, NULL, 40, NULL, 1048585, 40, '20250630', '202506', NULL, NULL, NULL, NULL, 'omp::counter', 1),
('usage_events_20250630.log', 1, 3, NULL, NULL, 41, NULL, 1048585, 41, '20250630', '202506', NULL, NULL, NULL, NULL, 'omp::counter', 1),
('usage_events_20250630.log', 1, 3, NULL, NULL, 42, NULL, 1048585, 42, '20250630', '202506', NULL, NULL, NULL, NULL, 'omp::counter', 2),
('usage_events_20250630.log', 1, 3, NULL, NULL, 43, NULL, 1048585, 43, '20250630', '202506', NULL, NULL, NULL, NULL, 'omp::counter', 1),
('usage_events_20250630.log', 1, 3, NULL, NULL, 44, NULL, 1048585, 44, '20250630', '202506', NULL, NULL, NULL, NULL, 'omp::counter', 1),
('usage_events_20250630.log', 1, 3, NULL, NULL, 45, NULL, 1048585, 45, '20250630', '202506', NULL, NULL, NULL, NULL, 'omp::counter', 1),
('usage_events_20250630.log', 1, 3, NULL, NULL, 47, NULL, 1048585, 47, '20250630', '202506', NULL, NULL, NULL, NULL, 'omp::counter', 1),
('usage_events_20250630.log', 1, 3, NULL, NULL, 48, NULL, 1048585, 48, '20250630', '202506', NULL, NULL, NULL, NULL, 'omp::counter', 1),
('usage_events_20250630.log', 1, 3, NULL, NULL, 49, NULL, 1048585, 49, '20250630', '202506', NULL, NULL, NULL, NULL, 'omp::counter', 1),
('usage_events_20250630.log', 1, 3, NULL, NULL, 50, NULL, 1048585, 50, '20250630', '202506', NULL, NULL, NULL, NULL, 'omp::counter', 1),
('usage_events_20250630.log', 1, 3, NULL, NULL, 51, NULL, 1048585, 51, '20250630', '202506', NULL, NULL, NULL, NULL, 'omp::counter', 1),
('usage_events_20250630.log', 1, 3, NULL, NULL, 52, NULL, 1048585, 52, '20250630', '202506', NULL, NULL, NULL, NULL, 'omp::counter', 1),
('usage_events_20250630.log', 1, 3, NULL, NULL, 53, NULL, 1048585, 53, '20250630', '202506', NULL, NULL, NULL, NULL, 'omp::counter', 1),
('usage_events_20250630.log', 1, 3, NULL, NULL, 54, NULL, 1048585, 54, '20250630', '202506', NULL, NULL, NULL, NULL, 'omp::counter', 1),
('usage_events_20250630.log', 1, 3, NULL, NULL, 55, NULL, 1048585, 55, '20250630', '202506', NULL, NULL, NULL, NULL, 'omp::counter', 1),
('usage_events_20250630.log', 1, 3, NULL, NULL, 56, NULL, 1048585, 56, '20250630', '202506', NULL, NULL, NULL, NULL, 'omp::counter', 1),
('usage_events_20250630.log', 1, 3, NULL, NULL, 57, NULL, 1048585, 57, '20250630', '202506', NULL, NULL, NULL, NULL, 'omp::counter', 1),
('usage_events_20250630.log', 1, 3, NULL, NULL, 58, NULL, 1048585, 58, '20250630', '202506', NULL, NULL, NULL, NULL, 'omp::counter', 1),
('usage_events_20250630.log', 1, 3, NULL, NULL, 59, NULL, 1048585, 59, '20250630', '202506', NULL, NULL, NULL, NULL, 'omp::counter', 1),
('usage_events_20250630.log', 1, 3, NULL, NULL, 60, NULL, 1048585, 60, '20250630', '202506', NULL, NULL, NULL, NULL, 'omp::counter', 1),
('usage_events_20250630.log', 1, 3, NULL, NULL, 61, NULL, 1048585, 61, '20250630', '202506', NULL, NULL, NULL, NULL, 'omp::counter', 3),
('usage_events_20250630.log', 1, 3, NULL, NULL, 62, NULL, 1048585, 62, '20250630', '202506', NULL, NULL, NULL, NULL, 'omp::counter', 1),
('usage_events_20250630.log', 1, 3, NULL, NULL, 63, NULL, 1048585, 63, '20250630', '202506', NULL, NULL, NULL, NULL, 'omp::counter', 1),
('usage_events_20250630.log', 1, 3, NULL, NULL, 64, NULL, 1048585, 64, '20250630', '202506', NULL, NULL, NULL, NULL, 'omp::counter', 1),
('usage_events_20250630.log', 1, 3, NULL, NULL, 65, NULL, 1048585, 65, '20250630', '202506', NULL, NULL, NULL, NULL, 'omp::counter', 1),
('usage_events_20250630.log', 1, 3, NULL, NULL, 66, NULL, 1048585, 66, '20250630', '202506', NULL, NULL, NULL, NULL, 'omp::counter', 2),
('usage_events_20250630.log', 1, NULL, NULL, NULL, 76, NULL, 1048585, 76, '20250630', '202506', NULL, NULL, NULL, NULL, 'omp::counter', 2),
('usage_events_20250630.log', 1, NULL, NULL, NULL, 77, NULL, 1048585, 77, '20250630', '202506', NULL, NULL, NULL, NULL, 'omp::counter', 1),
('usage_events_20250701.log', 1, NULL, NULL, NULL, NULL, NULL, 512, 1, '20250701', '202507', NULL, NULL, NULL, NULL, 'omp::counter', 43),
('usage_events_20250701.log', 1, 3, NULL, NULL, 48, 58, 515, 196, '20250701', '202507', 2, NULL, NULL, NULL, 'omp::counter', 1),
('usage_events_20250701.log', 1, 1, NULL, NULL, 1, NULL, 1048585, 1, '20250701', '202507', NULL, NULL, NULL, NULL, 'omp::counter', 1),
('usage_events_20250701.log', 1, 1, NULL, NULL, 2, NULL, 1048585, 2, '20250701', '202507', NULL, NULL, NULL, NULL, 'omp::counter', 1),
('usage_events_20250701.log', 1, 1, NULL, NULL, 3, NULL, 1048585, 3, '20250701', '202507', NULL, NULL, NULL, NULL, 'omp::counter', 1),
('usage_events_20250701.log', 1, 1, NULL, NULL, 4, NULL, 1048585, 4, '20250701', '202507', NULL, NULL, NULL, NULL, 'omp::counter', 1),
('usage_events_20250701.log', 1, 1, NULL, NULL, 11, NULL, 1048585, 11, '20250701', '202507', NULL, NULL, NULL, NULL, 'omp::counter', 1),
('usage_events_20250701.log', 1, 2, NULL, NULL, 14, NULL, 1048585, 14, '20250701', '202507', NULL, NULL, NULL, NULL, 'omp::counter', 1),
('usage_events_20250701.log', 1, 2, NULL, NULL, 15, NULL, 1048585, 15, '20250701', '202507', NULL, NULL, NULL, NULL, 'omp::counter', 1),
('usage_events_20250701.log', 1, 2, NULL, NULL, 17, NULL, 1048585, 17, '20250701', '202507', NULL, NULL, NULL, NULL, 'omp::counter', 1),
('usage_events_20250701.log', 1, 3, NULL, NULL, 21, NULL, 1048585, 21, '20250701', '202507', NULL, NULL, NULL, NULL, 'omp::counter', 1),
('usage_events_20250701.log', 1, 3, NULL, NULL, 23, NULL, 1048585, 23, '20250701', '202507', NULL, NULL, NULL, NULL, 'omp::counter', 1),
('usage_events_20250701.log', 1, 3, NULL, NULL, 24, NULL, 1048585, 24, '20250701', '202507', NULL, NULL, NULL, NULL, 'omp::counter', 1),
('usage_events_20250701.log', 1, 3, NULL, NULL, 25, NULL, 1048585, 25, '20250701', '202507', NULL, NULL, NULL, NULL, 'omp::counter', 1),
('usage_events_20250701.log', 1, 3, NULL, NULL, 27, NULL, 1048585, 27, '20250701', '202507', NULL, NULL, NULL, NULL, 'omp::counter', 1),
('usage_events_20250701.log', 1, 3, NULL, NULL, 28, NULL, 1048585, 28, '20250701', '202507', NULL, NULL, NULL, NULL, 'omp::counter', 1),
('usage_events_20250701.log', 1, 3, NULL, NULL, 30, NULL, 1048585, 30, '20250701', '202507', NULL, NULL, NULL, NULL, 'omp::counter', 1),
('usage_events_20250701.log', 1, 3, NULL, NULL, 31, NULL, 1048585, 31, '20250701', '202507', NULL, NULL, NULL, NULL, 'omp::counter', 1),
('usage_events_20250701.log', 1, 3, NULL, NULL, 33, NULL, 1048585, 33, '20250701', '202507', NULL, NULL, NULL, NULL, 'omp::counter', 1),
('usage_events_20250701.log', 1, 3, NULL, NULL, 34, NULL, 1048585, 34, '20250701', '202507', NULL, NULL, NULL, NULL, 'omp::counter', 1),
('usage_events_20250701.log', 1, 3, NULL, NULL, 35, NULL, 1048585, 35, '20250701', '202507', NULL, NULL, NULL, NULL, 'omp::counter', 1),
('usage_events_20250701.log', 1, 3, NULL, NULL, 36, NULL, 1048585, 36, '20250701', '202507', NULL, NULL, NULL, NULL, 'omp::counter', 1),
('usage_events_20250701.log', 1, 3, NULL, NULL, 37, NULL, 1048585, 37, '20250701', '202507', NULL, NULL, NULL, NULL, 'omp::counter', 1),
('usage_events_20250701.log', 1, 3, NULL, NULL, 38, NULL, 1048585, 38, '20250701', '202507', NULL, NULL, NULL, NULL, 'omp::counter', 1),
('usage_events_20250701.log', 1, 3, NULL, NULL, 39, NULL, 1048585, 39, '20250701', '202507', NULL, NULL, NULL, NULL, 'omp::counter', 1),
('usage_events_20250701.log', 1, 3, NULL, NULL, 40, NULL, 1048585, 40, '20250701', '202507', NULL, NULL, NULL, NULL, 'omp::counter', 1),
('usage_events_20250701.log', 1, 3, NULL, NULL, 41, NULL, 1048585, 41, '20250701', '202507', NULL, NULL, NULL, NULL, 'omp::counter', 1),
('usage_events_20250701.log', 1, 3, NULL, NULL, 48, NULL, 1048585, 48, '20250701', '202507', NULL, NULL, NULL, NULL, 'omp::counter', 2),
('usage_events_20250701.log', 1, NULL, NULL, NULL, 67, NULL, 1048585, 67, '20250701', '202507', NULL, NULL, NULL, NULL, 'omp::counter', 1),
('usage_events_20250701.log', 1, NULL, NULL, NULL, 72, NULL, 1048585, 72, '20250701', '202507', NULL, NULL, NULL, NULL, 'omp::counter', 1),
('usage_events_20250702.log', 1, NULL, NULL, NULL, NULL, NULL, 512, 1, '20250702', '202507', NULL, NULL, NULL, NULL, 'omp::counter', 42),
('usage_events_20250702.log', 1, 3, NULL, NULL, 21, 31, 515, 95, '20250702', '202507', 2, NULL, NULL, NULL, 'omp::counter', 1),
('usage_events_20250702.log', 1, 2, NULL, NULL, NULL, NULL, 530, 2, '20250702', '202507', NULL, NULL, NULL, NULL, 'omp::counter', 3),
('usage_events_20250702.log', 1, 1, NULL, NULL, 2, NULL, 1048585, 2, '20250702', '202507', NULL, NULL, NULL, NULL, 'omp::counter', 2),
('usage_events_20250702.log', 1, 1, NULL, NULL, 5, NULL, 1048585, 5, '20250702', '202507', NULL, NULL, NULL, NULL, 'omp::counter', 1),
('usage_events_20250702.log', 1, 2, NULL, NULL, 6, NULL, 1048585, 6, '20250702', '202507', NULL, NULL, NULL, NULL, 'omp::counter', 1),
('usage_events_20250702.log', 1, 2, NULL, NULL, 20, NULL, 1048585, 20, '20250702', '202507', NULL, NULL, NULL, NULL, 'omp::counter', 1),
('usage_events_20250702.log', 1, 3, NULL, NULL, 25, NULL, 1048585, 25, '20250702', '202507', NULL, NULL, NULL, NULL, 'omp::counter', 1),
('usage_events_20250702.log', 1, 3, NULL, NULL, 32, NULL, 1048585, 32, '20250702', '202507', NULL, NULL, NULL, NULL, 'omp::counter', 1),
('usage_events_20250702.log', 1, 3, NULL, NULL, 34, NULL, 1048585, 34, '20250702', '202507', NULL, NULL, NULL, NULL, 'omp::counter', 1),
('usage_events_20250702.log', 1, 3, NULL, NULL, 35, NULL, 1048585, 35, '20250702', '202507', NULL, NULL, NULL, NULL, 'omp::counter', 1),
('usage_events_20250702.log', 1, 3, NULL, NULL, 59, NULL, 1048585, 59, '20250702', '202507', NULL, NULL, NULL, NULL, 'omp::counter', 1),
('usage_events_20250702.log', 1, 3, NULL, NULL, 66, NULL, 1048585, 66, '20250702', '202507', NULL, NULL, NULL, NULL, 'omp::counter', 1),
('usage_events_20250702.log', 1, NULL, NULL, NULL, 68, NULL, 1048585, 68, '20250702', '202507', NULL, NULL, NULL, NULL, 'omp::counter', 1),
('usage_events_20250702.log', 1, NULL, NULL, NULL, 69, NULL, 1048585, 69, '20250702', '202507', NULL, NULL, NULL, NULL, 'omp::counter', 1),
('usage_events_20250702.log', 1, NULL, NULL, NULL, 70, NULL, 1048585, 70, '20250702', '202507', NULL, NULL, NULL, NULL, 'omp::counter', 1),
('usage_events_20250702.log', 1, NULL, NULL, NULL, 71, NULL, 1048585, 71, '20250702', '202507', NULL, NULL, NULL, NULL, 'omp::counter', 1),
('usage_events_20250703.log', 1, NULL, NULL, NULL, NULL, NULL, 512, 1, '20250703', '202507', NULL, NULL, NULL, NULL, 'omp::counter', 26),
('usage_events_20250703.log', 1, NULL, NULL, NULL, 68, 82, 515, 299, '20250703', '202507', 2, NULL, NULL, NULL, 'omp::counter', 1),
('usage_events_20250703.log', 1, 1, NULL, NULL, NULL, NULL, 530, 1, '20250703', '202507', NULL, NULL, NULL, NULL, 'omp::counter', 1),
('usage_events_20250703.log', 1, 3, NULL, NULL, NULL, NULL, 530, 3, '20250703', '202507', NULL, NULL, NULL, NULL, 'omp::counter', 1),
('usage_events_20250703.log', 1, 2, NULL, NULL, 7, NULL, 1048585, 7, '20250703', '202507', NULL, NULL, NULL, NULL, 'omp::counter', 1),
('usage_events_20250703.log', 1, 3, NULL, NULL, 61, NULL, 1048585, 61, '20250703', '202507', NULL, NULL, NULL, NULL, 'omp::counter', 1),
('usage_events_20250703.log', 1, NULL, NULL, NULL, 68, NULL, 1048585, 68, '20250703', '202507', NULL, NULL, NULL, NULL, 'omp::counter', 2),
('usage_events_20250704.log', 1, NULL, NULL, NULL, NULL, NULL, 512, 1, '20250704', '202507', NULL, NULL, NULL, NULL, 'omp::counter', 39),
('usage_events_20250704.log', 1, 3, NULL, NULL, 22, 78, 515, 271, '20250704', '202507', 3, NULL, NULL, NULL, 'omp::counter', 1),
('usage_events_20250704.log', 1, 3, NULL, NULL, 30, NULL, 1048585, 30, '20250704', '202507', NULL, NULL, NULL, NULL, 'omp::counter', 1),
('usage_events_20250704.log', 1, 3, NULL, NULL, 51, NULL, 1048585, 51, '20250704', '202507', NULL, NULL, NULL, NULL, 'omp::counter', 1),
('usage_events_20250705.log', 1, NULL, NULL, NULL, NULL, NULL, 512, 1, '20250705', '202507', NULL, NULL, NULL, NULL, 'omp::counter', 36),
('usage_events_20250705.log', 1, 3, NULL, NULL, 21, 31, 515, 95, '20250705', '202507', 2, NULL, NULL, NULL, 'omp::counter', 2),
('usage_events_20250705.log', 1, 3, NULL, NULL, 48, 58, 515, 196, '20250705', '202507', 2, NULL, NULL, NULL, 'omp::counter', 1),
('usage_events_20250705.log', 1, 2, NULL, NULL, 19, 79, 515, 273, '20250705', '202507', 3, NULL, NULL, NULL, 'omp::counter', 1),
('usage_events_20250705.log', 1, 3, NULL, NULL, 66, 80, 515, 275, '20250705', '202507', 3, NULL, NULL, NULL, 'omp::counter', 1),
('usage_events_20250705.log', 1, NULL, NULL, NULL, 76, 96, 515, 358, '20250705', '202507', 3, NULL, NULL, NULL, 'omp::counter', 1),
('usage_events_20250705.log', 1, 3, NULL, NULL, 43, NULL, 1048585, 43, '20250705', '202507', NULL, NULL, NULL, NULL, 'omp::counter', 1),
('usage_events_20250705.log', 1, 3, NULL, NULL, 48, NULL, 1048585, 48, '20250705', '202507', NULL, NULL, NULL, NULL, 'omp::counter', 1),
('usage_events_20250706.log', 1, NULL, NULL, NULL, NULL, NULL, 512, 1, '20250706', '202507', NULL, NULL, NULL, NULL, 'omp::counter', 42),
('usage_events_20250706.log', 1, 3, NULL, NULL, 39, 49, 515, 164, '20250706', '202507', 2, NULL, NULL, NULL, 'omp::counter', 1),
('usage_events_20250706.log', 1, 3, NULL, NULL, 45, 55, 515, 187, '20250706', '202507', 2, NULL, NULL, NULL, 'omp::counter', 1),
('usage_events_20250706.log', 1, 3, NULL, NULL, 64, 74, 515, 260, '20250706', '202507', 2, NULL, NULL, NULL, 'omp::counter', 3),
('usage_events_20250706.log', 1, NULL, NULL, NULL, 77, 94, 515, 356, '20250706', '202507', 3, NULL, NULL, NULL, 'omp::counter', 1),
('usage_events_20250706.log', 1, 1, NULL, NULL, 13, NULL, 1048585, 13, '20250706', '202507', NULL, NULL, NULL, NULL, 'omp::counter', 4),
('usage_events_20250706.log', 1, 2, NULL, NULL, 20, NULL, 1048585, 20, '20250706', '202507', NULL, NULL, NULL, NULL, 'omp::counter', 1),
('usage_events_20250706.log', 1, 3, NULL, NULL, 33, NULL, 1048585, 33, '20250706', '202507', NULL, NULL, NULL, NULL, 'omp::counter', 1),
('usage_events_20250706.log', 1, 3, NULL, NULL, 38, NULL, 1048585, 38, '20250706', '202507', NULL, NULL, NULL, NULL, 'omp::counter', 1),
('usage_events_20250706.log', 1, 3, NULL, NULL, 39, NULL, 1048585, 39, '20250706', '202507', NULL, NULL, NULL, NULL, 'omp::counter', 1),
('usage_events_20250706.log', 1, 3, NULL, NULL, 40, NULL, 1048585, 40, '20250706', '202507', NULL, NULL, NULL, NULL, 'omp::counter', 1),
('usage_events_20250706.log', 1, 3, NULL, NULL, 42, NULL, 1048585, 42, '20250706', '202507', NULL, NULL, NULL, NULL, 'omp::counter', 2),
('usage_events_20250706.log', 1, 3, NULL, NULL, 45, NULL, 1048585, 45, '20250706', '202507', NULL, NULL, NULL, NULL, 'omp::counter', 1),
('usage_events_20250706.log', 1, 3, NULL, NULL, 48, NULL, 1048585, 48, '20250706', '202507', NULL, NULL, NULL, NULL, 'omp::counter', 1),
('usage_events_20250706.log', 1, 3, NULL, NULL, 61, NULL, 1048585, 61, '20250706', '202507', NULL, NULL, NULL, NULL, 'omp::counter', 2),
('usage_events_20250706.log', 1, 3, NULL, NULL, 64, NULL, 1048585, 64, '20250706', '202507', NULL, NULL, NULL, NULL, 'omp::counter', 2);

-- --------------------------------------------------------

--
-- Estructura de tabla para la tabla `navigation_menus`
--

CREATE TABLE `navigation_menus` (
  `navigation_menu_id` bigint(20) NOT NULL,
  `context_id` bigint(20) NOT NULL,
  `area_name` varchar(255) DEFAULT '',
  `title` varchar(255) NOT NULL
) ENGINE=InnoDB DEFAULT CHARSET=utf8;

--
-- Volcado de datos para la tabla `navigation_menus`
--

INSERT INTO `navigation_menus` (`navigation_menu_id`, `context_id`, `area_name`, `title`) VALUES
(1, 0, 'user', 'User Navigation Menu'),
(2, 1, 'user', 'User Navigation Menu'),
(3, 1, 'primary', 'Primary Navigation Menu');

-- --------------------------------------------------------

--
-- Estructura de tabla para la tabla `navigation_menu_items`
--

CREATE TABLE `navigation_menu_items` (
  `navigation_menu_item_id` bigint(20) NOT NULL,
  `context_id` bigint(20) NOT NULL,
  `path` varchar(255) DEFAULT '',
  `type` varchar(255) DEFAULT ''
) ENGINE=InnoDB DEFAULT CHARSET=utf8;

--
-- Volcado de datos para la tabla `navigation_menu_items`
--

INSERT INTO `navigation_menu_items` (`navigation_menu_item_id`, `context_id`, `path`, `type`) VALUES
(1, 0, NULL, 'NMI_TYPE_USER_REGISTER'),
(2, 0, NULL, 'NMI_TYPE_USER_LOGIN'),
(3, 0, NULL, 'NMI_TYPE_USER_DASHBOARD'),
(4, 0, NULL, 'NMI_TYPE_USER_DASHBOARD'),
(5, 0, NULL, 'NMI_TYPE_USER_PROFILE'),
(6, 0, NULL, 'NMI_TYPE_ADMINISTRATION'),
(7, 0, NULL, 'NMI_TYPE_USER_LOGOUT'),
(8, 1, NULL, 'NMI_TYPE_USER_REGISTER'),
(9, 1, NULL, 'NMI_TYPE_USER_LOGIN'),
(10, 1, NULL, 'NMI_TYPE_USER_DASHBOARD'),
(11, 1, NULL, 'NMI_TYPE_USER_DASHBOARD'),
(12, 1, NULL, 'NMI_TYPE_USER_PROFILE'),
(13, 1, NULL, 'NMI_TYPE_ADMINISTRATION'),
(14, 1, NULL, 'NMI_TYPE_USER_LOGOUT'),
(15, 1, NULL, 'NMI_TYPE_CATALOG'),
(16, 1, NULL, 'NMI_TYPE_ANNOUNCEMENTS'),
(17, 1, NULL, 'NMI_TYPE_ABOUT'),
(18, 1, NULL, 'NMI_TYPE_ABOUT'),
(19, 1, NULL, 'NMI_TYPE_SUBMISSIONS'),
(20, 1, NULL, 'NMI_TYPE_EDITORIAL_TEAM'),
(21, 1, NULL, 'NMI_TYPE_PRIVACY'),
(22, 1, NULL, 'NMI_TYPE_CONTACT'),
(23, 1, NULL, 'NMI_TYPE_SEARCH'),
(24, 1, '', 'NMI_TYPE_REMOTE_URL'),
(25, 1, '', 'NMI_TYPE_REMOTE_URL'),
(26, 1, 'editorial', 'NMI_TYPE_CUSTOM'),
(27, 1, 'estructura', 'NMI_TYPE_CUSTOM');

-- --------------------------------------------------------

--
-- Estructura de tabla para la tabla `navigation_menu_item_assignments`
--

CREATE TABLE `navigation_menu_item_assignments` (
  `navigation_menu_item_assignment_id` bigint(20) NOT NULL,
  `navigation_menu_id` bigint(20) NOT NULL,
  `navigation_menu_item_id` bigint(20) NOT NULL,
  `parent_id` bigint(20) DEFAULT NULL,
  `seq` bigint(20) DEFAULT '0'
) ENGINE=InnoDB DEFAULT CHARSET=utf8;

--
-- Volcado de datos para la tabla `navigation_menu_item_assignments`
--

INSERT INTO `navigation_menu_item_assignments` (`navigation_menu_item_assignment_id`, `navigation_menu_id`, `navigation_menu_item_id`, `parent_id`, `seq`) VALUES
(1, 1, 1, 0, 0),
(2, 1, 2, 0, 1),
(3, 1, 3, 0, 2),
(4, 1, 4, 3, 0),
(5, 1, 5, 3, 1),
(6, 1, 6, 3, 2),
(7, 1, 7, 3, 3),
(8, 2, 8, 0, 0),
(9, 2, 9, 0, 1),
(10, 2, 10, 0, 2),
(11, 2, 11, 10, 0),
(12, 2, 12, 10, 1),
(13, 2, 13, 10, 2),
(14, 2, 14, 10, 3),
(66, 3, 25, 0, 0),
(67, 3, 15, 0, 1),
(68, 3, 27, 0, 2),
(69, 3, 26, 0, 3);

-- --------------------------------------------------------

--
-- Estructura de tabla para la tabla `navigation_menu_item_assignment_settings`
--

CREATE TABLE `navigation_menu_item_assignment_settings` (
  `navigation_menu_item_assignment_id` bigint(20) NOT NULL,
  `locale` varchar(14) NOT NULL DEFAULT '',
  `setting_name` varchar(255) NOT NULL,
  `setting_value` text,
  `setting_type` varchar(6) NOT NULL
) ENGINE=InnoDB DEFAULT CHARSET=utf8;

--
-- Volcado de datos para la tabla `navigation_menu_item_assignment_settings`
--

INSERT INTO `navigation_menu_item_assignment_settings` (`navigation_menu_item_assignment_id`, `locale`, `setting_name`, `setting_value`, `setting_type`) VALUES
(66, 'es_ES', 'title', 'Inicio', 'string'),
(68, 'es_ES', 'title', 'Estructura editorial', 'string'),
(69, 'es_ES', 'title', 'Sobre la editorial', 'string');

-- --------------------------------------------------------

--
-- Estructura de tabla para la tabla `navigation_menu_item_settings`
--

CREATE TABLE `navigation_menu_item_settings` (
  `navigation_menu_item_id` bigint(20) NOT NULL,
  `locale` varchar(14) NOT NULL DEFAULT '',
  `setting_name` varchar(255) NOT NULL,
  `setting_value` longtext,
  `setting_type` varchar(6) NOT NULL
) ENGINE=InnoDB DEFAULT CHARSET=utf8;

--
-- Volcado de datos para la tabla `navigation_menu_item_settings`
--

INSERT INTO `navigation_menu_item_settings` (`navigation_menu_item_id`, `locale`, `setting_name`, `setting_value`, `setting_type`) VALUES
(1, '', 'titleLocaleKey', 'navigation.register', 'string'),
(2, '', 'titleLocaleKey', 'navigation.login', 'string'),
(3, '', 'titleLocaleKey', '{$loggedInUsername}', 'string'),
(4, '', 'titleLocaleKey', 'navigation.dashboard', 'string'),
(5, '', 'titleLocaleKey', 'common.viewProfile', 'string'),
(6, '', 'titleLocaleKey', 'navigation.admin', 'string'),
(7, '', 'titleLocaleKey', 'user.logOut', 'string'),
(8, '', 'titleLocaleKey', 'navigation.register', 'string'),
(9, '', 'titleLocaleKey', 'navigation.login', 'string'),
(10, '', 'titleLocaleKey', '{$loggedInUsername}', 'string'),
(11, '', 'titleLocaleKey', 'navigation.dashboard', 'string'),
(12, '', 'titleLocaleKey', 'common.viewProfile', 'string'),
(13, '', 'titleLocaleKey', 'navigation.admin', 'string'),
(14, '', 'titleLocaleKey', 'user.logOut', 'string'),
(15, '', 'titleLocaleKey', 'navigation.catalog', 'string'),
(16, '', 'titleLocaleKey', 'manager.announcements', 'string'),
(17, '', 'titleLocaleKey', 'navigation.about', 'string'),
(18, '', 'titleLocaleKey', 'about.aboutContext', 'string'),
(19, '', 'titleLocaleKey', 'about.submissions', 'string'),
(20, '', 'titleLocaleKey', 'about.editorialTeam', 'string'),
(21, '', 'titleLocaleKey', 'manager.setup.privacyStatement', 'string'),
(22, '', 'titleLocaleKey', 'about.contact', 'string'),
(23, '', 'titleLocaleKey', 'common.search', 'string'),
(24, 'es_ES', 'content', '', 'string'),
(24, 'es_ES', 'remoteUrl', 'https://unilibre-omp.repositoriodigital.com/index.php/unilibre/catalog/category/economia', 'string'),
(24, 'es_ES', 'title', 'Economía, Administración, Contaduría y Afines', 'string'),
(25, 'es_ES', 'content', '', 'string'),
(25, 'es_ES', 'remoteUrl', 'https://libros.unilibre.edu.co', 'string'),
(25, 'es_ES', 'title', 'Inicio', 'string'),
(26, 'es_ES', 'content', '<p>La Editorial Universidad Libre es una marca registrada orientada al proceso, estructuración y gestión editorial; la administración de los contratos de edición y coedición; la gestión de financiación, promoción, preservación, comercialización, circulación, canalización y descarte, en Colombia y el mundo, de publicaciones digitales (electrónicas), fijas o impresas periódicas, no periódicas o seriadas, la cual está organizada para publicar:</p>\r\n<ol>\r\n<li>Literatura convencional que da cuenta de los resultados de los trabajos de investigación y creación cultural de los miembros de la comunidad universitaria.</li>\r\n<li>Obras de carácter institucional (informes de gestión, libros conmemorativos, etc.).</li>\r\n<li>Escritos de texto profesional, manuales educativos o guías de aprendizaje de apoyo a la docencia en concordancia con los propósitos de los programas de pregrado y posgrado.</li>\r\n<li>Obras de divulgación cultural: producción y difusión artística; desarrollo y uso de los medios de comunicación e información; divulgación de las humanidades; científica o de investigaciones, y de preservación y difusión del patrimonio cultural.</li>\r\n<li>El catálogo anual del fondo editorial con sus sellos, líneas y colecciones, para la difusión nacional e internacional de los distintos productos editoriales.</li>\r\n</ol>\r\n<p>&nbsp;</p>\r\n<p><a href=\"https://www.unilibre.edu.co/la-universidad/ul/2510-acuerdo-n-6-de-2022-30-de-agosto#_Toc112830039\">Acuerdo 06 de 2022 \"Por el que se regula La Producción Editorial de La Universidad Libre\"</a></p>', 'string'),
(26, 'es_ES', 'remoteUrl', '', 'string'),
(26, 'es_ES', 'title', 'Sobre la editorial', 'string'),
(27, 'es_ES', 'content', '<p>La Editorial Universidad Libre está estructurada, así:</p>\r\n<ol>\r\n<li>Comité Editorial Universitario.</li>\r\n<li>Dirección Nacional Editorial Universitaria.</li>\r\n<li>Comité Editorial Seccional.</li>\r\n<li>Dirección Seccional Editorial.</li>\r\n<li>Comité Editorial de Facultad.</li>\r\n<li>Direcciones editoriales de publicaciones periódicas seriadas.</li>\r\n<li>Comités editoriales de publicaciones periódicas seriadas.</li>\r\n</ol>', 'string'),
(27, 'es_ES', 'remoteUrl', '', 'string'),
(27, 'es_ES', 'title', 'Estructura editorial', 'string');

-- --------------------------------------------------------

--
-- Estructura de tabla para la tabla `new_releases`
--

CREATE TABLE `new_releases` (
  `submission_id` bigint(20) NOT NULL,
  `assoc_type` bigint(20) NOT NULL,
  `assoc_id` bigint(20) NOT NULL
) ENGINE=InnoDB DEFAULT CHARSET=utf8;

--
-- Volcado de datos para la tabla `new_releases`
--

INSERT INTO `new_releases` (`submission_id`, `assoc_type`, `assoc_id`) VALUES
(1, 512, 1),
(2, 512, 1),
(3, 512, 1),
(4, 512, 1),
(5, 512, 1),
(6, 512, 1),
(7, 512, 1),
(8, 512, 1),
(9, 512, 1),
(10, 512, 1),
(11, 512, 1),
(12, 512, 1),
(13, 512, 1),
(14, 512, 1),
(15, 512, 1),
(16, 512, 1),
(17, 512, 1),
(18, 512, 1),
(19, 512, 1),
(20, 512, 1),
(21, 512, 1),
(22, 512, 1),
(23, 512, 1),
(24, 512, 1),
(25, 512, 1),
(27, 512, 1),
(28, 512, 1),
(29, 512, 1),
(30, 512, 1),
(31, 512, 1),
(32, 512, 1),
(33, 512, 1),
(34, 512, 1),
(35, 512, 1),
(36, 512, 1),
(37, 512, 1),
(38, 512, 1),
(39, 512, 1),
(40, 512, 1),
(41, 512, 1),
(42, 512, 1),
(43, 512, 1),
(44, 512, 1),
(45, 512, 1),
(47, 512, 1),
(48, 512, 1),
(49, 512, 1),
(50, 512, 1),
(51, 512, 1),
(52, 512, 1),
(53, 512, 1),
(54, 512, 1),
(55, 512, 1),
(56, 512, 1),
(57, 512, 1),
(58, 512, 1),
(59, 512, 1),
(60, 512, 1),
(61, 512, 1),
(62, 512, 1),
(63, 512, 1),
(64, 512, 1),
(65, 512, 1),
(66, 512, 1),
(76, 512, 1),
(77, 512, 1);

-- --------------------------------------------------------

--
-- Estructura de tabla para la tabla `notes`
--

CREATE TABLE `notes` (
  `note_id` bigint(20) NOT NULL,
  `assoc_type` bigint(20) NOT NULL,
  `assoc_id` bigint(20) NOT NULL,
  `user_id` bigint(20) NOT NULL,
  `date_created` datetime NOT NULL,
  `date_modified` datetime DEFAULT NULL,
  `title` varchar(255) DEFAULT NULL,
  `contents` text
) ENGINE=InnoDB DEFAULT CHARSET=utf8;

--
-- Volcado de datos para la tabla `notes`
--

INSERT INTO `notes` (`note_id`, `assoc_type`, `assoc_id`, `user_id`, `date_created`, `date_modified`, `title`, `contents`) VALUES
(1, 1048586, 1, 2, '2024-06-17 20:53:00', '2024-06-17 20:53:00', NULL, NULL),
(2, 1048586, 2, 2, '2024-06-17 21:25:09', '2024-06-17 21:25:09', '[UL] Galeradas de maquetación completadas', '<p>Norman Rodriguez:<br><br>Las galeradas para el manuscrito \"Cartilla Jurisprudencia de la Corte Interamericana de Derechos Humanos sobre discriminación de género\" para U. Libre están preparadas y listas para la corrección de pruebas.<br><br>Si tiene alguna duda, puede ponerse en contacto conmigo.<br><br>Norman Rodriguez</p><br/><br/>\n________________________________________________________________________<br/>\n<a href=\"{$ldelim}$contextUrl{$rdelim}\">{$ldelim}$contextName{$rdelim}</a>');

-- --------------------------------------------------------

--
-- Estructura de tabla para la tabla `notifications`
--

CREATE TABLE `notifications` (
  `notification_id` bigint(20) NOT NULL,
  `context_id` bigint(20) NOT NULL,
  `user_id` bigint(20) DEFAULT NULL,
  `level` bigint(20) NOT NULL,
  `type` bigint(20) NOT NULL,
  `date_created` datetime NOT NULL,
  `date_read` datetime DEFAULT NULL,
  `assoc_type` bigint(20) DEFAULT NULL,
  `assoc_id` bigint(20) DEFAULT NULL
) ENGINE=InnoDB DEFAULT CHARSET=utf8;

--
-- Volcado de datos para la tabla `notifications`
--

INSERT INTO `notifications` (`notification_id`, `context_id`, `user_id`, `level`, `type`, `date_created`, `date_read`, `assoc_type`, `assoc_id`) VALUES
(3, 1, 1, 2, 16777217, '2023-03-09 11:50:11', NULL, 1048585, 1),
(9, 1, 1, 2, 16777254, '2023-03-09 11:50:57', NULL, 1048585, 1),
(10, 1, 0, 2, 16777246, '2023-03-09 11:52:02', '2023-03-09 11:55:39', 1048585, 1),
(19, 1, 1, 2, 16777217, '2023-03-09 12:16:13', NULL, 1048585, 2),
(25, 1, 1, 2, 16777254, '2023-03-09 12:16:42', NULL, 1048585, 2),
(26, 1, 0, 2, 16777246, '2023-03-09 12:17:20', '2023-03-29 13:27:41', 1048585, 2),
(27, 1, 1, 2, 16777217, '2023-03-09 12:21:04', NULL, 1048585, 3),
(33, 1, 1, 2, 16777254, '2023-03-09 12:21:27', NULL, 1048585, 3),
(34, 1, 0, 2, 16777246, '2023-03-09 12:21:59', '2023-03-09 12:25:14', 1048585, 3),
(35, 1, 1, 2, 16777217, '2023-03-09 12:23:33', NULL, 1048585, 4),
(41, 1, 1, 2, 16777254, '2023-03-09 12:23:56', NULL, 1048585, 4),
(42, 1, 0, 2, 16777246, '2023-03-09 12:25:03', '2023-03-29 13:29:37', 1048585, 4),
(43, 1, 1, 2, 16777217, '2023-03-09 12:29:41', NULL, 1048585, 5),
(50, 1, 0, 2, 16777246, '2023-03-09 12:31:30', '2023-03-29 13:31:56', 1048585, 5),
(51, 1, 1, 2, 16777217, '2023-03-09 12:35:55', NULL, 1048585, 6),
(57, 1, 1, 2, 16777254, '2023-03-09 12:36:18', NULL, 1048585, 6),
(58, 1, 0, 2, 16777246, '2023-03-09 12:37:08', '2023-03-16 16:28:40', 1048585, 6),
(59, 1, 1, 2, 16777217, '2023-03-09 12:38:53', NULL, 1048585, 7),
(65, 1, 1, 2, 16777254, '2023-03-09 12:39:21', NULL, 1048585, 7),
(66, 1, 0, 2, 16777246, '2023-03-09 12:40:08', '2023-03-17 14:20:04', 1048585, 7),
(67, 1, 1, 2, 16777217, '2023-03-09 12:41:37', NULL, 1048585, 8),
(73, 1, 1, 2, 16777254, '2023-03-09 12:41:59', NULL, 1048585, 8),
(74, 1, 0, 2, 16777246, '2023-03-09 12:42:48', '2023-03-17 14:13:07', 1048585, 8),
(75, 1, 1, 2, 16777217, '2023-03-09 12:44:47', NULL, 1048585, 9),
(81, 1, 1, 2, 16777254, '2023-03-09 12:45:15', NULL, 1048585, 9),
(82, 1, 0, 2, 16777246, '2023-03-09 12:46:00', '2023-03-10 22:09:48', 1048585, 9),
(102, 1, 1, 2, 16777254, '2023-03-10 22:41:14', NULL, 1048585, 10),
(103, 1, 0, 2, 16777246, '2023-03-10 23:20:24', '2023-03-14 19:40:18', 1048585, 10),
(117, 1, 1, 2, 16777254, '2023-03-16 15:30:51', NULL, 1048585, 11),
(118, 1, 0, 2, 16777246, '2023-03-16 15:32:03', '2023-03-29 13:30:10', 1048585, 11),
(132, 1, 1, 2, 16777254, '2023-03-16 15:34:55', NULL, 1048585, 12),
(133, 1, 0, 2, 16777246, '2023-03-16 15:36:03', '2023-03-29 13:31:04', 1048585, 12),
(148, 1, 1, 2, 16777254, '2023-03-16 15:38:31', NULL, 1048585, 13),
(149, 1, 0, 2, 16777246, '2023-03-16 15:39:44', '2023-03-16 15:40:27', 1048585, 13),
(163, 1, 1, 2, 16777254, '2023-03-16 15:45:09', NULL, 1048585, 14),
(164, 1, 0, 2, 16777246, '2023-03-16 15:46:36', '2023-03-29 13:37:34', 1048585, 14),
(178, 1, 1, 2, 16777254, '2023-03-16 15:48:35', NULL, 1048585, 15),
(179, 1, 0, 2, 16777246, '2023-03-16 15:49:35', '2023-03-17 14:18:32', 1048585, 15),
(193, 1, 1, 2, 16777254, '2023-03-16 15:51:26', NULL, 1048585, 16),
(194, 1, 0, 2, 16777246, '2023-03-16 15:52:09', '2023-03-17 14:14:44', 1048585, 16),
(208, 1, 1, 2, 16777254, '2023-03-16 15:57:29', NULL, 1048585, 17),
(209, 1, 0, 2, 16777246, '2023-03-16 15:58:25', '2023-03-29 13:45:16', 1048585, 17),
(223, 1, 1, 2, 16777254, '2023-03-16 16:01:02', NULL, 1048585, 18),
(224, 1, 0, 2, 16777246, '2023-03-16 16:02:06', '2023-03-17 14:11:33', 1048585, 18),
(238, 1, 1, 2, 16777254, '2023-03-16 16:05:32', NULL, 1048585, 19),
(239, 1, 0, 2, 16777246, '2023-03-16 16:07:00', '2023-03-16 16:22:39', 1048585, 19),
(253, 1, 1, 2, 16777254, '2023-03-16 16:09:48', NULL, 1048585, 20),
(254, 1, 0, 2, 16777246, '2023-03-16 16:10:46', '2023-03-17 14:05:02', 1048585, 20),
(326, 1, 1, 2, 16777254, '2023-04-20 20:36:28', NULL, 1048585, 21),
(327, 1, 0, 2, 16777246, '2023-04-20 20:39:00', '2023-04-21 17:35:53', 1048585, 21),
(343, 1, 1, 2, 16777254, '2023-04-20 21:49:14', NULL, 1048585, 22),
(344, 1, 0, 2, 16777246, '2023-04-20 21:51:22', '2023-04-21 17:35:41', 1048585, 22),
(360, 1, 1, 2, 16777254, '2023-05-17 16:28:49', NULL, 1048585, 23),
(361, 1, 0, 2, 16777246, '2023-05-17 16:30:31', '2023-05-18 13:46:02', 1048585, 23),
(375, 1, 1, 2, 16777254, '2023-05-17 16:35:08', NULL, 1048585, 24),
(376, 1, 0, 2, 16777246, '2023-05-17 16:36:24', '2023-05-18 13:47:40', 1048585, 24),
(390, 1, 1, 2, 16777254, '2023-05-17 16:44:05', NULL, 1048585, 25),
(391, 1, 0, 2, 16777246, '2023-05-17 16:45:37', '2023-05-18 13:50:52', 1048585, 25),
(405, 1, 1, 2, 16777254, '2023-05-17 16:49:59', NULL, 1048585, 26),
(406, 1, 0, 2, 16777246, '2023-05-17 16:51:19', '2023-05-18 13:54:13', 1048585, 26),
(420, 1, 1, 2, 16777254, '2023-05-17 19:15:10', NULL, 1048585, 27),
(421, 1, 0, 2, 16777246, '2023-05-17 19:16:42', '2023-05-18 13:53:50', 1048585, 27),
(437, 1, 1, 2, 16777254, '2023-05-17 19:42:16', NULL, 1048585, 28),
(438, 1, 0, 2, 16777246, '2023-05-17 19:45:50', '2023-05-18 14:51:27', 1048585, 28),
(461, 1, 1, 2, 16777254, '2023-05-17 19:55:07', NULL, 1048585, 29),
(462, 1, 0, 2, 16777246, '2023-05-17 19:56:42', '2023-05-18 14:52:01', 1048585, 29),
(482, 1, 1, 2, 16777254, '2023-05-17 20:05:59', NULL, 1048585, 30),
(483, 1, 0, 2, 16777246, '2023-05-17 20:26:36', '2023-05-17 20:27:10', 1048585, 30),
(499, 1, 1, 2, 16777254, '2023-05-17 22:11:53', NULL, 1048585, 31),
(500, 1, 0, 2, 16777246, '2023-05-17 22:14:10', '2024-03-19 16:56:53', 1048585, 31),
(516, 1, 1, 2, 16777254, '2023-05-17 23:28:46', NULL, 1048585, 32),
(517, 1, 0, 2, 16777246, '2023-05-17 23:30:50', '2023-05-17 23:33:32', 1048585, 32),
(534, 1, 1, 2, 16777254, '2023-05-17 23:34:32', NULL, 1048585, 33),
(535, 1, 0, 2, 16777246, '2023-05-17 23:36:11', NULL, 1048585, 33),
(551, 1, 1, 2, 16777254, '2023-05-17 23:39:19', NULL, 1048585, 34),
(553, 1, 0, 2, 16777246, '2023-05-17 23:42:34', NULL, 1048585, 34),
(574, 1, 1, 2, 16777254, '2023-05-17 23:49:30', NULL, 1048585, 35),
(575, 1, 0, 2, 16777246, '2023-05-17 23:51:28', NULL, 1048585, 35),
(592, 1, 1, 2, 16777254, '2023-05-17 23:55:45', NULL, 1048585, 36),
(593, 1, 0, 2, 16777246, '2023-05-17 23:57:38', NULL, 1048585, 36),
(609, 1, 1, 2, 16777254, '2023-05-18 00:02:45', NULL, 1048585, 37),
(610, 1, 0, 2, 16777246, '2023-05-18 00:04:42', NULL, 1048585, 37),
(629, 1, 1, 2, 16777254, '2023-05-18 00:09:06', NULL, 1048585, 38),
(630, 1, 0, 2, 16777246, '2023-05-18 00:10:37', NULL, 1048585, 38),
(649, 1, 1, 2, 16777254, '2023-05-18 00:15:17', NULL, 1048585, 39),
(650, 1, 0, 2, 16777246, '2023-05-18 00:16:46', NULL, 1048585, 39),
(667, 1, 1, 2, 16777254, '2023-05-18 00:20:57', NULL, 1048585, 40),
(668, 1, 0, 2, 16777246, '2023-05-18 00:22:22', NULL, 1048585, 40),
(684, 1, 1, 2, 16777254, '2023-05-18 00:27:18', NULL, 1048585, 41),
(685, 1, 0, 2, 16777246, '2023-05-18 00:32:11', NULL, 1048585, 41),
(706, 1, 1, 2, 16777254, '2023-05-18 00:37:24', NULL, 1048585, 42),
(707, 1, 0, 2, 16777246, '2023-05-18 00:38:41', NULL, 1048585, 42),
(726, 1, 1, 2, 16777254, '2023-05-18 00:42:25', NULL, 1048585, 43),
(727, 1, 0, 2, 16777246, '2023-05-18 00:43:46', '2024-03-19 19:56:22', 1048585, 43),
(769, 1, 1, 2, 16777254, '2023-05-18 00:56:06', NULL, 1048585, 44),
(770, 1, 0, 2, 16777246, '2023-05-18 00:57:33', NULL, 1048585, 44),
(786, 1, 1, 2, 16777254, '2023-05-18 01:01:43', NULL, 1048585, 45),
(787, 1, 0, 2, 16777246, '2023-05-18 01:03:13', NULL, 1048585, 45),
(790, 1, 0, 3, 16777220, '2023-05-18 01:06:07', NULL, 1048585, 46),
(791, 1, 0, 3, 16777222, '2023-05-18 01:06:07', NULL, 1048585, 46),
(792, 1, 0, 3, 16777223, '2023-05-18 01:06:07', NULL, 1048585, 46),
(793, 1, 0, 3, 16777224, '2023-05-18 01:06:07', NULL, 1048585, 46),
(794, 1, 1, 3, 16777247, '2023-05-18 01:06:07', NULL, 1048585, 46),
(796, 1, 2, 3, 16777247, '2023-05-18 01:06:07', '2024-06-17 21:26:27', 1048585, 46),
(798, 1, 0, 2, 16777243, '2023-05-18 01:06:07', NULL, 1048585, 46),
(799, 1, 0, 2, 16777245, '2023-05-18 01:06:07', NULL, 1048585, 46),
(818, 1, 1, 2, 16777254, '2023-05-18 01:15:39', NULL, 1048585, 47),
(819, 1, 0, 2, 16777246, '2023-05-18 01:17:31', '2023-05-18 14:03:51', 1048585, 47),
(836, 1, 1, 2, 16777254, '2023-05-18 01:23:21', NULL, 1048585, 48),
(837, 1, 0, 2, 16777246, '2023-05-18 01:24:48', NULL, 1048585, 48),
(854, 1, 1, 2, 16777254, '2023-05-18 01:29:01', NULL, 1048585, 49),
(855, 1, 0, 2, 16777246, '2023-05-18 01:30:15', NULL, 1048585, 49),
(873, 1, 1, 2, 16777254, '2023-05-18 01:33:57', NULL, 1048585, 50),
(874, 1, 0, 2, 16777246, '2023-05-18 01:35:22', NULL, 1048585, 50),
(905, 1, 1, 2, 16777254, '2023-05-18 01:44:25', NULL, 1048585, 51),
(906, 1, 0, 2, 16777246, '2023-05-18 01:45:51', NULL, 1048585, 51),
(929, 1, 1, 2, 16777254, '2023-05-18 01:51:22', NULL, 1048585, 52),
(930, 1, 0, 2, 16777246, '2023-05-18 01:52:48', NULL, 1048585, 52),
(948, 1, 1, 2, 16777254, '2023-05-18 01:56:26', NULL, 1048585, 53),
(949, 1, 0, 2, 16777246, '2023-05-18 01:57:56', NULL, 1048585, 53),
(972, 1, 1, 2, 16777254, '2023-05-18 02:03:17', NULL, 1048585, 54),
(973, 1, 0, 2, 16777246, '2023-05-18 02:04:32', NULL, 1048585, 54),
(991, 1, 1, 2, 16777254, '2023-05-18 02:08:01', NULL, 1048585, 55),
(992, 1, 0, 2, 16777246, '2023-05-18 02:09:51', '2024-06-17 21:08:11', 1048585, 55),
(1009, 1, 1, 2, 16777254, '2023-05-18 02:15:00', NULL, 1048585, 56),
(1010, 1, 0, 2, 16777246, '2023-05-18 02:16:22', NULL, 1048585, 56),
(1027, 1, 1, 2, 16777254, '2023-05-18 02:19:33', NULL, 1048585, 57),
(1028, 1, 0, 2, 16777246, '2023-05-18 02:20:57', NULL, 1048585, 57),
(1044, 1, 1, 2, 16777254, '2023-05-18 02:24:14', NULL, 1048585, 58),
(1045, 1, 0, 2, 16777246, '2023-05-18 02:25:51', NULL, 1048585, 58),
(1081, 1, 1, 2, 16777254, '2023-05-18 02:37:36', NULL, 1048585, 59),
(1082, 1, 0, 2, 16777246, '2023-05-18 02:39:03', '2024-03-19 19:36:52', 1048585, 59),
(1099, 1, 1, 2, 16777254, '2023-05-18 02:42:24', NULL, 1048585, 60),
(1100, 1, 0, 2, 16777246, '2023-05-18 02:43:46', NULL, 1048585, 60),
(1116, 1, 1, 2, 16777254, '2023-05-18 02:54:25', NULL, 1048585, 62),
(1117, 1, 0, 2, 16777246, '2023-05-18 02:55:44', '2024-03-19 16:52:03', 1048585, 62),
(1133, 1, 1, 2, 16777254, '2023-05-18 02:57:38', NULL, 1048585, 61),
(1134, 1, 0, 2, 16777246, '2023-05-18 02:59:02', NULL, 1048585, 61),
(1161, 1, 1, 2, 16777254, '2023-05-18 03:05:59', NULL, 1048585, 63),
(1162, 1, 0, 2, 16777246, '2023-05-18 03:07:17', '2024-03-19 20:05:29', 1048585, 63),
(1178, 1, 1, 2, 16777254, '2023-05-18 03:10:10', NULL, 1048585, 64),
(1179, 1, 0, 2, 16777246, '2023-05-18 03:11:28', NULL, 1048585, 64),
(1196, 1, 1, 2, 16777254, '2023-05-18 03:15:04', NULL, 1048585, 65),
(1197, 1, 0, 2, 16777246, '2023-05-18 03:16:28', '2024-05-02 17:26:49', 1048585, 65),
(1213, 1, 1, 2, 16777254, '2023-05-18 03:19:01', NULL, 1048585, 66),
(1214, 1, 0, 2, 16777246, '2023-05-18 03:20:05', '2023-05-18 16:44:51', 1048585, 66),
(1235, 1, 2, 2, 16777254, '2024-05-02 16:30:09', NULL, 1048585, 67),
(1236, 1, 0, 2, 16777246, '2024-05-02 16:30:41', '2024-05-02 17:15:17', 1048585, 67),
(1252, 1, 2, 2, 16777254, '2024-05-02 17:08:05', NULL, 1048585, 68),
(1253, 1, 0, 2, 16777246, '2024-05-02 17:09:05', '2024-05-02 17:11:44', 1048585, 68),
(1281, 1, 2, 2, 16777254, '2024-05-02 17:42:06', NULL, 1048585, 69),
(1282, 1, 0, 2, 16777246, '2024-05-02 17:44:35', NULL, 1048585, 69),
(1299, 1, 2, 2, 16777254, '2024-05-08 15:00:26', NULL, 1048585, 70),
(1300, 1, 0, 2, 16777246, '2024-05-08 15:02:16', '2024-05-08 15:03:08', 1048585, 70),
(1322, 1, 2, 2, 16777254, '2024-05-08 15:22:06', NULL, 1048585, 71),
(1324, 1, 0, 2, 16777246, '2024-05-08 15:26:26', NULL, 1048585, 71),
(1340, 1, 2, 2, 16777254, '2024-05-08 15:38:12', NULL, 1048585, 72),
(1342, 1, 0, 2, 16777246, '2024-05-08 15:41:41', '2024-06-17 21:27:09', 1048585, 72),
(1358, 1, 2, 2, 16777254, '2024-06-17 20:44:56', NULL, 1048585, 76),
(1359, 1, 0, 2, 16777246, '2024-06-17 20:46:21', '2024-06-17 20:48:56', 1048585, 76),
(1376, 1, 0, 2, 16777246, '2024-06-17 21:17:15', '2024-06-17 21:17:54', 1048585, 77),
(1378, 1, 1, 2, 16777253, '2024-06-17 21:25:09', NULL, 1048585, 77),
(1379, 1, 2, 2, 16777253, '2024-06-17 21:25:09', NULL, 1048585, 77),
(1388, 1, 1, 3, 16777258, '2025-01-15 02:24:18', NULL, 0, 0),
(1389, 1, 2, 3, 16777258, '2025-01-15 02:24:18', NULL, 0, 0),
(1390, 1, 1, 3, 16777258, '2025-02-01 00:11:26', NULL, 0, 0),
(1391, 1, 2, 3, 16777258, '2025-02-01 00:11:26', NULL, 0, 0),
(1392, 1, 1, 3, 16777258, '2025-03-01 00:24:08', NULL, 0, 0),
(1393, 1, 2, 3, 16777258, '2025-03-01 00:24:08', NULL, 0, 0),
(1394, 1, 1, 3, 16777258, '2025-03-29 00:29:55', NULL, 0, 0),
(1395, 1, 2, 3, 16777258, '2025-03-29 00:29:55', NULL, 0, 0),
(1396, 1, 1, 3, 16777258, '2025-04-01 00:02:43', NULL, 0, 0),
(1397, 1, 2, 3, 16777258, '2025-04-01 00:02:43', NULL, 0, 0),
(1398, 1, 1, 3, 16777258, '2025-05-01 00:10:42', NULL, 0, 0),
(1399, 1, 2, 3, 16777258, '2025-05-01 00:10:42', NULL, 0, 0),
(1400, 1, 1, 3, 16777258, '2025-05-31 00:27:00', NULL, 0, 0),
(1401, 1, 2, 3, 16777258, '2025-05-31 00:27:00', NULL, 0, 0),
(1402, 1, 1, 3, 16777258, '2025-06-01 00:33:04', NULL, 0, 0),
(1403, 1, 2, 3, 16777258, '2025-06-01 00:33:05', NULL, 0, 0),
(1404, 1, 1, 3, 16777258, '2025-07-01 00:28:42', NULL, 0, 0),
(1405, 1, 2, 3, 16777258, '2025-07-01 00:28:42', NULL, 0, 0);

-- --------------------------------------------------------

--
-- Estructura de tabla para la tabla `notification_mail_list`
--

CREATE TABLE `notification_mail_list` (
  `notification_mail_list_id` bigint(20) NOT NULL,
  `email` varchar(90) NOT NULL,
  `confirmed` smallint(6) NOT NULL DEFAULT '0',
  `token` varchar(40) NOT NULL,
  `context` bigint(20) NOT NULL
) ENGINE=InnoDB DEFAULT CHARSET=utf8;

-- --------------------------------------------------------

--
-- Estructura de tabla para la tabla `notification_settings`
--

CREATE TABLE `notification_settings` (
  `notification_id` bigint(20) NOT NULL,
  `locale` varchar(14) DEFAULT NULL,
  `setting_name` varchar(64) NOT NULL,
  `setting_value` text NOT NULL,
  `setting_type` varchar(6) NOT NULL COMMENT '(bool|int|float|string|object)'
) ENGINE=InnoDB DEFAULT CHARSET=utf8;

--
-- Volcado de datos para la tabla `notification_settings`
--

INSERT INTO `notification_settings` (`notification_id`, `locale`, `setting_name`, `setting_value`, `setting_type`) VALUES
(1388, '', 'contents', 'Esto es un amable recordatorio para que compruebe la salud de su revista a través del informe editorial.', 'string'),
(1389, '', 'contents', 'Esto es un amable recordatorio para que compruebe la salud de su revista a través del informe editorial.', 'string'),
(1390, '', 'contents', 'Esto es un amable recordatorio para que compruebe la salud de su revista a través del informe editorial.', 'string'),
(1391, '', 'contents', 'Esto es un amable recordatorio para que compruebe la salud de su revista a través del informe editorial.', 'string'),
(1392, '', 'contents', 'Esto es un amable recordatorio para que compruebe la salud de su revista a través del informe editorial.', 'string'),
(1393, '', 'contents', 'Esto es un amable recordatorio para que compruebe la salud de su revista a través del informe editorial.', 'string'),
(1394, '', 'contents', 'Esto es un amable recordatorio para que compruebe la salud de su revista a través del informe editorial.', 'string'),
(1395, '', 'contents', 'Esto es un amable recordatorio para que compruebe la salud de su revista a través del informe editorial.', 'string'),
(1396, '', 'contents', 'Esto es un amable recordatorio para que compruebe la salud de su revista a través del informe editorial.', 'string'),
(1397, '', 'contents', 'Esto es un amable recordatorio para que compruebe la salud de su revista a través del informe editorial.', 'string'),
(1398, '', 'contents', 'Esto es un amable recordatorio para que compruebe la salud de su revista a través del informe editorial.', 'string'),
(1399, '', 'contents', 'Esto es un amable recordatorio para que compruebe la salud de su revista a través del informe editorial.', 'string'),
(1400, '', 'contents', 'Esto es un amable recordatorio para que compruebe la salud de su revista a través del informe editorial.', 'string'),
(1401, '', 'contents', 'Esto es un amable recordatorio para que compruebe la salud de su revista a través del informe editorial.', 'string'),
(1402, '', 'contents', 'Esto es un amable recordatorio para que compruebe la salud de su revista a través del informe editorial.', 'string'),
(1403, '', 'contents', 'Esto es un amable recordatorio para que compruebe la salud de su revista a través del informe editorial.', 'string'),
(1404, '', 'contents', 'Esto es un amable recordatorio para que compruebe la salud de su revista a través del informe editorial.', 'string'),
(1405, '', 'contents', 'Esto es un amable recordatorio para que compruebe la salud de su revista a través del informe editorial.', 'string');

-- --------------------------------------------------------

--
-- Estructura de tabla para la tabla `notification_subscription_settings`
--

CREATE TABLE `notification_subscription_settings` (
  `setting_id` bigint(20) NOT NULL,
  `setting_name` varchar(64) NOT NULL,
  `setting_value` text NOT NULL,
  `user_id` bigint(20) NOT NULL,
  `context` bigint(20) NOT NULL,
  `setting_type` varchar(6) NOT NULL COMMENT '(bool|int|float|string|object)'
) ENGINE=InnoDB DEFAULT CHARSET=utf8;

-- --------------------------------------------------------

--
-- Estructura de tabla para la tabla `oai_resumption_tokens`
--

CREATE TABLE `oai_resumption_tokens` (
  `token` varchar(32) NOT NULL,
  `expire` bigint(20) NOT NULL,
  `record_offset` int(11) NOT NULL,
  `params` text
) ENGINE=InnoDB DEFAULT CHARSET=utf8;

-- --------------------------------------------------------

--
-- Estructura de tabla para la tabla `plugin_settings`
--

CREATE TABLE `plugin_settings` (
  `plugin_name` varchar(80) NOT NULL,
  `context_id` bigint(20) NOT NULL,
  `setting_name` varchar(80) NOT NULL,
  `setting_value` text,
  `setting_type` varchar(6) NOT NULL COMMENT '(bool|int|float|string|object)'
) ENGINE=InnoDB DEFAULT CHARSET=utf8;

--
-- Volcado de datos para la tabla `plugin_settings`
--

INSERT INTO `plugin_settings` (`plugin_name`, `context_id`, `setting_name`, `setting_value`, `setting_type`) VALUES
('acronplugin', 0, 'crontab', '[{\"className\":\"plugins.generic.usageStats.UsageStatsLoader\",\"frequency\":{\"hour\":24},\"args\":[\"autoStage\"]},{\"className\":\"plugins.generic.usageStats.UsageStatsLoader\",\"frequency\":{\"hour\":24},\"args\":[\"autoStage\"]},{\"className\":\"plugins.generic.usageStats.UsageStatsLoader\",\"frequency\":{\"hour\":24},\"args\":[\"autoStage\"]},{\"className\":\"plugins.generic.usageStats.UsageStatsLoader\",\"frequency\":{\"hour\":24},\"args\":[\"autoStage\"]},{\"className\":\"plugins.generic.usageStats.UsageStatsLoader\",\"frequency\":{\"hour\":24},\"args\":[\"autoStage\"]},{\"className\":\"plugins.generic.usageStats.UsageStatsLoader\",\"frequency\":{\"hour\":24},\"args\":[\"autoStage\"]},{\"className\":\"lib.pkp.classes.task.ReviewReminder\",\"frequency\":{\"hour\":24},\"args\":[]},{\"className\":\"lib.pkp.classes.task.PublishSubmissions\",\"frequency\":{\"hour\":24},\"args\":[]},{\"className\":\"lib.pkp.classes.task.StatisticsReport\",\"frequency\":{\"day\":\"1\"},\"args\":[]}]', 'object'),
('acronplugin', 0, 'enabled', '1', 'bool'),
('browseblockplugin', 1, 'browseCategories', '1', 'bool'),
('browseblockplugin', 1, 'browseNewReleases', '1', 'bool'),
('browseblockplugin', 1, 'browseSeries', '1', 'bool'),
('browseblockplugin', 1, 'context', '1', 'int'),
('browseblockplugin', 1, 'enabled', '1', 'bool'),
('browseblockplugin', 1, 'seq', '1', 'int'),
('customblockmanagerplugin', 1, 'blocks', '[\"redes-sociales\",\"indexaciones\"]', 'object'),
('customblockmanagerplugin', 1, 'enabled', '1', 'bool'),
('defaultthemeplugin', 0, 'enabled', '1', 'bool'),
('defaultthemeplugin', 1, 'baseColour', '#FFFFFF', 'string'),
('defaultthemeplugin', 1, 'enabled', '1', 'bool'),
('defaultthemeplugin', 1, 'typography', 'notoSans', 'string'),
('defaultthemeplugin', 1, 'useHomepageImageAsHeader', 'true', 'string'),
('developedbyblockplugin', 0, 'context', '1', 'int'),
('developedbyblockplugin', 0, 'enabled', '0', 'bool'),
('developedbyblockplugin', 0, 'seq', '0', 'int'),
('developedbyblockplugin', 1, 'context', '1', 'int'),
('developedbyblockplugin', 1, 'enabled', '0', 'bool'),
('developedbyblockplugin', 1, 'seq', '0', 'int'),
('dublincoremetaplugin', 1, 'enabled', '1', 'bool'),
('googlescholarplugin', 1, 'enabled', '1', 'bool'),
('htmlmonographfileplugin', 1, 'enabled', '1', 'bool'),
('indexaciones', 1, 'blockContent', '{\"es_ES\":\"\"}', 'object'),
('indexaciones', 1, 'blockTitle', '{\"es_ES\":\"Indexaciones\"}', 'object'),
('indexaciones', 1, 'enabled', '1', 'bool'),
('indexaciones', 1, 'showName', '1', 'string'),
('informationblockplugin', 1, 'context', '1', 'int'),
('informationblockplugin', 1, 'enabled', '1', 'bool'),
('informationblockplugin', 1, 'seq', '7', 'int'),
('languagetoggleblockplugin', 0, 'context', '1', 'int'),
('languagetoggleblockplugin', 0, 'enabled', '1', 'bool'),
('languagetoggleblockplugin', 0, 'seq', '4', 'int'),
('languagetoggleblockplugin', 1, 'context', '1', 'int'),
('languagetoggleblockplugin', 1, 'enabled', '1', 'bool'),
('languagetoggleblockplugin', 1, 'seq', '4', 'int'),
('pdfjsviewerplugin', 1, 'enabled', '1', 'bool'),
('redes-sociales', 1, 'blockContent', '{\"es_ES\":\"<div style=\\\"display: flex; flex-direction: column;\\\">\\r\\n<p style=\\\"display: flex; align-items: center; justify-content: space-between;\\\"><a href=\\\"https:\\/\\/www.facebook.com\\/unilibrebogota\\\"><img style=\\\"width: 45px;\\\" src=\\\"https:\\/\\/libros.unilibre.edu.co\\/public\\/site\\/images\\/nrodriguez\\/facebook-logo-icon-189224.png\\\" alt=\\\"\\\" width=\\\"32\\\" height=\\\"32\\\"> <\\/a><a style=\\\"background-color: #ffffff; display: inline !important;\\\" href=\\\"https:\\/\\/www.instagram.com\\/ulibrebogota\\/\\\"><img style=\\\"width: 45px;\\\" src=\\\"https:\\/\\/libros.unilibre.edu.co\\/public\\/site\\/images\\/nrodriguez\\/instagram-logosu-eb7b1cfe6617ec67b79608d71f768174.png\\\" alt=\\\"\\\" width=\\\"35\\\" height=\\\"35\\\">&nbsp;<\\/a> <a href=\\\"https:\\/\\/www.youtube.com\\/@CanalUnilibre\\\"> <img style=\\\"width: 45px;\\\" src=\\\"https:\\/\\/libros.unilibre.edu.co\\/public\\/site\\/images\\/nrodriguez\\/youtube-logo-a997c3d4642a6fdf1a6bea64090f950f.png\\\" alt=\\\"\\\" width=\\\"32\\\" height=\\\"23\\\"> <\\/a><\\/p>\\r\\n<p style=\\\"display: flex; align-items: center; justify-content: space-between;\\\"><a href=\\\"https:\\/\\/www.unilibre.edu.co\\/investigacion\\\"> <img style=\\\"width: 50px;\\\" src=\\\"https:\\/\\/libros.unilibre.edu.co\\/public\\/site\\/images\\/nrodriguez\\/escudo-de-la-universidad-libre-de-colombia.svg.png\\\" alt=\\\"\\\" width=\\\"39\\\" height=\\\"39\\\"> <\\/a> <br><a href=\\\"https:\\/\\/repository.unilibre.edu.co\\/\\\"> &nbsp;<img style=\\\"width: 60px;\\\" src=\\\"https:\\/\\/libros.unilibre.edu.co\\/public\\/site\\/images\\/nrodriguez\\/logo-riu.png\\\" alt=\\\"\\\" width=\\\"47\\\" height=\\\"46\\\">&nbsp;<\\/a> <br><a href=\\\"https:\\/\\/revistas.unilibre.edu.co\\/\\\"> <img style=\\\"width: 100px;\\\" src=\\\"https:\\/\\/libros.unilibre.edu.co\\/public\\/site\\/images\\/nrodriguez\\/revistas.jpg\\\" alt=\\\"\\\" width=\\\"85\\\" height=\\\"28\\\"> <\\/a><\\/p>\\r\\n<\\/div>\"}', 'object'),
('redes-sociales', 1, 'blockTitle', '{\"es_ES\":\"Redes Sociales\"}', 'object'),
('redes-sociales', 1, 'enabled', '1', 'bool'),
('redes-sociales', 1, 'showName', '1', 'string'),
('tinymceplugin', 0, 'enabled', '1', 'bool'),
('tinymceplugin', 1, 'enabled', '1', 'bool'),
('usageeventplugin', 0, 'enabled', '1', 'bool'),
('usageeventplugin', 0, 'uniqueSiteId', '6409c74ae8e8a', 'string'),
('usagestatsplugin', 0, 'accessLogFileParseRegex', '/^(?P<ip>\\S+) \\S+ \\S+ \\[(?P<date>.*?)\\] \"\\S+ (?P<url>\\S+).*?\" (?P<returnCode>\\S+) \\S+ \".*?\" \"(?P<userAgent>.*?)\"/', 'string'),
('usagestatsplugin', 0, 'chartType', 'bar', 'string'),
('usagestatsplugin', 0, 'createLogFiles', '1', 'bool'),
('usagestatsplugin', 0, 'datasetMaxCount', '4', 'string'),
('usagestatsplugin', 0, 'enabled', '1', 'bool'),
('usagestatsplugin', 0, 'optionalColumns', '[\"city\",\"region\"]', 'object'),
('webfeedplugin', 1, 'displayItems', '1', 'bool'),
('webfeedplugin', 1, 'displayPage', 'homepage', 'string'),
('webfeedplugin', 1, 'enabled', '1', 'bool');

-- --------------------------------------------------------

--
-- Estructura de tabla para la tabla `presses`
--

CREATE TABLE `presses` (
  `press_id` bigint(20) NOT NULL,
  `path` varchar(32) NOT NULL,
  `seq` double(8,2) NOT NULL DEFAULT '0.00',
  `primary_locale` varchar(14) NOT NULL,
  `enabled` smallint(6) NOT NULL DEFAULT '1'
) ENGINE=InnoDB DEFAULT CHARSET=utf8;

--
-- Volcado de datos para la tabla `presses`
--

INSERT INTO `presses` (`press_id`, `path`, `seq`, `primary_locale`, `enabled`) VALUES
(1, 'unilibre', 1.00, 'es_ES', 1);

-- --------------------------------------------------------

--
-- Estructura de tabla para la tabla `press_settings`
--

CREATE TABLE `press_settings` (
  `press_id` bigint(20) NOT NULL,
  `locale` varchar(14) NOT NULL DEFAULT '',
  `setting_name` varchar(255) NOT NULL,
  `setting_value` text,
  `setting_type` varchar(6) DEFAULT NULL
) ENGINE=InnoDB DEFAULT CHARSET=utf8;

--
-- Volcado de datos para la tabla `press_settings`
--

INSERT INTO `press_settings` (`press_id`, `locale`, `setting_name`, `setting_value`, `setting_type`) VALUES
(1, '', 'agencies', '0', NULL),
(1, '', 'catalogSortOption', 'title-1', NULL),
(1, '', 'citations', 'request', NULL),
(1, '', 'coverage', '0', NULL),
(1, '', 'coverThumbnailsMaxHeight', '500', NULL),
(1, '', 'coverThumbnailsMaxWidth', '500', NULL),
(1, '', 'defaultReviewMode', '2', NULL),
(1, '', 'disableSubmissions', '0', NULL),
(1, '', 'disciplines', '0', NULL),
(1, '', 'displayFeaturedBooks', '1', NULL),
(1, '', 'displayInSpotlight', '1', NULL),
(1, '', 'displayNewReleases', '1', NULL),
(1, '', 'emailSignature', '<br/>\n________________________________________________________________________<br/>\n<a href=\"{$ldelim}$contextUrl{$rdelim}\">{$ldelim}$contextName{$rdelim}</a>', NULL),
(1, '', 'enableAnnouncements', '0', NULL),
(1, '', 'enablePublisherId', '[]', NULL),
(1, '', 'itemsPerPage', '25', NULL),
(1, '', 'keywords', 'request', NULL),
(1, '', 'languages', 'request', NULL),
(1, '', 'numPageLinks', '10', NULL),
(1, '', 'numWeeksPerResponse', '4', NULL),
(1, '', 'numWeeksPerReview', '4', NULL),
(1, '', 'paymentPluginName', 'ManualPayment', NULL),
(1, '', 'restrictReviewerFileAccess', '1', NULL),
(1, '', 'rights', 'request', NULL),
(1, '', 'sidebar', '[\"informationblockplugin\",\"browseblockplugin\",\"redes-sociales\",\"languagetoggleblockplugin\",\"indexaciones\"]', NULL),
(1, '', 'source', '0', NULL),
(1, '', 'styleSheet', '{\"name\":\"styles.css\",\"uploadName\":\"styleSheet.css\",\"dateUploaded\":\"2023-03-29 14:59:02\"}', NULL),
(1, '', 'subjects', '0', NULL),
(1, '', 'supportedFormLocales', '[\"es_ES\"]', NULL),
(1, '', 'supportedLocales', '[\"es_ES\",\"en_US\"]', NULL),
(1, '', 'supportedSubmissionLocales', '[\"es_ES\"]', NULL),
(1, '', 'themePluginPath', 'default', NULL),
(1, '', 'type', 'enable', NULL),
(1, 'en_US', 'acronym', NULL, NULL),
(1, 'en_US', 'authorInformation', 'Interested in submitting to this press? We recommend that you review the <a href=\"https://unilibre-omp.repositoriodigital.com/index.php/unilibre/about\">About the Press</a> page for the press\' section policies and <a href=\"https://unilibre-omp.repositoriodigital.com/index.php/unilibre/about/submissions#authorGuidelines\">Author Guidelines</a>. Authors need to <a href=\"https://unilibre-omp.repositoriodigital.com/index.php/unilibre/user/register\">register</a> with the press prior to submitting, or if already registered can simply <a href=\"https://unilibre-omp.repositoriodigital.com/index.php/index/login\">log in</a> and begin the 5 step process.', NULL),
(1, 'en_US', 'librarianInformation', 'We encourage research librarians to list this press among their library\'s electronic press holdings. As well, this open source publishing system is suitable for libraries to host for their faculty members to use with presses they are involved in editing (see <a href=\"http://pkp.sfu.ca/omp\">Open Monograph Press</a>).', NULL),
(1, 'en_US', 'name', NULL, NULL),
(1, 'en_US', 'openAccessPolicy', 'This press provides immediate open access to its content on the principle that making research freely available to the public supports a greater global exchange of knowledge.', NULL),
(1, 'en_US', 'privacyStatement', '<p>The names and email addresses entered in this press site will be used exclusively for the stated purposes of this press and will not be made available for any other purpose or to any other party.</p>', NULL),
(1, 'en_US', 'readerInformation', 'We encourage readers to sign up for the publishing notification service for this press. Use the <a href=\"https://unilibre-omp.repositoriodigital.com/index.php/unilibre/user/register\">Register</a> link at the top of the homepage for the press. This registration will result in the reader receiving the Table of Contents by email for each new monograph of the press. This list also allows the press to claim a certain level of support or readership. See the press <a href=\"https://unilibre-omp.repositoriodigital.com/index.php/unilibre/about/submissions#privacyStatement\">Privacy Statement</a> which assures readers that their name and email address will not be used for other purposes.', NULL),
(1, 'en_US', 'submissionChecklist', '[{\"order\":1,\"content\":\"The submission has not been previously published, nor is it before another press for consideration (or an explanation has been provided in Comments to the Editor).\"},{\"order\":2,\"content\":\"The submission file is in the Microsoft Word, RTF, or OpenDocument file format.\"},{\"order\":3,\"content\":\"Where available, URLs for the references have been provided.\"},{\"order\":4,\"content\":\"The text is single-spaced; uses a 12-point font; employs italics, rather than underlining (except with URL addresses); and all illustrations, figures, and tables are placed within the text at the appropriate points, rather than at the end.\"},{\"order\":5,\"content\":\"The text adheres to the stylistic and bibliographic requirements outlined in the <a href=\\\"https:\\/\\/unilibre-omp.repositoriodigital.com\\/index.php\\/unilibre\\/about\\/submissions#authorGuidelines\\\" target=\\\"_blank\\\">Author Guidelines<\\/a>, which is found in About the Press.\"}]', NULL),
(1, 'es_ES', 'acronym', 'UL', NULL),
(1, 'es_ES', 'authorInformation', '¿Le interesa hacer un envío a esta publicación? Le recomendamos que revise los apartados <a href=\"https://unilibre-omp.repositoriodigital.com/index.php/unilibre/about\">Acerca de la publicación</a>, para obtener información sobre las políticas de sección, y <a href=\"https://unilibre-omp.repositoriodigital.com/index.php/unilibre/about/submissions#authorGuidelines\">Directrices para autores/as</a>. Los autores/as deben <a href=\"https://unilibre-omp.repositoriodigital.com/index.php/unilibre/user/register\">registrarse</a> en la publicación antes realizar un envío o, si ya están registrados, simplemente <a href=\"https://unilibre-omp.repositoriodigital.com/index.php/index/login\">iniciar sesión</a> y empezar con el proceso de 5 pasos.', NULL),
(1, 'es_ES', 'favicon', '{\"name\":\"libre-favicon.png\",\"uploadName\":\"favicon_es_ES.png\",\"width\":62,\"height\":61,\"dateUploaded\":\"2023-03-09 11:48:04\",\"altText\":\"\"}', NULL),
(1, 'es_ES', 'homepageImage', '{\"name\":\"2 Portal naciona de libro UL 2014 6000x499px.png\",\"uploadName\":\"homepageImage_es_ES.png\",\"width\":4535,\"height\":500,\"dateUploaded\":\"2024-03-18 13:33:54\",\"altText\":\"\"}', NULL),
(1, 'es_ES', 'librarianInformation', 'Animamos a los bibliotecarios/as a listar esta publicación en sus fondos de publicaciones electrónicas. Además, este sistema de publicación de código abierto es apropiado para que las bibliotecas lo ofrezcan a sus miembros  involucrados en la edición de publicaciones (ver <a href=\"http://pkp.sfu.ca/omp\">Open Monograph Press</a>).', NULL),
(1, 'es_ES', 'name', 'U. Libre', NULL),
(1, 'es_ES', 'openAccessPolicy', 'Esta editorial proporciona acceso abierto inmediato a su contenido bajo el principio de que hacer disponible la investigación, abiertamente al público, fomenta un mayor intercambio de conocimiento global.', NULL),
(1, 'es_ES', 'pageFooter', '<div style=\"display: flex; justify-content: space-around;\"><img style=\"max-width: 100px;\" src=\"https://libros.unilibre.edu.co/public/escudo.png\" width=\"100\" height=\"100\" />\n<div style=\"text-align: center;\"><strong>Información de contacto:</strong> <br /><br />Dirección Nacional de Investigaciones <br />dir.investigaciones@unilibre.edu.co</div>\n<img style=\"max-width: 150px;\" src=\"https://libros.unilibre.edu.co/public/acreditacion.png\" width=\"150\" height=\"100\" /></div>', NULL),
(1, 'es_ES', 'privacyStatement', '<p>Los nombres y direcciones de correo electrónico introducidos en esta editorial se utilizarán exclusivamente para los fines declarados por la misma y no estarán disponibles para ningún otro propósito ni lugar.</p>', NULL),
(1, 'es_ES', 'readerInformation', 'Los lectores pueden darse de alta en el servicio de notificación de novedades. Para ello, utiliza el enlace de <a href=\"https://unilibre-omp.repositoriodigital.com/index.php/unilibre/user/register\">Crear cuenta</a> en la parte superior de la página. Este registro permitirá al lector recibir por correo electrónico la Tabla de Contenidos de cada novedad. Consulta la <a href=\"https://unilibre-omp.repositoriodigital.com/index.php/unilibre/about/submissions#privacyStatement\">Declaración de Privacidad</a> de la editorial que asegura a los lectores que su nombre y dirección de correo electrónico no será utilizada para otros fines.', NULL),
(1, 'es_ES', 'submissionChecklist', '[{\"order\":1,\"content\":\"La propuesta no ha sido publicada previamente, ni está bajo consideración de ninguna otra editorial (o se proporciona una explicación en \\\"Comentarios para la editorial\\\").\"},{\"order\":2,\"content\":\"El fichero de la propuesta está en formato Microsoft Word, RTF o OpenDocument.\"},{\"order\":3,\"content\":\"Se proporcionan las direcciones URLs de las referencias si están disponibles.\"},{\"order\":4,\"content\":\"El texto tiene interlineado simple, se utiliza una fuente de 12 puntos, cursiva en lugar de subrayado (exceptuando las direcciones URL), y todas las ilustraciones, figuras y tablas están dentro del texto en los lugares apropiados en lugar de al final.\"},{\"order\":5,\"content\":\"El texto se adhiere a los requisitos bibliográficos y de estilo indicados en las <a href=\\\"https:\\/\\/unilibre-omp.repositoriodigital.com\\/index.php\\/unilibre\\/about\\/submissions#authorGuidelines\\\" target=\\\"_blank\\\">Directrices para autores<\\/a>, que se encuentran en Acerca de la editorial.\"}]', NULL);

-- --------------------------------------------------------

--
-- Estructura de tabla para la tabla `publications`
--

CREATE TABLE `publications` (
  `publication_id` bigint(20) NOT NULL,
  `date_published` date DEFAULT NULL,
  `last_modified` datetime DEFAULT NULL,
  `locale` varchar(14) DEFAULT NULL,
  `primary_contact_id` bigint(20) DEFAULT NULL,
  `publication_date_type` varchar(32) DEFAULT 'pub',
  `publication_type` varchar(32) DEFAULT 'publication',
  `seq` double(8,2) NOT NULL DEFAULT '0.00',
  `series_id` bigint(20) DEFAULT NULL,
  `series_position` varchar(255) DEFAULT NULL,
  `submission_id` bigint(20) NOT NULL,
  `status` smallint(6) NOT NULL DEFAULT '1',
  `url_path` varchar(64) DEFAULT NULL,
  `version` bigint(20) DEFAULT NULL
) ENGINE=InnoDB DEFAULT CHARSET=utf8;

--
-- Volcado de datos para la tabla `publications`
--

INSERT INTO `publications` (`publication_id`, `date_published`, `last_modified`, `locale`, `primary_contact_id`, `publication_date_type`, `publication_type`, `seq`, `series_id`, `series_position`, `submission_id`, `status`, `url_path`, `version`) VALUES
(1, '2019-10-21', '2024-03-19 19:54:51', NULL, 21, 'pub', 'publication', 0.00, 1, NULL, 1, 3, NULL, 1),
(2, '2018-12-30', '2023-07-18 22:03:08', NULL, 22, 'pub', 'publication', 0.00, 1, NULL, 2, 3, NULL, 1),
(3, '2018-12-30', '2023-07-18 22:03:47', NULL, 23, 'pub', 'publication', 0.00, 1, NULL, 3, 3, NULL, 1),
(4, '2018-12-30', '2023-07-18 22:00:04', NULL, 24, 'pub', 'publication', 0.00, 1, NULL, 4, 3, NULL, 1),
(5, '2020-12-30', '2023-07-18 22:00:37', NULL, 28, 'pub', 'publication', 0.00, 1, NULL, 5, 3, NULL, 1),
(6, '2020-11-30', '2023-07-18 21:58:31', NULL, 47, 'pub', 'publication', 0.00, 2, NULL, 6, 3, NULL, 1),
(7, '2020-11-30', '2023-07-18 21:59:16', NULL, 49, 'pub', 'publication', 0.00, 2, NULL, 7, 3, NULL, 1),
(8, '2021-09-30', '2023-07-18 22:01:16', NULL, 67, 'pub', 'publication', 0.00, 2, NULL, 8, 3, NULL, 1),
(9, '2020-12-30', '2023-07-18 22:01:54', NULL, 29, 'pub', 'publication', 0.00, 1, NULL, 9, 3, NULL, 1),
(10, '2020-12-30', '2023-07-18 21:57:51', NULL, 31, 'pub', 'publication', 0.00, 1, NULL, 10, 3, NULL, 1),
(11, '2019-12-30', '2023-07-18 21:49:26', NULL, 25, 'pub', 'publication', 0.00, 1, NULL, 11, 3, NULL, 1),
(12, '2020-12-30', '2023-07-18 21:53:02', NULL, 27, 'pub', 'publication', 0.00, 1, NULL, 12, 3, NULL, 1),
(13, '2021-12-30', '2023-07-18 21:50:17', NULL, 30, 'pub', 'publication', 0.00, 1, NULL, 13, 3, NULL, 1),
(14, '2018-12-30', '2023-07-18 21:51:25', NULL, 33, 'pub', 'publication', 0.00, 2, NULL, 14, 3, NULL, 1),
(15, '2019-12-30', '2023-07-18 21:52:11', NULL, 34, 'pub', 'publication', 0.00, 2, NULL, 15, 3, NULL, 1),
(16, '2020-12-11', '2024-03-19 20:01:21', NULL, 42, 'pub', 'publication', 0.00, 2, NULL, 16, 3, NULL, 1),
(17, '2020-12-30', '2023-07-18 21:55:12', NULL, 45, 'pub', 'publication', 0.00, 2, NULL, 17, 3, NULL, 1),
(18, '2020-11-01', '2024-03-19 20:22:16', NULL, 53, 'pub', 'publication', 0.00, 2, NULL, 18, 3, NULL, 1),
(19, '2021-07-30', '2023-07-24 21:22:54', NULL, 68, 'pub', 'publication', 0.00, 2, NULL, 19, 3, NULL, 1),
(20, '2022-01-30', '2023-07-18 21:56:57', NULL, 74, 'pub', 'publication', 0.00, 2, NULL, 20, 3, NULL, 1),
(21, '2018-02-28', '2023-04-21 21:17:48', NULL, 77, 'pub', 'publication', 0.00, 3, NULL, 21, 3, NULL, 1),
(22, '2018-06-29', '2023-07-24 21:16:56', NULL, 79, 'pub', 'publication', 0.00, 3, NULL, 22, 3, NULL, 1),
(23, '2018-07-13', '2023-05-18 13:47:12', NULL, 273, 'pub', 'publication', 0.00, 3, NULL, 23, 3, NULL, 1),
(24, '2018-08-10', '2023-05-18 13:50:08', NULL, 274, 'pub', 'publication', 0.00, 3, NULL, 24, 3, NULL, 1),
(25, '2018-09-14', '2023-05-18 13:53:07', NULL, 277, 'pub', 'publication', 0.00, 3, NULL, 25, 3, NULL, 1),
(26, '2019-01-24', '2023-05-18 13:54:21', NULL, 83, 'pub', 'publication', 0.00, 3, NULL, 26, 1, NULL, 1),
(27, '2019-01-24', '2023-05-18 14:02:28', NULL, 279, 'pub', 'publication', 0.00, 3, NULL, 27, 3, NULL, 1),
(28, '2019-01-24', '2023-05-18 14:52:50', NULL, 86, 'pub', 'publication', 0.00, 3, NULL, 28, 3, NULL, 1),
(29, '2019-01-24', '2023-06-07 14:14:17', NULL, 91, 'pub', 'publication', 0.00, 3, NULL, 29, 3, NULL, 1),
(30, '2019-04-15', '2023-07-18 21:21:10', NULL, 95, 'pub', 'publication', 0.00, 3, NULL, 30, 3, NULL, 1),
(31, '2019-05-10', '2024-03-19 19:37:28', NULL, 100, 'pub', 'publication', 0.00, 3, NULL, 31, 3, NULL, 1),
(32, '2019-05-31', '2023-05-17 23:30:50', NULL, 101, 'pub', 'publication', 0.00, 3, NULL, 32, 3, NULL, 1),
(33, '2019-05-19', '2023-05-17 23:36:11', NULL, 103, 'pub', 'publication', 0.00, 3, NULL, 33, 3, NULL, 1),
(34, '2019-12-19', '2023-05-17 23:42:34', NULL, 105, 'pub', 'publication', 0.00, 3, NULL, 34, 3, NULL, 1),
(35, '2020-01-30', '2023-05-17 23:51:28', NULL, 107, 'pub', 'publication', 0.00, 3, NULL, 35, 3, NULL, 1),
(36, '2020-04-02', '2023-05-17 23:57:38', NULL, 114, 'pub', 'publication', 0.00, 3, NULL, 36, 3, NULL, 1),
(37, '2020-04-02', '2023-05-18 00:04:42', NULL, 116, 'pub', 'publication', 0.00, 3, NULL, 37, 3, NULL, 1),
(38, '2020-06-04', '2023-05-18 00:10:37', NULL, 118, 'pub', 'publication', 0.00, 3, NULL, 38, 3, NULL, 1),
(39, '2020-09-04', '2023-05-18 00:16:46', NULL, 122, 'pub', 'publication', 0.00, 3, NULL, 39, 3, NULL, 1),
(40, '2020-10-02', '2023-05-18 00:22:22', NULL, 126, 'pub', 'publication', 0.00, 3, NULL, 40, 3, NULL, 1),
(41, '2020-10-29', '2023-05-18 00:32:11', NULL, 128, 'pub', 'publication', 0.00, 3, NULL, 41, 3, NULL, 1),
(42, '2020-12-01', '2023-05-18 00:38:41', NULL, 130, 'pub', 'publication', 0.00, 3, NULL, 42, 3, NULL, 1),
(43, '2020-12-05', '2024-03-19 19:57:59', NULL, 138, 'pub', 'publication', 0.00, 3, NULL, 43, 3, NULL, 1),
(44, '2020-12-11', '2023-05-18 00:57:33', NULL, 141, 'pub', 'publication', 0.00, 3, NULL, 44, 3, NULL, 1),
(45, '2020-12-21', '2023-05-18 01:03:13', NULL, 168, 'pub', 'publication', 0.00, 3, NULL, 45, 3, NULL, 1),
(46, NULL, '2023-05-18 01:06:03', NULL, 170, 'pub', 'publication', 0.00, 3, NULL, 46, 1, NULL, 1),
(47, '2020-12-23', '2023-05-18 01:17:31', NULL, 172, 'pub', 'publication', 0.00, 3, NULL, 47, 3, NULL, 1),
(48, '2021-04-23', '2023-05-18 01:24:48', NULL, 174, 'pub', 'publication', 0.00, 3, NULL, 48, 3, NULL, 1),
(49, '2021-08-13', '2023-05-18 01:30:15', NULL, 176, 'pub', 'publication', 0.00, 3, NULL, 49, 3, NULL, 1),
(50, '2021-11-05', '2023-05-18 01:35:22', NULL, 179, 'pub', 'publication', 0.00, 3, NULL, 50, 3, NULL, 1),
(51, '2021-12-13', '2023-05-18 01:45:51', NULL, 182, 'pub', 'publication', 0.00, 3, NULL, 51, 3, NULL, 1),
(52, '2021-12-17', '2023-05-18 01:52:48', NULL, 198, 'pub', 'publication', 0.00, 3, NULL, 52, 3, NULL, 1),
(53, '2021-12-20', '2023-05-18 01:57:56', NULL, 206, 'pub', 'publication', 0.00, 3, NULL, 53, 3, NULL, 1),
(54, '2021-12-20', '2023-05-18 02:04:31', NULL, 209, 'pub', 'publication', 0.00, 3, NULL, 54, 3, NULL, 1),
(55, '2021-12-20', '2023-05-18 02:09:51', NULL, 217, 'pub', 'publication', 0.00, 3, NULL, 55, 3, NULL, 1),
(56, '2022-02-18', '2023-05-18 02:16:22', NULL, 220, 'pub', 'publication', 0.00, 3, NULL, 56, 3, NULL, 1),
(57, '2022-04-29', '2023-05-18 02:20:57', NULL, 222, 'pub', 'publication', 0.00, 3, NULL, 57, 3, NULL, 1),
(58, '2022-04-29', '2023-05-18 02:25:51', NULL, 224, 'pub', 'publication', 0.00, 3, NULL, 58, 3, NULL, 1),
(59, '2022-05-09', '2024-03-19 19:49:12', NULL, 227, 'pub', 'publication', 0.00, 3, NULL, 59, 3, NULL, 1),
(60, '2022-06-23', '2023-05-18 02:43:46', NULL, 247, 'pub', 'publication', 0.00, 3, NULL, 60, 3, NULL, 1),
(61, '2022-07-23', '2023-05-18 02:59:02', NULL, 249, 'pub', 'publication', 0.00, 3, NULL, 61, 3, NULL, 1),
(62, '2021-07-29', '2024-03-19 16:54:41', NULL, 250, 'pub', 'publication', 0.00, 3, NULL, 62, 3, NULL, 1),
(63, '2022-07-29', '2024-03-19 20:08:09', NULL, 253, 'pub', 'publication', 0.00, 3, NULL, 63, 3, NULL, 1),
(64, '2022-08-04', '2023-05-18 03:11:28', NULL, 266, 'pub', 'publication', 0.00, 3, NULL, 64, 3, NULL, 1),
(65, '2022-08-15', '2024-05-02 17:27:31', NULL, 268, 'pub', 'publication', 0.00, 3, NULL, 65, 3, NULL, 1),
(66, '2021-10-25', '2024-03-19 16:51:12', NULL, 271, 'pub', 'publication', 0.00, 3, NULL, 66, 3, NULL, 1),
(67, '2023-12-15', '2024-05-02 17:15:52', NULL, 292, 'pub', 'publication', 0.00, NULL, NULL, 67, 3, NULL, 1),
(68, '2022-12-11', '2024-05-02 17:18:22', NULL, 295, 'pub', 'publication', 0.00, NULL, NULL, 68, 3, NULL, 1),
(69, '2023-05-30', '2024-05-02 17:44:34', NULL, 297, 'pub', 'publication', 0.00, NULL, NULL, 69, 3, NULL, 1),
(70, '2022-01-15', '2024-05-08 15:05:46', NULL, 311, 'pub', 'publication', 0.00, NULL, NULL, 70, 3, NULL, 1),
(71, '2021-01-15', '2024-05-08 15:26:26', NULL, 314, 'pub', 'publication', 0.00, NULL, NULL, 71, 3, NULL, 1),
(72, '2023-12-15', '2024-05-08 15:41:41', NULL, 322, 'pub', 'publication', 0.00, NULL, NULL, 72, 3, NULL, 1),
(73, NULL, '2024-05-08 16:27:53', NULL, 324, 'pub', 'publication', 0.00, NULL, NULL, 73, 1, NULL, 1),
(74, NULL, '2024-06-12 21:15:28', NULL, 325, 'pub', 'publication', 0.00, NULL, NULL, 74, 1, NULL, 1),
(75, NULL, '2024-06-13 19:41:47', NULL, 326, 'pub', 'publication', 0.00, NULL, NULL, 75, 1, NULL, 1),
(76, '2023-12-13', '2024-06-17 21:36:23', NULL, 328, 'pub', 'publication', 0.00, NULL, NULL, 76, 3, NULL, 1),
(77, '2023-12-17', '2024-06-17 21:33:31', NULL, 329, 'pub', 'publication', 0.00, NULL, NULL, 77, 3, NULL, 1);

-- --------------------------------------------------------

--
-- Estructura de tabla para la tabla `publication_categories`
--

CREATE TABLE `publication_categories` (
  `publication_id` bigint(20) NOT NULL,
  `category_id` bigint(20) NOT NULL
) ENGINE=InnoDB DEFAULT CHARSET=utf8;

--
-- Volcado de datos para la tabla `publication_categories`
--

INSERT INTO `publication_categories` (`publication_id`, `category_id`) VALUES
(1, 6),
(2, 6),
(3, 6),
(4, 6),
(5, 6),
(6, 5),
(7, 5),
(8, 3),
(9, 3),
(10, 6),
(11, 3),
(12, 6),
(13, 4),
(14, 3),
(15, 5),
(16, 6),
(17, 6),
(18, 5),
(19, 5),
(20, 3),
(21, 7),
(22, 4),
(23, 8),
(24, 4),
(25, 4),
(26, 7),
(27, 7),
(28, 7),
(29, 7),
(30, 7),
(31, 7),
(32, 3),
(33, 3),
(34, 3),
(35, 7),
(36, 7),
(37, 8),
(38, 7),
(39, 3),
(40, 3),
(41, 9),
(42, 4),
(43, 9),
(44, 7),
(45, 3),
(47, 7),
(48, 7),
(49, 8),
(50, 7),
(51, 4),
(52, 4),
(53, 9),
(54, 4),
(55, 9),
(56, 7),
(57, 7),
(58, 7),
(59, 7),
(60, 7),
(61, 8),
(62, 7),
(63, 7),
(64, 3),
(65, 9),
(66, 7),
(67, 9),
(68, 9),
(69, 5),
(70, 7),
(71, 7),
(72, 7),
(76, 7),
(77, 7);

-- --------------------------------------------------------

--
-- Estructura de tabla para la tabla `publication_dates`
--

CREATE TABLE `publication_dates` (
  `publication_date_id` bigint(20) NOT NULL,
  `publication_format_id` bigint(20) NOT NULL,
  `role` varchar(40) NOT NULL,
  `date_format` varchar(40) NOT NULL,
  `date` varchar(255) NOT NULL
) ENGINE=InnoDB DEFAULT CHARSET=utf8;

-- --------------------------------------------------------

--
-- Estructura de tabla para la tabla `publication_formats`
--

CREATE TABLE `publication_formats` (
  `publication_format_id` bigint(20) NOT NULL,
  `publication_id` bigint(20) NOT NULL,
  `submission_id` bigint(20) DEFAULT NULL,
  `physical_format` smallint(6) DEFAULT '1',
  `entry_key` varchar(64) DEFAULT NULL,
  `seq` double(8,2) NOT NULL DEFAULT '0.00',
  `file_size` varchar(255) DEFAULT NULL,
  `front_matter` varchar(255) DEFAULT NULL,
  `back_matter` varchar(255) DEFAULT NULL,
  `height` varchar(255) DEFAULT NULL,
  `height_unit_code` varchar(255) DEFAULT NULL,
  `width` varchar(255) DEFAULT NULL,
  `width_unit_code` varchar(255) DEFAULT NULL,
  `thickness` varchar(255) DEFAULT NULL,
  `thickness_unit_code` varchar(255) DEFAULT NULL,
  `weight` varchar(255) DEFAULT NULL,
  `weight_unit_code` varchar(255) DEFAULT NULL,
  `product_composition_code` varchar(255) DEFAULT NULL,
  `product_form_detail_code` varchar(255) DEFAULT NULL,
  `country_manufacture_code` varchar(255) DEFAULT NULL,
  `imprint` varchar(255) DEFAULT NULL,
  `product_availability_code` varchar(255) DEFAULT NULL,
  `technical_protection_code` varchar(255) DEFAULT NULL,
  `returnable_indicator_code` varchar(255) DEFAULT NULL,
  `remote_url` varchar(2047) DEFAULT NULL,
  `url_path` varchar(64) DEFAULT NULL,
  `is_approved` smallint(6) NOT NULL DEFAULT '0',
  `is_available` smallint(6) NOT NULL DEFAULT '0'
) ENGINE=InnoDB DEFAULT CHARSET=utf8;

--
-- Volcado de datos para la tabla `publication_formats`
--

INSERT INTO `publication_formats` (`publication_format_id`, `publication_id`, `submission_id`, `physical_format`, `entry_key`, `seq`, `file_size`, `front_matter`, `back_matter`, `height`, `height_unit_code`, `width`, `width_unit_code`, `thickness`, `thickness_unit_code`, `weight`, `weight_unit_code`, `product_composition_code`, `product_form_detail_code`, `country_manufacture_code`, `imprint`, `product_availability_code`, `technical_protection_code`, `returnable_indicator_code`, `remote_url`, `url_path`, `is_approved`, `is_available`) VALUES
(1, 1, NULL, 0, 'DA', 0.00, NULL, NULL, NULL, NULL, NULL, NULL, NULL, NULL, NULL, NULL, NULL, NULL, NULL, NULL, NULL, NULL, NULL, NULL, '', '', 1, 1),
(3, 2, NULL, 0, 'DA', 0.00, NULL, NULL, NULL, NULL, NULL, NULL, NULL, NULL, NULL, NULL, NULL, NULL, NULL, NULL, NULL, NULL, NULL, NULL, '', '', 1, 1),
(4, 4, NULL, 0, 'DA', 0.00, NULL, NULL, NULL, NULL, NULL, NULL, NULL, NULL, NULL, NULL, NULL, NULL, NULL, NULL, NULL, NULL, NULL, NULL, '', '', 1, 1),
(5, 3, NULL, 0, 'DA', 0.00, NULL, NULL, NULL, NULL, NULL, NULL, NULL, NULL, NULL, NULL, NULL, NULL, NULL, NULL, NULL, NULL, NULL, NULL, '', '', 1, 1),
(6, 5, NULL, 0, 'DA', 0.00, NULL, NULL, NULL, NULL, NULL, NULL, NULL, NULL, NULL, NULL, NULL, NULL, NULL, NULL, NULL, NULL, NULL, NULL, '', '', 1, 1),
(7, 6, NULL, 0, 'DA', 0.00, NULL, NULL, NULL, NULL, NULL, NULL, NULL, NULL, NULL, NULL, NULL, NULL, NULL, NULL, NULL, NULL, NULL, NULL, '', '', 1, 1),
(8, 7, NULL, 0, 'DA', 0.00, NULL, NULL, NULL, NULL, NULL, NULL, NULL, NULL, NULL, NULL, NULL, NULL, NULL, NULL, NULL, NULL, NULL, NULL, '', '', 1, 1),
(9, 8, NULL, 0, 'DA', 0.00, NULL, NULL, NULL, NULL, NULL, NULL, NULL, NULL, NULL, NULL, NULL, NULL, NULL, NULL, NULL, NULL, NULL, NULL, '', '', 1, 1),
(10, 9, NULL, 0, 'DA', 0.00, NULL, NULL, NULL, NULL, NULL, NULL, NULL, NULL, NULL, NULL, NULL, NULL, NULL, NULL, NULL, NULL, NULL, NULL, '', '', 1, 1),
(11, 10, NULL, 0, 'DA', 0.00, NULL, NULL, NULL, NULL, NULL, NULL, NULL, NULL, NULL, NULL, NULL, NULL, NULL, NULL, NULL, NULL, NULL, NULL, '', '', 1, 1),
(12, 11, NULL, 0, 'DA', 0.00, NULL, NULL, NULL, NULL, NULL, NULL, NULL, NULL, NULL, NULL, NULL, NULL, NULL, NULL, NULL, NULL, NULL, NULL, '', '', 1, 1),
(13, 12, NULL, 0, 'DA', 0.00, NULL, NULL, NULL, NULL, NULL, NULL, NULL, NULL, NULL, NULL, NULL, NULL, NULL, NULL, NULL, NULL, NULL, NULL, '', '', 1, 1),
(14, 13, NULL, 0, 'DA', 0.00, NULL, NULL, NULL, NULL, NULL, NULL, NULL, NULL, NULL, NULL, NULL, NULL, NULL, NULL, NULL, NULL, NULL, NULL, '', '', 1, 1),
(15, 14, NULL, 0, 'DA', 0.00, NULL, NULL, NULL, NULL, NULL, NULL, NULL, NULL, NULL, NULL, NULL, NULL, NULL, NULL, NULL, NULL, NULL, NULL, '', '', 1, 1),
(16, 15, NULL, 0, 'DA', 0.00, NULL, NULL, NULL, NULL, NULL, NULL, NULL, NULL, NULL, NULL, NULL, NULL, NULL, NULL, NULL, NULL, NULL, NULL, '', '', 1, 1),
(17, 16, NULL, 0, 'DA', 0.00, NULL, NULL, NULL, NULL, NULL, NULL, NULL, NULL, NULL, NULL, NULL, NULL, NULL, NULL, NULL, NULL, NULL, NULL, '', '', 1, 1),
(18, 17, NULL, 0, 'DA', 0.00, NULL, NULL, NULL, NULL, NULL, NULL, NULL, NULL, NULL, NULL, NULL, NULL, NULL, NULL, NULL, NULL, NULL, NULL, '', '', 1, 1),
(19, 18, NULL, 0, 'DA', 0.00, NULL, NULL, NULL, NULL, NULL, NULL, NULL, NULL, NULL, NULL, NULL, NULL, NULL, NULL, NULL, NULL, NULL, NULL, '', '', 1, 1),
(20, 19, NULL, 0, 'DA', 0.00, NULL, NULL, NULL, NULL, NULL, NULL, NULL, NULL, NULL, NULL, NULL, NULL, NULL, NULL, NULL, NULL, NULL, NULL, '', '', 1, 1),
(21, 20, NULL, 0, 'DA', 0.00, NULL, NULL, NULL, NULL, NULL, NULL, NULL, NULL, NULL, NULL, NULL, NULL, NULL, NULL, NULL, NULL, NULL, NULL, '', '', 1, 1),
(22, 19, NULL, 0, 'DA', 0.00, NULL, NULL, NULL, NULL, NULL, NULL, NULL, NULL, NULL, NULL, NULL, NULL, NULL, NULL, NULL, NULL, NULL, NULL, '', '', 1, 0),
(23, 6, NULL, 0, 'DA', 0.00, NULL, NULL, NULL, NULL, NULL, NULL, NULL, NULL, NULL, NULL, NULL, NULL, NULL, NULL, NULL, NULL, NULL, NULL, '', '', 1, 0),
(24, 20, NULL, 0, 'DA', 0.00, NULL, NULL, NULL, NULL, NULL, NULL, NULL, NULL, NULL, NULL, NULL, NULL, NULL, NULL, NULL, NULL, NULL, NULL, '', '', 1, 0),
(25, 18, NULL, 0, 'DA', 0.00, NULL, NULL, NULL, NULL, NULL, NULL, NULL, NULL, NULL, NULL, NULL, NULL, NULL, NULL, NULL, NULL, NULL, NULL, '', '', 1, 0),
(26, 8, NULL, 0, 'DA', 0.00, NULL, NULL, NULL, NULL, NULL, NULL, NULL, NULL, NULL, NULL, NULL, NULL, NULL, NULL, NULL, NULL, NULL, NULL, '', '', 1, 0),
(27, 16, NULL, 0, 'DA', 0.00, NULL, NULL, NULL, NULL, NULL, NULL, NULL, NULL, NULL, NULL, NULL, NULL, NULL, NULL, NULL, NULL, NULL, NULL, '', '', 1, 0),
(29, 15, NULL, 0, 'DA', 0.00, NULL, NULL, NULL, NULL, NULL, NULL, NULL, NULL, NULL, NULL, NULL, NULL, NULL, NULL, NULL, NULL, NULL, NULL, '', '', 1, 0),
(30, 7, NULL, 0, 'DA', 0.00, NULL, NULL, NULL, NULL, NULL, NULL, NULL, NULL, NULL, NULL, NULL, NULL, NULL, NULL, NULL, NULL, NULL, NULL, '', '', 1, 0),
(31, 21, NULL, 0, 'DA', 0.00, NULL, NULL, NULL, NULL, NULL, NULL, NULL, NULL, NULL, NULL, NULL, NULL, NULL, NULL, NULL, NULL, NULL, NULL, '', '', 1, 1),
(32, 22, NULL, 0, 'DA', 0.00, NULL, NULL, NULL, NULL, NULL, NULL, NULL, NULL, NULL, NULL, NULL, NULL, NULL, NULL, NULL, NULL, NULL, NULL, '', '', 1, 1),
(33, 23, NULL, 0, 'DA', 0.00, NULL, NULL, NULL, NULL, NULL, NULL, NULL, NULL, NULL, NULL, NULL, NULL, NULL, NULL, NULL, NULL, NULL, NULL, '', '', 1, 1),
(34, 24, NULL, 0, 'DA', 0.00, NULL, NULL, NULL, NULL, NULL, NULL, NULL, NULL, NULL, NULL, NULL, NULL, NULL, NULL, NULL, NULL, NULL, NULL, '', '', 1, 1),
(35, 25, NULL, 0, 'DA', 0.00, NULL, NULL, NULL, NULL, NULL, NULL, NULL, NULL, NULL, NULL, NULL, NULL, NULL, NULL, NULL, NULL, NULL, NULL, '', '', 1, 1),
(36, 26, NULL, 0, 'DA', 0.00, NULL, NULL, NULL, NULL, NULL, NULL, NULL, NULL, NULL, NULL, NULL, NULL, NULL, NULL, NULL, NULL, NULL, NULL, '', '', 1, 1),
(37, 27, NULL, 0, 'DA', 0.00, NULL, NULL, NULL, NULL, NULL, NULL, NULL, NULL, NULL, NULL, NULL, NULL, NULL, NULL, NULL, NULL, NULL, NULL, '', '', 1, 1),
(38, 28, NULL, 0, 'DA', 0.00, NULL, NULL, NULL, NULL, NULL, NULL, NULL, NULL, NULL, NULL, NULL, NULL, NULL, NULL, NULL, NULL, NULL, NULL, '', '', 1, 1),
(39, 29, NULL, 0, 'DA', 0.00, NULL, NULL, NULL, NULL, NULL, NULL, NULL, NULL, NULL, NULL, NULL, NULL, NULL, NULL, NULL, NULL, NULL, NULL, '', '', 1, 1),
(40, 30, NULL, 0, 'DA', 0.00, NULL, NULL, NULL, NULL, NULL, NULL, NULL, NULL, NULL, NULL, NULL, NULL, NULL, NULL, NULL, NULL, NULL, NULL, '', '', 1, 1),
(41, 31, NULL, 0, 'DA', 0.00, NULL, NULL, NULL, NULL, NULL, NULL, NULL, NULL, NULL, NULL, NULL, NULL, NULL, NULL, NULL, NULL, NULL, NULL, '', '', 1, 1),
(42, 32, NULL, 0, 'DA', 0.00, NULL, NULL, NULL, NULL, NULL, NULL, NULL, NULL, NULL, NULL, NULL, NULL, NULL, NULL, NULL, NULL, NULL, NULL, '', '', 1, 1),
(43, 33, NULL, 0, 'DA', 0.00, NULL, NULL, NULL, NULL, NULL, NULL, NULL, NULL, NULL, NULL, NULL, NULL, NULL, NULL, NULL, NULL, NULL, NULL, '', '', 1, 1),
(44, 34, NULL, 0, 'DA', 0.00, NULL, NULL, NULL, NULL, NULL, NULL, NULL, NULL, NULL, NULL, NULL, NULL, NULL, NULL, NULL, NULL, NULL, NULL, '', '', 1, 1),
(45, 35, NULL, 0, 'DA', 0.00, NULL, NULL, NULL, NULL, NULL, NULL, NULL, NULL, NULL, NULL, NULL, NULL, NULL, NULL, NULL, NULL, NULL, NULL, '', '', 1, 1),
(46, 36, NULL, 0, 'DA', 0.00, NULL, NULL, NULL, NULL, NULL, NULL, NULL, NULL, NULL, NULL, NULL, NULL, NULL, NULL, NULL, NULL, NULL, NULL, '', '', 1, 1),
(47, 37, NULL, 0, 'DA', 0.00, NULL, NULL, NULL, NULL, NULL, NULL, NULL, NULL, NULL, NULL, NULL, NULL, NULL, NULL, NULL, NULL, NULL, NULL, '', '', 1, 1),
(48, 38, NULL, 0, 'DA', 0.00, NULL, NULL, NULL, NULL, NULL, NULL, NULL, NULL, NULL, NULL, NULL, NULL, NULL, NULL, NULL, NULL, NULL, NULL, '', '', 1, 1),
(49, 39, NULL, 0, 'DA', 0.00, NULL, NULL, NULL, NULL, NULL, NULL, NULL, NULL, NULL, NULL, NULL, NULL, NULL, NULL, NULL, NULL, NULL, NULL, '', '', 1, 1),
(50, 40, NULL, 0, 'DA', 0.00, NULL, NULL, NULL, NULL, NULL, NULL, NULL, NULL, NULL, NULL, NULL, NULL, NULL, NULL, NULL, NULL, NULL, NULL, '', '', 1, 1),
(51, 41, NULL, 0, 'DA', 0.00, NULL, NULL, NULL, NULL, NULL, NULL, NULL, NULL, NULL, NULL, NULL, NULL, NULL, NULL, NULL, NULL, NULL, NULL, '', '', 1, 1),
(52, 42, NULL, 0, 'DA', 0.00, NULL, NULL, NULL, NULL, NULL, NULL, NULL, NULL, NULL, NULL, NULL, NULL, NULL, NULL, NULL, NULL, NULL, NULL, '', '', 1, 1),
(53, 43, NULL, 0, 'DA', 0.00, NULL, NULL, NULL, NULL, NULL, NULL, NULL, NULL, NULL, NULL, NULL, NULL, NULL, NULL, NULL, NULL, NULL, NULL, '', '', 1, 1),
(54, 44, NULL, 0, 'DA', 0.00, NULL, NULL, NULL, NULL, NULL, NULL, NULL, NULL, NULL, NULL, NULL, NULL, NULL, NULL, NULL, NULL, NULL, NULL, '', '', 1, 1),
(55, 45, NULL, 0, 'DA', 0.00, NULL, NULL, NULL, NULL, NULL, NULL, NULL, NULL, NULL, NULL, NULL, NULL, NULL, NULL, NULL, NULL, NULL, NULL, '', '', 1, 1),
(56, 46, NULL, 0, 'DA', 0.00, NULL, NULL, NULL, NULL, NULL, NULL, NULL, NULL, NULL, NULL, NULL, NULL, NULL, NULL, NULL, NULL, NULL, NULL, '', '', 0, 0),
(57, 47, NULL, 0, 'DA', 0.00, NULL, NULL, NULL, NULL, NULL, NULL, NULL, NULL, NULL, NULL, NULL, NULL, NULL, NULL, NULL, NULL, NULL, NULL, '', '', 1, 1),
(58, 48, NULL, 0, 'DA', 0.00, NULL, NULL, NULL, NULL, NULL, NULL, NULL, NULL, NULL, NULL, NULL, NULL, NULL, NULL, NULL, NULL, NULL, NULL, '', '', 1, 1),
(59, 49, NULL, 0, 'DA', 0.00, NULL, NULL, NULL, NULL, NULL, NULL, NULL, NULL, NULL, NULL, NULL, NULL, NULL, NULL, NULL, NULL, NULL, NULL, '', '', 0, 0),
(60, 50, NULL, 0, 'DA', 0.00, NULL, NULL, NULL, NULL, NULL, NULL, NULL, NULL, NULL, NULL, NULL, NULL, NULL, NULL, NULL, NULL, NULL, NULL, '', '', 1, 1),
(61, 51, NULL, 0, 'DA', 0.00, NULL, NULL, NULL, NULL, NULL, NULL, NULL, NULL, NULL, NULL, NULL, NULL, NULL, NULL, NULL, NULL, NULL, NULL, '', '', 1, 1),
(62, 52, NULL, 0, 'DA', 0.00, NULL, NULL, NULL, NULL, NULL, NULL, NULL, NULL, NULL, NULL, NULL, NULL, NULL, NULL, NULL, NULL, NULL, NULL, '', '', 1, 1),
(63, 53, NULL, 0, 'DA', 0.00, NULL, NULL, NULL, NULL, NULL, NULL, NULL, NULL, NULL, NULL, NULL, NULL, NULL, NULL, NULL, NULL, NULL, NULL, '', '', 1, 1),
(64, 54, NULL, 0, 'DA', 0.00, NULL, NULL, NULL, NULL, NULL, NULL, NULL, NULL, NULL, NULL, NULL, NULL, NULL, NULL, NULL, NULL, NULL, NULL, '', '', 1, 1),
(65, 55, NULL, 0, 'DA', 0.00, NULL, NULL, NULL, NULL, NULL, NULL, NULL, NULL, NULL, NULL, NULL, NULL, NULL, NULL, NULL, NULL, NULL, NULL, '', '', 1, 1),
(66, 56, NULL, 0, 'DA', 0.00, NULL, NULL, NULL, NULL, NULL, NULL, NULL, NULL, NULL, NULL, NULL, NULL, NULL, NULL, NULL, NULL, NULL, NULL, '', '', 1, 1),
(67, 57, NULL, 0, 'DA', 0.00, NULL, NULL, NULL, NULL, NULL, NULL, NULL, NULL, NULL, NULL, NULL, NULL, NULL, NULL, NULL, NULL, NULL, NULL, '', '', 1, 1),
(68, 58, NULL, 0, 'DA', 0.00, NULL, NULL, NULL, NULL, NULL, NULL, NULL, NULL, NULL, NULL, NULL, NULL, NULL, NULL, NULL, NULL, NULL, NULL, '', '', 1, 1),
(69, 59, NULL, 0, 'DA', 0.00, NULL, NULL, NULL, NULL, NULL, NULL, NULL, NULL, NULL, NULL, NULL, NULL, NULL, NULL, NULL, NULL, NULL, NULL, '', '', 1, 1),
(70, 60, NULL, 0, 'DA', 0.00, NULL, NULL, NULL, NULL, NULL, NULL, NULL, NULL, NULL, NULL, NULL, NULL, NULL, NULL, NULL, NULL, NULL, NULL, '', '', 1, 1),
(71, 62, NULL, 0, 'DA', 0.00, NULL, NULL, NULL, NULL, NULL, NULL, NULL, NULL, NULL, NULL, NULL, NULL, NULL, NULL, NULL, NULL, NULL, NULL, '', '', 1, 1),
(72, 61, NULL, 0, 'DA', 0.00, NULL, NULL, NULL, NULL, NULL, NULL, NULL, NULL, NULL, NULL, NULL, NULL, NULL, NULL, NULL, NULL, NULL, NULL, '', '', 1, 1),
(73, 63, NULL, 0, 'DA', 0.00, NULL, NULL, NULL, NULL, NULL, NULL, NULL, NULL, NULL, NULL, NULL, NULL, NULL, NULL, NULL, NULL, NULL, NULL, '', '', 1, 1),
(74, 64, NULL, 0, 'DA', 0.00, NULL, NULL, NULL, NULL, NULL, NULL, NULL, NULL, NULL, NULL, NULL, NULL, NULL, NULL, NULL, NULL, NULL, NULL, '', '', 1, 1),
(75, 65, NULL, 0, 'DA', 0.00, NULL, NULL, NULL, NULL, NULL, NULL, NULL, NULL, NULL, NULL, NULL, NULL, NULL, NULL, NULL, NULL, NULL, NULL, '', '', 1, 1),
(76, 66, NULL, 0, 'DA', 0.00, NULL, NULL, NULL, NULL, NULL, NULL, NULL, NULL, NULL, NULL, NULL, NULL, NULL, NULL, NULL, NULL, NULL, NULL, '', '', 1, 1),
(78, 22, NULL, 0, 'DA', 0.00, NULL, NULL, NULL, NULL, NULL, NULL, NULL, NULL, NULL, NULL, NULL, NULL, NULL, NULL, NULL, NULL, NULL, NULL, '', '', 1, 1),
(79, 19, NULL, 0, 'DA', 0.00, NULL, NULL, NULL, NULL, NULL, NULL, NULL, NULL, NULL, NULL, NULL, NULL, NULL, NULL, NULL, NULL, NULL, NULL, '', '', 1, 1),
(80, 66, NULL, 0, 'DA', 0.00, NULL, NULL, NULL, NULL, NULL, NULL, NULL, NULL, NULL, NULL, NULL, NULL, NULL, NULL, NULL, NULL, NULL, NULL, '', '', 1, 1),
(82, 68, NULL, 0, 'DA', 0.00, NULL, NULL, NULL, NULL, NULL, NULL, NULL, NULL, NULL, NULL, NULL, NULL, NULL, NULL, NULL, NULL, NULL, NULL, '', '', 1, 1),
(83, 67, NULL, 0, 'DA', 0.00, NULL, NULL, NULL, NULL, NULL, NULL, NULL, NULL, NULL, NULL, NULL, NULL, NULL, NULL, NULL, NULL, NULL, NULL, '', '', 1, 1),
(84, 68, NULL, 0, 'DA', 0.00, NULL, NULL, NULL, NULL, NULL, NULL, NULL, NULL, NULL, NULL, NULL, NULL, NULL, NULL, NULL, NULL, NULL, NULL, '', '', 1, 0),
(85, 69, NULL, 0, 'DA', 0.00, NULL, NULL, NULL, NULL, NULL, NULL, NULL, NULL, NULL, NULL, NULL, NULL, NULL, NULL, NULL, NULL, NULL, NULL, '', '', 1, 1),
(86, 69, NULL, 0, 'DA', 0.00, NULL, NULL, NULL, NULL, NULL, NULL, NULL, NULL, NULL, NULL, NULL, NULL, NULL, NULL, NULL, NULL, NULL, NULL, '', '', 1, 1),
(87, 70, NULL, 0, 'DA', 0.00, NULL, NULL, NULL, NULL, NULL, NULL, NULL, NULL, NULL, NULL, NULL, NULL, NULL, NULL, NULL, NULL, NULL, NULL, '', '', 1, 1),
(88, 70, NULL, 0, 'DA', 0.00, NULL, NULL, NULL, NULL, NULL, NULL, NULL, NULL, NULL, NULL, NULL, NULL, NULL, NULL, NULL, NULL, NULL, NULL, '', '', 1, 1),
(89, 71, NULL, 0, 'DA', 0.00, NULL, NULL, NULL, NULL, NULL, NULL, NULL, NULL, NULL, NULL, NULL, NULL, NULL, NULL, NULL, NULL, NULL, NULL, '', '', 1, 1),
(90, 71, NULL, 0, 'DA', 0.00, NULL, NULL, NULL, NULL, NULL, NULL, NULL, NULL, NULL, NULL, NULL, NULL, NULL, NULL, NULL, NULL, NULL, NULL, '', '', 1, 1),
(91, 72, NULL, 0, 'DA', 0.00, NULL, NULL, NULL, NULL, NULL, NULL, NULL, NULL, NULL, NULL, NULL, NULL, NULL, NULL, NULL, NULL, NULL, NULL, '', '', 1, 1),
(92, 72, NULL, 0, 'DA', 0.00, NULL, NULL, NULL, NULL, NULL, NULL, NULL, NULL, NULL, NULL, NULL, NULL, NULL, NULL, NULL, NULL, NULL, NULL, '', '', 1, 1),
(93, 77, NULL, 1, 'DA', 0.00, NULL, NULL, NULL, NULL, NULL, NULL, NULL, NULL, NULL, NULL, NULL, NULL, NULL, NULL, NULL, NULL, NULL, NULL, '', '', 1, 1),
(94, 77, NULL, 0, 'DA', 0.00, NULL, NULL, NULL, NULL, NULL, NULL, NULL, NULL, NULL, NULL, NULL, NULL, NULL, NULL, NULL, NULL, NULL, NULL, '', '', 1, 1),
(95, 76, NULL, 0, 'DA', 0.00, NULL, NULL, NULL, NULL, NULL, NULL, NULL, NULL, NULL, NULL, NULL, NULL, NULL, NULL, NULL, NULL, NULL, NULL, '', '', 1, 1),
(96, 76, NULL, 0, 'DA', 0.00, NULL, NULL, NULL, NULL, NULL, NULL, NULL, NULL, NULL, NULL, NULL, NULL, NULL, NULL, NULL, NULL, NULL, NULL, '', '', 1, 1);

-- --------------------------------------------------------

--
-- Estructura de tabla para la tabla `publication_format_settings`
--

CREATE TABLE `publication_format_settings` (
  `publication_format_id` bigint(20) NOT NULL,
  `locale` varchar(14) NOT NULL DEFAULT '',
  `setting_name` varchar(255) NOT NULL,
  `setting_value` text,
  `setting_type` varchar(6) NOT NULL COMMENT '(bool|int|float|string|object)'
) ENGINE=InnoDB DEFAULT CHARSET=utf8;

--
-- Volcado de datos para la tabla `publication_format_settings`
--

INSERT INTO `publication_format_settings` (`publication_format_id`, `locale`, `setting_name`, `setting_value`, `setting_type`) VALUES
(1, 'es_ES', 'name', 'PDF', 'string'),
(3, 'es_ES', 'name', 'PDF', 'string'),
(4, 'es_ES', 'name', 'PDF', 'string'),
(5, 'es_ES', 'name', 'PDF', 'string'),
(6, 'es_ES', 'name', 'PDF', 'string'),
(7, 'es_ES', 'name', 'PDF', 'string'),
(8, 'es_ES', 'name', 'PDF', 'string'),
(9, 'es_ES', 'name', 'PDF', 'string'),
(10, 'es_ES', 'name', 'PDF', 'string'),
(11, 'es_ES', 'name', 'PDF', 'string'),
(12, 'es_ES', 'name', 'PDF', 'string'),
(13, 'es_ES', 'name', 'PDF', 'string'),
(14, 'es_ES', 'name', 'PDF', 'string'),
(15, 'es_ES', 'name', 'PDF', 'string'),
(16, 'es_ES', 'name', 'PDF', 'string'),
(17, 'es_ES', 'name', 'PDF', 'string'),
(18, 'es_ES', 'name', 'PDF', 'string'),
(19, 'es_ES', 'name', 'PDF', 'string'),
(20, 'es_ES', 'name', 'PDF', 'string'),
(21, 'es_ES', 'name', 'PDF', 'string'),
(22, 'es_ES', 'name', 'Cesión de derechos', 'string'),
(23, 'es_ES', 'name', 'Cesi´´´´´´´´´´´ón de derechos', 'string'),
(24, 'es_ES', 'name', 'Cesión de derechos', 'string'),
(25, 'es_ES', 'name', 'Cesión de derechos', 'string'),
(26, 'es_ES', 'name', 'Cesión de derechos', 'string'),
(27, 'es_ES', 'name', 'Cesión de derechos', 'string'),
(29, 'es_ES', 'name', 'Cesión de derechos', 'string'),
(30, 'es_ES', 'name', 'Cesión de derechos', 'string'),
(31, 'es_ES', 'name', 'PDF', 'string'),
(32, 'es_ES', 'name', 'PDF', 'string'),
(33, 'es_ES', 'name', 'PDF', 'string'),
(34, 'es_ES', 'name', 'PDF', 'string'),
(35, 'es_ES', 'name', 'PDF', 'string'),
(36, 'es_ES', 'name', 'PDF', 'string'),
(37, 'es_ES', 'name', 'PDF', 'string'),
(38, 'es_ES', 'name', 'PDF', 'string'),
(39, 'es_ES', 'name', 'PDF', 'string'),
(40, 'es_ES', 'name', 'PDF', 'string'),
(41, 'es_ES', 'name', 'PDF', 'string'),
(42, 'es_ES', 'name', 'PDF', 'string'),
(43, 'es_ES', 'name', 'PDF', 'string'),
(44, 'es_ES', 'name', 'PDF', 'string'),
(45, 'es_ES', 'name', 'PDF', 'string'),
(46, 'es_ES', 'name', 'PDF', 'string'),
(47, 'es_ES', 'name', 'PDF', 'string'),
(48, 'es_ES', 'name', 'PDF', 'string'),
(49, 'es_ES', 'name', 'PDF', 'string'),
(50, 'es_ES', 'name', 'PDF', 'string'),
(51, 'es_ES', 'name', 'PDF', 'string'),
(52, 'es_ES', 'name', 'PDF', 'string'),
(53, 'es_ES', 'name', 'PDF', 'string'),
(54, 'es_ES', 'name', 'PDF', 'string'),
(55, 'es_ES', 'name', 'PDF', 'string'),
(56, 'es_ES', 'name', 'PDF', 'string'),
(57, 'es_ES', 'name', 'PDF', 'string'),
(58, 'es_ES', 'name', 'PDF', 'string'),
(59, 'es_ES', 'name', 'PDF', 'string'),
(60, 'es_ES', 'name', 'PDF', 'string'),
(61, 'es_ES', 'name', 'PDF', 'string'),
(62, 'es_ES', 'name', 'PDF', 'string'),
(63, 'es_ES', 'name', 'PDF', 'string'),
(64, 'es_ES', 'name', 'PDF', 'string'),
(65, 'es_ES', 'name', 'PDF', 'string'),
(66, 'es_ES', 'name', 'PDF', 'string'),
(67, 'es_ES', 'name', 'PDF', 'string'),
(68, 'es_ES', 'name', 'PDF', 'string'),
(69, 'es_ES', 'name', 'PDF', 'string'),
(70, 'es_ES', 'name', 'PDF', 'string'),
(71, 'es_ES', 'name', 'PDF', 'string'),
(72, 'es_ES', 'name', 'PDF', 'string'),
(73, 'es_ES', 'name', 'PDF', 'string'),
(74, 'es_ES', 'name', 'PDF', 'string'),
(75, 'es_ES', 'name', 'PDF', 'string'),
(76, 'es_ES', 'name', 'PDF', 'string'),
(78, 'es_ES', 'name', 'e-PUB', 'string'),
(79, 'es_ES', 'name', 'e-PUB', 'string'),
(80, 'es_ES', 'name', 'e-PUB', 'string'),
(82, 'es_ES', 'name', 'PDF', 'string'),
(83, 'es_ES', 'name', 'PDF', 'string'),
(84, 'es_ES', 'name', 'C.D', 'string'),
(85, 'es_ES', 'name', 'PDF', 'string'),
(86, 'es_ES', 'name', 'C.D', 'string'),
(87, 'es_ES', 'name', 'PDF', 'string'),
(88, 'es_ES', 'name', 'C.D', 'string'),
(89, 'es_ES', 'name', 'PDF', 'string'),
(90, 'es_ES', 'name', 'C.D', 'string'),
(91, 'es_ES', 'name', 'PDF', 'string'),
(92, 'es_ES', 'name', 'C.D', 'string'),
(93, 'es_ES', 'name', 'PDF', 'string'),
(94, 'es_ES', 'name', 'e-PUB', 'string'),
(95, 'es_ES', 'name', 'PDF', 'string'),
(96, 'es_ES', 'name', 'e-PUB', 'string');

-- --------------------------------------------------------

--
-- Estructura de tabla para la tabla `publication_settings`
--

